134.253.26.11 - - [20/Aug/2008:15:58:56 -0400] "GET /eSpecs/js/style.js HTTP/1.0" 200 3774 "http://www.standardsstore.ca/eSpecs/DocumentReferenced.do?GID=FCGSXBAAAAAAAAAA&page=1&nRecords=10&searchValue=NASM21209&searchKey=DOCNO&organizations=&displayWithdrawn=false¤cy=CAD" "Mozilla/4.0 (compatible; MSIE 6.0; Windows NT 5.1; SV1; .NET CLR 1.1.4322; .NET CLR 2.0.50727; .NET CLR 3.0.04506.30; .NET CLR 3.0.04506.648)"
134.253.26.11 - - [20/Aug/2008:15:58:49 -0400] "GET /eSpecs/DocumentReferenced.do?GID=FCGSXBAAAAAAAAAA&page=1&nRecords=10&searchValue=NASM21209&searchKey=DOCNO&organizations=&displayWithdrawn=false¤cy=CAD HTTP/1.0" 200 118291 "-" "Mozilla/4.0 (compatible; MSIE 6.0; Windows NT 5.1; SV1; .NET CLR 1.1.4322; .NET CLR 2.0.50727; .NET CLR 3.0.04506.30; .NET CLR 3.0.04506.648)"
134.253.26.11 - - [20/Aug/2008:15:58:58 -0400] "GET /eSpecs/images/scc_logo.gif HTTP/1.0" 200 4870 "http://www.standardsstore.ca/eSpecs/DocumentReferenced.do?GID=FCGSXBAAAAAAAAAA&page=1&nRecords=10&searchValue=NASM21209&searchKey=DOCNO&organizations=&displayWithdrawn=false¤cy=CAD" "Mozilla/4.0 (compatible; MSIE 6.0; Windows NT 5.1; SV1; .NET CLR 1.1.4322; .NET CLR 2.0.50727; .NET CLR 3.0.04506.30; .NET CLR 3.0.04506.648)"
134.253.26.11 - - [20/Aug/2008:15:58:58 -0400] "GET /eSpecs/images/ihs_logo.gif HTTP/1.0" 200 1947 "http://www.standardsstore.ca/eSpecs/DocumentReferenced.do?GID=FCGSXBAAAAAAAAAA&page=1&nRecords=10&searchValue=NASM21209&searchKey=DOCNO&organizations=&displayWithdrawn=false¤cy=CAD" "Mozilla/4.0 (compatible; MSIE 6.0; Windows NT 5.1; SV1; .NET CLR 1.1.4322; .NET CLR 2.0.50727; .NET CLR 3.0.04506.30; .NET CLR 3.0.04506.648)"
134.253.26.11 - - [20/Aug/2008:15:58:58 -0400] "GET /eSpecs/images/en/isoiec17025.gif HTTP/1.0" 200 39008 "http://www.standardsstore.ca/eSpecs/DocumentReferenced.do?GID=FCGSXBAAAAAAAAAA&page=1&nRecords=10&searchValue=NASM21209&searchKey=DOCNO&organizations=&displayWithdrawn=false¤cy=CAD" "Mozilla/4.0 (compatible; MSIE 6.0; Windows NT 5.1; SV1; .NET CLR 1.1.4322; .NET CLR 2.0.50727; .NET CLR 3.0.04506.30; .NET CLR 3.0.04506.648)"
134.253.26.11 - - [20/Aug/2008:15:58:58 -0400] "GET /eSpecs/images/header.gif HTTP/1.0" 200 13254 "http://www.standardsstore.ca/eSpecs/DocumentReferenced.do?GID=FCGSXBAAAAAAAAAA&page=1&nRecords=10&searchValue=NASM21209&searchKey=DOCNO&organizations=&displayWithdrawn=false¤cy=CAD" "Mozilla/4.0 (compatible; MSIE 6.0; Windows NT 5.1; SV1; .NET CLR 1.1.4322; .NET CLR 2.0.50727; .NET CLR 3.0.04506.30; .NET CLR 3.0.04506.648)"
134.253.26.11 - - [20/Aug/2008:15:58:59 -0400] "GET /eSpecs/images/help.jpg HTTP/1.0" 200 389 "http://www.standardsstore.ca/eSpecs/DocumentReferenced.do?GID=FCGSXBAAAAAAAAAA&page=1&nRecords=10&searchValue=NASM21209&searchKey=DOCNO&organizations=&displayWithdrawn=false¤cy=CAD" "Mozilla/4.0 (compatible; MSIE 6.0; Windows NT 5.1; SV1; .NET CLR 1.1.4322; .NET CLR 2.0.50727; .NET CLR 3.0.04506.30; .NET CLR 3.0.04506.648)"
134.253.26.11 - - [20/Aug/2008:15:58:59 -0400] "GET /eSpecs/images/cart_button.gif HTTP/1.0" 200 761 "http://www.standardsstore.ca/eSpecs/DocumentReferenced.do?GID=FCGSXBAAAAAAAAAA&page=1&nRecords=10&searchValue=NASM21209&searchKey=DOCNO&organizations=&displayWithdrawn=false¤cy=CAD" "Mozilla/4.0 (compatible; MSIE 6.0; Windows NT 5.1; SV1; .NET CLR 1.1.4322; .NET CLR 2.0.50727; .NET CLR 3.0.04506.30; .NET CLR 3.0.04506.648)"
134.253.26.11 - - [20/Aug/2008:15:58:59 -0400] "GET /eSpecs/images/spacer.gif HTTP/1.0" 200 43 "http://www.standardsstore.ca/eSpecs/DocumentReferenced.do?GID=FCGSXBAAAAAAAAAA&page=1&nRecords=10&searchValue=NASM21209&searchKey=DOCNO&organizations=&displayWithdrawn=false¤cy=CAD" "Mozilla/4.0 (compatible; MSIE 6.0; Windows NT 5.1; SV1; .NET CLR 1.1.4322; .NET CLR 2.0.50727; .NET CLR 3.0.04506.30; .NET CLR 3.0.04506.648)"
134.253.26.11 - - [20/Aug/2008:15:58:58 -0400] "GET /eSpecs/images/en/iso22000.gif HTTP/1.0" 200 39597 "http://www.standardsstore.ca/eSpecs/DocumentReferenced.do?GID=FCGSXBAAAAAAAAAA&page=1&nRecords=10&searchValue=NASM21209&searchKey=DOCNO&organizations=&displayWithdrawn=false¤cy=CAD" "Mozilla/4.0 (compatible; MSIE 6.0; Windows NT 5.1; SV1; .NET CLR 1.1.4322; .NET CLR 2.0.50727; .NET CLR 3.0.04506.30; .NET CLR 3.0.04506.648)"
134.253.26.11 - - [20/Aug/2008:15:58:59 -0400] "GET /eSpecs/images/canada.gif HTTP/1.0" 200 1511 "http://www.standardsstore.ca/eSpecs/DocumentReferenced.do?GID=FCGSXBAAAAAAAAAA&page=1&nRecords=10&searchValue=NASM21209&searchKey=DOCNO&organizations=&displayWithdrawn=false¤cy=CAD" "Mozilla/4.0 (compatible; MSIE 6.0; Windows NT 5.1; SV1; .NET CLR 1.1.4322; .NET CLR 2.0.50727; .NET CLR 3.0.04506.30; .NET CLR 3.0.04506.648)"
134.253.26.11 - - [20/Aug/2008:15:58:59 -0400] "GET /eSpecs/images/NSS2008.jpg HTTP/1.0" 200 14223 "http://www.standardsstore.ca/eSpecs/DocumentReferenced.do?GID=FCGSXBAAAAAAAAAA&page=1&nRecords=10&searchValue=NASM21209&searchKey=DOCNO&organizations=&displayWithdrawn=false¤cy=CAD" "Mozilla/4.0 (compatible; MSIE 6.0; Windows NT 5.1; SV1; .NET CLR 1.1.4322; .NET CLR 2.0.50727; .NET CLR 3.0.04506.30; .NET CLR 3.0.04506.648)"
66.249.66.42 - - [20/Aug/2008:15:59:19 -0400] "GET /eSpecs/DocumentReferenced.do?GID=HGVYCAAAAAAAAAAA&page=1&nRecords=10&searchValue=J-STD-001&searchKey=DOCNO&organizations=&displayWithdrawn=false¤cy=CAD HTTP/1.1" 200 93210 "-" "Mozilla/5.0 (compatible; Googlebot/2.1; +http://www.google.com/bot.html)"
134.253.26.11 - - [20/Aug/2008:15:59:25 -0400] "GET /eSpecs/DocumentDetails.do?GID=DWDPFBAAAAAAAAAA¤cy=CAD HTTP/1.0" 200 2955 "-" "Mozilla/4.0 (compatible; MSIE 6.0; Windows NT 5.1; SV1; .NET CLR 1.1.4322; .NET CLR 2.0.50727; .NET CLR 3.0.04506.30; .NET CLR 3.0.04506.648)"
134.253.26.11 - - [20/Aug/2008:15:59:26 -0400] "GET /eSpecs/css/index2.css HTTP/1.0" 200 10928 "http://www.standardsstore.ca/eSpecs/DocumentDetails.do?GID=DWDPFBAAAAAAAAAA¤cy=CAD" "Mozilla/4.0 (compatible; MSIE 6.0; Windows NT 5.1; SV1; .NET CLR 1.1.4322; .NET CLR 2.0.50727; .NET CLR 3.0.04506.30; .NET CLR 3.0.04506.648)"
134.253.26.11 - - [20/Aug/2008:15:59:36 -0400] "GET /eSpecs/DocumentReferenced.do?GID=DWDPFBAAAAAAAAAA&page=1&nRecords=10&searchValue=NASM21209&searchKey=DOCNO&organizations=&displayWithdrawn=false¤cy=CAD HTTP/1.0" 200 83342 "http://www.standardsstore.ca/eSpecs/DocumentReferenced.do?GID=FCGSXBAAAAAAAAAA&page=1&nRecords=10&searchValue=NASM21209&searchKey=DOCNO&organizations=&displayWithdrawn=false¤cy=CAD" "Mozilla/4.0 (compatible; MSIE 6.0; Windows NT 5.1; SV1; .NET CLR 1.1.4322; .NET CLR 2.0.50727; .NET CLR 3.0.04506.30; .NET CLR 3.0.04506.648)"
66.249.66.42 - - [20/Aug/2008:15:59:45 -0400] "GET /eSpecs/DocumentReferenced.do?GID=APPPCAAAAAAAAAAA&page=1&nRecords=10&searchValue=60601-1&searchKey=DOCNO&organizations=UL&displayWithdrawn=false¤cy=CAD HTTP/1.1" 200 146500 "-" "Mozilla/5.0 (compatible; Googlebot/2.1; +http://www.google.com/bot.html)"
134.253.26.11 - - [20/Aug/2008:15:59:55 -0400] "GET /eSpecs/DocumentReferenced.do?GID=FCGSXBAAAAAAAAAA&page=1&nRecords=10&searchValue=NASM21209&searchKey=DOCNO&organizations=&displayWithdrawn=false¤cy=CAD HTTP/1.0" 200 16376 "-" "Mozilla/4.0 (compatible; MSIE 6.0; Windows NT 5.1; SV1; .NET CLR 1.1.4322; .NET CLR 2.0.50727; .NET CLR 3.0.04506.30; .NET CLR 3.0.04506.648)"
74.6.22.96 - - [20/Aug/2008:15:59:57 -0400] "GET /eSpecs/SearchFormAction.do?page=1&searchValue=TIA-222&searchKey=DOCNO&organizations=TIA HTTP/1.0" 200 79702 "-" "Mozilla/5.0 (compatible; Yahoo! Slurp; http://help.yahoo.com/help/us/ysearch/slurp)"
66.249.66.42 - - [20/Aug/2008:16:00:11 -0400] "GET /eSpecs/DocumentReferenced.do?GID=BHEFBCAAAAAAAAAA&page=1&nRecords=10&searchValue=61010-1&searchKey=DOCNO&organizations=BSI&displayWithdrawn=false¤cy=CAD HTTP/1.1" 200 99985 "-" "Mozilla/5.0 (compatible; Googlebot/2.1; +http://www.google.com/bot.html)"
74.6.22.96 - - [20/Aug/2008:15:59:57 -0400] "GET /eSpecs/DocumentReferenced.do?GID=YDXSCAAAAAAAAAAA&page=1&nRecords=10&searchValue=2.9&searchKey=DOCNO&organizations=AWS&displayWithdrawn=false¤cy=CAD HTTP/1.0" 200 264525 "-" "Mozilla/5.0 (compatible; Yahoo! Slurp; http://help.yahoo.com/help/us/ysearch/slurp)"
66.249.66.42 - - [20/Aug/2008:16:00:37 -0400] "GET /eSpecs/PopularStandards.do;jsessionid=3211D44B5ACBBE59E45DA20C6CAB590D?std=research HTTP/1.1" 200 84341 "-" "Mozilla/5.0 (compatible; Googlebot/2.1; +http://www.google.com/bot.html)"
142.46.199.30 - - [20/Aug/2008:16:00:41 -0400] "HEAD / HTTP/1.0" 200 - "-" "Mozilla/4.0 (compatible; ipMonitor 8.5)"
142.46.199.30 - - [20/Aug/2008:16:00:48 -0400] "HEAD / HTTP/1.0" 200 - "-" "Mozilla/4.0 (compatible; ipMonitor 8.5)"
66.249.66.42 - - [20/Aug/2008:16:01:00 -0400] "GET /eSpecs/DocumentReferenced.do?GID=AMHZACAAAAAAAAAA&page=1&nRecords=10&searchValue=IEEE%20C2&searchKey=DOCNO&organizations=IEEE&displayWithdrawn=false¤cy=CAD HTTP/1.1" 200 84680 "-" "Mozilla/5.0 (compatible; Googlebot/2.1; +http://www.google.com/bot.html)"
66.249.66.42 - - [20/Aug/2008:16:01:20 -0400] "GET /eSpecs/DocumentReferenced.do?GID=EMOCFBAAAAAAAAAA&page=1&nRecords=10&searchValue=ANSI%20C119.1&searchKey=DOCNO&organizations=ANSI&displayWithdrawn=false¤cy=CAD HTTP/1.1" 200 89700 "-" "Mozilla/5.0 (compatible; Googlebot/2.1; +http://www.google.com/bot.html)"
66.249.66.42 - - [20/Aug/2008:16:01:39 -0400] "GET /eSpecs/DocumentReferenced.do?GID=HVXDIBAAAAAAAAAA&page=1&nRecords=10&searchValue=ANSI%20C12.1&searchKey=DOCNO&organizations=ANSI&displayWithdrawn=false¤cy=CAD HTTP/1.1" 200 119635 "-" "Mozilla/5.0 (compatible; Googlebot/2.1; +http://www.google.com/bot.html)"
66.249.66.42 - - [20/Aug/2008:16:01:58 -0400] "GET /eSpecs/DocumentReferenced.do?GID=EMDYNAAAAAAAAAAA&page=1&nRecords=10&searchValue=WI&searchKey=DOCNO&organizations=AWS&displayWithdrawn=false¤cy=CAD HTTP/1.1" 200 107067 "-" "Mozilla/5.0 (compatible; Googlebot/2.1; +http://www.google.com/bot.html)"
66.249.66.42 - - [20/Aug/2008:16:02:16 -0400] "GET /eSpecs/DocumentReferenced.do?GID=ZUKECAAAAAAAAAAA&page=1&nRecords=10&searchValue=A-610&searchKey=DOCNO&organizations=IPC&displayWithdrawn=false¤cy=CAD HTTP/1.1" 200 84700 "-" "Mozilla/5.0 (compatible; Googlebot/2.1; +http://www.google.com/bot.html)"
142.46.199.30 - - [20/Aug/2008:16:02:24 -0400] "GET /eSpecs/SearchFormAction.do?page=1&searchValue=17025&searchKey=DOCNO&organizations=ISO HTTP/1.0" 200 100727 "-" "Mozilla/4.0 (compatible; ipMonitor 8.5)"
66.249.66.42 - - [20/Aug/2008:16:02:34 -0400] "GET /eSpecs/DocumentReferenced.do?GID=LNXLPAAAAAAAAAAA&page=1&nRecords=10&searchValue=TC-1A&searchKey=DOCNO&organizations=&displayWithdrawn=false¤cy=CAD HTTP/1.1" 200 87910 "-" "Mozilla/5.0 (compatible; Googlebot/2.1; +http://www.google.com/bot.html)"
66.249.66.42 - - [20/Aug/2008:16:02:51 -0400] "GET /eSpecs/DocumentReferenced.do?GID=DMFMIBAAAAAAAAAA&page=1&nRecords=10&searchValue=1444&searchKey=DOCNO&organizations=ASTM&displayWithdrawn=false¤cy=CAD HTTP/1.1" 200 107811 "-" "Mozilla/5.0 (compatible; Googlebot/2.1; +http://www.google.com/bot.html)"
66.249.66.42 - - [20/Aug/2008:16:03:08 -0400] "GET /eSpecs/DocumentReferenced.do?GID=CCAGHBAAAAAAAAAA&page=1&nRecords=10&searchValue=9001&searchKey=DOCNO&organizations=ISO&displayWithdrawn=false¤cy=CAD HTTP/1.1" 200 153052 "-" "Mozilla/5.0 (compatible; Googlebot/2.1; +http://www.google.com/bot.html)"
66.249.66.42 - - [20/Aug/2008:16:03:30 -0400] "GET /eSpecs/DocumentReferenced.do?GID=CQURABAAAAAAAAAA&page=1&nRecords=10&searchValue=SAE%20AMS%202644&searchKey=DOCNO&organizations=&displayWithdrawn=false¤cy=CAD HTTP/1.1" 200 158832 "-" "Mozilla/5.0 (compatible; Googlebot/2.1; +http://www.google.com/bot.html)"
66.249.66.42 - - [20/Aug/2008:16:03:54 -0400] "GET /eSpecs/DocumentReferenced.do?GID=PLQDCAAAAAAAAAAA&page=1&nRecords=10&searchValue=41&searchKey=DOCNO&organizations=TIA&displayWithdrawn=false¤cy=CAD HTTP/1.1" 200 84616 "-" "Mozilla/5.0 (compatible; Googlebot/2.1; +http://www.google.com/bot.html)"
74.6.22.96 - - [20/Aug/2008:16:03:29 -0400] "GET /eSpecs/DocumentReferenced.do?GID=YHTLZBAAAAAAAAAA&page=1&nRecords=10&searchValue=11801&searchKey=DOCNO&organizations=ISO&displayWithdrawn=false¤cy=CAD HTTP/1.0" 200 8192 "-" "Mozilla/5.0 (compatible; Yahoo! Slurp; http://help.yahoo.com/help/us/ysearch/slurp)"
74.6.22.96 - - [20/Aug/2008:16:04:23 -0400] "GET /eSpecs/AddDocumentAction.do?mediaType=HC&GID=TCNPACAAAAAAAAAA&page=1&nRecords=10&searchValue=9001&searchKey=DOCNO&organizations=ISO&displayWithdrawn=false¤cy=CAD HTTP/1.0" 200 81304 "-" "Mozilla/5.0 (compatible; Yahoo! Slurp; http://help.yahoo.com/help/us/ysearch/slurp)"
66.249.66.42 - - [20/Aug/2008:16:04:18 -0400] "GET /eSpecs/DocumentReferenced.do?GID=ATIZHBAAAAAAAAAA&page=1&nRecords=10&searchValue=J-STD-607&searchKey=DOCNO&organizations=&displayWithdrawn=false¤cy=CAD HTTP/1.1" 200 99812 "-" "Mozilla/5.0 (compatible; Googlebot/2.1; +http://www.google.com/bot.html)"
131.107.65.41 - - [20/Aug/2008:16:04:35 -0400] "GET /especs/searchformaction.do?page=1&searchvalue=wit-w&searchkey=docno&organizations=aws HTTP/1.1" 404 354 "-" "MSR-ISRCCrawler"
66.249.66.42 - - [20/Aug/2008:16:04:42 -0400] "GET /eSpecs/DocumentReferenced.do?GID=DVCUFBAAAAAAAAAA&page=1&nRecords=10&searchValue=18002&searchKey=DOCNO&organizations=BSI&displayWithdrawn=false¤cy=CAD HTTP/1.1" 200 138098 "-" "Mozilla/5.0 (compatible; Googlebot/2.1; +http://www.google.com/bot.html)"
66.249.66.42 - - [20/Aug/2008:16:05:08 -0400] "GET /eSpecs/DocumentReferenced.do?GID=FLHEGCAAAAAAAAAA&page=1&nRecords=10&searchValue=9004&searchKey=DOCNO&organizations=ISO&displayWithdrawn=false¤cy=CAD HTTP/1.1" 200 112346 "-" "Mozilla/5.0 (compatible; Googlebot/2.1; +http://www.google.com/bot.html)"
74.6.22.96 - - [20/Aug/2008:16:04:35 -0400] "GET /eSpecs/DocumentReferenced.do?GID=YHTLZBAAAAAAAAAA&page=1&nRecords=10&searchValue=11801&searchKey=DOCNO&organizations=ISO&displayWithdrawn=false¤cy=CAD HTTP/1.0" 200 440613 "-" "Mozilla/5.0 (compatible; Yahoo! Slurp; http://help.yahoo.com/help/us/ysearch/slurp)"
142.46.199.30 - - [20/Aug/2008:16:05:41 -0400] "HEAD / HTTP/1.0" 200 - "-" "Mozilla/4.0 (compatible; ipMonitor 8.5)"
66.249.66.42 - - [20/Aug/2008:16:05:32 -0400] "GET /eSpecs/DocumentReferenced.do?GID=DONLCBAAAAAAAAAA&page=1&nRecords=10&searchValue=TIA-569&searchKey=DOCNO&organizations=TIA&displayWithdrawn=false¤cy=CAD HTTP/1.1" 200 158759 "-" "Mozilla/5.0 (compatible; Googlebot/2.1; +http://www.google.com/bot.html)"
142.46.199.30 - - [20/Aug/2008:16:05:49 -0400] "HEAD / HTTP/1.0" 200 - "-" "Mozilla/4.0 (compatible; ipMonitor 8.5)"
66.249.66.42 - - [20/Aug/2008:16:05:58 -0400] "GET /eSpecs/DocumentReferenced.do?GID=OAEEYBAAAAAAAAAA&page=1&nRecords=10&searchValue=1444&searchKey=DOCNO&organizations=ASTM&displayWithdrawn=false¤cy=CAD HTTP/1.1" 200 177095 "-" "Mozilla/5.0 (compatible; Googlebot/2.1; +http://www.google.com/bot.html)"
66.249.66.42 - - [20/Aug/2008:16:06:27 -0400] "GET /eSpecs/DocumentReferenced.do?GID=CRQHEBAAAAAAAAAA&page=1&nRecords=10&searchValue=NEMA%20250&searchKey=DOCNO&organizations=NEMA&displayWithdrawn=false¤cy=CAD HTTP/1.1" 200 89640 "-" "Mozilla/5.0 (compatible; Googlebot/2.1; +http://www.google.com/bot.html)"
66.249.66.42 - - [20/Aug/2008:16:06:52 -0400] "GET /eSpecs/DocumentReferenced.do?GID=SRURCAAAAAAAAAAA&page=2&nRecords=10&searchValue=568&searchKey=DOCNO&organizations=TIA&displayWithdrawn=false¤cy=CAD HTTP/1.1" 200 83696 "-" "Mozilla/5.0 (compatible; Googlebot/2.1; +http://www.google.com/bot.html)"
74.6.22.96 - - [20/Aug/2008:16:06:53 -0400] "GET /eSpecs/DocumentReferenced.do?GID=PWHPACAAAAAAAAAA&page=1&nRecords=10&searchValue=9001&searchKey=DOCNO&organizations=ISO&displayWithdrawn=false¤cy=CAD HTTP/1.0" 200 110721 "-" "Mozilla/5.0 (compatible; Yahoo! Slurp; http://help.yahoo.com/help/us/ysearch/slurp)"
74.6.22.96 - - [20/Aug/2008:16:06:51 -0400] "GET /eSpecs/DocumentReferenced.do?GID=JYNHACAAAAAAAAAA&page=1&nRecords=10&searchValue=9001&searchKey=DOCNO&organizations=ISO&displayWithdrawn=false¤cy=CAD HTTP/1.0" 200 162121 "-" "Mozilla/5.0 (compatible; Yahoo! Slurp; http://help.yahoo.com/help/us/ysearch/slurp)"
142.46.199.30 - - [20/Aug/2008:16:07:25 -0400] "GET /eSpecs/SearchFormAction.do?page=1&searchValue=17025&searchKey=DOCNO&organizations=ISO HTTP/1.0" 200 100727 "-" "Mozilla/4.0 (compatible; ipMonitor 8.5)"
66.249.66.42 - - [20/Aug/2008:16:07:17 -0400] "GET /eSpecs/DocumentReferenced.do?GID=MXIGACAAAAAAAAAA&page=1&nRecords=10&searchValue=B2.1&searchKey=DOCNO&organizations=AWS&displayWithdrawn=false¤cy=CAD HTTP/1.1" 200 113624 "-" "Mozilla/5.0 (compatible; Googlebot/2.1; +http://www.google.com/bot.html)"
74.6.22.105 - - [20/Aug/2008:16:07:42 -0400] "GET /SpecsSearch/GLSearchForm.do HTTP/1.0" 200 27296 "-" "Mozilla/5.0 (compatible; Yahoo! Slurp; http://help.yahoo.com/help/us/ysearch/slurp)"
66.249.66.42 - - [20/Aug/2008:16:07:45 -0400] "GET /eSpecs/DocumentReferenced.do?GID=GHSTFBAAAAAAAAAA&page=1&nRecords=10&searchValue=61000-6-2&searchKey=DOCNO&organizations=BSI&displayWithdrawn=false¤cy=CAD HTTP/1.1" 200 98304 "-" "Mozilla/5.0 (compatible; Googlebot/2.1; +http://www.google.com/bot.html)"
66.249.66.42 - - [20/Aug/2008:16:08:11 -0400] "GET /eSpecs/DocumentReferenced.do?GID=TAENGBAAAAAAAAAA&page=1&nRecords=10&searchValue=ASCE%207&searchKey=DOCNO&organizations=&displayWithdrawn=false¤cy=CAD HTTP/1.1" 200 124525 "-" "Mozilla/5.0 (compatible; Googlebot/2.1; +http://www.google.com/bot.html)"
66.249.66.42 - - [20/Aug/2008:16:08:38 -0400] "GET /eSpecs/DocumentReferenced.do?GID=MZJNZBAAAAAAAAAA&page=1&nRecords=10&searchValue=18&searchKey=DOCNO&organizations=ASTM&displayWithdrawn=false¤cy=CAD HTTP/1.1" 200 124154 "-" "Mozilla/5.0 (compatible; Googlebot/2.1; +http://www.google.com/bot.html)"
74.6.22.96 - - [20/Aug/2008:16:08:37 -0400] "GET /eSpecs/DocumentReferenced.do?GID=IUZRBCAAAAAAAAAA&page=1&nRecords=10&searchValue=9001&searchKey=DOCNO&organizations=ISO&displayWithdrawn=false¤cy=CAD HTTP/1.0" 200 110960 "-" "Mozilla/5.0 (compatible; Yahoo! Slurp; http://help.yahoo.com/help/us/ysearch/slurp)"
65.55.210.238 - - [20/Aug/2008:16:08:43 -0400] "GET /eSpecs/SearchFormAction.do?page=1&searchValue=TR+10014&searchKey=DOCNO&organizations=ISO HTTP/1.1" 200 79704 "-" "msnbot/1.1 (+http://search.msn.com/msnbot.htm)"
67.195.37.182 - - [20/Aug/2008:16:08:51 -0400] "GET /eSpecs/News.do?newsId=news4 HTTP/1.0" 200 86633 "-" "Mozilla/5.0 (compatible; Yahoo! Slurp; http://help.yahoo.com/help/us/ysearch/slurp)"
66.249.66.42 - - [20/Aug/2008:16:09:03 -0400] "GET /eSpecs/DocumentReferenced.do?GID=OQWVMAAAAAAAAAAA&page=1&nRecords=10&searchValue=NEMA%20250&searchKey=DOCNO&organizations=NEMA&displayWithdrawn=false¤cy=CAD HTTP/1.1" 200 83752 "-" "Mozilla/5.0 (compatible; Googlebot/2.1; +http://www.google.com/bot.html)"
66.249.66.42 - - [20/Aug/2008:16:09:28 -0400] "GET /eSpecs/DocumentReferenced.do?GID=JHUXHAAAAAAAAAAA&page=1&nRecords=10&searchValue=9000%20Compendium&searchKey=DOCNO&organizations=ISO&displayWithdrawn=false¤cy=CAD HTTP/1.1" 200 83881 "-" "Mozilla/5.0 (compatible; Googlebot/2.1; +http://www.google.com/bot.html)"
68.195.196.122 - - [20/Aug/2008:16:09:34 -0400] "GET /eSpecs/css/index.css HTTP/1.1" 200 10895 "http://www.standardsstore.ca/eSpecs/DocumentReferenced.do?GID=EXNDGCAAAAAAAAAA&page=1&nRecords=10&searchValue=1417&searchKey=DOCNO&organizations=ASTM&displayWithdrawn=false¤cy=CAD" "Mozilla/4.0 (compatible; MSIE 7.0; Windows NT 5.1; .NET CLR 1.1.4322; .NET CLR 2.0.50727; .NET CLR 3.0.04506.30; .NET CLR 3.0.04506.648; InfoPath.2)"
68.195.196.122 - - [20/Aug/2008:16:09:34 -0400] "GET /eSpecs/js/main.js HTTP/1.1" 200 9677 "http://www.standardsstore.ca/eSpecs/DocumentReferenced.do?GID=EXNDGCAAAAAAAAAA&page=1&nRecords=10&searchValue=1417&searchKey=DOCNO&organizations=ASTM&displayWithdrawn=false¤cy=CAD" "Mozilla/4.0 (compatible; MSIE 7.0; Windows NT 5.1; .NET CLR 1.1.4322; .NET CLR 2.0.50727; .NET CLR 3.0.04506.30; .NET CLR 3.0.04506.648; InfoPath.2)"
68.195.196.122 - - [20/Aug/2008:16:09:34 -0400] "GET /eSpecs/js/style.js HTTP/1.1" 200 3774 "http://www.standardsstore.ca/eSpecs/DocumentReferenced.do?GID=EXNDGCAAAAAAAAAA&page=1&nRecords=10&searchValue=1417&searchKey=DOCNO&organizations=ASTM&displayWithdrawn=false¤cy=CAD" "Mozilla/4.0 (compatible; MSIE 7.0; Windows NT 5.1; .NET CLR 1.1.4322; .NET CLR 2.0.50727; .NET CLR 3.0.04506.30; .NET CLR 3.0.04506.648; InfoPath.2)"
68.195.196.122 - - [20/Aug/2008:16:09:34 -0400] "GET /eSpecs/images/header.gif HTTP/1.1" 200 13254 "http://www.standardsstore.ca/eSpecs/DocumentReferenced.do?GID=EXNDGCAAAAAAAAAA&page=1&nRecords=10&searchValue=1417&searchKey=DOCNO&organizations=ASTM&displayWithdrawn=false¤cy=CAD" "Mozilla/4.0 (compatible; MSIE 7.0; Windows NT 5.1; .NET CLR 1.1.4322; .NET CLR 2.0.50727; .NET CLR 3.0.04506.30; .NET CLR 3.0.04506.648; InfoPath.2)"
68.195.196.122 - - [20/Aug/2008:16:09:35 -0400] "GET /eSpecs/images/scc_logo.gif HTTP/1.1" 200 4870 "http://www.standardsstore.ca/eSpecs/DocumentReferenced.do?GID=EXNDGCAAAAAAAAAA&page=1&nRecords=10&searchValue=1417&searchKey=DOCNO&organizations=ASTM&displayWithdrawn=false¤cy=CAD" "Mozilla/4.0 (compatible; MSIE 7.0; Windows NT 5.1; .NET CLR 1.1.4322; .NET CLR 2.0.50727; .NET CLR 3.0.04506.30; .NET CLR 3.0.04506.648; InfoPath.2)"
68.195.196.122 - - [20/Aug/2008:16:09:35 -0400] "GET /eSpecs/images/ihs_logo.gif HTTP/1.1" 200 1947 "http://www.standardsstore.ca/eSpecs/DocumentReferenced.do?GID=EXNDGCAAAAAAAAAA&page=1&nRecords=10&searchValue=1417&searchKey=DOCNO&organizations=ASTM&displayWithdrawn=false¤cy=CAD" "Mozilla/4.0 (compatible; MSIE 7.0; Windows NT 5.1; .NET CLR 1.1.4322; .NET CLR 2.0.50727; .NET CLR 3.0.04506.30; .NET CLR 3.0.04506.648; InfoPath.2)"
68.195.196.122 - - [20/Aug/2008:16:09:28 -0400] "GET /eSpecs/DocumentReferenced.do?GID=EXNDGCAAAAAAAAAA&page=1&nRecords=10&searchValue=1417&searchKey=DOCNO&organizations=ASTM&displayWithdrawn=false¤cy=CAD HTTP/1.1" 200 134623 "http://search.msn.com/results.aspx?q=REINFORCEMENT+STEEL-METRIC+%26+ENGLISH&FORM=MSNH" "Mozilla/4.0 (compatible; MSIE 7.0; Windows NT 5.1; .NET CLR 1.1.4322; .NET CLR 2.0.50727; .NET CLR 3.0.04506.30; .NET CLR 3.0.04506.648; InfoPath.2)"
68.195.196.122 - - [20/Aug/2008:16:09:35 -0400] "GET /eSpecs/images/en/isoiec17025.gif HTTP/1.1" 200 39008 "http://www.standardsstore.ca/eSpecs/DocumentReferenced.do?GID=EXNDGCAAAAAAAAAA&page=1&nRecords=10&searchValue=1417&searchKey=DOCNO&organizations=ASTM&displayWithdrawn=false¤cy=CAD" "Mozilla/4.0 (compatible; MSIE 7.0; Windows NT 5.1; .NET CLR 1.1.4322; .NET CLR 2.0.50727; .NET CLR 3.0.04506.30; .NET CLR 3.0.04506.648; InfoPath.2)"
68.195.196.122 - - [20/Aug/2008:16:09:35 -0400] "GET /eSpecs/images/help.jpg HTTP/1.1" 200 389 "http://www.standardsstore.ca/eSpecs/DocumentReferenced.do?GID=EXNDGCAAAAAAAAAA&page=1&nRecords=10&searchValue=1417&searchKey=DOCNO&organizations=ASTM&displayWithdrawn=false¤cy=CAD" "Mozilla/4.0 (compatible; MSIE 7.0; Windows NT 5.1; .NET CLR 1.1.4322; .NET CLR 2.0.50727; .NET CLR 3.0.04506.30; .NET CLR 3.0.04506.648; InfoPath.2)"
68.195.196.122 - - [20/Aug/2008:16:09:35 -0400] "GET /eSpecs/images/en/iso22000.gif HTTP/1.1" 200 39597 "http://www.standardsstore.ca/eSpecs/DocumentReferenced.do?GID=EXNDGCAAAAAAAAAA&page=1&nRecords=10&searchValue=1417&searchKey=DOCNO&organizations=ASTM&displayWithdrawn=false¤cy=CAD" "Mozilla/4.0 (compatible; MSIE 7.0; Windows NT 5.1; .NET CLR 1.1.4322; .NET CLR 2.0.50727; .NET CLR 3.0.04506.30; .NET CLR 3.0.04506.648; InfoPath.2)"
68.195.196.122 - - [20/Aug/2008:16:09:35 -0400] "GET /eSpecs/images/cart_button.gif HTTP/1.1" 200 761 "http://www.standardsstore.ca/eSpecs/DocumentReferenced.do?GID=EXNDGCAAAAAAAAAA&page=1&nRecords=10&searchValue=1417&searchKey=DOCNO&organizations=ASTM&displayWithdrawn=false¤cy=CAD" "Mozilla/4.0 (compatible; MSIE 7.0; Windows NT 5.1; .NET CLR 1.1.4322; .NET CLR 2.0.50727; .NET CLR 3.0.04506.30; .NET CLR 3.0.04506.648; InfoPath.2)"
68.195.196.122 - - [20/Aug/2008:16:09:35 -0400] "GET /eSpecs/images/NSS2008.jpg HTTP/1.1" 200 14223 "http://www.standardsstore.ca/eSpecs/DocumentReferenced.do?GID=EXNDGCAAAAAAAAAA&page=1&nRecords=10&searchValue=1417&searchKey=DOCNO&organizations=ASTM&displayWithdrawn=false¤cy=CAD" "Mozilla/4.0 (compatible; MSIE 7.0; Windows NT 5.1; .NET CLR 1.1.4322; .NET CLR 2.0.50727; .NET CLR 3.0.04506.30; .NET CLR 3.0.04506.648; InfoPath.2)"
68.195.196.122 - - [20/Aug/2008:16:09:35 -0400] "GET /eSpecs/images/spacer.gif HTTP/1.1" 200 43 "http://www.standardsstore.ca/eSpecs/DocumentReferenced.do?GID=EXNDGCAAAAAAAAAA&page=1&nRecords=10&searchValue=1417&searchKey=DOCNO&organizations=ASTM&displayWithdrawn=false¤cy=CAD" "Mozilla/4.0 (compatible; MSIE 7.0; Windows NT 5.1; .NET CLR 1.1.4322; .NET CLR 2.0.50727; .NET CLR 3.0.04506.30; .NET CLR 3.0.04506.648; InfoPath.2)"
68.195.196.122 - - [20/Aug/2008:16:09:35 -0400] "GET /eSpecs/images/canada.gif HTTP/1.1" 200 1511 "http://www.standardsstore.ca/eSpecs/DocumentReferenced.do?GID=EXNDGCAAAAAAAAAA&page=1&nRecords=10&searchValue=1417&searchKey=DOCNO&organizations=ASTM&displayWithdrawn=false¤cy=CAD" "Mozilla/4.0 (compatible; MSIE 7.0; Windows NT 5.1; .NET CLR 1.1.4322; .NET CLR 2.0.50727; .NET CLR 3.0.04506.30; .NET CLR 3.0.04506.648; InfoPath.2)"
68.195.196.122 - - [20/Aug/2008:16:09:35 -0400] "GET /favicon.ico HTTP/1.1" 404 339 "-" "Mozilla/4.0 (compatible; MSIE 7.0; Windows NT 5.1; .NET CLR 1.1.4322; .NET CLR 2.0.50727; .NET CLR 3.0.04506.30; .NET CLR 3.0.04506.648; InfoPath.2)"
65.55.108.195 - - [20/Aug/2008:16:09:46 -0400] "GET /robots.txt HTTP/1.1" 404 330 "-" "msnbot-media/1.1 (+http://search.msn.com/msnbot.htm)"
65.55.108.195 - - [20/Aug/2008:16:09:46 -0400] "GET /specs/pdf/228_e.pdf HTTP/1.1" 200 28252 "-" "msnbot-media/1.1 (+http://search.msn.com/msnbot.htm)"
68.195.196.122 - - [20/Aug/2008:16:09:40 -0400] "GET /eSpecs/DocumentReferenced.do?GID=AJSCFCAAAAAAAAAA&page=1&nRecords=10&searchValue=1417&searchKey=DOCNO&organizations=ASTM&displayWithdrawn=false¤cy=CAD HTTP/1.1" 200 8192 "http://www.standardsstore.ca/eSpecs/DocumentReferenced.do?GID=EXNDGCAAAAAAAAAA&page=1&nRecords=10&searchValue=1417&searchKey=DOCNO&organizations=ASTM&displayWithdrawn=false¤cy=CAD" "Mozilla/4.0 (compatible; MSIE 7.0; Windows NT 5.1; .NET CLR 1.1.4322; .NET CLR 2.0.50727; .NET CLR 3.0.04506.30; .NET CLR 3.0.04506.648; InfoPath.2)"
66.249.66.42 - - [20/Aug/2008:16:09:50 -0400] "GET /eSpecs/DocumentReferenced.do?GID=PXFUGBAAAAAAAAAA&page=1&nRecords=10&searchValue=TC-1A&searchKey=DOCNO&organizations=&displayWithdrawn=false¤cy=CAD HTTP/1.1" 200 144453 "-" "Mozilla/5.0 (compatible; Googlebot/2.1; +http://www.google.com/bot.html)"
209.217.110.121 - - [20/Aug/2008:16:10:04 -0400] "GET /SpecsSearch/TLSearchForm.do HTTP/1.1" 200 29235 "http://palcan.scc.ca/SpecsSearch/SpecsSearchAction.do?prog_ID=1" "Mozilla/5.0 (Macintosh; U; Intel Mac OS X 10_5_4; en-us) AppleWebKit/525.18 (KHTML, like Gecko) Version/3.1.2 Safari/525.20.1"
209.217.110.121 - - [20/Aug/2008:16:10:07 -0400] "GET /SpecsSearch/TLSearchForm.do HTTP/1.1" 200 29235 "http://palcan.scc.ca/SpecsSearch/TLSearchForm.do" "Mozilla/5.0 (Macintosh; U; Intel Mac OS X 10_5_4; en-us) AppleWebKit/525.18 (KHTML, like Gecko) Version/3.1.2 Safari/525.20.1"
74.6.22.96 - - [20/Aug/2008:16:09:48 -0400] "GET /eSpecs/DocumentReferenced.do?GID=PHOUHAAAAAAAAAAA&page=1&nRecords=10&searchValue=9001&searchKey=DOCNO&organizations=ISO&displayWithdrawn=false¤cy=CAD HTTP/1.0" 200 186683 "-" "Mozilla/5.0 (compatible; Yahoo! Slurp; http://help.yahoo.com/help/us/ysearch/slurp)"
209.217.110.121 - - [20/Aug/2008:16:10:08 -0400] "GET /SpecsSearch/SpecsSearchAction.do?prog_ID=1 HTTP/1.1" 200 245120 "http://palcan.scc.ca/SpecsSearch/TLSearchForm.do" "Mozilla/5.0 (Macintosh; U; Intel Mac OS X 10_5_4; en-us) AppleWebKit/525.18 (KHTML, like Gecko) Version/3.1.2 Safari/525.20.1"
74.6.22.96 - - [20/Aug/2008:16:10:06 -0400] "GET /eSpecs/DocumentReferenced.do?GID=LATUFBAAAAAAAAAA&page=1&nRecords=10&searchValue=9001&searchKey=DOCNO&organizations=ISO&displayWithdrawn=false¤cy=CAD HTTP/1.0" 200 92745 "-" "Mozilla/5.0 (compatible; Yahoo! Slurp; http://help.yahoo.com/help/us/ysearch/slurp)"
66.249.66.42 - - [20/Aug/2008:16:10:15 -0400] "GET /eSpecs/DocumentReferenced.do?GID=VRJKCAAAAAAAAAAA&page=1&nRecords=10&searchValue=1041&searchKey=DOCNO&organizations=BSI&displayWithdrawn=false¤cy=CAD HTTP/1.1" 200 221840 "-" "Mozilla/5.0 (compatible; Googlebot/2.1; +http://www.google.com/bot.html)"
142.46.199.30 - - [20/Aug/2008:16:10:41 -0400] "HEAD / HTTP/1.0" 200 - "-" "Mozilla/4.0 (compatible; ipMonitor 8.5)"
142.46.199.30 - - [20/Aug/2008:16:10:49 -0400] "HEAD / HTTP/1.0" 200 - "-" "Mozilla/4.0 (compatible; ipMonitor 8.5)"
66.249.66.42 - - [20/Aug/2008:16:10:46 -0400] "GET /eSpecs/DocumentReferenced.do?GID=WDFQGBAAAAAAAAAA&page=1&nRecords=10&searchValue=SAE%20AMS%202644&searchKey=DOCNO&organizations=&displayWithdrawn=false¤cy=CAD HTTP/1.1" 200 103533 "-" "Mozilla/5.0 (compatible; Googlebot/2.1; +http://www.google.com/bot.html)"
192.197.71.189 - - [20/Aug/2008:16:10:52 -0400] "GET /SpecsSearch/TLSearchForm.do HTTP/1.1" 200 29235 "-" "Mozilla/4.0 (compatible; MSIE 6.0; Windows NT 5.1; SV1; .NET CLR 2.0.50727)"
192.197.71.189 - - [20/Aug/2008:16:10:56 -0400] "GET /SpecsSearch/pages/images/questionMark.gif HTTP/1.1" 200 206 "http://palcan.scc.ca/SpecsSearch/TLSearchForm.do" "Mozilla/4.0 (compatible; MSIE 6.0; Windows NT 5.1; SV1; .NET CLR 2.0.50727)"
74.6.22.96 - - [20/Aug/2008:16:10:36 -0400] "GET /eSpecs/DocumentReferenced.do?GID=KPTRACAAAAAAAAAA&page=1&nRecords=10&searchValue=9001&searchKey=DOCNO&organizations=ISO&displayWithdrawn=false¤cy=CAD HTTP/1.0" 200 183331 "-" "Mozilla/5.0 (compatible; Yahoo! Slurp; http://help.yahoo.com/help/us/ysearch/slurp)"
74.6.22.96 - - [20/Aug/2008:16:10:59 -0400] "GET /eSpecs/DocumentReferenced.do?GID=QKGSXBAAAAAAAAAA&page=1&nRecords=10&searchValue=9001&searchKey=DOCNO&organizations=ISO&displayWithdrawn=false¤cy=CAD HTTP/1.0" 200 133000 "-" "Mozilla/5.0 (compatible; Yahoo! Slurp; http://help.yahoo.com/help/us/ysearch/slurp)"
74.6.22.96 - - [20/Aug/2008:16:11:04 -0400] "GET /eSpecs/AddDocumentAction.do?mediaType=HC&GID=IWGSABAAAAAAAAAA&page=1&nRecords=10&searchValue=9001&searchKey=DOCNO&organizations=ISO&displayWithdrawn=false¤cy=CAD HTTP/1.0" 200 81304 "-" "Mozilla/5.0 (compatible; Yahoo! Slurp; http://help.yahoo.com/help/us/ysearch/slurp)"
66.249.66.42 - - [20/Aug/2008:16:11:14 -0400] "GET /eSpecs/DocumentReferenced.do?GID=RNZMCAAAAAAAAAAA&page=1&nRecords=10&searchValue=18002&searchKey=DOCNO&organizations=BSI&displayWithdrawn=false¤cy=CAD HTTP/1.1" 200 83868 "-" "Mozilla/5.0 (compatible; Googlebot/2.1; +http://www.google.com/bot.html)"
66.249.66.42 - - [20/Aug/2008:16:11:39 -0400] "GET /eSpecs/DocumentReferenced.do?GID=ODJJCAAAAAAAAAAA&page=1&nRecords=10&searchValue=60601-1&searchKey=DOCNO&organizations=UL&displayWithdrawn=false¤cy=CAD HTTP/1.1" 200 87904 "-" "Mozilla/5.0 (compatible; Googlebot/2.1; +http://www.google.com/bot.html)"
74.6.22.96 - - [20/Aug/2008:16:11:13 -0400] "GET /eSpecs/DocumentReferenced.do?GID=RTRTZAAAAAAAAAAA&page=1&nRecords=10&searchValue=9001&searchKey=DOCNO&organizations=ISO&displayWithdrawn=false¤cy=CAD HTTP/1.0" 200 244849 "-" "Mozilla/5.0 (compatible; Yahoo! Slurp; http://help.yahoo.com/help/us/ysearch/slurp)"
217.43.100.60 - - [20/Aug/2008:16:12:02 -0400] "GET /eSpecs/index.jsp HTTP/1.1" 200 87645 "-" "Mozilla/5.0 (Windows; U; Windows NT 6.0; en-US; rv:1.8.1.11) Gecko/20071127 Firefox/2.0.0.11"
66.249.66.42 - - [20/Aug/2008:16:12:02 -0400] "GET /eSpecs/DocumentReferenced.do?GID=HLIEGCAAAAAAAAAA&page=1&nRecords=10&searchValue=B1.11&searchKey=DOCNO&organizations=AWS&displayWithdrawn=false¤cy=CAD HTTP/1.1" 200 182989 "-" "Mozilla/5.0 (compatible; Googlebot/2.1; +http://www.google.com/bot.html)"
142.46.199.30 - - [20/Aug/2008:16:12:27 -0400] "GET /eSpecs/SearchFormAction.do?page=1&searchValue=17025&searchKey=DOCNO&organizations=ISO HTTP/1.0" 200 100727 "-" "Mozilla/4.0 (compatible; ipMonitor 8.5)"
66.249.66.42 - - [20/Aug/2008:16:12:28 -0400] "GET /eSpecs/DocumentReferenced.do?GID=AOPZTAAAAAAAAAAA&page=1&nRecords=10&searchValue=9001&searchKey=DOCNO&organizations=ISO&displayWithdrawn=false¤cy=CAD HTTP/1.1" 200 89690 "-" "Mozilla/5.0 (compatible; Googlebot/2.1; +http://www.google.com/bot.html)"
67.195.37.89 - - [20/Aug/2008:16:12:58 -0400] "GET /SpecsSearch/pages/includes/Fields_of_Testing_en.htm HTTP/1.0" 200 11999 "-" "Mozilla/5.0 (compatible; Yahoo! Slurp; http://help.yahoo.com/help/us/ysearch/slurp)"
66.249.66.42 - - [20/Aug/2008:16:12:55 -0400] "GET /eSpecs/DocumentReferenced.do?GID=JURSACAAAAAAAAAA&page=1&nRecords=10&searchValue=41&searchKey=DOCNO&organizations=TIA&displayWithdrawn=false¤cy=CAD HTTP/1.1" 200 98551 "-" "Mozilla/5.0 (compatible; Googlebot/2.1; +http://www.google.com/bot.html)"
74.6.22.96 - - [20/Aug/2008:16:12:55 -0400] "GET /eSpecs/DocumentReferenced.do?GID=ESMADAAAAAAAAAAA&page=1&nRecords=10&searchValue=9001&searchKey=DOCNO&organizations=ISO&displayWithdrawn=false¤cy=CAD HTTP/1.0" 200 8192 "-" "Mozilla/5.0 (compatible; Yahoo! Slurp; http://help.yahoo.com/help/us/ysearch/slurp)"
74.6.22.105 - - [20/Aug/2008:16:13:35 -0400] "GET /specs/pdf/289_f.pdf HTTP/1.0" 200 29778 "-" "Mozilla/5.0 (compatible; Yahoo! Slurp; http://help.yahoo.com/help/us/ysearch/slurp)"
220.181.32.22 - - [20/Aug/2008:16:13:47 -0400] "GET / HTTP/1.1" 200 121 "-" "Baiduspider+(+http://www.baidu.com/search/spider.htm)"
66.249.66.42 - - [20/Aug/2008:16:13:16 -0400] "GET /eSpecs/DocumentReferenced.do?GID=TMEIJBAAAAAAAAAA&page=1&nRecords=10&searchValue=11607&searchKey=DOCNO&organizations=ISO&displayWithdrawn=false¤cy=CAD HTTP/1.1" 200 93092 "-" "Mozilla/5.0 (compatible; Googlebot/2.1; +http://www.google.com/bot.html)"
74.6.22.96 - - [20/Aug/2008:16:13:43 -0400] "GET /eSpecs/DocumentReferenced.do?GID=ESMADAAAAAAAAAAA&page=1&nRecords=10&searchValue=9001&searchKey=DOCNO&organizations=ISO&displayWithdrawn=false¤cy=CAD HTTP/1.0" 200 116675 "-" "Mozilla/5.0 (compatible; Yahoo! Slurp; http://help.yahoo.com/help/us/ysearch/slurp)"
66.249.66.42 - - [20/Aug/2008:16:13:53 -0400] "GET /eSpecs/DocumentReferenced.do?GID=CHHKCCAAAAAAAAAA&page=1&nRecords=10&searchValue=9001&searchKey=DOCNO&organizations=ISO&displayWithdrawn=false¤cy=CAD HTTP/1.1" 200 104691 "-" "Mozilla/5.0 (compatible; Googlebot/2.1; +http://www.google.com/bot.html)"
66.249.66.42 - - [20/Aug/2008:16:14:27 -0400] "GET /eSpecs/DocumentReferenced.do?GID=QDCSCAAAAAAAAAAA&page=1&nRecords=10&searchValue=60417&searchKey=DOCNO&organizations=IEC&displayWithdrawn=false¤cy=CAD HTTP/1.1" 200 87917 "-" "Mozilla/5.0 (compatible; Googlebot/2.1; +http://www.google.com/bot.html)"
61.135.168.39 - - [20/Aug/2008:16:14:49 -0400] "GET / HTTP/1.1" 200 121 "-" "Baiduspider+(+http://www.baidu.com/search/spider.htm)"
65.55.210.238 - - [20/Aug/2008:16:14:46 -0400] "GET /eSpecs/AddDocumentAction.do?mediaType=ELEC&GID=ASJOCCAAAAAAAAAA&page=1&nRecords=10&searchValue=PB+1.1&searchKey=DOCNO&organizations=NEMA&displayWithdrawn=false¤cy=CAD HTTP/1.1" 200 81314 "-" "msnbot/1.1 (+http://search.msn.com/msnbot.htm)"
65.55.210.238 - - [20/Aug/2008:16:14:50 -0400] "GET /eSpecs/AddDocumentAction.do?note=call&GID=EKCFGBAAAAAAAAAA&mediaType=HC&docNum=60950+BULLETINS&docDate=20040101&page=1&nRecords=10&searchValue=60950&searchKey=DOCNO&organizations=UL&displayWithdrawn=false¤cy=CAD HTTP/1.1" 200 81331 "-" "msnbot/1.1 (+http://search.msn.com/msnbot.htm)"
66.249.66.42 - - [20/Aug/2008:16:14:59 -0400] "GET /eSpecs/DocumentReferenced.do?GID=VEFEKAAAAAAAAAAA&page=1&nRecords=10&searchValue=SAE%20AMS-H-6875&searchKey=DOCNO&organizations=&displayWithdrawn=false¤cy=CAD HTTP/1.1" 200 84714 "-" "Mozilla/5.0 (compatible; Googlebot/2.1; +http://www.google.com/bot.html)"
66.249.66.42 - - [20/Aug/2008:16:15:29 -0400] "GET /eSpecs/DocumentReferenced.do?GID=IGSQCAAAAAAAAAAA&page=1&nRecords=10&searchValue=5950-1&searchKey=DOCNO&organizations=bsi&displayWithdrawn=false¤cy=CAD HTTP/1.1" 200 87800 "-" "Mozilla/5.0 (compatible; Googlebot/2.1; +http://www.google.com/bot.html)"
142.46.199.30 - - [20/Aug/2008:16:15:41 -0400] "HEAD / HTTP/1.0" 200 - "-" "Mozilla/4.0 (compatible; ipMonitor 8.5)"
142.46.199.30 - - [20/Aug/2008:16:15:48 -0400] "HEAD / HTTP/1.0" 200 - "-" "Mozilla/4.0 (compatible; ipMonitor 8.5)"
12.40.51.140 - - [20/Aug/2008:16:16:01 -0400] "GET /specs/pdf/360_e.pdf HTTP/1.1" 200 57280 "http://www.google.com/search?hl=en&q=astm+f1342+textile" "Mozilla/4.0 (compatible; MSIE 7.0; Windows NT 5.1; .NET CLR 1.1.4322; InfoPath.1; .NET CLR 2.0.50727)"
66.249.66.42 - - [20/Aug/2008:16:15:56 -0400] "GET /eSpecs/DocumentReferenced.do?GID=TNBJIBAAAAAAAAAA&page=1&nRecords=10&searchValue=AASHTO%20HB&searchKey=DOCNO&organizations=AASHTO&displayWithdrawn=false¤cy=CAD HTTP/1.1" 200 109839 "-" "Mozilla/5.0 (compatible; Googlebot/2.1; +http://www.google.com/bot.html)"
66.249.66.42 - - [20/Aug/2008:16:16:23 -0400] "GET /eSpecs/DocumentReferenced.do?GID=UGSHHBAAAAAAAAAA&page=1&nRecords=10&searchValue=TC%203&searchKey=DOCNO&organizations=NEMA&displayWithdrawn=false¤cy=CAD HTTP/1.1" 200 119837 "-" "Mozilla/5.0 (compatible; Googlebot/2.1; +http://www.google.com/bot.html)"
66.249.66.42 - - [20/Aug/2008:16:16:50 -0400] "GET /eSpecs/DocumentReferenced.do?GID=XJEQCAAAAAAAAAAA&page=1&nRecords=10&searchValue=TC-1A&searchKey=DOCNO&organizations=&displayWithdrawn=false¤cy=CAD HTTP/1.1" 200 83718 "-" "Mozilla/5.0 (compatible; Googlebot/2.1; +http://www.google.com/bot.html)"
142.46.199.30 - - [20/Aug/2008:16:16:56 -0400] "GET / HTTP/1.1" 200 121 "http://www.scc.ca/en/index.shtml" "Mozilla/4.0 (compatible; MSIE 7.0; Windows NT 5.1; .NET CLR 1.1.4322; InfoPath.1; .NET CLR 2.0.50727; .NET CLR 3.0.04506.30; .NET CLR 3.0.04506.648)"
142.46.199.30 - - [20/Aug/2008:16:16:56 -0400] "GET /favicon.ico HTTP/1.1" 404 339 "-" "Mozilla/4.0 (compatible; MSIE 7.0; Windows NT 5.1; .NET CLR 1.1.4322; InfoPath.1; .NET CLR 2.0.50727; .NET CLR 3.0.04506.30; .NET CLR 3.0.04506.648)"
142.46.199.30 - - [20/Aug/2008:16:16:57 -0400] "GET /eSpecs/css/index.css HTTP/1.1" 200 10895 "http://www.standardsstore.ca/eSpecs/index.jsp" "Mozilla/4.0 (compatible; MSIE 7.0; Windows NT 5.1; .NET CLR 1.1.4322; InfoPath.1; .NET CLR 2.0.50727; .NET CLR 3.0.04506.30; .NET CLR 3.0.04506.648)"
142.46.199.30 - - [20/Aug/2008:16:16:57 -0400] "GET /eSpecs/js/main.js HTTP/1.1" 200 9677 "http://www.standardsstore.ca/eSpecs/index.jsp" "Mozilla/4.0 (compatible; MSIE 7.0; Windows NT 5.1; .NET CLR 1.1.4322; InfoPath.1; .NET CLR 2.0.50727; .NET CLR 3.0.04506.30; .NET CLR 3.0.04506.648)"
142.46.199.30 - - [20/Aug/2008:16:16:57 -0400] "GET /eSpecs/js/style.js HTTP/1.1" 200 3774 "http://www.standardsstore.ca/eSpecs/index.jsp" "Mozilla/4.0 (compatible; MSIE 7.0; Windows NT 5.1; .NET CLR 1.1.4322; InfoPath.1; .NET CLR 2.0.50727; .NET CLR 3.0.04506.30; .NET CLR 3.0.04506.648)"
142.46.199.30 - - [20/Aug/2008:16:16:57 -0400] "GET /eSpecs/images/header.gif HTTP/1.1" 200 13254 "http://www.standardsstore.ca/eSpecs/index.jsp" "Mozilla/4.0 (compatible; MSIE 7.0; Windows NT 5.1; .NET CLR 1.1.4322; InfoPath.1; .NET CLR 2.0.50727; .NET CLR 3.0.04506.30; .NET CLR 3.0.04506.648)"
142.46.199.30 - - [20/Aug/2008:16:16:57 -0400] "GET /eSpecs/images/scc_logo.gif HTTP/1.1" 200 4870 "http://www.standardsstore.ca/eSpecs/index.jsp" "Mozilla/4.0 (compatible; MSIE 7.0; Windows NT 5.1; .NET CLR 1.1.4322; InfoPath.1; .NET CLR 2.0.50727; .NET CLR 3.0.04506.30; .NET CLR 3.0.04506.648)"
142.46.199.30 - - [20/Aug/2008:16:16:57 -0400] "GET /eSpecs/images/ihs_logo.gif HTTP/1.1" 200 1947 "http://www.standardsstore.ca/eSpecs/index.jsp" "Mozilla/4.0 (compatible; MSIE 7.0; Windows NT 5.1; .NET CLR 1.1.4322; InfoPath.1; .NET CLR 2.0.50727; .NET CLR 3.0.04506.30; .NET CLR 3.0.04506.648)"
142.46.199.30 - - [20/Aug/2008:16:16:57 -0400] "GET /eSpecs/images/en/iso22000.gif HTTP/1.1" 200 39597 "http://www.standardsstore.ca/eSpecs/index.jsp" "Mozilla/4.0 (compatible; MSIE 7.0; Windows NT 5.1; .NET CLR 1.1.4322; InfoPath.1; .NET CLR 2.0.50727; .NET CLR 3.0.04506.30; .NET CLR 3.0.04506.648)"
142.46.199.30 - - [20/Aug/2008:16:16:57 -0400] "GET /eSpecs/images/en/isoiec17025.gif HTTP/1.1" 200 39008 "http://www.standardsstore.ca/eSpecs/index.jsp" "Mozilla/4.0 (compatible; MSIE 7.0; Windows NT 5.1; .NET CLR 1.1.4322; InfoPath.1; .NET CLR 2.0.50727; .NET CLR 3.0.04506.30; .NET CLR 3.0.04506.648)"
142.46.199.30 - - [20/Aug/2008:16:16:57 -0400] "GET /eSpecs/images/help.jpg HTTP/1.1" 200 389 "http://www.standardsstore.ca/eSpecs/index.jsp" "Mozilla/4.0 (compatible; MSIE 7.0; Windows NT 5.1; .NET CLR 1.1.4322; InfoPath.1; .NET CLR 2.0.50727; .NET CLR 3.0.04506.30; .NET CLR 3.0.04506.648)"
142.46.199.30 - - [20/Aug/2008:16:16:57 -0400] "GET /eSpecs/index.jsp HTTP/1.1" 200 87645 "-" "Mozilla/4.0 (compatible; MSIE 7.0; Windows NT 5.1; .NET CLR 1.1.4322; InfoPath.1; .NET CLR 2.0.50727; .NET CLR 3.0.04506.30; .NET CLR 3.0.04506.648)"
142.46.199.30 - - [20/Aug/2008:16:16:57 -0400] "GET /eSpecs/images/iso.gif HTTP/1.1" 200 2457 "http://www.standardsstore.ca/eSpecs/index.jsp" "Mozilla/4.0 (compatible; MSIE 7.0; Windows NT 5.1; .NET CLR 1.1.4322; InfoPath.1; .NET CLR 2.0.50727; .NET CLR 3.0.04506.30; .NET CLR 3.0.04506.648)"
142.46.199.30 - - [20/Aug/2008:16:16:57 -0400] "GET /eSpecs/images/iec.gif HTTP/1.1" 200 696 "http://www.standardsstore.ca/eSpecs/index.jsp" "Mozilla/4.0 (compatible; MSIE 7.0; Windows NT 5.1; .NET CLR 1.1.4322; InfoPath.1; .NET CLR 2.0.50727; .NET CLR 3.0.04506.30; .NET CLR 3.0.04506.648)"
142.46.199.30 - - [20/Aug/2008:16:16:57 -0400] "GET /eSpecs/images/api.gif HTTP/1.1" 200 976 "http://www.standardsstore.ca/eSpecs/index.jsp" "Mozilla/4.0 (compatible; MSIE 7.0; Windows NT 5.1; .NET CLR 1.1.4322; InfoPath.1; .NET CLR 2.0.50727; .NET CLR 3.0.04506.30; .NET CLR 3.0.04506.648)"
142.46.199.30 - - [20/Aug/2008:16:16:57 -0400] "GET /eSpecs/images/asm.gif HTTP/1.1" 200 1711 "http://www.standardsstore.ca/eSpecs/index.jsp" "Mozilla/4.0 (compatible; MSIE 7.0; Windows NT 5.1; .NET CLR 1.1.4322; InfoPath.1; .NET CLR 2.0.50727; .NET CLR 3.0.04506.30; .NET CLR 3.0.04506.648)"
142.46.199.30 - - [20/Aug/2008:16:16:57 -0400] "GET /eSpecs/images/en/standards_alert.jpg HTTP/1.1" 200 14834 "http://www.standardsstore.ca/eSpecs/index.jsp" "Mozilla/4.0 (compatible; MSIE 7.0; Windows NT 5.1; .NET CLR 1.1.4322; InfoPath.1; .NET CLR 2.0.50727; .NET CLR 3.0.04506.30; .NET CLR 3.0.04506.648)"
142.46.199.30 - - [20/Aug/2008:16:16:57 -0400] "GET /eSpecs/images/en/exportalert.jpg HTTP/1.1" 200 16234 "http://www.standardsstore.ca/eSpecs/index.jsp" "Mozilla/4.0 (compatible; MSIE 7.0; Windows NT 5.1; .NET CLR 1.1.4322; InfoPath.1; .NET CLR 2.0.50727; .NET CLR 3.0.04506.30; .NET CLR 3.0.04506.648)"
142.46.199.30 - - [20/Aug/2008:16:16:57 -0400] "GET /eSpecs/images/en/reg.jpg HTTP/1.1" 200 13737 "http://www.standardsstore.ca/eSpecs/index.jsp" "Mozilla/4.0 (compatible; MSIE 7.0; Windows NT 5.1; .NET CLR 1.1.4322; InfoPath.1; .NET CLR 2.0.50727; .NET CLR 3.0.04506.30; .NET CLR 3.0.04506.648)"
142.46.199.30 - - [20/Aug/2008:16:16:57 -0400] "GET /eSpecs/images/research.jpg HTTP/1.1" 200 12311 "http://www.standardsstore.ca/eSpecs/index.jsp" "Mozilla/4.0 (compatible; MSIE 7.0; Windows NT 5.1; .NET CLR 1.1.4322; InfoPath.1; .NET CLR 2.0.50727; .NET CLR 3.0.04506.30; .NET CLR 3.0.04506.648)"
142.46.199.30 - - [20/Aug/2008:16:16:57 -0400] "GET /eSpecs/images/afnor.gif HTTP/1.1" 200 811 "http://www.standardsstore.ca/eSpecs/index.jsp" "Mozilla/4.0 (compatible; MSIE 7.0; Windows NT 5.1; .NET CLR 1.1.4322; InfoPath.1; .NET CLR 2.0.50727; .NET CLR 3.0.04506.30; .NET CLR 3.0.04506.648)"
142.46.199.30 - - [20/Aug/2008:16:16:57 -0400] "GET /eSpecs/images/din_logo.gif HTTP/1.1" 200 486 "http://www.standardsstore.ca/eSpecs/index.jsp" "Mozilla/4.0 (compatible; MSIE 7.0; Windows NT 5.1; .NET CLR 1.1.4322; InfoPath.1; .NET CLR 2.0.50727; .NET CLR 3.0.04506.30; .NET CLR 3.0.04506.648)"
142.46.199.30 - - [20/Aug/2008:16:16:57 -0400] "GET /eSpecs/images/canada.gif HTTP/1.1" 200 1511 "http://www.standardsstore.ca/eSpecs/index.jsp" "Mozilla/4.0 (compatible; MSIE 7.0; Windows NT 5.1; .NET CLR 1.1.4322; InfoPath.1; .NET CLR 2.0.50727; .NET CLR 3.0.04506.30; .NET CLR 3.0.04506.648)"
142.46.199.30 - - [20/Aug/2008:16:16:57 -0400] "GET /eSpecs/images/NSS2008.jpg HTTP/1.1" 200 14223 "http://www.standardsstore.ca/eSpecs/index.jsp" "Mozilla/4.0 (compatible; MSIE 7.0; Windows NT 5.1; .NET CLR 1.1.4322; InfoPath.1; .NET CLR 2.0.50727; .NET CLR 3.0.04506.30; .NET CLR 3.0.04506.648)"
74.6.22.96 - - [20/Aug/2008:16:16:57 -0400] "GET /eSpecs/DocumentReferenced.do?GID=JBWOCCAAAAAAAAAA&page=1&nRecords=10&searchValue=9001&searchKey=DOCNO&organizations=ISO&displayWithdrawn=false¤cy=CAD HTTP/1.0" 200 151787 "-" "Mozilla/5.0 (compatible; Yahoo! Slurp; http://help.yahoo.com/help/us/ysearch/slurp)"
66.249.66.42 - - [20/Aug/2008:16:17:15 -0400] "GET /eSpecs/DocumentReferenced.do?GID=ERZEBCAAAAAAAAAA&page=1&nRecords=10&searchValue=H35.2&searchKey=DOCNO&organizations=ANSI&displayWithdrawn=false¤cy=CAD HTTP/1.1" 200 138721 "-" "Mozilla/5.0 (compatible; Googlebot/2.1; +http://www.google.com/bot.html)"
142.46.199.30 - - [20/Aug/2008:16:17:30 -0400] "GET /eSpecs/SearchFormAction.do?page=1&searchValue=17025&searchKey=DOCNO&organizations=ISO HTTP/1.0" 200 100727 "-" "Mozilla/4.0 (compatible; ipMonitor 8.5)"
66.249.66.42 - - [20/Aug/2008:16:17:41 -0400] "GET /eSpecs/DocumentReferenced.do?GID=LWUMXAAAAAAAAAAA&page=1&nRecords=10&searchValue=H35.2&searchKey=DOCNO&organizations=ANSI&displayWithdrawn=false¤cy=CAD HTTP/1.1" 200 144600 "-" "Mozilla/5.0 (compatible; Googlebot/2.1; +http://www.google.com/bot.html)"
74.6.22.96 - - [20/Aug/2008:16:18:08 -0400] "GET /eSpecs/AddDocumentAction.do?mediaType=ELEC&GID=RPYICBAAAAAAAAAA&page=1&nRecords=10&searchValue=568&searchKey=DOCNO&organizations=TIA&displayWithdrawn=false¤cy=CAD HTTP/1.0" 200 81306 "-" "Mozilla/5.0 (compatible; Yahoo! Slurp; http://help.yahoo.com/help/us/ysearch/slurp)"
66.249.66.42 - - [20/Aug/2008:16:18:06 -0400] "GET /eSpecs/DocumentReferenced.do?GID=XVEPIBAAAAAAAAAA&page=1&nRecords=10&searchValue=D1.3&searchKey=DOCNO&organizations=AWS&displayWithdrawn=false¤cy=CAD HTTP/1.1" 200 213332 "-" "Mozilla/5.0 (compatible; Googlebot/2.1; +http://www.google.com/bot.html)"
71.97.220.86 - - [20/Aug/2008:16:18:25 -0400] "GET /specs/pdf/564_e.pdf HTTP/1.1" 304 - "http://www.forquality.org/accreditation.htm" "Mozilla/4.0 (compatible; MSIE 7.0; Windows NT 5.1; .NET CLR 1.1.4322; IEMB3; IEMB3)"
71.97.220.86 - - [20/Aug/2008:16:18:25 -0400] "GET /favicon.ico HTTP/1.1" 404 331 "-" "Mozilla/4.0 (compatible; MSIE 7.0; Windows NT 5.1; .NET CLR 1.1.4322; IEMB3; IEMB3)"
74.6.22.96 - - [20/Aug/2008:16:18:22 -0400] "GET /eSpecs/AddDocumentAction.do?mediaType=HC&GID=KDGYPAAAAAAAAAAA&page=1&nRecords=10&searchValue=9001&searchKey=DOCNO&organizations=ISO&displayWithdrawn=false¤cy=CAD HTTP/1.0" 200 81304 "-" "Mozilla/5.0 (compatible; Yahoo! Slurp; http://help.yahoo.com/help/us/ysearch/slurp)"
66.249.66.42 - - [20/Aug/2008:16:18:35 -0400] "GET /eSpecs/DocumentReferenced.do?GID=LQUVMAAAAAAAAAAA&page=1&nRecords=10&searchValue=API%20RP%20500&searchKey=DOCNO&organizations=API&displayWithdrawn=false¤cy=CAD HTTP/1.1" 200 121899 "-" "Mozilla/5.0 (compatible; Googlebot/2.1; +http://www.google.com/bot.html)"
66.249.66.42 - - [20/Aug/2008:16:19:04 -0400] "GET /eSpecs/DocumentReferenced.do?GID=SDHRCAAAAAAAAAAA&page=1&nRecords=10&searchValue=D1.3&searchKey=DOCNO&organizations=AWS&displayWithdrawn=false¤cy=CAD HTTP/1.1" 200 109757 "-" "Mozilla/5.0 (compatible; Googlebot/2.1; +http://www.google.com/bot.html)"
209.162.254.103 - - [20/Aug/2008:16:19:17 -0400] "GET / HTTP/1.1" 200 121 "http://www.google.com/search?q=www.standardsstore.ca&rls=com.microsoft:en-us:IE-Address&ie=UTF-8&oe=UTF-8&sourceid=ie7&rlz=1I7SKPB" "Mozilla/4.0 (compatible; MSIE 7.0; Windows NT 5.1)"
209.162.254.103 - - [20/Aug/2008:16:19:17 -0400] "GET /favicon.ico HTTP/1.1" 404 339 "-" "Mozilla/4.0 (compatible; MSIE 7.0; Windows NT 5.1)"
209.162.254.103 - - [20/Aug/2008:16:19:18 -0400] "GET /eSpecs/css/index.css HTTP/1.1" 200 10895 "http://www.standardsstore.ca/eSpecs/index.jsp" "Mozilla/4.0 (compatible; MSIE 7.0; Windows NT 5.1)"
209.162.254.103 - - [20/Aug/2008:16:19:18 -0400] "GET /eSpecs/js/main.js HTTP/1.1" 200 9677 "http://www.standardsstore.ca/eSpecs/index.jsp" "Mozilla/4.0 (compatible; MSIE 7.0; Windows NT 5.1)"
209.162.254.103 - - [20/Aug/2008:16:19:18 -0400] "GET /eSpecs/js/style.js HTTP/1.1" 200 3774 "http://www.standardsstore.ca/eSpecs/index.jsp" "Mozilla/4.0 (compatible; MSIE 7.0; Windows NT 5.1)"
209.162.254.103 - - [20/Aug/2008:16:19:17 -0400] "GET /eSpecs/index.jsp HTTP/1.1" 200 87645 "-" "Mozilla/4.0 (compatible; MSIE 7.0; Windows NT 5.1)"
209.162.254.103 - - [20/Aug/2008:16:19:18 -0400] "GET /eSpecs/images/header.gif HTTP/1.1" 200 13254 "http://www.standardsstore.ca/eSpecs/index.jsp" "Mozilla/4.0 (compatible; MSIE 7.0; Windows NT 5.1)"
209.162.254.103 - - [20/Aug/2008:16:19:19 -0400] "GET /eSpecs/images/scc_logo.gif HTTP/1.1" 200 4870 "http://www.standardsstore.ca/eSpecs/index.jsp" "Mozilla/4.0 (compatible; MSIE 7.0; Windows NT 5.1)"
209.162.254.103 - - [20/Aug/2008:16:19:19 -0400] "GET /eSpecs/images/ihs_logo.gif HTTP/1.1" 200 1947 "http://www.standardsstore.ca/eSpecs/index.jsp" "Mozilla/4.0 (compatible; MSIE 7.0; Windows NT 5.1)"
209.162.254.103 - - [20/Aug/2008:16:19:19 -0400] "GET /eSpecs/images/en/iso22000.gif HTTP/1.1" 200 39597 "http://www.standardsstore.ca/eSpecs/index.jsp" "Mozilla/4.0 (compatible; MSIE 7.0; Windows NT 5.1)"
209.162.254.103 - - [20/Aug/2008:16:19:19 -0400] "GET /eSpecs/images/en/isoiec17025.gif HTTP/1.1" 200 39008 "http://www.standardsstore.ca/eSpecs/index.jsp" "Mozilla/4.0 (compatible; MSIE 7.0; Windows NT 5.1)"
209.162.254.103 - - [20/Aug/2008:16:19:19 -0400] "GET /eSpecs/images/help.jpg HTTP/1.1" 200 389 "http://www.standardsstore.ca/eSpecs/index.jsp" "Mozilla/4.0 (compatible; MSIE 7.0; Windows NT 5.1)"
209.162.254.103 - - [20/Aug/2008:16:19:19 -0400] "GET /eSpecs/images/iso.gif HTTP/1.1" 200 2457 "http://www.standardsstore.ca/eSpecs/index.jsp" "Mozilla/4.0 (compatible; MSIE 7.0; Windows NT 5.1)"
209.162.254.103 - - [20/Aug/2008:16:19:19 -0400] "GET /eSpecs/images/NSS2008.jpg HTTP/1.1" 200 14223 "http://www.standardsstore.ca/eSpecs/index.jsp" "Mozilla/4.0 (compatible; MSIE 7.0; Windows NT 5.1)"
