209.162.254.103 - - [20/Aug/2008:16:19:19 -0400] "GET /eSpecs/images/iec.gif HTTP/1.1" 200 696 "http://www.standardsstore.ca/eSpecs/index.jsp" "Mozilla/4.0 (compatible; MSIE 7.0; Windows NT 5.1)"
209.162.254.103 - - [20/Aug/2008:16:19:19 -0400] "GET /eSpecs/images/api.gif HTTP/1.1" 200 976 "http://www.standardsstore.ca/eSpecs/index.jsp" "Mozilla/4.0 (compatible; MSIE 7.0; Windows NT 5.1)"
209.162.254.103 - - [20/Aug/2008:16:19:19 -0400] "GET /eSpecs/images/asm.gif HTTP/1.1" 200 1711 "http://www.standardsstore.ca/eSpecs/index.jsp" "Mozilla/4.0 (compatible; MSIE 7.0; Windows NT 5.1)"
209.162.254.103 - - [20/Aug/2008:16:19:20 -0400] "GET /eSpecs/images/en/standards_alert.jpg HTTP/1.1" 200 14834 "http://www.standardsstore.ca/eSpecs/index.jsp" "Mozilla/4.0 (compatible; MSIE 7.0; Windows NT 5.1)"
209.162.254.103 - - [20/Aug/2008:16:19:20 -0400] "GET /eSpecs/images/en/exportalert.jpg HTTP/1.1" 200 16234 "http://www.standardsstore.ca/eSpecs/index.jsp" "Mozilla/4.0 (compatible; MSIE 7.0; Windows NT 5.1)"
209.162.254.103 - - [20/Aug/2008:16:19:20 -0400] "GET /eSpecs/images/en/reg.jpg HTTP/1.1" 200 13737 "http://www.standardsstore.ca/eSpecs/index.jsp" "Mozilla/4.0 (compatible; MSIE 7.0; Windows NT 5.1)"
209.162.254.103 - - [20/Aug/2008:16:19:20 -0400] "GET /eSpecs/images/research.jpg HTTP/1.1" 200 12311 "http://www.standardsstore.ca/eSpecs/index.jsp" "Mozilla/4.0 (compatible; MSIE 7.0; Windows NT 5.1)"
209.162.254.103 - - [20/Aug/2008:16:19:20 -0400] "GET /eSpecs/images/afnor.gif HTTP/1.1" 200 811 "http://www.standardsstore.ca/eSpecs/index.jsp" "Mozilla/4.0 (compatible; MSIE 7.0; Windows NT 5.1)"
209.162.254.103 - - [20/Aug/2008:16:19:20 -0400] "GET /eSpecs/images/din_logo.gif HTTP/1.1" 200 486 "http://www.standardsstore.ca/eSpecs/index.jsp" "Mozilla/4.0 (compatible; MSIE 7.0; Windows NT 5.1)"
209.162.254.103 - - [20/Aug/2008:16:19:20 -0400] "GET /eSpecs/images/canada.gif HTTP/1.1" 200 1511 "http://www.standardsstore.ca/eSpecs/index.jsp" "Mozilla/4.0 (compatible; MSIE 7.0; Windows NT 5.1)"
66.249.66.42 - - [20/Aug/2008:16:19:31 -0400] "GET /eSpecs/DocumentReferenced.do?GID=VPPMCAAAAAAAAAAA&page=1&nRecords=10&searchValue=9001&searchKey=DOCNO&organizations=ISO&displayWithdrawn=false¤cy=CAD HTTP/1.1" 200 100669 "-" "Mozilla/5.0 (compatible; Googlebot/2.1; +http://www.google.com/bot.html)"
204.124.196.28 - - [20/Aug/2008:16:19:37 -0400] "GET /SpecsSearch/pages/images/pdf-icon.gif HTTP/1.1" 200 915 "http://palcan.scc.ca/SpecsSearch/SpecsSearchAction.do" "Mozilla/4.0 (compatible; MSIE 6.0; Windows NT 5.1; SV1; .NET CLR 1.1.4322; MS-RTC LM 8; .NET CLR 2.0.50727)"
209.162.254.103 - - [20/Aug/2008:16:19:38 -0400] "GET /eSpecs/images/cart_button.gif HTTP/1.1" 200 761 "http://www.standardsstore.ca/eSpecs/SearchFormAction.do;jsessionid=B3B0CD505A34AD43D8B14FD451545B22?page=1&searchValue=156.1&searchKey=TITLE&nRecords=10&organizations=¤cy=CAD" "Mozilla/4.0 (compatible; MSIE 7.0; Windows NT 5.1)"
209.162.254.103 - - [20/Aug/2008:16:19:38 -0400] "GET /eSpecs/images/spacer.gif HTTP/1.1" 200 43 "http://www.standardsstore.ca/eSpecs/SearchFormAction.do;jsessionid=B3B0CD505A34AD43D8B14FD451545B22?page=1&searchValue=156.1&searchKey=TITLE&nRecords=10&organizations=¤cy=CAD" "Mozilla/4.0 (compatible; MSIE 7.0; Windows NT 5.1)"
209.162.254.103 - - [20/Aug/2008:16:19:31 -0400] "GET /eSpecs/SearchFormAction.do;jsessionid=B3B0CD505A34AD43D8B14FD451545B22?page=1&searchValue=156.1&searchKey=TITLE&nRecords=10&organizations=¤cy=CAD HTTP/1.1" 200 127046 "http://www.standardsstore.ca/eSpecs/index.jsp" "Mozilla/4.0 (compatible; MSIE 7.0; Windows NT 5.1)"
204.124.196.28 - - [20/Aug/2008:16:19:37 -0400] "GET /SpecsSearch/SpecsSearchAction.do HTTP/1.1" 200 314804 "http://www.google.com/search?hl=en&q=Natural+Health+Products+Laboratory+Product+testing+services+canada+Toronto" "Mozilla/4.0 (compatible; MSIE 6.0; Windows NT 5.1; SV1; .NET CLR 1.1.4322; MS-RTC LM 8; .NET CLR 2.0.50727)"
69.20.237.136 - - [20/Aug/2008:16:19:45 -0400] "GET / HTTP/1.0" 200 118 "-" "gsa-crawler (Enterprise; M2-NEY9DHEKUA2AA; dnajm@scc.ca)"
69.20.237.136 - - [20/Aug/2008:16:19:45 -0400] "GET /SpecsSearch/index.jsp HTTP/1.0" 302 - "-" "gsa-crawler (Enterprise; M2-NEY9DHEKUA2AA; dnajm@scc.ca)"
69.20.237.136 - - [20/Aug/2008:16:19:45 -0400] "GET /SpecsSearch/Welcome.do;jsessionid=EDF919FB90EF7CF0A180893FA3083F28 HTTP/1.0" 302 - "-" "gsa-crawler (Enterprise; M2-NEY9DHEKUA2AA; dnajm@scc.ca)"
69.20.237.136 - - [20/Aug/2008:16:19:45 -0400] "GET /SpecsSearch/GLSearchForm.do HTTP/1.0" 200 27296 "-" "gsa-crawler (Enterprise; M2-NEY9DHEKUA2AA; dnajm@scc.ca)"
209.162.254.103 - - [20/Aug/2008:16:19:25 -0400] "GET /eSpecs/SearchFormAction.do;jsessionid=B3B0CD505A34AD43D8B14FD451545B22?page=1&searchValue=156.1&searchKey=TITLE&nRecords=10&organizations=¤cy=CAD HTTP/1.1" 200 8184 "http://www.standardsstore.ca/eSpecs/index.jsp" "Mozilla/4.0 (compatible; MSIE 7.0; Windows NT 5.1)"
209.162.254.103 - - [20/Aug/2008:16:19:52 -0400] "GET /eSpecs/AddDocumentAction.do?mediaType=ELEC&GID=MSBTCAAAAAAAAAAA&page=1&nRecords=10&searchValue=156.1&searchKey=TITLE&organizations=&displayWithdrawn=false¤cy=CAD HTTP/1.1" 200 79896 "http://www.standardsstore.ca/eSpecs/SearchFormAction.do;jsessionid=B3B0CD505A34AD43D8B14FD451545B22?page=1&searchValue=156.1&searchKey=TITLE&nRecords=10&organizations=¤cy=CAD" "Mozilla/4.0 (compatible; MSIE 7.0; Windows NT 5.1)"
66.249.66.42 - - [20/Aug/2008:16:19:56 -0400] "GET /eSpecs/DocumentReferenced.do?GID=EDHKCCAAAAAAAAAA&page=1&nRecords=10&searchValue=C2&searchKey=DOCNO&organizations=IEEE&displayWithdrawn=false¤cy=CAD HTTP/1.1" 200 162945 "-" "Mozilla/5.0 (compatible; Googlebot/2.1; +http://www.google.com/bot.html)"
204.124.196.28 - - [20/Aug/2008:16:20:03 -0400] "GET /favicon.ico HTTP/1.1" 404 331 "-" "Mozilla/4.0 (compatible; MSIE 6.0; Windows NT 5.1; SV1; .NET CLR 1.1.4322; MS-RTC LM 8; .NET CLR 2.0.50727)"
209.162.254.103 - - [20/Aug/2008:16:20:03 -0400] "GET /eSpecs/RegistrationForm.do?mediaType=ELEC&GID=MSBTCAAAAAAAAAAA&page=1&nRecords=10&searchValue=156.1&searchKey=TITLE&organizations=&displayWithdrawn=false HTTP/1.1" 200 112764 "http://www.standardsstore.ca/eSpecs/AddDocumentAction.do?mediaType=ELEC&GID=MSBTCAAAAAAAAAAA&page=1&nRecords=10&searchValue=156.1&searchKey=TITLE&organizations=&displayWithdrawn=false¤cy=CAD" "Mozilla/4.0 (compatible; MSIE 7.0; Windows NT 5.1)"
74.6.22.96 - - [20/Aug/2008:16:19:59 -0400] "GET /eSpecs/DocumentReferenced.do?GID=OMQMACAAAAAAAAAA&page=1&nRecords=10&searchValue=9001&searchKey=DOCNO&organizations=ISO&displayWithdrawn=false¤cy=CAD HTTP/1.0" 200 181825 "-" "Mozilla/5.0 (compatible; Yahoo! Slurp; http://help.yahoo.com/help/us/ysearch/slurp)"
209.217.110.121 - - [20/Aug/2008:16:20:22 -0400] "GET /specs/pdf/461_e.pdf HTTP/1.1" 200 26970 "http://palcan.scc.ca/SpecsSearch/SpecsSearchAction.do?prog_ID=1" "Mozilla/5.0 (Macintosh; U; Intel Mac OS X 10_5_4; en-us) AppleWebKit/525.18 (KHTML, like Gecko) Version/3.1.2 Safari/525.20.1"
66.249.66.42 - - [20/Aug/2008:16:20:20 -0400] "GET /eSpecs/DocumentReferenced.do?GID=AXCHDAAAAAAAAAAA&page=1&nRecords=10&searchValue=14001&searchKey=DOCNO&organizations=ISO&displayWithdrawn=false¤cy=CAD HTTP/1.1" 200 83760 "-" "Mozilla/5.0 (compatible; Googlebot/2.1; +http://www.google.com/bot.html)"
204.124.196.28 - - [20/Aug/2008:16:20:26 -0400] "GET /specs/pdf/130_e.pdf HTTP/1.1" 200 25991 "http://palcan.scc.ca/SpecsSearch/SpecsSearchAction.do" "Mozilla/4.0 (compatible; MSIE 6.0; Windows NT 5.1; SV1; .NET CLR 1.1.4322; MS-RTC LM 8; .NET CLR 2.0.50727)"
142.46.199.30 - - [20/Aug/2008:16:20:41 -0400] "HEAD / HTTP/1.0" 200 - "-" "Mozilla/4.0 (compatible; ipMonitor 8.5)"
66.249.66.42 - - [20/Aug/2008:16:20:42 -0400] "GET /eSpecs/DocumentReferenced.do?GID=YHGSIBAAAAAAAAAA&page=1&nRecords=10&searchValue=B1.10&searchKey=DOCNO&organizations=AWS&displayWithdrawn=false¤cy=CAD HTTP/1.1" 200 99632 "-" "Mozilla/5.0 (compatible; Googlebot/2.1; +http://www.google.com/bot.html)"
142.46.199.30 - - [20/Aug/2008:16:20:52 -0400] "HEAD / HTTP/1.0" 200 - "-" "Mozilla/4.0 (compatible; ipMonitor 8.5)"
66.249.66.42 - - [20/Aug/2008:16:21:05 -0400] "GET /eSpecs/DocumentReferenced.do?GID=TOXOYBAAAAAAAAAA&page=1&nRecords=10&searchValue=D1.1/D1.1M&searchKey=DOCNO&organizations=AWS&displayWithdrawn=false¤cy=CAD HTTP/1.1" 200 130466 "-" "Mozilla/5.0 (compatible; Googlebot/2.1; +http://www.google.com/bot.html)"
209.217.110.121 - - [20/Aug/2008:16:21:14 -0400] "GET /specs/pdf/381_e.pdf HTTP/1.1" 200 26020 "http://palcan.scc.ca/SpecsSearch/SpecsSearchAction.do?prog_ID=1" "Mozilla/5.0 (Macintosh; U; Intel Mac OS X 10_5_4; en-us) AppleWebKit/525.18 (KHTML, like Gecko) Version/3.1.2 Safari/525.20.1"
206.219.255.152 - - [20/Aug/2008:16:21:21 -0400] "GET /specs/pdf/137_e.pdf HTTP/1.1" 200 45322 "http://www.google.com/search?hl=en&q=SPME+ASTM+lab&start=40&sa=N" "Mozilla/4.0 (compatible; MSIE 6.0; Windows NT 5.1; SV1; Parsons Corporation V6sp1; (R1 1.6); .NET CLR 1.1.4322; InfoPath.1; .NET CLR 2.0.50727)"
66.249.66.42 - - [20/Aug/2008:16:21:28 -0400] "GET /eSpecs/DocumentReferenced.do?GID=UQYTACAAAAAAAAAA&page=1&nRecords=10&searchValue=SAE%20AMS%202644&searchKey=DOCNO&organizations=&displayWithdrawn=false¤cy=CAD HTTP/1.1" 200 146320 "-" "Mozilla/5.0 (compatible; Googlebot/2.1; +http://www.google.com/bot.html)"
209.217.110.121 - - [20/Aug/2008:16:21:40 -0400] "GET /SpecsSearch/TLSearchForm.do HTTP/1.1" 200 29235 "http://palcan.scc.ca/SpecsSearch/SpecsSearchAction.do?prog_ID=1" "Mozilla/5.0 (Macintosh; U; Intel Mac OS X 10_5_4; en-us) AppleWebKit/525.18 (KHTML, like Gecko) Version/3.1.2 Safari/525.20.1"
66.249.66.42 - - [20/Aug/2008:16:21:50 -0400] "GET /eSpecs/DocumentReferenced.do?GID=IBUHBBAAAAAAAAAA&page=1&nRecords=10&searchValue=NAS%201149&searchKey=DOCNO&organizations=&displayWithdrawn=false¤cy=CAD HTTP/1.1" 200 122357 "-" "Mozilla/5.0 (compatible; Googlebot/2.1; +http://www.google.com/bot.html)"
66.249.66.42 - - [20/Aug/2008:16:22:13 -0400] "GET /eSpecs/DocumentReferenced.do?GID=QSIRFBAAAAAAAAAA&page=1&nRecords=10&searchValue=TC-1A&searchKey=DOCNO&organizations=&displayWithdrawn=false¤cy=CAD HTTP/1.1" 200 88024 "-" "Mozilla/5.0 (compatible; Googlebot/2.1; +http://www.google.com/bot.html)"
142.46.199.30 - - [20/Aug/2008:16:22:33 -0400] "GET /eSpecs/SearchFormAction.do?page=1&searchValue=17025&searchKey=DOCNO&organizations=ISO HTTP/1.0" 200 100727 "-" "Mozilla/4.0 (compatible; ipMonitor 8.5)"
66.249.66.42 - - [20/Aug/2008:16:22:33 -0400] "GET /eSpecs/DocumentReferenced.do?GID=NNWZHBAAAAAAAAAA&page=1&nRecords=10&searchValue=STD%201542&searchKey=DOCNO&organizations=API&displayWithdrawn=false¤cy=CAD HTTP/1.1" 200 104692 "-" "Mozilla/5.0 (compatible; Googlebot/2.1; +http://www.google.com/bot.html)"
66.249.66.42 - - [20/Aug/2008:16:22:54 -0400] "GET /eSpecs/DocumentReferenced.do?GID=NNZWACAAAAAAAAAA&page=1&nRecords=10&searchValue=ASTM%20E%201742&searchKey=DOCNO&organizations=&displayWithdrawn=false¤cy=CAD HTTP/1.1" 200 142428 "-" "Mozilla/5.0 (compatible; Googlebot/2.1; +http://www.google.com/bot.html)"
209.162.254.103 - - [20/Aug/2008:16:23:07 -0400] "GET /eSpecs/images/shoppingBasket.gif HTTP/1.1" 200 176 "http://www.standardsstore.ca/eSpecs/AddDocumentAction.do?mediaType=ELEC&GID=MSBTCAAAAAAAAAAA¬e=&docNum=&docDate=&page=1&nRecords=10&searchValue=156.1&searchKey=TITLE&organizations=&displayWithdrawn=false" "Mozilla/4.0 (compatible; MSIE 7.0; Windows NT 5.1)"
209.162.254.103 - - [20/Aug/2008:16:23:06 -0400] "GET /eSpecs/AddDocumentAction.do?mediaType=ELEC&GID=MSBTCAAAAAAAAAAA¬e=&docNum=&docDate=&page=1&nRecords=10&searchValue=156.1&searchKey=TITLE&organizations=&displayWithdrawn=false HTTP/1.1" 200 79369 "-" "Mozilla/4.0 (compatible; MSIE 7.0; Windows NT 5.1)"
209.162.254.103 - - [20/Aug/2008:16:23:08 -0400] "GET /eSpecs/images/wait.gif HTTP/1.1" 200 468 "http://www.standardsstore.ca/eSpecs/AddDocumentAction.do?mediaType=ELEC&GID=MSBTCAAAAAAAAAAA¬e=&docNum=&docDate=&page=1&nRecords=10&searchValue=156.1&searchKey=TITLE&organizations=&displayWithdrawn=false" "Mozilla/4.0 (compatible; MSIE 7.0; Windows NT 5.1)"
209.162.254.103 - - [20/Aug/2008:16:23:09 -0400] "GET /eSpecs/AddDocumentAction2.do?mediaType=ELEC&GID=MSBTCAAAAAAAAAAA¬e=&docNum=&docDate=&page=1&nRecords=10&searchValue=156.1&searchKey=TITLE&organizations=&displayWithdrawn=false HTTP/1.1" 302 - "-" "Mozilla/4.0 (compatible; MSIE 7.0; Windows NT 5.1)"
66.249.66.42 - - [20/Aug/2008:16:23:16 -0400] "GET /eSpecs/DocumentReferenced.do?GID=BAWLBBAAAAAAAAAA&page=1&nRecords=10&searchValue=1864&searchKey=DOCNO&organizations=ASTM&displayWithdrawn=false¤cy=CAD HTTP/1.1" 200 132667 "-" "Mozilla/5.0 (compatible; Googlebot/2.1; +http://www.google.com/bot.html)"
66.249.66.42 - - [20/Aug/2008:16:23:40 -0400] "GET /eSpecs/DocumentReferenced.do?GID=PBLQHBAAAAAAAAAA&page=1&nRecords=10&searchValue=B%20209&searchKey=DOCNO&organizations=ASTM&displayWithdrawn=false¤cy=CAD HTTP/1.1" 200 99642 "-" "Mozilla/5.0 (compatible; Googlebot/2.1; +http://www.google.com/bot.html)"
209.162.254.103 - - [20/Aug/2008:16:24:05 -0400] "GET / HTTP/1.1" 304 - "-" "Mozilla/4.0 (compatible; MSIE 7.0; Windows NT 5.1)"
209.162.254.103 - - [20/Aug/2008:16:24:05 -0400] "GET /eSpecs/css/index.css HTTP/1.1" 304 - "http://www.standardsstore.ca/eSpecs/index.jsp" "Mozilla/4.0 (compatible; MSIE 7.0; Windows NT 5.1)"
209.162.254.103 - - [20/Aug/2008:16:24:05 -0400] "GET /eSpecs/js/main.js HTTP/1.1" 304 - "http://www.standardsstore.ca/eSpecs/index.jsp" "Mozilla/4.0 (compatible; MSIE 7.0; Windows NT 5.1)"
209.162.254.103 - - [20/Aug/2008:16:24:06 -0400] "GET /eSpecs/js/style.js HTTP/1.1" 304 - "http://www.standardsstore.ca/eSpecs/index.jsp" "Mozilla/4.0 (compatible; MSIE 7.0; Windows NT 5.1)"
209.162.254.103 - - [20/Aug/2008:16:24:06 -0400] "GET /eSpecs/images/shoppingBasket.gif HTTP/1.1" 304 - "http://www.standardsstore.ca/eSpecs/index.jsp" "Mozilla/4.0 (compatible; MSIE 7.0; Windows NT 5.1)"
209.162.254.103 - - [20/Aug/2008:16:24:06 -0400] "GET /eSpecs/images/header.gif HTTP/1.1" 304 - "http://www.standardsstore.ca/eSpecs/index.jsp" "Mozilla/4.0 (compatible; MSIE 7.0; Windows NT 5.1)"
209.162.254.103 - - [20/Aug/2008:16:24:06 -0400] "GET /eSpecs/images/scc_logo.gif HTTP/1.1" 304 - "http://www.standardsstore.ca/eSpecs/index.jsp" "Mozilla/4.0 (compatible; MSIE 7.0; Windows NT 5.1)"
209.162.254.103 - - [20/Aug/2008:16:24:06 -0400] "GET /eSpecs/images/ihs_logo.gif HTTP/1.1" 304 - "http://www.standardsstore.ca/eSpecs/index.jsp" "Mozilla/4.0 (compatible; MSIE 7.0; Windows NT 5.1)"
209.162.254.103 - - [20/Aug/2008:16:24:06 -0400] "GET /eSpecs/images/en/iso22000.gif HTTP/1.1" 304 - "http://www.standardsstore.ca/eSpecs/index.jsp" "Mozilla/4.0 (compatible; MSIE 7.0; Windows NT 5.1)"
209.162.254.103 - - [20/Aug/2008:16:24:06 -0400] "GET /eSpecs/images/en/isoiec17025.gif HTTP/1.1" 304 - "http://www.standardsstore.ca/eSpecs/index.jsp" "Mozilla/4.0 (compatible; MSIE 7.0; Windows NT 5.1)"
209.162.254.103 - - [20/Aug/2008:16:24:06 -0400] "GET /eSpecs/images/help.jpg HTTP/1.1" 304 - "http://www.standardsstore.ca/eSpecs/index.jsp" "Mozilla/4.0 (compatible; MSIE 7.0; Windows NT 5.1)"
209.162.254.103 - - [20/Aug/2008:16:24:06 -0400] "GET /eSpecs/images/NSS2008.jpg HTTP/1.1" 304 - "http://www.standardsstore.ca/eSpecs/index.jsp" "Mozilla/4.0 (compatible; MSIE 7.0; Windows NT 5.1)"
209.162.254.103 - - [20/Aug/2008:16:24:06 -0400] "GET /eSpecs/images/iso.gif HTTP/1.1" 304 - "http://www.standardsstore.ca/eSpecs/index.jsp" "Mozilla/4.0 (compatible; MSIE 7.0; Windows NT 5.1)"
209.162.254.103 - - [20/Aug/2008:16:24:06 -0400] "GET /eSpecs/images/iec.gif HTTP/1.1" 304 - "http://www.standardsstore.ca/eSpecs/index.jsp" "Mozilla/4.0 (compatible; MSIE 7.0; Windows NT 5.1)"
209.162.254.103 - - [20/Aug/2008:16:24:06 -0400] "GET /eSpecs/images/api.gif HTTP/1.1" 304 - "http://www.standardsstore.ca/eSpecs/index.jsp" "Mozilla/4.0 (compatible; MSIE 7.0; Windows NT 5.1)"
209.162.254.103 - - [20/Aug/2008:16:24:06 -0400] "GET /eSpecs/images/asm.gif HTTP/1.1" 304 - "http://www.standardsstore.ca/eSpecs/index.jsp" "Mozilla/4.0 (compatible; MSIE 7.0; Windows NT 5.1)"
209.162.254.103 - - [20/Aug/2008:16:24:06 -0400] "GET /eSpecs/images/en/standards_alert.jpg HTTP/1.1" 304 - "http://www.standardsstore.ca/eSpecs/index.jsp" "Mozilla/4.0 (compatible; MSIE 7.0; Windows NT 5.1)"
209.162.254.103 - - [20/Aug/2008:16:24:05 -0400] "GET /eSpecs/index.jsp HTTP/1.1" 200 86270 "-" "Mozilla/4.0 (compatible; MSIE 7.0; Windows NT 5.1)"
209.162.254.103 - - [20/Aug/2008:16:24:06 -0400] "GET /eSpecs/images/en/exportalert.jpg HTTP/1.1" 304 - "http://www.standardsstore.ca/eSpecs/index.jsp" "Mozilla/4.0 (compatible; MSIE 7.0; Windows NT 5.1)"
209.162.254.103 - - [20/Aug/2008:16:24:06 -0400] "GET /eSpecs/images/en/reg.jpg HTTP/1.1" 304 - "http://www.standardsstore.ca/eSpecs/index.jsp" "Mozilla/4.0 (compatible; MSIE 7.0; Windows NT 5.1)"
209.162.254.103 - - [20/Aug/2008:16:24:06 -0400] "GET /eSpecs/images/research.jpg HTTP/1.1" 304 - "http://www.standardsstore.ca/eSpecs/index.jsp" "Mozilla/4.0 (compatible; MSIE 7.0; Windows NT 5.1)"
209.162.254.103 - - [20/Aug/2008:16:24:06 -0400] "GET /eSpecs/images/din_logo.gif HTTP/1.1" 304 - "http://www.standardsstore.ca/eSpecs/index.jsp" "Mozilla/4.0 (compatible; MSIE 7.0; Windows NT 5.1)"
209.162.254.103 - - [20/Aug/2008:16:24:06 -0400] "GET /eSpecs/images/afnor.gif HTTP/1.1" 304 - "http://www.standardsstore.ca/eSpecs/index.jsp" "Mozilla/4.0 (compatible; MSIE 7.0; Windows NT 5.1)"
209.162.254.103 - - [20/Aug/2008:16:24:06 -0400] "GET /eSpecs/images/canada.gif HTTP/1.1" 304 - "http://www.standardsstore.ca/eSpecs/index.jsp" "Mozilla/4.0 (compatible; MSIE 7.0; Windows NT 5.1)"
66.249.66.42 - - [20/Aug/2008:16:24:02 -0400] "GET /eSpecs/DocumentReferenced.do?GID=YMQECAAAAAAAAAAA&page=1&nRecords=10&searchValue=14971&searchKey=DOCNO&organizations=ISO&displayWithdrawn=false¤cy=CAD HTTP/1.1" 200 84635 "-" "Mozilla/5.0 (compatible; Googlebot/2.1; +http://www.google.com/bot.html)"
209.162.254.103 - - [20/Aug/2008:16:23:52 -0400] "GET /eSpecs/SearchFormAction.do?page=1&nRecords=10&searchValue=156.1&searchKey=TITLE&organizations=&displayWithdrawn=false¤cy=CAD HTTP/1.1" 200 8184 "-" "Mozilla/4.0 (compatible; MSIE 7.0; Windows NT 5.1)"
209.162.254.103 - - [20/Aug/2008:16:24:20 -0400] "GET /eSpecs/images/cart_button.gif HTTP/1.1" 304 - "http://www.standardsstore.ca/eSpecs/SearchFormAction.do?page=1&searchValue=156.1&searchKey=TITLE&nRecords=10&organizations=¤cy=CAD" "Mozilla/4.0 (compatible; MSIE 7.0; Windows NT 5.1)"
209.162.254.103 - - [20/Aug/2008:16:24:20 -0400] "GET /eSpecs/images/spacer.gif HTTP/1.1" 304 - "http://www.standardsstore.ca/eSpecs/SearchFormAction.do?page=1&searchValue=156.1&searchKey=TITLE&nRecords=10&organizations=¤cy=CAD" "Mozilla/4.0 (compatible; MSIE 7.0; Windows NT 5.1)"
209.162.254.103 - - [20/Aug/2008:16:24:14 -0400] "GET /eSpecs/SearchFormAction.do?page=1&searchValue=156.1&searchKey=TITLE&nRecords=10&organizations=¤cy=CAD HTTP/1.1" 200 127647 "http://www.standardsstore.ca/eSpecs/index.jsp" "Mozilla/4.0 (compatible; MSIE 7.0; Windows NT 5.1)"
66.249.66.42 - - [20/Aug/2008:16:24:23 -0400] "GET /eSpecs/DocumentReferenced.do?GID=XLLYCAAAAAAAAAAA&page=1&nRecords=10&searchValue=60601-1&searchKey=DOCNO&organizations=IEC&displayWithdrawn=false¤cy=CAD HTTP/1.1" 200 144247 "-" "Mozilla/5.0 (compatible; Googlebot/2.1; +http://www.google.com/bot.html)"
66.249.66.42 - - [20/Aug/2008:16:24:50 -0400] "GET /eSpecs/DocumentReferenced.do?GID=HHEGEBAAAAAAAAAA&page=1&nRecords=10&searchValue=72&searchKey=DOCNO&organizations=NFPA&displayWithdrawn=false¤cy=CAD HTTP/1.1" 200 234645 "-" "Mozilla/5.0 (compatible; Googlebot/2.1; +http://www.google.com/bot.html)"
66.249.66.42 - - [20/Aug/2008:16:25:24 -0400] "GET /eSpecs/DocumentReferenced.do?GID=CUHGOAAAAAAAAAAA&page=1&nRecords=10&searchValue=9000%20Compendium&searchKey=DOCNO&organizations=ISO&displayWithdrawn=false¤cy=CAD HTTP/1.1" 200 83799 "-" "Mozilla/5.0 (compatible; Googlebot/2.1; +http://www.google.com/bot.html)"
209.162.254.103 - - [20/Aug/2008:16:25:35 -0400] "GET /eSpecs/SearchFormAction.do?page=1&searchValue=CGSB+PLASTICS+BAGS&searchKey=TITLE&nRecords=10&organizations=¤cy=CAD HTTP/1.1" 200 78988 "http://www.standardsstore.ca/eSpecs/SearchFormAction.do?page=1&searchValue=156.1&searchKey=TITLE&nRecords=10&organizations=¤cy=CAD" "Mozilla/4.0 (compatible; MSIE 7.0; Windows NT 5.1)"
217.125.64.208 - - [20/Aug/2008:16:25:37 -0400] "GET /eSpecs/css/index.css HTTP/1.1" 200 10895 "http://www.standardsstore.ca/eSpecs/DocumentReferenced.do?GID=YCXVDAAAAAAAAAAA&page=1&nRecords=10&searchValue=WI&searchKey=DOCNO&organizations=AWS&displayWithdrawn=false¤cy=CAD" "Mozilla/4.0 (compatible; MSIE 7.0; Windows NT 6.0; SLCC1; .NET CLR 2.0.50727; Media Center PC 5.0; .NET CLR 3.0.04506; .NET CLR 1.1.4322; InfoPath.2)"
217.125.64.208 - - [20/Aug/2008:16:25:38 -0400] "GET /eSpecs/js/main.js HTTP/1.1" 200 9677 "http://www.standardsstore.ca/eSpecs/DocumentReferenced.do?GID=YCXVDAAAAAAAAAAA&page=1&nRecords=10&searchValue=WI&searchKey=DOCNO&organizations=AWS&displayWithdrawn=false¤cy=CAD" "Mozilla/4.0 (compatible; MSIE 7.0; Windows NT 6.0; SLCC1; .NET CLR 2.0.50727; Media Center PC 5.0; .NET CLR 3.0.04506; .NET CLR 1.1.4322; InfoPath.2)"
217.125.64.208 - - [20/Aug/2008:16:25:40 -0400] "GET /eSpecs/js/style.js HTTP/1.1" 200 3774 "http://www.standardsstore.ca/eSpecs/DocumentReferenced.do?GID=YCXVDAAAAAAAAAAA&page=1&nRecords=10&searchValue=WI&searchKey=DOCNO&organizations=AWS&displayWithdrawn=false¤cy=CAD" "Mozilla/4.0 (compatible; MSIE 7.0; Windows NT 6.0; SLCC1; .NET CLR 2.0.50727; Media Center PC 5.0; .NET CLR 3.0.04506; .NET CLR 1.1.4322; InfoPath.2)"
217.125.64.208 - - [20/Aug/2008:16:25:40 -0400] "GET /eSpecs/images/header.gif HTTP/1.1" 200 13254 "http://www.standardsstore.ca/eSpecs/DocumentReferenced.do?GID=YCXVDAAAAAAAAAAA&page=1&nRecords=10&searchValue=WI&searchKey=DOCNO&organizations=AWS&displayWithdrawn=false¤cy=CAD" "Mozilla/4.0 (compatible; MSIE 7.0; Windows NT 6.0; SLCC1; .NET CLR 2.0.50727; Media Center PC 5.0; .NET CLR 3.0.04506; .NET CLR 1.1.4322; InfoPath.2)"
217.125.64.208 - - [20/Aug/2008:16:25:41 -0400] "GET /eSpecs/images/scc_logo.gif HTTP/1.1" 200 4870 "http://www.standardsstore.ca/eSpecs/DocumentReferenced.do?GID=YCXVDAAAAAAAAAAA&page=1&nRecords=10&searchValue=WI&searchKey=DOCNO&organizations=AWS&displayWithdrawn=false¤cy=CAD" "Mozilla/4.0 (compatible; MSIE 7.0; Windows NT 6.0; SLCC1; .NET CLR 2.0.50727; Media Center PC 5.0; .NET CLR 3.0.04506; .NET CLR 1.1.4322; InfoPath.2)"
217.125.64.208 - - [20/Aug/2008:16:25:34 -0400] "GET /eSpecs/DocumentReferenced.do?GID=YCXVDAAAAAAAAAAA&page=1&nRecords=10&searchValue=WI&searchKey=DOCNO&organizations=AWS&displayWithdrawn=false¤cy=CAD HTTP/1.1" 200 88261 "http://www.google.com/search?hl=en&q=SHIP%27S+MAINTENANCE+AND+MATERIAL+MANAGEMENT+4790.4e&btnG=Search" "Mozilla/4.0 (compatible; MSIE 7.0; Windows NT 6.0; SLCC1; .NET CLR 2.0.50727; Media Center PC 5.0; .NET CLR 3.0.04506; .NET CLR 1.1.4322; InfoPath.2)"
217.125.64.208 - - [20/Aug/2008:16:25:41 -0400] "GET /eSpecs/images/ihs_logo.gif HTTP/1.1" 200 1947 "http://www.standardsstore.ca/eSpecs/DocumentReferenced.do?GID=YCXVDAAAAAAAAAAA&page=1&nRecords=10&searchValue=WI&searchKey=DOCNO&organizations=AWS&displayWithdrawn=false¤cy=CAD" "Mozilla/4.0 (compatible; MSIE 7.0; Windows NT 6.0; SLCC1; .NET CLR 2.0.50727; Media Center PC 5.0; .NET CLR 3.0.04506; .NET CLR 1.1.4322; InfoPath.2)"
142.46.199.30 - - [20/Aug/2008:16:25:41 -0400] "HEAD / HTTP/1.0" 200 - "-" "Mozilla/4.0 (compatible; ipMonitor 8.5)"
217.125.64.208 - - [20/Aug/2008:16:25:41 -0400] "GET /eSpecs/images/en/isoiec17025.gif HTTP/1.1" 200 39008 "http://www.standardsstore.ca/eSpecs/DocumentReferenced.do?GID=YCXVDAAAAAAAAAAA&page=1&nRecords=10&searchValue=WI&searchKey=DOCNO&organizations=AWS&displayWithdrawn=false¤cy=CAD" "Mozilla/4.0 (compatible; MSIE 7.0; Windows NT 6.0; SLCC1; .NET CLR 2.0.50727; Media Center PC 5.0; .NET CLR 3.0.04506; .NET CLR 1.1.4322; InfoPath.2)"
217.125.64.208 - - [20/Aug/2008:16:25:42 -0400] "GET /eSpecs/images/help.jpg HTTP/1.1" 200 389 "http://www.standardsstore.ca/eSpecs/DocumentReferenced.do?GID=YCXVDAAAAAAAAAAA&page=1&nRecords=10&searchValue=WI&searchKey=DOCNO&organizations=AWS&displayWithdrawn=false¤cy=CAD" "Mozilla/4.0 (compatible; MSIE 7.0; Windows NT 6.0; SLCC1; .NET CLR 2.0.50727; Media Center PC 5.0; .NET CLR 3.0.04506; .NET CLR 1.1.4322; InfoPath.2)"
217.125.64.208 - - [20/Aug/2008:16:25:41 -0400] "GET /eSpecs/images/en/iso22000.gif HTTP/1.1" 200 39597 "http://www.standardsstore.ca/eSpecs/DocumentReferenced.do?GID=YCXVDAAAAAAAAAAA&page=1&nRecords=10&searchValue=WI&searchKey=DOCNO&organizations=AWS&displayWithdrawn=false¤cy=CAD" "Mozilla/4.0 (compatible; MSIE 7.0; Windows NT 6.0; SLCC1; .NET CLR 2.0.50727; Media Center PC 5.0; .NET CLR 3.0.04506; .NET CLR 1.1.4322; InfoPath.2)"
217.125.64.208 - - [20/Aug/2008:16:25:43 -0400] "GET /eSpecs/images/cart_button.gif HTTP/1.1" 200 761 "http://www.standardsstore.ca/eSpecs/DocumentReferenced.do?GID=YCXVDAAAAAAAAAAA&page=1&nRecords=10&searchValue=WI&searchKey=DOCNO&organizations=AWS&displayWithdrawn=false¤cy=CAD" "Mozilla/4.0 (compatible; MSIE 7.0; Windows NT 6.0; SLCC1; .NET CLR 2.0.50727; Media Center PC 5.0; .NET CLR 3.0.04506; .NET CLR 1.1.4322; InfoPath.2)"
217.125.64.208 - - [20/Aug/2008:16:25:43 -0400] "GET /eSpecs/images/NSS2008.jpg HTTP/1.1" 200 14223 "http://www.standardsstore.ca/eSpecs/DocumentReferenced.do?GID=YCXVDAAAAAAAAAAA&page=1&nRecords=10&searchValue=WI&searchKey=DOCNO&organizations=AWS&displayWithdrawn=false¤cy=CAD" "Mozilla/4.0 (compatible; MSIE 7.0; Windows NT 6.0; SLCC1; .NET CLR 2.0.50727; Media Center PC 5.0; .NET CLR 3.0.04506; .NET CLR 1.1.4322; InfoPath.2)"
217.125.64.208 - - [20/Aug/2008:16:25:43 -0400] "GET /eSpecs/images/spacer.gif HTTP/1.1" 200 43 "http://www.standardsstore.ca/eSpecs/DocumentReferenced.do?GID=YCXVDAAAAAAAAAAA&page=1&nRecords=10&searchValue=WI&searchKey=DOCNO&organizations=AWS&displayWithdrawn=false¤cy=CAD" "Mozilla/4.0 (compatible; MSIE 7.0; Windows NT 6.0; SLCC1; .NET CLR 2.0.50727; Media Center PC 5.0; .NET CLR 3.0.04506; .NET CLR 1.1.4322; InfoPath.2)"
217.125.64.208 - - [20/Aug/2008:16:25:43 -0400] "GET /eSpecs/images/canada.gif HTTP/1.1" 200 1511 "http://www.standardsstore.ca/eSpecs/DocumentReferenced.do?GID=YCXVDAAAAAAAAAAA&page=1&nRecords=10&searchValue=WI&searchKey=DOCNO&organizations=AWS&displayWithdrawn=false¤cy=CAD" "Mozilla/4.0 (compatible; MSIE 7.0; Windows NT 6.0; SLCC1; .NET CLR 2.0.50727; Media Center PC 5.0; .NET CLR 3.0.04506; .NET CLR 1.1.4322; InfoPath.2)"
209.162.254.103 - - [20/Aug/2008:16:25:42 -0400] "GET /eSpecs/SearchFormAction.do?page=1&searchValue=CGSB+PLASTICS+BAGS&searchKey=TITLE&nRecords=10&organizations=¤cy=CAD HTTP/1.1" 200 78988 "http://www.standardsstore.ca/eSpecs/SearchFormAction.do?page=1&searchValue=CGSB+PLASTICS+BAGS&searchKey=TITLE&nRecords=10&organizations=¤cy=CAD" "Mozilla/4.0 (compatible; MSIE 7.0; Windows NT 5.1)"
217.125.64.208 - - [20/Aug/2008:16:25:43 -0400] "GET /favicon.ico HTTP/1.1" 404 339 "-" "Mozilla/4.0 (compatible; MSIE 7.0; Windows NT 6.0; SLCC1; .NET CLR 2.0.50727; Media Center PC 5.0; .NET CLR 3.0.04506; .NET CLR 1.1.4322; InfoPath.2)"
217.125.64.208 - - [20/Aug/2008:16:25:46 -0400] "GET /eSpecs/DocumentDetails.do?GID=PZAVBCAAAAAAAAAA¤cy=CAD HTTP/1.1" 200 2879 "-" "Mozilla/4.0 (compatible; MSIE 7.0; Windows NT 6.0; SLCC1; .NET CLR 2.0.50727; Media Center PC 5.0; .NET CLR 3.0.04506; .NET CLR 1.1.4322; InfoPath.2)"
217.125.64.208 - - [20/Aug/2008:16:25:47 -0400] "GET /eSpecs/css/index2.css HTTP/1.1" 200 10928 "http://www.standardsstore.ca/eSpecs/DocumentDetails.do?GID=PZAVBCAAAAAAAAAA¤cy=CAD" "Mozilla/4.0 (compatible; MSIE 7.0; Windows NT 6.0; SLCC1; .NET CLR 2.0.50727; Media Center PC 5.0; .NET CLR 3.0.04506; .NET CLR 1.1.4322; InfoPath.2)"
142.46.199.30 - - [20/Aug/2008:16:25:51 -0400] "HEAD / HTTP/1.0" 200 - "-" "Mozilla/4.0 (compatible; ipMonitor 8.5)"
209.162.254.103 - - [20/Aug/2008:16:25:46 -0400] "GET /eSpecs/SearchFormAction.do?page=1&searchValue=+PLASTICS+BAGS&searchKey=TITLE&nRecords=10&organizations=¤cy=CAD HTTP/1.1" 200 132927 "http://www.standardsstore.ca/eSpecs/SearchFormAction.do?page=1&searchValue=CGSB+PLASTICS+BAGS&searchKey=TITLE&nRecords=10&organizations=¤cy=CAD" "Mozilla/4.0 (compatible; MSIE 7.0; Windows NT 5.1)"
192.197.71.189 - - [20/Aug/2008:16:25:59 -0400] "GET /includes/iupload_print.js HTTP/1.1" 404 345 "http://palcan.scc.ca/SpecsSearch/TLSearchForm.do" "Mozilla/4.0 (compatible; MSIE 6.0; Windows NT 5.1; SV1; .NET CLR 2.0.50727)"
192.197.71.189 - - [20/Aug/2008:16:25:59 -0400] "GET /SpecsSearch/TLSearchForm.do HTTP/1.1" 200 29418 "-" "Mozilla/4.0 (compatible; MSIE 6.0; Windows NT 5.1; SV1; .NET CLR 2.0.50727)"
192.197.71.189 - - [20/Aug/2008:16:26:03 -0400] "GET /SpecsSearch/pages/images/questionMark.gif HTTP/1.1" 200 206 "http://palcan.scc.ca/SpecsSearch/TLSearchForm.do" "Mozilla/4.0 (compatible; MSIE 6.0; Windows NT 5.1; SV1; .NET CLR 2.0.50727)"
66.249.66.42 - - [20/Aug/2008:16:25:55 -0400] "GET /eSpecs/DocumentReferenced.do?GID=NFKRCCAAAAAAAAAA&page=1&nRecords=10&searchValue=A-610&searchKey=DOCNO&organizations=IPC&displayWithdrawn=false¤cy=CAD HTTP/1.1" 200 163592 "-" "Mozilla/5.0 (compatible; Googlebot/2.1; +http://www.google.com/bot.html)"
209.162.254.103 - - [20/Aug/2008:16:26:13 -0400] "GET /eSpecs/SearchFormAction.do?page=1&searchValue=156.1+ENGLISH&searchKey=TITLE&nRecords=10&organizations=¤cy=CAD HTTP/1.1" 200 78964 "http://www.standardsstore.ca/eSpecs/SearchFormAction.do?page=1&searchValue=+PLASTICS+BAGS&searchKey=TITLE&nRecords=10&organizations=¤cy=CAD" "Mozilla/4.0 (compatible; MSIE 7.0; Windows NT 5.1)"
209.162.254.103 - - [20/Aug/2008:16:26:19 -0400] "GET /eSpecs/SearchFormAction.do?page=1&searchValue=156.1+&searchKey=TITLE&nRecords=10&organizations=¤cy=CAD HTTP/1.1" 200 127690 "http://www.standardsstore.ca/eSpecs/SearchFormAction.do?page=1&searchValue=156.1+ENGLISH&searchKey=TITLE&nRecords=10&organizations=¤cy=CAD" "Mozilla/4.0 (compatible; MSIE 7.0; Windows NT 5.1)"
66.249.66.42 - - [20/Aug/2008:16:26:26 -0400] "GET /eSpecs/DocumentReferenced.do?GID=NSOVDAAAAAAAAAAA&page=1&nRecords=10&searchValue=GM9540P&searchKey=DOCNO&organizations=&displayWithdrawn=false¤cy=CAD HTTP/1.1" 200 112055 "-" "Mozilla/5.0 (compatible; Googlebot/2.1; +http://www.google.com/bot.html)"
209.162.254.103 - - [20/Aug/2008:16:26:32 -0400] "GET /eSpecs/SearchFormAction.do?page=2&nRecords=10&searchValue=156.1+&searchKey=TITLE&organizations=&displayWithdrawn=false¤cy=CAD HTTP/1.1" 200 133487 "http://www.standardsstore.ca/eSpecs/SearchFormAction.do?page=1&searchValue=156.1+&searchKey=TITLE&nRecords=10&organizations=¤cy=CAD" "Mozilla/4.0 (compatible; MSIE 7.0; Windows NT 5.1)"
66.249.66.42 - - [20/Aug/2008:16:26:54 -0400] "GET /eSpecs/DocumentReferenced.do?GID=PWPXACAAAAAAAAAA&page=1&nRecords=10&searchValue=72&searchKey=DOCNO&organizations=NFPA&displayWithdrawn=false¤cy=CAD HTTP/1.1" 200 93948 "-" "Mozilla/5.0 (compatible; Googlebot/2.1; +http://www.google.com/bot.html)"
209.162.254.103 - - [20/Aug/2008:16:27:06 -0400] "GET /eSpecs/DocumentDetails.do?GID=MSBTCAAAAAAAAAAA¤cy=CAD HTTP/1.1" 200 3004 "-" "Mozilla/4.0 (compatible; MSIE 7.0; Windows NT 5.1)"
209.162.254.103 - - [20/Aug/2008:16:27:06 -0400] "GET /eSpecs/css/index2.css HTTP/1.1" 200 10928 "http://www.standardsstore.ca/eSpecs/DocumentDetails.do?GID=MSBTCAAAAAAAAAAA¤cy=CAD" "Mozilla/4.0 (compatible; MSIE 7.0; Windows NT 5.1)"
67.195.37.89 - - [20/Aug/2008:16:27:22 -0400] "GET /specs/pdf/84_e.pdf HTTP/1.0" 404 338 "-" "Mozilla/5.0 (compatible; Yahoo! Slurp; http://help.yahoo.com/help/us/ysearch/slurp)"
66.249.66.42 - - [20/Aug/2008:16:27:20 -0400] "GET /eSpecs/DocumentReferenced.do?GID=TXUVMAAAAAAAAAAA&page=1&nRecords=10&searchValue=EIA-649&searchKey=DOCNO&organizations=&displayWithdrawn=false¤cy=CAD HTTP/1.1" 200 89731 "-" "Mozilla/5.0 (compatible; Googlebot/2.1; +http://www.google.com/bot.html)"
142.46.199.30 - - [20/Aug/2008:16:27:39 -0400] "GET /eSpecs/SearchFormAction.do?page=1&searchValue=17025&searchKey=DOCNO&organizations=ISO HTTP/1.0" 200 100727 "-" "Mozilla/4.0 (compatible; ipMonitor 8.5)"
209.162.254.103 - - [20/Aug/2008:16:27:45 -0400] "GET /eSpecs/css/index.css HTTP/1.1" 304 - "http://www.standardsstore.ca/eSpecs/SearchFormAction.do?page=1&searchValue=CGSB&searchKey=TITLE&nRecords=10&organizations=¤cy=CAD" "Mozilla/4.0 (compatible; MSIE 7.0; Windows NT 5.1)"
209.162.254.103 - - [20/Aug/2008:16:27:45 -0400] "GET /eSpecs/js/main.js HTTP/1.1" 304 - "http://www.standardsstore.ca/eSpecs/SearchFormAction.do?page=1&searchValue=CGSB&searchKey=TITLE&nRecords=10&organizations=¤cy=CAD" "Mozilla/4.0 (compatible; MSIE 7.0; Windows NT 5.1)"
209.162.254.103 - - [20/Aug/2008:16:27:45 -0400] "GET /eSpecs/js/style.js HTTP/1.1" 304 - "http://www.standardsstore.ca/eSpecs/SearchFormAction.do?page=1&searchValue=CGSB&searchKey=TITLE&nRecords=10&organizations=¤cy=CAD" "Mozilla/4.0 (compatible; MSIE 7.0; Windows NT 5.1)"
209.162.254.103 - - [20/Aug/2008:16:27:45 -0400] "GET /eSpecs/images/header.gif HTTP/1.1" 304 - "http://www.standardsstore.ca/eSpecs/SearchFormAction.do?page=1&searchValue=CGSB&searchKey=TITLE&nRecords=10&organizations=¤cy=CAD" "Mozilla/4.0 (compatible; MSIE 7.0; Windows NT 5.1)"
209.162.254.103 - - [20/Aug/2008:16:27:45 -0400] "GET /eSpecs/images/shoppingBasket.gif HTTP/1.1" 304 - "http://www.standardsstore.ca/eSpecs/SearchFormAction.do?page=1&searchValue=CGSB&searchKey=TITLE&nRecords=10&organizations=¤cy=CAD" "Mozilla/4.0 (compatible; MSIE 7.0; Windows NT 5.1)"
209.162.254.103 - - [20/Aug/2008:16:27:45 -0400] "GET /eSpecs/images/ihs_logo.gif HTTP/1.1" 304 - "http://www.standardsstore.ca/eSpecs/SearchFormAction.do?page=1&searchValue=CGSB&searchKey=TITLE&nRecords=10&organizations=¤cy=CAD" "Mozilla/4.0 (compatible; MSIE 7.0; Windows NT 5.1)"
209.162.254.103 - - [20/Aug/2008:16:27:46 -0400] "GET /eSpecs/images/scc_logo.gif HTTP/1.1" 304 - "http://www.standardsstore.ca/eSpecs/SearchFormAction.do?page=1&searchValue=CGSB&searchKey=TITLE&nRecords=10&organizations=¤cy=CAD" "Mozilla/4.0 (compatible; MSIE 7.0; Windows NT 5.1)"
209.162.254.103 - - [20/Aug/2008:16:27:46 -0400] "GET /eSpecs/images/en/iso22000.gif HTTP/1.1" 304 - "http://www.standardsstore.ca/eSpecs/SearchFormAction.do?page=1&searchValue=CGSB&searchKey=TITLE&nRecords=10&organizations=¤cy=CAD" "Mozilla/4.0 (compatible; MSIE 7.0; Windows NT 5.1)"
209.162.254.103 - - [20/Aug/2008:16:27:46 -0400] "GET /eSpecs/images/en/isoiec17025.gif HTTP/1.1" 304 - "http://www.standardsstore.ca/eSpecs/SearchFormAction.do?page=1&searchValue=CGSB&searchKey=TITLE&nRecords=10&organizations=¤cy=CAD" "Mozilla/4.0 (compatible; MSIE 7.0; Windows NT 5.1)"
209.162.254.103 - - [20/Aug/2008:16:27:46 -0400] "GET /eSpecs/images/help.jpg HTTP/1.1" 304 - "http://www.standardsstore.ca/eSpecs/SearchFormAction.do?page=1&searchValue=CGSB&searchKey=TITLE&nRecords=10&organizations=¤cy=CAD" "Mozilla/4.0 (compatible; MSIE 7.0; Windows NT 5.1)"
209.162.254.103 - - [20/Aug/2008:16:27:46 -0400] "GET /eSpecs/images/NSS2008.jpg HTTP/1.1" 304 - "http://www.standardsstore.ca/eSpecs/SearchFormAction.do?page=1&searchValue=CGSB&searchKey=TITLE&nRecords=10&organizations=¤cy=CAD" "Mozilla/4.0 (compatible; MSIE 7.0; Windows NT 5.1)"
209.162.254.103 - - [20/Aug/2008:16:27:46 -0400] "GET /eSpecs/images/cart_button.gif HTTP/1.1" 304 - "http://www.standardsstore.ca/eSpecs/SearchFormAction.do?page=1&searchValue=CGSB&searchKey=TITLE&nRecords=10&organizations=¤cy=CAD" "Mozilla/4.0 (compatible; MSIE 7.0; Windows NT 5.1)"
209.162.254.103 - - [20/Aug/2008:16:27:46 -0400] "GET /eSpecs/images/spacer.gif HTTP/1.1" 304 - "http://www.standardsstore.ca/eSpecs/SearchFormAction.do?page=1&searchValue=CGSB&searchKey=TITLE&nRecords=10&organizations=¤cy=CAD" "Mozilla/4.0 (compatible; MSIE 7.0; Windows NT 5.1)"
209.162.254.103 - - [20/Aug/2008:16:27:39 -0400] "GET /eSpecs/SearchFormAction.do?page=1&searchValue=CGSB&searchKey=TITLE&nRecords=10&organizations=¤cy=CAD HTTP/1.1" 200 129171 "http://www.standardsstore.ca/eSpecs/SearchFormAction.do?page=1&searchValue=156.1+&searchKey=TITLE&nRecords=10&organizations=¤cy=CAD" "Mozilla/4.0 (compatible; MSIE 7.0; Windows NT 5.1)"
209.162.254.103 - - [20/Aug/2008:16:27:47 -0400] "GET /eSpecs/images/canada.gif HTTP/1.1" 304 - "http://www.standardsstore.ca/eSpecs/SearchFormAction.do?page=1&searchValue=CGSB&searchKey=TITLE&nRecords=10&organizations=¤cy=CAD" "Mozilla/4.0 (compatible; MSIE 7.0; Windows NT 5.1)"
66.249.66.42 - - [20/Aug/2008:16:27:46 -0400] "GET /eSpecs/DocumentReferenced.do?GID=DMJRJBAAAAAAAAAA&page=1&nRecords=10&searchValue=ANSI%20C12.1&searchKey=DOCNO&organizations=ANSI&displayWithdrawn=false¤cy=CAD HTTP/1.1" 200 83781 "-" "Mozilla/5.0 (compatible; Googlebot/2.1; +http://www.google.com/bot.html)"
209.162.254.103 - - [20/Aug/2008:16:28:00 -0400] "GET /eSpecs/SearchFormAction.do?page=2&nRecords=10&searchValue=CGSB&searchKey=TITLE&organizations=&displayWithdrawn=false¤cy=CAD HTTP/1.1" 200 128204 "http://www.standardsstore.ca/eSpecs/SearchFormAction.do?page=1&searchValue=CGSB&searchKey=TITLE&nRecords=10&organizations=¤cy=CAD" "Mozilla/4.0 (compatible; MSIE 7.0; Windows NT 5.1)"
66.249.66.42 - - [20/Aug/2008:16:28:08 -0400] "GET /eSpecs/DocumentReferenced.do?GID=AMVSJBAAAAAAAAAA&page=1&nRecords=10&searchValue=NASM33537&searchKey=DOCNO&organizations=&displayWithdrawn=false¤cy=CAD HTTP/1.1" 200 163101 "-" "Mozilla/5.0 (compatible; Googlebot/2.1; +http://www.google.com/bot.html)"
66.249.66.42 - - [20/Aug/2008:16:28:32 -0400] "GET /eSpecs/DocumentReferenced.do?GID=PASQJBAAAAAAAAAA&page=1&nRecords=10&searchValue=WI&searchKey=DOCNO&organizations=AWS&displayWithdrawn=false¤cy=CAD HTTP/1.1" 200 123337 "-" "Mozilla/5.0 (compatible; Googlebot/2.1; +http://www.google.com/bot.html)"
209.162.254.103 - - [20/Aug/2008:16:28:43 -0400] "GET /eSpecs/SearchFormAction.do?page=3&nRecords=10&searchValue=CGSB&searchKey=TITLE&organizations=&displayWithdrawn=false¤cy=CAD HTTP/1.1" 200 128859 "http://www.standardsstore.ca/eSpecs/SearchFormAction.do?page=2&nRecords=10&searchValue=CGSB&searchKey=TITLE&organizations=&displayWithdrawn=false¤cy=CAD" "Mozilla/4.0 (compatible; MSIE 7.0; Windows NT 5.1)"
66.249.66.42 - - [20/Aug/2008:16:28:57 -0400] "GET /eSpecs/DocumentReferenced.do?GID=MJWMZBAAAAAAAAAA&page=1&nRecords=10&searchValue=60601-1&searchKey=DOCNO&organizations=UL&displayWithdrawn=false¤cy=CAD HTTP/1.1" 200 183514 "-" "Mozilla/5.0 (compatible; Googlebot/2.1; +http://www.google.com/bot.html)"
209.162.254.103 - - [20/Aug/2008:16:29:13 -0400] "GET /eSpecs/SearchFormAction.do?page=1&searchValue=156.1&searchKey=DOCNO&nRecords=10&organizations=¤cy=CAD HTTP/1.1" 200 125367 "http://www.standardsstore.ca/eSpecs/SearchFormAction.do?page=3&nRecords=10&searchValue=CGSB&searchKey=TITLE&organizations=&displayWithdrawn=false¤cy=CAD" "Mozilla/4.0 (compatible; MSIE 7.0; Windows NT 5.1)"
209.217.110.121 - - [20/Aug/2008:16:29:19 -0400] "POST /SpecsSearch/SpecsSearchAction.do HTTP/1.1" 200 27090 "http://palcan.scc.ca/SpecsSearch/TLSearchForm.do" "Mozilla/5.0 (Macintosh; U; Intel Mac OS X 10_5_4; en-us) AppleWebKit/525.18 (KHTML, like Gecko) Version/3.1.2 Safari/525.20.1"
209.162.254.103 - - [20/Aug/2008:16:29:23 -0400] "GET /eSpecs/DocumentDetails.do?GID=PBQPCAAAAAAAAAAA¤cy=CAD HTTP/1.1" 200 2893 "-" "Mozilla/4.0 (compatible; MSIE 7.0; Windows NT 5.1)"
209.162.254.103 - - [20/Aug/2008:16:29:24 -0400] "GET /eSpecs/css/index2.css HTTP/1.1" 304 - "http://www.standardsstore.ca/eSpecs/DocumentDetails.do?GID=PBQPCAAAAAAAAAAA¤cy=CAD" "Mozilla/4.0 (compatible; MSIE 7.0; Windows NT 5.1)"
66.249.66.42 - - [20/Aug/2008:16:29:24 -0400] "GET /eSpecs/DocumentReferenced.do?GID=RFADBBAAAAAAAAAA&page=1&nRecords=10&searchValue=API%20SPEC%20Q1&searchKey=DOCNO&organizations=API&displayWithdrawn=false¤cy=CAD HTTP/1.1" 200 125008 "-" "Mozilla/5.0 (compatible; Googlebot/2.1; +http://www.google.com/bot.html)"
209.162.254.103 - - [20/Aug/2008:16:29:33 -0400] "GET /eSpecs/css/index.css HTTP/1.1" 304 - "http://www.standardsstore.ca/eSpecs/AddDocumentAction.do?mediaType=ELEC&GID=PBQPCAAAAAAAAAAA&page=1&nRecords=10&searchValue=156.1&searchKey=DOCNO&organizations=&displayWithdrawn=false¤cy=CAD" "Mozilla/4.0 (compatible; MSIE 7.0; Windows NT 5.1)"
209.162.254.103 - - [20/Aug/2008:16:29:33 -0400] "GET /eSpecs/AddDocumentAction.do?mediaType=ELEC&GID=PBQPCAAAAAAAAAAA&page=1&nRecords=10&searchValue=156.1&searchKey=DOCNO&organizations=&displayWithdrawn=false¤cy=CAD HTTP/1.1" 200 79313 "http://www.standardsstore.ca/eSpecs/SearchFormAction.do?page=1&searchValue=156.1&searchKey=DOCNO&nRecords=10&organizations=¤cy=CAD" "Mozilla/4.0 (compatible; MSIE 7.0; Windows NT 5.1)"
209.162.254.103 - - [20/Aug/2008:16:29:36 -0400] "GET /eSpecs/js/main.js HTTP/1.1" 304 - "http://www.standardsstore.ca/eSpecs/AddDocumentAction.do?mediaType=ELEC&GID=PBQPCAAAAAAAAAAA&page=1&nRecords=10&searchValue=156.1&searchKey=DOCNO&organizations=&displayWithdrawn=false¤cy=CAD" "Mozilla/4.0 (compatible; MSIE 7.0; Windows NT 5.1)"
209.162.254.103 - - [20/Aug/2008:16:29:36 -0400] "GET /eSpecs/js/style.js HTTP/1.1" 304 - "http://www.standardsstore.ca/eSpecs/AddDocumentAction.do?mediaType=ELEC&GID=PBQPCAAAAAAAAAAA&page=1&nRecords=10&searchValue=156.1&searchKey=DOCNO&organizations=&displayWithdrawn=false¤cy=CAD" "Mozilla/4.0 (compatible; MSIE 7.0; Windows NT 5.1)"
209.162.254.103 - - [20/Aug/2008:16:29:36 -0400] "GET /eSpecs/images/header.gif HTTP/1.1" 304 - "http://www.standardsstore.ca/eSpecs/AddDocumentAction.do?mediaType=ELEC&GID=PBQPCAAAAAAAAAAA&page=1&nRecords=10&searchValue=156.1&searchKey=DOCNO&organizations=&displayWithdrawn=false¤cy=CAD" "Mozilla/4.0 (compatible; MSIE 7.0; Windows NT 5.1)"
209.162.254.103 - - [20/Aug/2008:16:29:36 -0400] "GET /eSpecs/images/shoppingBasket.gif HTTP/1.1" 304 - "http://www.standardsstore.ca/eSpecs/AddDocumentAction.do?mediaType=ELEC&GID=PBQPCAAAAAAAAAAA&page=1&nRecords=10&searchValue=156.1&searchKey=DOCNO&organizations=&displayWithdrawn=false¤cy=CAD" "Mozilla/4.0 (compatible; MSIE 7.0; Windows NT 5.1)"
209.162.254.103 - - [20/Aug/2008:16:29:36 -0400] "GET /eSpecs/images/scc_logo.gif HTTP/1.1" 304 - "http://www.standardsstore.ca/eSpecs/AddDocumentAction.do?mediaType=ELEC&GID=PBQPCAAAAAAAAAAA&page=1&nRecords=10&searchValue=156.1&searchKey=DOCNO&organizations=&displayWithdrawn=false¤cy=CAD" "Mozilla/4.0 (compatible; MSIE 7.0; Windows NT 5.1)"
209.162.254.103 - - [20/Aug/2008:16:29:36 -0400] "GET /eSpecs/images/en/iso22000.gif HTTP/1.1" 304 - "http://www.standardsstore.ca/eSpecs/AddDocumentAction.do?mediaType=ELEC&GID=PBQPCAAAAAAAAAAA&page=1&nRecords=10&searchValue=156.1&searchKey=DOCNO&organizations=&displayWithdrawn=false¤cy=CAD" "Mozilla/4.0 (compatible; MSIE 7.0; Windows NT 5.1)"
209.162.254.103 - - [20/Aug/2008:16:29:36 -0400] "GET /eSpecs/images/en/isoiec17025.gif HTTP/1.1" 304 - "http://www.standardsstore.ca/eSpecs/AddDocumentAction.do?mediaType=ELEC&GID=PBQPCAAAAAAAAAAA&page=1&nRecords=10&searchValue=156.1&searchKey=DOCNO&organizations=&displayWithdrawn=false¤cy=CAD" "Mozilla/4.0 (compatible; MSIE 7.0; Windows NT 5.1)"
209.162.254.103 - - [20/Aug/2008:16:29:36 -0400] "GET /eSpecs/images/ihs_logo.gif HTTP/1.1" 304 - "http://www.standardsstore.ca/eSpecs/AddDocumentAction.do?mediaType=ELEC&GID=PBQPCAAAAAAAAAAA&page=1&nRecords=10&searchValue=156.1&searchKey=DOCNO&organizations=&displayWithdrawn=false¤cy=CAD" "Mozilla/4.0 (compatible; MSIE 7.0; Windows NT 5.1)"
209.162.254.103 - - [20/Aug/2008:16:29:36 -0400] "GET /eSpecs/images/help.jpg HTTP/1.1" 304 - "http://www.standardsstore.ca/eSpecs/AddDocumentAction.do?mediaType=ELEC&GID=PBQPCAAAAAAAAAAA&page=1&nRecords=10&searchValue=156.1&searchKey=DOCNO&organizations=&displayWithdrawn=false¤cy=CAD" "Mozilla/4.0 (compatible; MSIE 7.0; Windows NT 5.1)"
209.162.254.103 - - [20/Aug/2008:16:29:36 -0400] "GET /eSpecs/images/NSS2008.jpg HTTP/1.1" 304 - "http://www.standardsstore.ca/eSpecs/AddDocumentAction.do?mediaType=ELEC&GID=PBQPCAAAAAAAAAAA&page=1&nRecords=10&searchValue=156.1&searchKey=DOCNO&organizations=&displayWithdrawn=false¤cy=CAD" "Mozilla/4.0 (compatible; MSIE 7.0; Windows NT 5.1)"
209.162.254.103 - - [20/Aug/2008:16:29:36 -0400] "GET /eSpecs/images/wait.gif HTTP/1.1" 304 - "http://www.standardsstore.ca/eSpecs/AddDocumentAction.do?mediaType=ELEC&GID=PBQPCAAAAAAAAAAA&page=1&nRecords=10&searchValue=156.1&searchKey=DOCNO&organizations=&displayWithdrawn=false¤cy=CAD" "Mozilla/4.0 (compatible; MSIE 7.0; Windows NT 5.1)"
209.162.254.103 - - [20/Aug/2008:16:29:36 -0400] "GET /eSpecs/images/canada.gif HTTP/1.1" 304 - "http://www.standardsstore.ca/eSpecs/AddDocumentAction.do?mediaType=ELEC&GID=PBQPCAAAAAAAAAAA&page=1&nRecords=10&searchValue=156.1&searchKey=DOCNO&organizations=&displayWithdrawn=false¤cy=CAD" "Mozilla/4.0 (compatible; MSIE 7.0; Windows NT 5.1)"
209.162.254.103 - - [20/Aug/2008:16:29:37 -0400] "GET /eSpecs/AddDocumentAction2.do?mediaType=ELEC&GID=PBQPCAAAAAAAAAAA&page=1&nRecords=10&searchValue=156.1&searchKey=DOCNO&organizations=&displayWithdrawn=false¤cy=CAD HTTP/1.1" 302 - "-" "Mozilla/4.0 (compatible; MSIE 7.0; Windows NT 5.1)"
68.13.118.3 - - [20/Aug/2008:16:29:42 -0400] "GET / HTTP/1.1" 200 121 "http://www.google.com/search?hl=en&q=standard+%22store%22" "Mozilla/4.0 (compatible; MSIE 7.0; Windows NT 5.1; FunWebProducts; .NET CLR 1.1.4322)"
68.13.118.3 - - [20/Aug/2008:16:29:43 -0400] "GET /favicon.ico HTTP/1.1" 404 339 "-" "Mozilla/4.0 (compatible; MSIE 7.0; Windows NT 5.1; FunWebProducts; .NET CLR 1.1.4322)"
68.13.118.3 - - [20/Aug/2008:16:29:43 -0400] "GET /eSpecs/css/index.css HTTP/1.1" 200 10895 "http://www.standardsstore.ca/eSpecs/index.jsp" "Mozilla/4.0 (compatible; MSIE 7.0; Windows NT 5.1; FunWebProducts; .NET CLR 1.1.4322)"
68.13.118.3 - - [20/Aug/2008:16:29:43 -0400] "GET /eSpecs/index.jsp HTTP/1.1" 200 87645 "-" "Mozilla/4.0 (compatible; MSIE 7.0; Windows NT 5.1; FunWebProducts; .NET CLR 1.1.4322)"
68.13.118.3 - - [20/Aug/2008:16:29:44 -0400] "GET /eSpecs/js/main.js HTTP/1.1" 200 9677 "http://www.standardsstore.ca/eSpecs/index.jsp" "Mozilla/4.0 (compatible; MSIE 7.0; Windows NT 5.1; FunWebProducts; .NET CLR 1.1.4322)"
68.13.118.3 - - [20/Aug/2008:16:29:45 -0400] "GET /eSpecs/js/style.js HTTP/1.1" 200 3774 "http://www.standardsstore.ca/eSpecs/index.jsp" "Mozilla/4.0 (compatible; MSIE 7.0; Windows NT 5.1; FunWebProducts; .NET CLR 1.1.4322)"
68.13.118.3 - - [20/Aug/2008:16:29:46 -0400] "GET /eSpecs/images/scc_logo.gif HTTP/1.1" 200 4870 "http://www.standardsstore.ca/eSpecs/index.jsp" "Mozilla/4.0 (compatible; MSIE 7.0; Windows NT 5.1; FunWebProducts; .NET CLR 1.1.4322)"
68.13.118.3 - - [20/Aug/2008:16:29:46 -0400] "GET /eSpecs/images/header.gif HTTP/1.1" 200 13254 "http://www.standardsstore.ca/eSpecs/index.jsp" "Mozilla/4.0 (compatible; MSIE 7.0; Windows NT 5.1; FunWebProducts; .NET CLR 1.1.4322)"
68.13.118.3 - - [20/Aug/2008:16:29:46 -0400] "GET /eSpecs/images/en/isoiec17025.gif HTTP/1.1" 200 39008 "http://www.standardsstore.ca/eSpecs/index.jsp" "Mozilla/4.0 (compatible; MSIE 7.0; Windows NT 5.1; FunWebProducts; .NET CLR 1.1.4322)"
68.13.118.3 - - [20/Aug/2008:16:29:46 -0400] "GET /eSpecs/images/ihs_logo.gif HTTP/1.1" 200 1947 "http://www.standardsstore.ca/eSpecs/index.jsp" "Mozilla/4.0 (compatible; MSIE 7.0; Windows NT 5.1; FunWebProducts; .NET CLR 1.1.4322)"
68.13.118.3 - - [20/Aug/2008:16:29:47 -0400] "GET /eSpecs/images/help.jpg HTTP/1.1" 200 389 "http://www.standardsstore.ca/eSpecs/index.jsp" "Mozilla/4.0 (compatible; MSIE 7.0; Windows NT 5.1; FunWebProducts; .NET CLR 1.1.4322)"
68.13.118.3 - - [20/Aug/2008:16:29:47 -0400] "GET /eSpecs/images/NSS2008.jpg HTTP/1.1" 200 14223 "http://www.standardsstore.ca/eSpecs/index.jsp" "Mozilla/4.0 (compatible; MSIE 7.0; Windows NT 5.1; FunWebProducts; .NET CLR 1.1.4322)"
68.13.118.3 - - [20/Aug/2008:16:29:47 -0400] "GET /eSpecs/images/iso.gif HTTP/1.1" 200 2457 "http://www.standardsstore.ca/eSpecs/index.jsp" "Mozilla/4.0 (compatible; MSIE 7.0; Windows NT 5.1; FunWebProducts; .NET CLR 1.1.4322)"
68.13.118.3 - - [20/Aug/2008:16:29:47 -0400] "GET /eSpecs/images/asm.gif HTTP/1.1" 200 1711 "http://www.standardsstore.ca/eSpecs/index.jsp" "Mozilla/4.0 (compatible; MSIE 7.0; Windows NT 5.1; FunWebProducts; .NET CLR 1.1.4322)"
68.13.118.3 - - [20/Aug/2008:16:29:46 -0400] "GET /eSpecs/images/en/iso22000.gif HTTP/1.1" 200 39597 "http://www.standardsstore.ca/eSpecs/index.jsp" "Mozilla/4.0 (compatible; MSIE 7.0; Windows NT 5.1; FunWebProducts; .NET CLR 1.1.4322)"
68.13.118.3 - - [20/Aug/2008:16:29:48 -0400] "GET /eSpecs/images/iec.gif HTTP/1.1" 200 696 "http://www.standardsstore.ca/eSpecs/index.jsp" "Mozilla/4.0 (compatible; MSIE 7.0; Windows NT 5.1; FunWebProducts; .NET CLR 1.1.4322)"
68.13.118.3 - - [20/Aug/2008:16:29:48 -0400] "GET /eSpecs/images/api.gif HTTP/1.1" 200 976 "http://www.standardsstore.ca/eSpecs/index.jsp" "Mozilla/4.0 (compatible; MSIE 7.0; Windows NT 5.1; FunWebProducts; .NET CLR 1.1.4322)"
68.13.118.3 - - [20/Aug/2008:16:29:48 -0400] "GET /eSpecs/images/en/reg.jpg HTTP/1.1" 200 13737 "http://www.standardsstore.ca/eSpecs/index.jsp" "Mozilla/4.0 (compatible; MSIE 7.0; Windows NT 5.1; FunWebProducts; .NET CLR 1.1.4322)"
68.13.118.3 - - [20/Aug/2008:16:29:48 -0400] "GET /eSpecs/images/en/exportalert.jpg HTTP/1.1" 200 16234 "http://www.standardsstore.ca/eSpecs/index.jsp" "Mozilla/4.0 (compatible; MSIE 7.0; Windows NT 5.1; FunWebProducts; .NET CLR 1.1.4322)"
68.13.118.3 - - [20/Aug/2008:16:29:48 -0400] "GET /eSpecs/images/en/standards_alert.jpg HTTP/1.1" 200 14834 "http://www.standardsstore.ca/eSpecs/index.jsp" "Mozilla/4.0 (compatible; MSIE 7.0; Windows NT 5.1; FunWebProducts; .NET CLR 1.1.4322)"
68.13.118.3 - - [20/Aug/2008:16:29:48 -0400] "GET /eSpecs/images/research.jpg HTTP/1.1" 200 8192 "http://www.standardsstore.ca/eSpecs/index.jsp" "Mozilla/4.0 (compatible; MSIE 7.0; Windows NT 5.1; FunWebProducts; .NET CLR 1.1.4322)"
66.249.66.42 - - [20/Aug/2008:16:29:51 -0400] "GET /eSpecs/DocumentReferenced.do?GID=ECAUACAAAAAAAAAA&page=1&nRecords=10&searchValue=WI&searchKey=DOCNO&organizations=AWS&displayWithdrawn=false¤cy=CAD HTTP/1.1" 200 98304 "-" "Mozilla/5.0 (compatible; Googlebot/2.1; +http://www.google.com/bot.html)"
