66.249.66.42 - - [20/Aug/2008:14:24:28 -0400] "GET /eSpecs/DocumentReferenced.do?GID=RFYHGBAAAAAAAAAA&page=1&nRecords=10&searchValue=A17.1&searchKey=DOCNO&organizations=ASME&displayWithdrawn=false¤cy=CAD HTTP/1.1" 404 1039 "-" "Mozilla/5.0 (compatible; Googlebot/2.1; +http://www.google.com/bot.html)"
66.249.66.42 - - [20/Aug/2008:14:24:28 -0400] "GET /eSpecs/DocumentReferenced.do?GID=DQSHCCAAAAAAAAAA&page=1&nRecords=10&searchValue=9001&searchKey=DOCNO&organizations=ISO&displayWithdrawn=false¤cy=CAD HTTP/1.1" 404 1039 "-" "Mozilla/5.0 (compatible; Googlebot/2.1; +http://www.google.com/bot.html)"
66.249.66.42 - - [20/Aug/2008:14:24:29 -0400] "GET /eSpecs/DocumentReferenced.do?GID=BYHZIBAAAAAAAAAA&page=1&nRecords=10&searchValue=60417&searchKey=DOCNO&organizations=IEC&displayWithdrawn=false¤cy=CAD HTTP/1.1" 404 1039 "-" "Mozilla/5.0 (compatible; Googlebot/2.1; +http://www.google.com/bot.html)"
66.249.66.42 - - [20/Aug/2008:14:24:29 -0400] "GET /eSpecs/DocumentReferenced.do?GID=ELNIJBAAAAAAAAAA&page=1&nRecords=10&searchValue=NAS%20410&searchKey=DOCNO&organizations=&displayWithdrawn=false¤cy=CAD HTTP/1.1" 404 1039 "-" "Mozilla/5.0 (compatible; Googlebot/2.1; +http://www.google.com/bot.html)"
66.249.66.42 - - [20/Aug/2008:14:24:30 -0400] "GET /eSpecs/DocumentReferenced.do?GID=YJHBACAAAAAAAAAA&page=1&nRecords=10&searchValue=17025&searchKey=DOCNO&organizations=ISO&displayWithdrawn=false¤cy=CAD HTTP/1.1" 404 1039 "-" "Mozilla/5.0 (compatible; Googlebot/2.1; +http://www.google.com/bot.html)"
66.249.66.42 - - [20/Aug/2008:14:24:31 -0400] "GET /eSpecs/DocumentReferenced.do?GID=ZVZICAAAAAAAAAAA&page=1&nRecords=10&searchValue=C2&searchKey=DOCNO&organizations=IEEE&displayWithdrawn=false¤cy=CAD HTTP/1.1" 404 1039 "-" "Mozilla/5.0 (compatible; Googlebot/2.1; +http://www.google.com/bot.html)"
66.249.66.42 - - [20/Aug/2008:14:24:31 -0400] "GET /eSpecs/DocumentReferenced.do?GID=OWTRXBAAAAAAAAAA&page=1&nRecords=10&searchValue=9000%20Compendium&searchKey=DOCNO&organizations=ISO&displayWithdrawn=false¤cy=CAD HTTP/1.1" 404 1039 "-" "Mozilla/5.0 (compatible; Googlebot/2.1; +http://www.google.com/bot.html)"
66.249.66.42 - - [20/Aug/2008:14:24:32 -0400] "GET /eSpecs/DocumentReferenced.do?GID=XMWOCCAAAAAAAAAA&page=1&nRecords=10&searchValue=60529&searchKey=DOCNO&organizations=IEC&displayWithdrawn=false¤cy=CAD HTTP/1.1" 404 1039 "-" "Mozilla/5.0 (compatible; Googlebot/2.1; +http://www.google.com/bot.html)"
66.249.66.42 - - [20/Aug/2008:14:24:32 -0400] "GET /eSpecs/DocumentReferenced.do?GID=YTWWHAAAAAAAAAAA&page=1&nRecords=10&searchValue=41&searchKey=DOCNO&organizations=TIA&displayWithdrawn=false¤cy=CAD HTTP/1.1" 404 1039 "-" "Mozilla/5.0 (compatible; Googlebot/2.1; +http://www.google.com/bot.html)"
66.249.66.42 - - [20/Aug/2008:14:24:33 -0400] "GET /eSpecs/DocumentReferenced.do?GID=MGKMZBAAAAAAAAAA&page=1&nRecords=10&searchValue=SAE%20J514&searchKey=DOCNO&organizations=&displayWithdrawn=false¤cy=CAD HTTP/1.1" 404 1039 "-" "Mozilla/5.0 (compatible; Googlebot/2.1; +http://www.google.com/bot.html)"
66.249.66.42 - - [20/Aug/2008:14:24:34 -0400] "GET /eSpecs/DocumentReferenced.do?GID=VCKIJBAAAAAAAAAA&page=1&nRecords=10&searchValue=9000%20Compendium&searchKey=DOCNO&organizations=ISO&displayWithdrawn=false¤cy=CAD HTTP/1.1" 404 1039 "-" "Mozilla/5.0 (compatible; Googlebot/2.1; +http://www.google.com/bot.html)"
66.249.66.42 - - [20/Aug/2008:14:24:34 -0400] "GET /eSpecs/DocumentReferenced.do?GID=SPGHCAAAAAAAAAAA&page=1&nRecords=10&searchValue=9004&searchKey=DOCNO&organizations=ISO&displayWithdrawn=false¤cy=CAD HTTP/1.1" 404 1039 "-" "Mozilla/5.0 (compatible; Googlebot/2.1; +http://www.google.com/bot.html)"
66.249.66.42 - - [20/Aug/2008:14:24:35 -0400] "GET /eSpecs/DocumentReferenced.do?GID=HQKYFCAAAAAAAAAA&page=1&nRecords=10&searchValue=NAS%201149&searchKey=DOCNO&organizations=&displayWithdrawn=false¤cy=CAD HTTP/1.1" 404 1039 "-" "Mozilla/5.0 (compatible; Googlebot/2.1; +http://www.google.com/bot.html)"
66.249.66.42 - - [20/Aug/2008:14:24:35 -0400] "GET /eSpecs/DocumentReferenced.do?GID=YLHRACAAAAAAAAAA&page=1&nRecords=10&searchValue=TC%203&searchKey=DOCNO&organizations=NEMA&displayWithdrawn=false¤cy=CAD HTTP/1.1" 404 1039 "-" "Mozilla/5.0 (compatible; Googlebot/2.1; +http://www.google.com/bot.html)"
66.249.66.42 - - [20/Aug/2008:14:24:36 -0400] "GET /eSpecs/DocumentReferenced.do?GID=CKKTABAAAAAAAAAA&page=1&nRecords=10&searchValue=17799&searchKey=DOCNO&organizations=ISO&displayWithdrawn=false¤cy=CAD HTTP/1.1" 404 1039 "-" "Mozilla/5.0 (compatible; Googlebot/2.1; +http://www.google.com/bot.html)"
66.249.66.42 - - [20/Aug/2008:14:24:37 -0400] "GET /eSpecs/DocumentReferenced.do?GID=FBCVCAAAAAAAAAAA&page=1&nRecords=10&searchValue=API%20STD%201529&searchKey=DOCNO&organizations=API&displayWithdrawn=false¤cy=CAD HTTP/1.1" 404 1039 "-" "Mozilla/5.0 (compatible; Googlebot/2.1; +http://www.google.com/bot.html)"
66.249.66.42 - - [20/Aug/2008:14:24:37 -0400] "GET /eSpecs/DocumentReferenced.do?GID=TAXUCAAAAAAAAAAA&page=1&nRecords=10&searchValue=13&searchKey=DOCNO&organizations=NFPA&displayWithdrawn=false¤cy=CAD HTTP/1.1" 404 1039 "-" "Mozilla/5.0 (compatible; Googlebot/2.1; +http://www.google.com/bot.html)"
66.249.66.42 - - [20/Aug/2008:14:24:38 -0400] "GET /eSpecs/DocumentReferenced.do?GID=NTQPCCAAAAAAAAAA&page=1&nRecords=10&searchValue=GMW3116&searchKey=DOCNO&organizations=&displayWithdrawn=false¤cy=CAD HTTP/1.1" 404 1039 "-" "Mozilla/5.0 (compatible; Googlebot/2.1; +http://www.google.com/bot.html)"
66.249.66.42 - - [20/Aug/2008:14:24:38 -0400] "GET /eSpecs/DocumentReferenced.do?GID=KIKHABAAAAAAAAAA&page=1&nRecords=10&searchValue=1463&searchKey=DOCNO&organizations=ISO&displayWithdrawn=false¤cy=CAD HTTP/1.1" 404 1039 "-" "Mozilla/5.0 (compatible; Googlebot/2.1; +http://www.google.com/bot.html)"
66.249.66.42 - - [20/Aug/2008:14:24:39 -0400] "GET /eSpecs/DocumentReferenced.do?GID=MDHRCBAAAAAAAAAA&page=1&nRecords=10&searchValue=60417&searchKey=DOCNO&organizations=IEC&displayWithdrawn=false¤cy=CAD HTTP/1.1" 404 1039 "-" "Mozilla/5.0 (compatible; Googlebot/2.1; +http://www.google.com/bot.html)"
66.249.66.42 - - [20/Aug/2008:14:24:40 -0400] "GET /eSpecs/DocumentReferenced.do?GID=XZYPEBAAAAAAAAAA&page=1&nRecords=10&searchValue=60601-1&searchKey=DOCNO&organizations=IEC&displayWithdrawn=false¤cy=CAD HTTP/1.1" 404 1039 "-" "Mozilla/5.0 (compatible; Googlebot/2.1; +http://www.google.com/bot.html)"
66.249.66.42 - - [20/Aug/2008:14:24:40 -0400] "GET /eSpecs/DocumentReferenced.do?GID=FCZWACAAAAAAAAAA&page=1&nRecords=10&searchValue=13.01&searchKey=DOCNO&organizations=ASTM&displayWithdrawn=false¤cy=CAD HTTP/1.1" 404 1039 "-" "Mozilla/5.0 (compatible; Googlebot/2.1; +http://www.google.com/bot.html)"
66.249.66.42 - - [20/Aug/2008:14:24:41 -0400] "GET /eSpecs/DocumentReferenced.do?GID=QBKBACAAAAAAAAAA&page=1&nRecords=10&searchValue=NEMA%20WC%2027500&searchKey=DOCNO&organizations=&displayWithdrawn=false¤cy=CAD HTTP/1.1" 404 1039 "-" "Mozilla/5.0 (compatible; Googlebot/2.1; +http://www.google.com/bot.html)"
66.249.66.42 - - [20/Aug/2008:14:24:42 -0400] "GET /eSpecs/DocumentReferenced.do?GID=ZSPPCCAAAAAAAAAA&page=1&nRecords=10&searchValue=AWS%20D17.1&searchKey=DOCNO&organizations=&displayWithdrawn=false¤cy=CAD HTTP/1.1" 404 1039 "-" "Mozilla/5.0 (compatible; Googlebot/2.1; +http://www.google.com/bot.html)"
66.249.66.42 - - [20/Aug/2008:14:24:42 -0400] "GET /eSpecs/DocumentReferenced.do?GID=VIUVXAAAAAAAAAAA&page=1&nRecords=10&searchValue=9001&searchKey=DOCNO&organizations=ISO&displayWithdrawn=false¤cy=CAD HTTP/1.1" 404 1039 "-" "Mozilla/5.0 (compatible; Googlebot/2.1; +http://www.google.com/bot.html)"
66.249.66.42 - - [20/Aug/2008:14:24:43 -0400] "GET /eSpecs/DocumentReferenced.do?GID=AKDGABAAAAAAAAAA&page=1&nRecords=10&searchValue=60204-1&searchKey=DOCNO&organizations=IEC&displayWithdrawn=false¤cy=CAD HTTP/1.1" 404 1039 "-" "Mozilla/5.0 (compatible; Googlebot/2.1; +http://www.google.com/bot.html)"
66.249.66.42 - - [20/Aug/2008:14:24:43 -0400] "GET /eSpecs/DocumentReferenced.do?GID=EPQMIBAAAAAAAAAA&page=1&nRecords=10&searchValue=101&searchKey=DOCNO&organizations=NFPA&displayWithdrawn=false¤cy=CAD HTTP/1.1" 404 1039 "-" "Mozilla/5.0 (compatible; Googlebot/2.1; +http://www.google.com/bot.html)"
66.249.66.42 - - [20/Aug/2008:14:24:44 -0400] "GET /eSpecs/DocumentReferenced.do?GID=ALZTIBAAAAAAAAAA&page=1&nRecords=10&searchValue=API%20STD%201529&searchKey=DOCNO&organizations=API&displayWithdrawn=false¤cy=CAD HTTP/1.1" 404 1039 "-" "Mozilla/5.0 (compatible; Googlebot/2.1; +http://www.google.com/bot.html)"
66.249.66.42 - - [20/Aug/2008:14:24:45 -0400] "GET /eSpecs/DocumentReferenced.do?GID=NHXWDAAAAAAAAAAA&page=1&nRecords=10&searchValue=D1.2/D1.2M&searchKey=DOCNO&organizations=AWS&displayWithdrawn=false¤cy=CAD HTTP/1.1" 404 1039 "-" "Mozilla/5.0 (compatible; Googlebot/2.1; +http://www.google.com/bot.html)"
66.249.66.42 - - [20/Aug/2008:14:24:45 -0400] "GET /eSpecs/DocumentReferenced.do?GID=LQOOJBAAAAAAAAAA&page=1&nRecords=10&searchValue=72&searchKey=DOCNO&organizations=NFPA&displayWithdrawn=false¤cy=CAD HTTP/1.1" 404 1039 "-" "Mozilla/5.0 (compatible; Googlebot/2.1; +http://www.google.com/bot.html)"
66.249.66.42 - - [20/Aug/2008:14:24:46 -0400] "GET /eSpecs/DocumentReferenced.do?GID=FNABIBAAAAAAAAAA&page=1&nRecords=10&searchValue=SAE%20AMS%202644&searchKey=DOCNO&organizations=&displayWithdrawn=false¤cy=CAD HTTP/1.1" 404 1039 "-" "Mozilla/5.0 (compatible; Googlebot/2.1; +http://www.google.com/bot.html)"
66.249.66.42 - - [20/Aug/2008:14:24:46 -0400] "GET /eSpecs/DocumentReferenced.do?GID=DEYSCAAAAAAAAAAA&page=1&nRecords=10&searchValue=1041&searchKey=DOCNO&organizations=BSI&displayWithdrawn=false¤cy=CAD HTTP/1.1" 404 1039 "-" "Mozilla/5.0 (compatible; Googlebot/2.1; +http://www.google.com/bot.html)"
66.249.66.42 - - [20/Aug/2008:14:24:47 -0400] "GET /eSpecs/DocumentReferenced.do?GID=JFIBJBAAAAAAAAAA&page=1&nRecords=10&searchValue=D1.4&searchKey=DOCNO&organizations=AWS&displayWithdrawn=false¤cy=CAD HTTP/1.1" 404 1039 "-" "Mozilla/5.0 (compatible; Googlebot/2.1; +http://www.google.com/bot.html)"
66.249.66.42 - - [20/Aug/2008:14:24:48 -0400] "GET /eSpecs/DocumentReferenced.do?GID=ECIHJBAAAAAAAAAA&page=1&nRecords=10&searchValue=14971&searchKey=DOCNO&organizations=ISO&displayWithdrawn=false¤cy=CAD HTTP/1.1" 404 1039 "-" "Mozilla/5.0 (compatible; Googlebot/2.1; +http://www.google.com/bot.html)"
66.249.66.42 - - [20/Aug/2008:14:24:48 -0400] "GET /eSpecs/DocumentReferenced.do?GID=GPPOJBAAAAAAAAAA&page=1&nRecords=10&searchValue=NEMA%20250&searchKey=DOCNO&organizations=NEMA&displayWithdrawn=false¤cy=CAD HTTP/1.1" 404 1039 "-" "Mozilla/5.0 (compatible; Googlebot/2.1; +http://www.google.com/bot.html)"
66.249.66.42 - - [20/Aug/2008:14:24:49 -0400] "GET /eSpecs/DocumentReferenced.do?GID=MEWCKAAAAAAAAAAA&page=1&nRecords=10&searchValue=18001&searchKey=DOCNO&organizations=BSI&displayWithdrawn=false¤cy=CAD HTTP/1.1" 404 1039 "-" "Mozilla/5.0 (compatible; Googlebot/2.1; +http://www.google.com/bot.html)"
66.249.66.42 - - [20/Aug/2008:14:24:49 -0400] "GET /eSpecs/DocumentReferenced.do?GID=UJWPACAAAAAAAAAA&page=1&nRecords=10&searchValue=AWS%20D17.1&searchKey=DOCNO&organizations=&displayWithdrawn=false¤cy=CAD HTTP/1.1" 404 1039 "-" "Mozilla/5.0 (compatible; Googlebot/2.1; +http://www.google.com/bot.html)"
66.249.66.42 - - [20/Aug/2008:14:24:50 -0400] "GET /eSpecs/DocumentReferenced.do?GID=KMBCACAAAAAAAAAA&page=1&nRecords=10&searchValue=17025&searchKey=DOCNO&organizations=ISO&displayWithdrawn=false¤cy=CAD HTTP/1.1" 404 1039 "-" "Mozilla/5.0 (compatible; Googlebot/2.1; +http://www.google.com/bot.html)"
66.249.66.42 - - [20/Aug/2008:14:24:51 -0400] "GET /eSpecs/DocumentReferenced.do?GID=ANJVGBAAAAAAAAAA&page=1&nRecords=10&searchValue=EIA-455&searchKey=DOCNO&organizations=TIA&displayWithdrawn=false¤cy=CAD HTTP/1.1" 404 1039 "-" "Mozilla/5.0 (compatible; Googlebot/2.1; +http://www.google.com/bot.html)"
66.249.66.42 - - [20/Aug/2008:14:24:51 -0400] "GET /eSpecs/DocumentReferenced.do?GID=NRGRACAAAAAAAAAA&page=1&nRecords=10&searchValue=AWS%20D17.1&searchKey=DOCNO&organizations=&displayWithdrawn=false¤cy=CAD HTTP/1.1" 404 1039 "-" "Mozilla/5.0 (compatible; Googlebot/2.1; +http://www.google.com/bot.html)"
66.249.66.42 - - [20/Aug/2008:14:24:52 -0400] "GET /eSpecs/DocumentReferenced.do?GID=KHTSCCAAAAAAAAAA&page=1&nRecords=10&searchValue=101&searchKey=DOCNO&organizations=NFPA&displayWithdrawn=false¤cy=CAD HTTP/1.1" 404 1039 "-" "Mozilla/5.0 (compatible; Googlebot/2.1; +http://www.google.com/bot.html)"
66.249.66.42 - - [20/Aug/2008:14:24:52 -0400] "GET /eSpecs/DocumentReferenced.do?GID=LKCCCCAAAAAAAAAA&page=1&nRecords=10&searchValue=61010-1&searchKey=DOCNO&organizations=BSI&displayWithdrawn=false¤cy=CAD HTTP/1.1" 404 1039 "-" "Mozilla/5.0 (compatible; Googlebot/2.1; +http://www.google.com/bot.html)"
66.249.66.42 - - [20/Aug/2008:14:24:53 -0400] "GET /eSpecs/DocumentReferenced.do?GID=HPBRCAAAAAAAAAAA&page=1&nRecords=10&searchValue=TC-1A&searchKey=DOCNO&organizations=&displayWithdrawn=false¤cy=CAD HTTP/1.1" 404 1039 "-" "Mozilla/5.0 (compatible; Googlebot/2.1; +http://www.google.com/bot.html)"
66.249.66.42 - - [20/Aug/2008:14:24:54 -0400] "GET /eSpecs/DocumentReferenced.do?GID=NSNYEBAAAAAAAAAA&page=1&nRecords=10&searchValue=API%20RP%20500&searchKey=DOCNO&organizations=API&displayWithdrawn=false¤cy=CAD HTTP/1.1" 404 1039 "-" "Mozilla/5.0 (compatible; Googlebot/2.1; +http://www.google.com/bot.html)"
66.249.66.42 - - [20/Aug/2008:14:24:55 -0400] "GET /eSpecs/DocumentReferenced.do?GID=IZUOCCAAAAAAAAAA&page=1&nRecords=10&searchValue=SAE%20AMS%202644&searchKey=DOCNO&organizations=&displayWithdrawn=false¤cy=CAD HTTP/1.1" 404 1039 "-" "Mozilla/5.0 (compatible; Googlebot/2.1; +http://www.google.com/bot.html)"
66.249.66.42 - - [20/Aug/2008:14:24:56 -0400] "GET /eSpecs/DocumentReferenced.do?GID=DVZVCAAAAAAAAAAA&page=1&nRecords=10&searchValue=ASCE%207&searchKey=DOCNO&organizations=&displayWithdrawn=false¤cy=CAD HTTP/1.1" 404 1039 "-" "Mozilla/5.0 (compatible; Googlebot/2.1; +http://www.google.com/bot.html)"
66.249.66.42 - - [20/Aug/2008:14:24:57 -0400] "GET /eSpecs/DocumentReferenced.do?GID=TDJXYBAAAAAAAAAA&page=1&nRecords=10&searchValue=9100&searchKey=DOCNO&organizations=SAE&displayWithdrawn=false¤cy=CAD HTTP/1.1" 404 1039 "-" "Mozilla/5.0 (compatible; Googlebot/2.1; +http://www.google.com/bot.html)"
66.249.66.42 - - [20/Aug/2008:14:24:58 -0400] "GET /eSpecs/DocumentReferenced.do?GID=JXQCDAAAAAAAAAAA&page=1&nRecords=10&searchValue=90A&searchKey=DOCNO&organizations=NFPA&displayWithdrawn=false¤cy=CAD HTTP/1.1" 404 1039 "-" "Mozilla/5.0 (compatible; Googlebot/2.1; +http://www.google.com/bot.html)"
137.149.64.126 - - [20/Aug/2008:14:24:59 -0400] "GET /SpecsSearch/SpecsSearchAction.do HTTP/1.1" 400 - "http://www.scc.ca/en/industry/links/industry_links.shtml" "Mozilla/4.0 (compatible; MSIE 7.0; Windows NT 5.1; (R1 1.5); .NET CLR 1.1.4322; InfoPath.1; .NET CLR 2.0.50727; .NET CLR 3.0.04506.648)"
66.249.66.42 - - [20/Aug/2008:14:24:59 -0400] "GET /eSpecs/DocumentReferenced.do?GID=SWCJKAAAAAAAAAAA&page=1&nRecords=10&searchValue=60417&searchKey=DOCNO&organizations=IEC&displayWithdrawn=false¤cy=CAD HTTP/1.1" 404 1039 "-" "Mozilla/5.0 (compatible; Googlebot/2.1; +http://www.google.com/bot.html)"
66.249.66.42 - - [20/Aug/2008:14:25:00 -0400] "GET /eSpecs/DocumentReferenced.do?GID=KWUMNAAAAAAAAAAA&page=1&nRecords=10&searchValue=9004&searchKey=DOCNO&organizations=ISO&displayWithdrawn=false¤cy=CAD HTTP/1.1" 404 1039 "-" "Mozilla/5.0 (compatible; Googlebot/2.1; +http://www.google.com/bot.html)"
66.249.66.42 - - [20/Aug/2008:14:25:01 -0400] "GET /eSpecs/DocumentReferenced.do?GID=KZDQJBAAAAAAAAAA&page=1&nRecords=10&searchValue=NFPA%2079&searchKey=DOCNO&organizations=NFPA&displayWithdrawn=false¤cy=CAD HTTP/1.1" 404 1039 "-" "Mozilla/5.0 (compatible; Googlebot/2.1; +http://www.google.com/bot.html)"
66.249.66.42 - - [20/Aug/2008:14:25:03 -0400] "GET /eSpecs/DocumentReferenced.do?GID=GUDQCAAAAAAAAAAA&page=1&nRecords=10&searchValue=9100&searchKey=DOCNO&organizations=SAE&displayWithdrawn=false¤cy=CAD HTTP/1.1" 404 1039 "-" "Mozilla/5.0 (compatible; Googlebot/2.1; +http://www.google.com/bot.html)"
66.249.66.42 - - [20/Aug/2008:14:25:04 -0400] "GET /eSpecs/DocumentReferenced.do?GID=GGEPCAAAAAAAAAAA&page=1&nRecords=10&searchValue=60417&searchKey=DOCNO&organizations=IEC&displayWithdrawn=false¤cy=CAD HTTP/1.1" 404 1039 "-" "Mozilla/5.0 (compatible; Googlebot/2.1; +http://www.google.com/bot.html)"
74.6.22.96 - - [20/Aug/2008:14:25:04 -0400] "GET /eSpecs/DocumentReferenced.do?GID=UJBPCAAAAAAAAAAA&page=1&nRecords=10&searchValue=1041&searchKey=DOCNO&organizations=BSI&displayWithdrawn=false¤cy=CAD HTTP/1.0" 404 1039 "-" "Mozilla/5.0 (compatible; Yahoo! Slurp; http://help.yahoo.com/help/us/ysearch/slurp)"
66.249.66.42 - - [20/Aug/2008:14:25:05 -0400] "GET /eSpecs/DocumentReferenced.do?GID=VZHWABAAAAAAAAAA&page=1&nRecords=10&searchValue=B2.1&searchKey=DOCNO&organizations=AWS&displayWithdrawn=false¤cy=CAD HTTP/1.1" 404 1039 "-" "Mozilla/5.0 (compatible; Googlebot/2.1; +http://www.google.com/bot.html)"
66.249.66.42 - - [20/Aug/2008:14:25:06 -0400] "GET /eSpecs/DocumentReferenced.do?GID=ALQMIBAAAAAAAAAA&page=1&nRecords=10&searchValue=EW%201&searchKey=DOCNO&organizations=NEMA&displayWithdrawn=false¤cy=CAD HTTP/1.1" 404 1039 "-" "Mozilla/5.0 (compatible; Googlebot/2.1; +http://www.google.com/bot.html)"
66.135.100.194 - - [20/Aug/2008:14:25:06 -0400] "GET /SpecsSearch/CalibrationSearchForm.do HTTP/1.0" 400 - "-" "Mozilla/4.0 (compatible; MSIE 7.0; Windows NT 5.1)"
66.249.66.42 - - [20/Aug/2008:14:25:07 -0400] "GET /eSpecs/DocumentReferenced.do?GID=DRSRBCAAAAAAAAAA&page=1&nRecords=10&searchValue=AASHTO%20HB&searchKey=DOCNO&organizations=AASHTO&displayWithdrawn=false¤cy=CAD HTTP/1.1" 404 1039 "-" "Mozilla/5.0 (compatible; Googlebot/2.1; +http://www.google.com/bot.html)"
66.249.66.42 - - [20/Aug/2008:14:25:08 -0400] "GET /eSpecs/DocumentReferenced.do?GID=MNUDCAAAAAAAAAAA&page=1&nRecords=10&searchValue=A17.1&searchKey=DOCNO&organizations=ASME&displayWithdrawn=false¤cy=CAD HTTP/1.1" 404 1039 "-" "Mozilla/5.0 (compatible; Googlebot/2.1; +http://www.google.com/bot.html)"
66.249.66.42 - - [20/Aug/2008:14:25:09 -0400] "GET /eSpecs/DocumentReferenced.do?GID=YTJSJBAAAAAAAAAA&page=1&nRecords=10&searchValue=AWS%20D17.1&searchKey=DOCNO&organizations=&displayWithdrawn=false¤cy=CAD HTTP/1.1" 404 1039 "-" "Mozilla/5.0 (compatible; Googlebot/2.1; +http://www.google.com/bot.html)"
66.249.66.42 - - [20/Aug/2008:14:25:10 -0400] "GET /eSpecs/DocumentReferenced.do?GID=ACRIJBAAAAAAAAAA&page=1&nRecords=10&searchValue=NEMA%20BU%201.1&searchKey=DOCNO&organizations=NEMA&displayWithdrawn=false¤cy=CAD HTTP/1.1" 404 1039 "-" "Mozilla/5.0 (compatible; Googlebot/2.1; +http://www.google.com/bot.html)"
66.249.66.42 - - [20/Aug/2008:14:25:11 -0400] "GET /eSpecs/DocumentReferenced.do?GID=QJUVXAAAAAAAAAAA&page=1&nRecords=10&searchValue=17025&searchKey=DOCNO&organizations=ISO&displayWithdrawn=false¤cy=CAD HTTP/1.1" 404 1039 "-" "Mozilla/5.0 (compatible; Googlebot/2.1; +http://www.google.com/bot.html)"
66.249.66.42 - - [20/Aug/2008:14:25:12 -0400] "GET /eSpecs/DocumentReferenced.do?GID=EGQAJBAAAAAAAAAA&page=1&nRecords=10&searchValue=9004&searchKey=DOCNO&organizations=ISO&displayWithdrawn=false¤cy=CAD HTTP/1.1" 404 1039 "-" "Mozilla/5.0 (compatible; Googlebot/2.1; +http://www.google.com/bot.html)"
66.249.66.42 - - [20/Aug/2008:14:25:14 -0400] "GET /eSpecs/DocumentReferenced.do?GID=QJUVXAAAAAAAAAAA&page=1&nRecords=10&searchValue=14001&searchKey=DOCNO&organizations=ISO&displayWithdrawn=false¤cy=CAD HTTP/1.1" 404 1039 "-" "Mozilla/5.0 (compatible; Googlebot/2.1; +http://www.google.com/bot.html)"
66.249.66.42 - - [20/Aug/2008:14:25:15 -0400] "GET /eSpecs/DocumentReferenced.do?GID=GPBCBCAAAAAAAAAA&page=1&nRecords=10&searchValue=D1.4&searchKey=DOCNO&organizations=AWS&displayWithdrawn=false¤cy=CAD HTTP/1.1" 404 1039 "-" "Mozilla/5.0 (compatible; Googlebot/2.1; +http://www.google.com/bot.html)"
66.135.100.194 - - [20/Aug/2008:14:25:16 -0400] "GET /SpecsSearch/SpecsSearchAction.do HTTP/1.0" 400 - "-" "Mozilla/4.0 (compatible; MSIE 7.0; Windows NT 5.1)"
66.249.66.42 - - [20/Aug/2008:14:25:16 -0400] "GET /eSpecs/DocumentReferenced.do?GID=QEPIJBAAAAAAAAAA&page=1&nRecords=10&searchValue=ANSI%20C12.1&searchKey=DOCNO&organizations=ANSI&displayWithdrawn=false¤cy=CAD HTTP/1.1" 404 1039 "-" "Mozilla/5.0 (compatible; Googlebot/2.1; +http://www.google.com/bot.html)"
66.249.66.42 - - [20/Aug/2008:14:25:17 -0400] "GET /eSpecs/DocumentReferenced.do?GID=LHNTFBAAAAAAAAAA&page=1&nRecords=10&searchValue=60417&searchKey=DOCNO&organizations=IEC&displayWithdrawn=false¤cy=CAD HTTP/1.1" 404 1039 "-" "Mozilla/5.0 (compatible; Googlebot/2.1; +http://www.google.com/bot.html)"
66.249.66.42 - - [20/Aug/2008:14:25:18 -0400] "GET /eSpecs/DocumentReferenced.do?GID=DPXOACAAAAAAAAAA&page=2&nRecords=10&searchValue=EIA-455&searchKey=DOCNO&organizations=TIA&displayWithdrawn=false¤cy=CAD HTTP/1.1" 404 1039 "-" "Mozilla/5.0 (compatible; Googlebot/2.1; +http://www.google.com/bot.html)"
66.249.66.42 - - [20/Aug/2008:14:25:19 -0400] "GET /eSpecs/DocumentReferenced.do?GID=AVUABCAAAAAAAAAA&page=1&nRecords=10&searchValue=17799&searchKey=DOCNO&organizations=ISO&displayWithdrawn=false¤cy=CAD HTTP/1.1" 404 1039 "-" "Mozilla/5.0 (compatible; Googlebot/2.1; +http://www.google.com/bot.html)"
66.249.66.42 - - [20/Aug/2008:14:25:20 -0400] "GET /eSpecs/DocumentReferenced.do?GID=PUUHIBAAAAAAAAAA&page=1&nRecords=10&searchValue=API%20RP%20500&searchKey=DOCNO&organizations=API&displayWithdrawn=false¤cy=CAD HTTP/1.1" 404 1039 "-" "Mozilla/5.0 (compatible; Googlebot/2.1; +http://www.google.com/bot.html)"
66.135.100.194 - - [20/Aug/2008:14:25:21 -0400] "GET /specs/pdf/616_e.pdf HTTP/1.0" 304 - "-" "Mozilla/4.0 (compatible; MSIE 7.0; Windows NT 5.1)"
66.249.66.42 - - [20/Aug/2008:14:25:21 -0400] "GET /eSpecs/DocumentReferenced.do?GID=KYSEIBAAAAAAAAAA&page=1&nRecords=10&searchValue=ANSI%20C12.1&searchKey=DOCNO&organizations=ANSI&displayWithdrawn=false¤cy=CAD HTTP/1.1" 404 1039 "-" "Mozilla/5.0 (compatible; Googlebot/2.1; +http://www.google.com/bot.html)"
66.249.66.42 - - [20/Aug/2008:14:25:22 -0400] "GET /eSpecs/DocumentReferenced.do?GID=LWETCAAAAAAAAAAA&page=1&nRecords=10&searchValue=ASTM%20D%20471&searchKey=DOCNO&organizations=&displayWithdrawn=false¤cy=CAD HTTP/1.1" 404 1039 "-" "Mozilla/5.0 (compatible; Googlebot/2.1; +http://www.google.com/bot.html)"
66.249.66.42 - - [20/Aug/2008:14:25:23 -0400] "GET /eSpecs/DocumentReferenced.do?GID=DCIHIBAAAAAAAAAA&page=1&nRecords=10&searchValue=D1.3&searchKey=DOCNO&organizations=AWS&displayWithdrawn=false¤cy=CAD HTTP/1.1" 404 1039 "-" "Mozilla/5.0 (compatible; Googlebot/2.1; +http://www.google.com/bot.html)"
74.6.22.96 - - [20/Aug/2008:14:25:24 -0400] "GET /eSpecs/AddDocumentAction.do?mediaType=ELEC&GID=LVSOACAAAAAAAAAA&page=1&nRecords=10&searchValue=17799&searchKey=DOCNO&organizations=ISO&displayWithdrawn=false¤cy=CAD HTTP/1.0" 404 1036 "-" "Mozilla/5.0 (compatible; Yahoo! Slurp; http://help.yahoo.com/help/us/ysearch/slurp)"
66.249.66.42 - - [20/Aug/2008:14:25:25 -0400] "GET /eSpecs/DocumentReferenced.do?GID=EMDYNAAAAAAAAAAA&page=1&nRecords=10&searchValue=60601-1&searchKey=DOCNO&organizations=IEC&displayWithdrawn=false¤cy=CAD HTTP/1.1" 404 1039 "-" "Mozilla/5.0 (compatible; Googlebot/2.1; +http://www.google.com/bot.html)"
66.249.66.42 - - [20/Aug/2008:14:25:26 -0400] "GET /eSpecs/DocumentReferenced.do?GID=IWIAFBAAAAAAAAAA&page=1&nRecords=10&searchValue=ANSI%20C12.1&searchKey=DOCNO&organizations=ANSI&displayWithdrawn=false¤cy=CAD HTTP/1.1" 404 1039 "-" "Mozilla/5.0 (compatible; Googlebot/2.1; +http://www.google.com/bot.html)"
66.249.66.42 - - [20/Aug/2008:14:25:27 -0400] "GET /eSpecs/DocumentReferenced.do?GID=SVYZCBAAAAAAAAAA&page=1&nRecords=10&searchValue=TC-1A&searchKey=DOCNO&organizations=&displayWithdrawn=false¤cy=CAD HTTP/1.1" 404 1039 "-" "Mozilla/5.0 (compatible; Googlebot/2.1; +http://www.google.com/bot.html)"
66.249.66.42 - - [20/Aug/2008:14:25:28 -0400] "GET /eSpecs/DocumentReferenced.do?GID=DXHIHBAAAAAAAAAA&page=1&nRecords=10&searchValue=1417&searchKey=DOCNO&organizations=ASTM&displayWithdrawn=false¤cy=CAD HTTP/1.1" 404 1039 "-" "Mozilla/5.0 (compatible; Googlebot/2.1; +http://www.google.com/bot.html)"
137.149.64.126 - - [20/Aug/2008:14:25:28 -0400] "GET /SpecsSearch/TLSearchForm.do HTTP/1.1" 400 - "http://www.scc.ca/en/index.shtml" "Mozilla/4.0 (compatible; MSIE 7.0; Windows NT 5.1; (R1 1.5); .NET CLR 1.1.4322; InfoPath.1; .NET CLR 2.0.50727; .NET CLR 3.0.04506.648)"
66.249.66.42 - - [20/Aug/2008:14:25:29 -0400] "GET /eSpecs/DocumentReferenced.do?GID=RIKHACAAAAAAAAAA&page=1&nRecords=10&searchValue=D1.4&searchKey=DOCNO&organizations=AWS&displayWithdrawn=false¤cy=CAD HTTP/1.1" 404 1039 "-" "Mozilla/5.0 (compatible; Googlebot/2.1; +http://www.google.com/bot.html)"
66.249.66.42 - - [20/Aug/2008:14:25:30 -0400] "GET /eSpecs/DocumentReferenced.do?GID=WWDZCAAAAAAAAAAA&page=1&nRecords=10&searchValue=SAE%20AS%209102&searchKey=DOCNO&organizations=&displayWithdrawn=false¤cy=CAD HTTP/1.1" 404 1039 "-" "Mozilla/5.0 (compatible; Googlebot/2.1; +http://www.google.com/bot.html)"
66.249.66.42 - - [20/Aug/2008:14:25:31 -0400] "GET /eSpecs/DocumentReferenced.do?GID=XQMWCAAAAAAAAAAA&page=1&nRecords=10&searchValue=API%20STD%201529&searchKey=DOCNO&organizations=API&displayWithdrawn=false¤cy=CAD HTTP/1.1" 404 1039 "-" "Mozilla/5.0 (compatible; Googlebot/2.1; +http://www.google.com/bot.html)"
66.249.66.42 - - [20/Aug/2008:14:25:32 -0400] "GET /eSpecs/DocumentReferenced.do?GID=YFVZXBAAAAAAAAAA&page=1&nRecords=10&searchValue=IEEE%20C2&searchKey=DOCNO&organizations=IEEE&displayWithdrawn=false¤cy=CAD HTTP/1.1" 404 1039 "-" "Mozilla/5.0 (compatible; Googlebot/2.1; +http://www.google.com/bot.html)"
66.249.66.42 - - [20/Aug/2008:14:25:33 -0400] "GET /eSpecs/DocumentReferenced.do?GID=VRZDBCAAAAAAAAAA&page=1&nRecords=10&searchValue=9001&searchKey=DOCNO&organizations=ISO&displayWithdrawn=false¤cy=CAD HTTP/1.1" 404 1039 "-" "Mozilla/5.0 (compatible; Googlebot/2.1; +http://www.google.com/bot.html)"
66.249.66.42 - - [20/Aug/2008:14:25:34 -0400] "GET /eSpecs/DocumentReferenced.do?GID=CGTIIBAAAAAAAAAA&page=1&nRecords=10&searchValue=API%20STD%201529&searchKey=DOCNO&organizations=API&displayWithdrawn=false¤cy=CAD HTTP/1.1" 404 1039 "-" "Mozilla/5.0 (compatible; Googlebot/2.1; +http://www.google.com/bot.html)"
66.249.66.42 - - [20/Aug/2008:14:25:36 -0400] "GET /eSpecs/DocumentReferenced.do?GID=OTYMXAAAAAAAAAAA&page=1&nRecords=10&searchValue=TC-1A&searchKey=DOCNO&organizations=&displayWithdrawn=false¤cy=CAD HTTP/1.1" 404 1039 "-" "Mozilla/5.0 (compatible; Googlebot/2.1; +http://www.google.com/bot.html)"
66.249.66.42 - - [20/Aug/2008:14:25:37 -0400] "GET /eSpecs/DocumentReferenced.do?GID=ICHSABAAAAAAAAAA&page=1&nRecords=10&searchValue=9000%20Compendium&searchKey=DOCNO&organizations=ISO&displayWithdrawn=false¤cy=CAD HTTP/1.1" 404 1039 "-" "Mozilla/5.0 (compatible; Googlebot/2.1; +http://www.google.com/bot.html)"
66.249.66.42 - - [20/Aug/2008:14:25:38 -0400] "GET /eSpecs/DocumentReferenced.do?GID=IQNPBCAAAAAAAAAA&page=1&nRecords=10&searchValue=MW%201000&searchKey=DOCNO&organizations=NEMA&displayWithdrawn=false¤cy=CAD HTTP/1.1" 404 1039 "-" "Mozilla/5.0 (compatible; Googlebot/2.1; +http://www.google.com/bot.html)"
66.249.66.42 - - [20/Aug/2008:14:25:39 -0400] "GET /eSpecs/DocumentReferenced.do?GID=RSNHJBAAAAAAAAAA&page=1&nRecords=10&searchValue=ANSI%20C12.1&searchKey=DOCNO&organizations=ANSI&displayWithdrawn=false¤cy=CAD HTTP/1.1" 404 1039 "-" "Mozilla/5.0 (compatible; Googlebot/2.1; +http://www.google.com/bot.html)"
66.249.66.42 - - [20/Aug/2008:14:25:40 -0400] "GET /eSpecs/DocumentReferenced.do?GID=JGSYGCAAAAAAAAAA&page=1&nRecords=10&searchValue=1456&searchKey=DOCNO&organizations=ISO&displayWithdrawn=false¤cy=CAD HTTP/1.1" 404 1039 "-" "Mozilla/5.0 (compatible; Googlebot/2.1; +http://www.google.com/bot.html)"
142.46.199.30 - - [20/Aug/2008:14:25:41 -0400] "HEAD / HTTP/1.0" 200 - "-" "Mozilla/4.0 (compatible; ipMonitor 8.5)"
66.249.66.42 - - [20/Aug/2008:14:25:41 -0400] "GET /eSpecs/DocumentReferenced.do?GID=LZUOCCAAAAAAAAAA&page=1&nRecords=10&searchValue=A117.1&searchKey=DOCNO&organizations=ANSI&displayWithdrawn=false¤cy=CAD HTTP/1.1" 404 1039 "-" "Mozilla/5.0 (compatible; Googlebot/2.1; +http://www.google.com/bot.html)"
66.249.66.42 - - [20/Aug/2008:14:25:42 -0400] "GET /eSpecs/DocumentReferenced.do?GID=IUFUIBAAAAAAAAAA&page=1&nRecords=10&searchValue=TIA-569&searchKey=DOCNO&organizations=TIA&displayWithdrawn=false¤cy=CAD HTTP/1.1" 404 1039 "-" "Mozilla/5.0 (compatible; Googlebot/2.1; +http://www.google.com/bot.html)"
137.149.64.126 - - [20/Aug/2008:14:25:42 -0400] "GET /specs/pdf/43_e.pdf HTTP/1.1" 200 35778 "-" "Mozilla/4.0 (compatible; MSIE 7.0; Windows NT 5.1; (R1 1.5); .NET CLR 1.1.4322; InfoPath.1; .NET CLR 2.0.50727; .NET CLR 3.0.04506.648)"
66.249.66.42 - - [20/Aug/2008:14:25:43 -0400] "GET /eSpecs/DocumentReferenced.do?GID=WLVUACAAAAAAAAAA&page=1&nRecords=10&searchValue=17025&searchKey=DOCNO&organizations=ISO&displayWithdrawn=false¤cy=CAD HTTP/1.1" 404 1039 "-" "Mozilla/5.0 (compatible; Googlebot/2.1; +http://www.google.com/bot.html)"
66.249.66.42 - - [20/Aug/2008:14:25:44 -0400] "GET /eSpecs/DocumentReferenced.do?GID=DASSCAAAAAAAAAAA&page=1&nRecords=10&searchValue=568&searchKey=DOCNO&organizations=TIA&displayWithdrawn=false¤cy=CAD HTTP/1.1" 404 1039 "-" "Mozilla/5.0 (compatible; Googlebot/2.1; +http://www.google.com/bot.html)"
66.249.66.42 - - [20/Aug/2008:14:25:45 -0400] "GET /eSpecs/DocumentReferenced.do?GID=IUYVXAAAAAAAAAAA&page=1&nRecords=10&searchValue=9001&searchKey=DOCNO&organizations=ISO&displayWithdrawn=false¤cy=CAD HTTP/1.1" 404 1039 "-" "Mozilla/5.0 (compatible; Googlebot/2.1; +http://www.google.com/bot.html)"
66.249.66.42 - - [20/Aug/2008:14:25:47 -0400] "GET /eSpecs/DocumentReferenced.do?GID=BXICYAAAAAAAAAAA&page=1&nRecords=10&searchValue=1456&searchKey=DOCNO&organizations=ISO&displayWithdrawn=false¤cy=CAD HTTP/1.1" 404 1039 "-" "Mozilla/5.0 (compatible; Googlebot/2.1; +http://www.google.com/bot.html)"
142.46.199.30 - - [20/Aug/2008:14:25:47 -0400] "HEAD / HTTP/1.0" 200 - "-" "Mozilla/4.0 (compatible; ipMonitor 8.5)"
137.149.64.126 - - [20/Aug/2008:14:25:47 -0400] "GET /SpecsSearch/TLSearchForm.do HTTP/1.1" 400 - "http://www.scc.ca/en/index.shtml" "Mozilla/4.0 (compatible; MSIE 7.0; Windows NT 5.1; (R1 1.5); .NET CLR 1.1.4322; InfoPath.1; .NET CLR 2.0.50727; .NET CLR 3.0.04506.648)"
66.249.66.42 - - [20/Aug/2008:14:25:48 -0400] "GET /eSpecs/DocumentReferenced.do?GID=QJBQCAAAAAAAAAAA&page=1&nRecords=10&searchValue=NEMA%20250&searchKey=DOCNO&organizations=NEMA&displayWithdrawn=false¤cy=CAD HTTP/1.1" 404 1039 "-" "Mozilla/5.0 (compatible; Googlebot/2.1; +http://www.google.com/bot.html)"
66.249.66.42 - - [20/Aug/2008:14:25:49 -0400] "GET /eSpecs/DocumentReferenced.do?GID=BLUDCAAAAAAAAAAA&page=1&nRecords=10&searchValue=IEEE%20C2&searchKey=DOCNO&organizations=IEEE&displayWithdrawn=false¤cy=CAD HTTP/1.1" 404 1039 "-" "Mozilla/5.0 (compatible; Googlebot/2.1; +http://www.google.com/bot.html)"
66.249.66.42 - - [20/Aug/2008:14:25:50 -0400] "GET /eSpecs/DocumentReferenced.do?GID=FJJSJBAAAAAAAAAA&page=1&nRecords=10&searchValue=TR%2010013&searchKey=DOCNO&organizations=ISO&displayWithdrawn=false¤cy=CAD HTTP/1.1" 404 1039 "-" "Mozilla/5.0 (compatible; Googlebot/2.1; +http://www.google.com/bot.html)"
66.249.66.42 - - [20/Aug/2008:14:25:51 -0400] "GET /eSpecs/DocumentReferenced.do?GID=DGZLCAAAAAAAAAAA&page=1&nRecords=10&searchValue=A-610&searchKey=DOCNO&organizations=IPC&displayWithdrawn=false¤cy=CAD HTTP/1.1" 404 1039 "-" "Mozilla/5.0 (compatible; Googlebot/2.1; +http://www.google.com/bot.html)"
137.149.64.126 - - [20/Aug/2008:14:25:52 -0400] "GET /SpecsSearch/TLSearchForm HTTP/1.1" 400 - "-" "Mozilla/4.0 (compatible; MSIE 7.0; Windows NT 5.1; (R1 1.5); .NET CLR 1.1.4322; InfoPath.1; .NET CLR 2.0.50727; .NET CLR 3.0.04506.648)"
66.249.66.42 - - [20/Aug/2008:14:25:52 -0400] "GET /eSpecs/DocumentReferenced.do?GID=CTAPFBAAAAAAAAAA&page=1&nRecords=10&searchValue=60601-1-2&searchKey=DOCNO&organizations=BSI&displayWithdrawn=false¤cy=CAD HTTP/1.1" 404 1039 "-" "Mozilla/5.0 (compatible; Googlebot/2.1; +http://www.google.com/bot.html)"
66.249.66.42 - - [20/Aug/2008:14:25:53 -0400] "GET /eSpecs/DocumentReferenced.do?GID=ZXNMEBAAAAAAAAAA&page=1&nRecords=10&searchValue=NASM21209&searchKey=DOCNO&organizations=&displayWithdrawn=false¤cy=CAD HTTP/1.1" 404 1039 "-" "Mozilla/5.0 (compatible; Googlebot/2.1; +http://www.google.com/bot.html)"
66.249.66.42 - - [20/Aug/2008:14:25:54 -0400] "GET /eSpecs/DocumentReferenced.do?GID=LDPJEAAAAAAAAAAA&page=1&nRecords=10&searchValue=EW%201&searchKey=DOCNO&organizations=NEMA&displayWithdrawn=false¤cy=CAD HTTP/1.1" 404 1039 "-" "Mozilla/5.0 (compatible; Googlebot/2.1; +http://www.google.com/bot.html)"
66.249.66.42 - - [20/Aug/2008:14:25:55 -0400] "GET /eSpecs/DocumentReferenced.do?GID=HONUIBAAAAAAAAAA&page=1&nRecords=10&searchValue=9001&searchKey=DOCNO&organizations=ISO&displayWithdrawn=false¤cy=CAD HTTP/1.1" 404 1039 "-" "Mozilla/5.0 (compatible; Googlebot/2.1; +http://www.google.com/bot.html)"
66.249.66.42 - - [20/Aug/2008:14:25:56 -0400] "GET /eSpecs/DocumentReferenced.do?GID=APCIFBAAAAAAAAAA&page=1&nRecords=10&searchValue=14971&searchKey=DOCNO&organizations=ISO&displayWithdrawn=false¤cy=CAD HTTP/1.1" 404 1039 "-" "Mozilla/5.0 (compatible; Googlebot/2.1; +http://www.google.com/bot.html)"
66.249.66.42 - - [20/Aug/2008:14:25:58 -0400] "GET /eSpecs/DocumentReferenced.do?GID=GRHHIBAAAAAAAAAA&page=1&nRecords=10&searchValue=D1.4&searchKey=DOCNO&organizations=AWS&displayWithdrawn=false¤cy=CAD HTTP/1.1" 404 1039 "-" "Mozilla/5.0 (compatible; Googlebot/2.1; +http://www.google.com/bot.html)"
66.249.66.42 - - [20/Aug/2008:14:25:59 -0400] "GET /eSpecs/DocumentReferenced.do?GID=CMYFJBAAAAAAAAAA&page=1&nRecords=10&searchValue=5950-1&searchKey=DOCNO&organizations=bsi&displayWithdrawn=false¤cy=CAD HTTP/1.1" 404 1039 "-" "Mozilla/5.0 (compatible; Googlebot/2.1; +http://www.google.com/bot.html)"
66.249.66.42 - - [20/Aug/2008:14:26:00 -0400] "GET /eSpecs/DocumentReferenced.do?GID=WKNIJAAAAAAAAAAA&page=1&nRecords=10&searchValue=NAS%201149&searchKey=DOCNO&organizations=&displayWithdrawn=false¤cy=CAD HTTP/1.1" 404 1039 "-" "Mozilla/5.0 (compatible; Googlebot/2.1; +http://www.google.com/bot.html)"
66.249.66.42 - - [20/Aug/2008:14:26:01 -0400] "GET /eSpecs/DocumentReferenced.do?GID=YMMPFBAAAAAAAAAA&page=1&nRecords=10&searchValue=B%20221&searchKey=DOCNO&organizations=ASTM&displayWithdrawn=false¤cy=CAD HTTP/1.1" 404 1039 "-" "Mozilla/5.0 (compatible; Googlebot/2.1; +http://www.google.com/bot.html)"
66.249.66.42 - - [20/Aug/2008:14:26:02 -0400] "GET /eSpecs/DocumentReferenced.do?GID=QVCHHBAAAAAAAAAA&page=1&nRecords=10&searchValue=9001&searchKey=DOCNO&organizations=ISO&displayWithdrawn=false¤cy=CAD HTTP/1.1" 404 1039 "-" "Mozilla/5.0 (compatible; Googlebot/2.1; +http://www.google.com/bot.html)"
66.249.66.42 - - [20/Aug/2008:14:26:03 -0400] "GET /eSpecs/DocumentReferenced.do?GID=KWTRBCAAAAAAAAAA&page=1&nRecords=10&searchValue=1041&searchKey=DOCNO&organizations=BSI&displayWithdrawn=false¤cy=CAD HTTP/1.1" 404 1039 "-" "Mozilla/5.0 (compatible; Googlebot/2.1; +http://www.google.com/bot.html)"
142.46.199.30 - - [20/Aug/2008:14:26:04 -0400] "GET /eSpecs/SearchFormAction.do?page=1&searchValue=17025&searchKey=DOCNO&organizations=ISO HTTP/1.0" 404 1033 "-" "Mozilla/4.0 (compatible; ipMonitor 8.5)"
66.249.66.42 - - [20/Aug/2008:14:26:04 -0400] "GET /eSpecs/DocumentReferenced.do?GID=VKKRCAAAAAAAAAAA&page=1&nRecords=10&searchValue=9000%20Compendium&searchKey=DOCNO&organizations=ISO&displayWithdrawn=false¤cy=CAD HTTP/1.1" 404 1039 "-" "Mozilla/5.0 (compatible; Googlebot/2.1; +http://www.google.com/bot.html)"
66.249.66.42 - - [20/Aug/2008:14:26:05 -0400] "GET /eSpecs/DocumentReferenced.do?GID=HTPUCAAAAAAAAAAA&page=1&nRecords=10&searchValue=15223&searchKey=DOCNO&organizations=ISO&displayWithdrawn=false¤cy=CAD HTTP/1.1" 404 1039 "-" "Mozilla/5.0 (compatible; Googlebot/2.1; +http://www.google.com/bot.html)"
66.249.66.42 - - [20/Aug/2008:14:26:06 -0400] "GET /eSpecs/DocumentReferenced.do?GID=SBEPCAAAAAAAAAAA&page=1&nRecords=10&searchValue=41&searchKey=DOCNO&organizations=TIA&displayWithdrawn=false¤cy=CAD HTTP/1.1" 404 1039 "-" "Mozilla/5.0 (compatible; Googlebot/2.1; +http://www.google.com/bot.html)"
66.249.66.42 - - [20/Aug/2008:14:26:07 -0400] "GET /eSpecs/DocumentReferenced.do?GID=REYIIAAAAAAAAAAA&page=1&nRecords=10&searchValue=NEMA%20BU%201.1&searchKey=DOCNO&organizations=NEMA&displayWithdrawn=false¤cy=CAD HTTP/1.1" 404 1039 "-" "Mozilla/5.0 (compatible; Googlebot/2.1; +http://www.google.com/bot.html)"
66.249.66.42 - - [20/Aug/2008:14:26:08 -0400] "GET /eSpecs/DocumentReferenced.do?GID=KGQDDBAAAAAAAAAA&page=1&nRecords=10&searchValue=ANSI%20A92.2&searchKey=DOCNO&organizations=ANSI&displayWithdrawn=false¤cy=CAD HTTP/1.1" 404 1039 "-" "Mozilla/5.0 (compatible; Googlebot/2.1; +http://www.google.com/bot.html)"
66.249.66.42 - - [20/Aug/2008:14:26:10 -0400] "GET /eSpecs/DocumentReferenced.do?GID=IRTGCAAAAAAAAAAA&page=1&nRecords=10&searchValue=API%20STD%201529&searchKey=DOCNO&organizations=API&displayWithdrawn=false¤cy=CAD HTTP/1.1" 404 1039 "-" "Mozilla/5.0 (compatible; Googlebot/2.1; +http://www.google.com/bot.html)"
66.249.66.42 - - [20/Aug/2008:14:26:11 -0400] "GET /eSpecs/DocumentReferenced.do?GID=FTPPCCAAAAAAAAAA&page=1&nRecords=10&searchValue=AASHTO%20HB&searchKey=DOCNO&organizations=AASHTO&displayWithdrawn=false¤cy=CAD HTTP/1.1" 404 1039 "-" "Mozilla/5.0 (compatible; Googlebot/2.1; +http://www.google.com/bot.html)"
66.249.66.42 - - [20/Aug/2008:14:26:12 -0400] "GET /eSpecs/DocumentReferenced.do?GID=CMGSCAAAAAAAAAAA&page=1&nRecords=10&searchValue=A3.0&searchKey=DOCNO&organizations=AWS&displayWithdrawn=false¤cy=CAD HTTP/1.1" 404 1039 "-" "Mozilla/5.0 (compatible; Googlebot/2.1; +http://www.google.com/bot.html)"
66.249.66.42 - - [20/Aug/2008:14:26:13 -0400] "GET /eSpecs/DocumentReferenced.do?GID=HHEGEBAAAAAAAAAA&page=1&nRecords=10&searchValue=PB%201.1&searchKey=DOCNO&organizations=NEMA&displayWithdrawn=false¤cy=CAD HTTP/1.1" 404 1039 "-" "Mozilla/5.0 (compatible; Googlebot/2.1; +http://www.google.com/bot.html)"
66.249.66.42 - - [20/Aug/2008:14:26:14 -0400] "GET /eSpecs/DocumentReferenced.do?GID=JZQSCAAAAAAAAAAA&page=1&nRecords=10&searchValue=TC-1A&searchKey=DOCNO&organizations=&displayWithdrawn=false¤cy=CAD HTTP/1.1" 404 1039 "-" "Mozilla/5.0 (compatible; Googlebot/2.1; +http://www.google.com/bot.html)"
66.249.66.42 - - [20/Aug/2008:14:26:15 -0400] "GET /eSpecs/DocumentReferenced.do?GID=AOLMEBAAAAAAAAAA&page=1&nRecords=10&searchValue=D17.1&searchKey=DOCNO&organizations=AWS&displayWithdrawn=false¤cy=CAD HTTP/1.1" 404 1039 "-" "Mozilla/5.0 (compatible; Googlebot/2.1; +http://www.google.com/bot.html)"
66.249.66.42 - - [20/Aug/2008:14:26:16 -0400] "GET /eSpecs/DocumentReferenced.do?GID=ORLSHBAAAAAAAAAA&page=1&nRecords=10&searchValue=GMW3116&searchKey=DOCNO&organizations=&displayWithdrawn=false¤cy=CAD HTTP/1.1" 404 1039 "-" "Mozilla/5.0 (compatible; Googlebot/2.1; +http://www.google.com/bot.html)"
66.249.66.42 - - [20/Aug/2008:14:26:17 -0400] "GET /eSpecs/DocumentReferenced.do?GID=ZDFRZAAAAAAAAAAA&page=1&nRecords=10&searchValue=TIA-569&searchKey=DOCNO&organizations=TIA&displayWithdrawn=false¤cy=CAD HTTP/1.1" 404 1039 "-" "Mozilla/5.0 (compatible; Googlebot/2.1; +http://www.google.com/bot.html)"
66.249.66.42 - - [20/Aug/2008:14:26:18 -0400] "GET /eSpecs/DocumentReferenced.do?GID=PFORCAAAAAAAAAAA&page=1&nRecords=10&searchValue=1041&searchKey=DOCNO&organizations=BSI&displayWithdrawn=false¤cy=CAD HTTP/1.1" 404 1039 "-" "Mozilla/5.0 (compatible; Googlebot/2.1; +http://www.google.com/bot.html)"
66.249.66.42 - - [20/Aug/2008:14:26:19 -0400] "GET /eSpecs/DocumentReferenced.do?GID=XKZICAAAAAAAAAAA&page=1&nRecords=10&searchValue=API%20RP%20500&searchKey=DOCNO&organizations=API&displayWithdrawn=false¤cy=CAD HTTP/1.1" 404 1039 "-" "Mozilla/5.0 (compatible; Googlebot/2.1; +http://www.google.com/bot.html)"
66.249.66.42 - - [20/Aug/2008:14:26:21 -0400] "GET /eSpecs/DocumentReferenced.do?GID=LXGDCAAAAAAAAAAA&page=1&nRecords=10&searchValue=70&searchKey=DOCNO&organizations=NFPA&displayWithdrawn=false¤cy=CAD HTTP/1.1" 404 1039 "-" "Mozilla/5.0 (compatible; Googlebot/2.1; +http://www.google.com/bot.html)"
66.249.66.42 - - [20/Aug/2008:14:26:22 -0400] "GET /eSpecs/DocumentReferenced.do?GID=YWRADAAAAAAAAAAA&page=1&nRecords=10&searchValue=60601-1&searchKey=DOCNO&organizations=IEC&displayWithdrawn=false¤cy=CAD HTTP/1.1" 404 1039 "-" "Mozilla/5.0 (compatible; Googlebot/2.1; +http://www.google.com/bot.html)"
66.249.66.42 - - [20/Aug/2008:14:26:23 -0400] "GET /eSpecs/DocumentReferenced.do?GID=IGIOBCAAAAAAAAAA&page=1&nRecords=10&searchValue=NEMA%20BU%201.1&searchKey=DOCNO&organizations=NEMA&displayWithdrawn=false¤cy=CAD HTTP/1.1" 404 1039 "-" "Mozilla/5.0 (compatible; Googlebot/2.1; +http://www.google.com/bot.html)"
66.249.66.42 - - [20/Aug/2008:14:26:24 -0400] "GET /eSpecs/DocumentReferenced.do?GID=FCDJACAAAAAAAAAA&page=1&nRecords=10&searchValue=TC%206%20&searchKey=DOCNO&organizations=NEMA&displayWithdrawn=false¤cy=CAD HTTP/1.1" 404 1039 "-" "Mozilla/5.0 (compatible; Googlebot/2.1; +http://www.google.com/bot.html)"
66.249.66.42 - - [20/Aug/2008:14:26:25 -0400] "GET /eSpecs/DocumentReferenced.do?GID=IJGWIAAAAAAAAAAA&page=1&nRecords=10&searchValue=10993-4&searchKey=DOCNO&organizations=ISO&displayWithdrawn=false¤cy=CAD HTTP/1.1" 404 1039 "-" "Mozilla/5.0 (compatible; Googlebot/2.1; +http://www.google.com/bot.html)"
66.249.66.42 - - [20/Aug/2008:14:26:26 -0400] "GET /eSpecs/DocumentReferenced.do?GID=DVIPGBAAAAAAAAAA&page=1&nRecords=10&searchValue=60950-1&searchKey=DOCNO&organizations=IEC&displayWithdrawn=false¤cy=CAD HTTP/1.1" 404 1039 "-" "Mozilla/5.0 (compatible; Googlebot/2.1; +http://www.google.com/bot.html)"
66.249.66.42 - - [20/Aug/2008:14:26:27 -0400] "GET /eSpecs/DocumentReferenced.do?GID=LCJUJBAAAAAAAAAA&page=1&nRecords=10&searchValue=C2&searchKey=DOCNO&organizations=IEEE&displayWithdrawn=false¤cy=CAD HTTP/1.1" 404 1039 "-" "Mozilla/5.0 (compatible; Googlebot/2.1; +http://www.google.com/bot.html)"
66.249.66.42 - - [20/Aug/2008:14:26:28 -0400] "GET /eSpecs/DocumentReferenced.do?GID=AFUVACAAAAAAAAAA&page=1&nRecords=10&searchValue=72&searchKey=DOCNO&organizations=NFPA&displayWithdrawn=false¤cy=CAD HTTP/1.1" 404 1039 "-" "Mozilla/5.0 (compatible; Googlebot/2.1; +http://www.google.com/bot.html)"
66.249.66.42 - - [20/Aug/2008:14:26:29 -0400] "GET /eSpecs/DocumentReferenced.do?GID=MZSBFBAAAAAAAAAA&page=1&nRecords=10&searchValue=9001&searchKey=DOCNO&organizations=ISO&displayWithdrawn=false¤cy=CAD HTTP/1.1" 404 1039 "-" "Mozilla/5.0 (compatible; Googlebot/2.1; +http://www.google.com/bot.html)"
66.249.66.42 - - [20/Aug/2008:14:26:30 -0400] "GET /eSpecs/DocumentReferenced.do?GID=YJWMZBAAAAAAAAAA&page=1&nRecords=10&searchValue=60529&searchKey=DOCNO&organizations=IEC&displayWithdrawn=false¤cy=CAD HTTP/1.1" 404 1039 "-" "Mozilla/5.0 (compatible; Googlebot/2.1; +http://www.google.com/bot.html)"
66.249.66.42 - - [20/Aug/2008:14:26:32 -0400] "GET /eSpecs/DocumentReferenced.do?GID=OGFNPAAAAAAAAAAA&page=1&nRecords=10&searchValue=ASTM%20E%20399&searchKey=DOCNO&organizations=&displayWithdrawn=false¤cy=CAD HTTP/1.1" 404 1039 "-" "Mozilla/5.0 (compatible; Googlebot/2.1; +http://www.google.com/bot.html)"
66.249.66.42 - - [20/Aug/2008:14:26:33 -0400] "GET /eSpecs/DocumentReferenced.do?GID=IKRZJBAAAAAAAAAA&page=1&nRecords=10&searchValue=1864&searchKey=DOCNO&organizations=ASTM&displayWithdrawn=false¤cy=CAD HTTP/1.1" 404 1039 "-" "Mozilla/5.0 (compatible; Googlebot/2.1; +http://www.google.com/bot.html)"
66.249.66.42 - - [20/Aug/2008:14:26:34 -0400] "GET /eSpecs/DocumentReferenced.do?GID=MIKTCAAAAAAAAAAA&page=1&nRecords=10&searchValue=9001&searchKey=DOCNO&organizations=ISO&displayWithdrawn=false¤cy=CAD HTTP/1.1" 404 1039 "-" "Mozilla/5.0 (compatible; Googlebot/2.1; +http://www.google.com/bot.html)"
66.249.66.42 - - [20/Aug/2008:14:26:35 -0400] "GET /eSpecs/DocumentReferenced.do?GID=IURDCAAAAAAAAAAA&page=1&nRecords=10&searchValue=NEMA%20MG%201&searchKey=DOCNO&organizations=&displayWithdrawn=false¤cy=CAD HTTP/1.1" 404 1039 "-" "Mozilla/5.0 (compatible; Googlebot/2.1; +http://www.google.com/bot.html)"
66.249.71.16 - - [20/Aug/2008:14:26:36 -0400] "GET /eSpecs/DocumentReferenced.do?GID=VLOMACAAAAAAAAAA&page=1&nRecords=10&searchValue=D1.4&searchKey=DOCNO&organizations=AWS&displayWithdrawn=false¤cy=CAD HTTP/1.1" 404 1039 "-" "Mozilla/5.0 (compatible; Googlebot/2.1; +http://www.google.com/bot.html)"
66.249.66.42 - - [20/Aug/2008:14:26:37 -0400] "GET /eSpecs/DocumentReferenced.do?GID=XLDJJBAAAAAAAAAA&page=1&nRecords=10&searchValue=60417&searchKey=DOCNO&organizations=IEC&displayWithdrawn=false¤cy=CAD HTTP/1.1" 404 1039 "-" "Mozilla/5.0 (compatible; Googlebot/2.1; +http://www.google.com/bot.html)"
66.249.66.42 - - [20/Aug/2008:14:26:38 -0400] "GET /eSpecs/DocumentReferenced.do?GID=XPKSIAAAAAAAAAAA&page=1&nRecords=10&searchValue=1041&searchKey=DOCNO&organizations=BSI&displayWithdrawn=false¤cy=CAD HTTP/1.1" 404 1039 "-" "Mozilla/5.0 (compatible; Googlebot/2.1; +http://www.google.com/bot.html)"
66.249.66.42 - - [20/Aug/2008:14:26:39 -0400] "GET /eSpecs/DocumentReferenced.do?GID=NRARXBAAAAAAAAAA&page=1&nRecords=10&searchValue=ANSI%20C12.1&searchKey=DOCNO&organizations=ANSI&displayWithdrawn=false¤cy=CAD HTTP/1.1" 404 1039 "-" "Mozilla/5.0 (compatible; Googlebot/2.1; +http://www.google.com/bot.html)"
66.249.66.42 - - [20/Aug/2008:14:26:40 -0400] "GET /eSpecs/DocumentReferenced.do?GID=FDSECAAAAAAAAAAA&page=1&nRecords=10&searchValue=19011&searchKey=DOCNO&organizations=ISO&displayWithdrawn=false¤cy=CAD HTTP/1.1" 404 1039 "-" "Mozilla/5.0 (compatible; Googlebot/2.1; +http://www.google.com/bot.html)"
66.249.66.42 - - [20/Aug/2008:14:26:41 -0400] "GET /eSpecs/DocumentReferenced.do?GID=SWZICCAAAAAAAAAA&page=1&nRecords=10&searchValue=10006&searchKey=DOCNO&organizations=ISO&displayWithdrawn=false¤cy=CAD HTTP/1.1" 404 1039 "-" "Mozilla/5.0 (compatible; Googlebot/2.1; +http://www.google.com/bot.html)"
66.249.66.42 - - [20/Aug/2008:14:26:43 -0400] "GET /eSpecs/DocumentReferenced.do?GID=HAHRACAAAAAAAAAA&page=1&nRecords=10&searchValue=NASM21209&searchKey=DOCNO&organizations=&displayWithdrawn=false¤cy=CAD HTTP/1.1" 404 1039 "-" "Mozilla/5.0 (compatible; Googlebot/2.1; +http://www.google.com/bot.html)"
66.249.66.42 - - [20/Aug/2008:14:26:44 -0400] "GET /eSpecs/DocumentReferenced.do?GID=NZSOIAAAAAAAAAAA&page=1&nRecords=10&searchValue=NASM21209&searchKey=DOCNO&organizations=&displayWithdrawn=false¤cy=CAD HTTP/1.1" 404 1039 "-" "Mozilla/5.0 (compatible; Googlebot/2.1; +http://www.google.com/bot.html)"
66.249.66.42 - - [20/Aug/2008:14:26:45 -0400] "GET /eSpecs/DocumentReferenced.do?GID=NXNCEBAAAAAAAAAA&page=1&nRecords=10&searchValue=17799&searchKey=DOCNO&organizations=ISO&displayWithdrawn=false¤cy=CAD HTTP/1.1" 404 1039 "-" "Mozilla/5.0 (compatible; Googlebot/2.1; +http://www.google.com/bot.html)"
66.249.66.42 - - [20/Aug/2008:14:26:46 -0400] "GET /eSpecs/DocumentReferenced.do?GID=NAIGFBAAAAAAAAAA&page=1&nRecords=10&searchValue=H35.2&searchKey=DOCNO&organizations=ANSI&displayWithdrawn=false¤cy=CAD HTTP/1.1" 404 1039 "-" "Mozilla/5.0 (compatible; Googlebot/2.1; +http://www.google.com/bot.html)"
66.249.66.42 - - [20/Aug/2008:14:26:47 -0400] "GET /eSpecs/DocumentReferenced.do?GID=STNHJBAAAAAAAAAA&page=1&nRecords=10&searchValue=B%20209&searchKey=DOCNO&organizations=ASTM&displayWithdrawn=false¤cy=CAD HTTP/1.1" 404 1039 "-" "Mozilla/5.0 (compatible; Googlebot/2.1; +http://www.google.com/bot.html)"
66.249.66.42 - - [20/Aug/2008:14:26:48 -0400] "GET /eSpecs/DocumentReferenced.do?GID=FNFFCAAAAAAAAAAA&page=1&nRecords=10&searchValue=60601-1&searchKey=DOCNO&organizations=UL&displayWithdrawn=false¤cy=CAD HTTP/1.1" 404 1039 "-" "Mozilla/5.0 (compatible; Googlebot/2.1; +http://www.google.com/bot.html)"
66.249.66.42 - - [20/Aug/2008:14:26:49 -0400] "GET /eSpecs/DocumentReferenced.do?GID=ZNBLCAAAAAAAAAAA&page=1&nRecords=10&searchValue=TIA-569&searchKey=DOCNO&organizations=TIA&displayWithdrawn=false¤cy=CAD HTTP/1.1" 404 1039 "-" "Mozilla/5.0 (compatible; Googlebot/2.1; +http://www.google.com/bot.html)"
66.249.66.42 - - [20/Aug/2008:14:26:50 -0400] "GET /eSpecs/DocumentReferenced.do?GID=QRMWJBAAAAAAAAAA&page=1&nRecords=10&searchValue=SAE%20AMS-H-6875&searchKey=DOCNO&organizations=&displayWithdrawn=false¤cy=CAD HTTP/1.1" 404 1039 "-" "Mozilla/5.0 (compatible; Googlebot/2.1; +http://www.google.com/bot.html)"
66.249.66.42 - - [20/Aug/2008:14:26:51 -0400] "GET /eSpecs/DocumentReferenced.do?GID=CFQSCAAAAAAAAAAA&page=1&nRecords=10&searchValue=9001&searchKey=DOCNO&organizations=ISO&displayWithdrawn=false¤cy=CAD HTTP/1.1" 404 1039 "-" "Mozilla/5.0 (compatible; Googlebot/2.1; +http://www.google.com/bot.html)"
66.249.66.42 - - [20/Aug/2008:14:26:52 -0400] "GET /eSpecs/DocumentReferenced.do?GID=WAIECAAAAAAAAAAA&page=1&nRecords=10&searchValue=60950-1&searchKey=DOCNO&organizations=IEC&displayWithdrawn=false¤cy=CAD HTTP/1.1" 404 1039 "-" "Mozilla/5.0 (compatible; Googlebot/2.1; +http://www.google.com/bot.html)"
66.249.66.42 - - [20/Aug/2008:14:26:54 -0400] "GET /eSpecs/DocumentReferenced.do?GID=AAZMIBAAAAAAAAAA&page=1&nRecords=10&searchValue=NQA%201&searchKey=DOCNO&organizations=ASME&displayWithdrawn=false¤cy=CAD HTTP/1.1" 404 1039 "-" "Mozilla/5.0 (compatible; Googlebot/2.1; +http://www.google.com/bot.html)"
74.6.22.96 - - [20/Aug/2008:14:26:54 -0400] "GET /eSpecs/DocumentReferenced.do?GID=VGEUCAAAAAAAAAAA&page=1&nRecords=10&searchValue=17025&searchKey=DOCNO&organizations=ISO&displayWithdrawn=false¤cy=CAD HTTP/1.0" 404 1039 "-" "Mozilla/5.0 (compatible; Yahoo! Slurp; http://help.yahoo.com/help/us/ysearch/slurp)"
66.249.66.42 - - [20/Aug/2008:14:26:55 -0400] "GET /eSpecs/DocumentReferenced.do?GID=AJJGACAAAAAAAAAA&page=1&nRecords=10&searchValue=NEMA%20MG%201&searchKey=DOCNO&organizations=&displayWithdrawn=false¤cy=CAD HTTP/1.1" 404 1039 "-" "Mozilla/5.0 (compatible; Googlebot/2.1; +http://www.google.com/bot.html)"
