67.212.11.179 - - [20/Aug/2008:14:48:44 -0400] "GET /eSpecs/images/en/isoiec17025.gif HTTP/1.1" 304 - "http://www.standardsstore.ca/eSpecs/SearchFormAction.do?page=1&searchValue=9001&searchKey=DOCNO&organizations=ISO" "Mozilla/4.0 (compatible; MSIE 7.0; Windows NT 5.1; .NET CLR 1.1.4322; .NET CLR 2.0.50727; .NET CLR 3.0.04506.648; .NET CLR 3.5.21022)"
67.212.11.179 - - [20/Aug/2008:14:48:45 -0400] "GET /eSpecs/images/help.jpg HTTP/1.1" 304 - "http://www.standardsstore.ca/eSpecs/SearchFormAction.do?page=1&searchValue=9001&searchKey=DOCNO&organizations=ISO" "Mozilla/4.0 (compatible; MSIE 7.0; Windows NT 5.1; .NET CLR 1.1.4322; .NET CLR 2.0.50727; .NET CLR 3.0.04506.648; .NET CLR 3.5.21022)"
67.212.11.179 - - [20/Aug/2008:14:48:46 -0400] "GET /eSpecs/images/cart_button.gif HTTP/1.1" 200 761 "http://www.standardsstore.ca/eSpecs/SearchFormAction.do?page=1&searchValue=9001&searchKey=DOCNO&organizations=ISO" "Mozilla/4.0 (compatible; MSIE 7.0; Windows NT 5.1; .NET CLR 1.1.4322; .NET CLR 2.0.50727; .NET CLR 3.0.04506.648; .NET CLR 3.5.21022)"
67.212.11.179 - - [20/Aug/2008:14:48:46 -0400] "GET /eSpecs/images/spacer.gif HTTP/1.1" 200 43 "http://www.standardsstore.ca/eSpecs/SearchFormAction.do?page=1&searchValue=9001&searchKey=DOCNO&organizations=ISO" "Mozilla/4.0 (compatible; MSIE 7.0; Windows NT 5.1; .NET CLR 1.1.4322; .NET CLR 2.0.50727; .NET CLR 3.0.04506.648; .NET CLR 3.5.21022)"
67.212.11.179 - - [20/Aug/2008:14:48:37 -0400] "GET /eSpecs/SearchFormAction.do?page=1&searchValue=9001&searchKey=DOCNO&organizations=ISO HTTP/1.1" 200 98087 "http://www.standardsstore.ca/eSpecs/index.jsp" "Mozilla/4.0 (compatible; MSIE 7.0; Windows NT 5.1; .NET CLR 1.1.4322; .NET CLR 2.0.50727; .NET CLR 3.0.04506.648; .NET CLR 3.5.21022)"
67.212.11.179 - - [20/Aug/2008:14:48:46 -0400] "GET /eSpecs/images/canada.gif HTTP/1.1" 304 - "http://www.standardsstore.ca/eSpecs/SearchFormAction.do?page=1&searchValue=9001&searchKey=DOCNO&organizations=ISO" "Mozilla/4.0 (compatible; MSIE 7.0; Windows NT 5.1; .NET CLR 1.1.4322; .NET CLR 2.0.50727; .NET CLR 3.0.04506.648; .NET CLR 3.5.21022)"
67.212.11.179 - - [20/Aug/2008:14:48:47 -0400] "GET /eSpecs/images/NSS2008.jpg HTTP/1.1" 304 - "http://www.standardsstore.ca/eSpecs/SearchFormAction.do?page=1&searchValue=9001&searchKey=DOCNO&organizations=ISO" "Mozilla/4.0 (compatible; MSIE 7.0; Windows NT 5.1; .NET CLR 1.1.4322; .NET CLR 2.0.50727; .NET CLR 3.0.04506.648; .NET CLR 3.5.21022)"
66.249.66.42 - - [20/Aug/2008:14:48:49 -0400] "GET /eSpecs/DocumentReferenced.do?GID=OUGLCAAAAAAAAAAA&page=1&nRecords=10&searchValue=ASME%20PALD&searchKey=DOCNO&organizations=ASME&displayWithdrawn=false¤cy=CAD HTTP/1.1" 200 97260 "-" "Mozilla/5.0 (compatible; Googlebot/2.1; +http://www.google.com/bot.html)"
209.171.40.209 - - [20/Aug/2008:14:49:05 -0400] "GET /SpecsSearch/GLSearchForm.do?language=en HTTP/1.1" 200 27296 "http://www.scc.ca/en/programs/lab/index.shtml" "Mozilla/4.0 (compatible; MSIE 7.0; Windows NT 5.1; .NET CLR 1.1.4322; .NET CLR 2.0.50727; .NET CLR 3.0.04506.30)"
67.212.11.179 - - [20/Aug/2008:14:49:13 -0400] "GET / HTTP/1.1" 200 118 "-" "Mozilla/4.0 (compatible; MSIE 7.0; Windows NT 5.1; .NET CLR 1.1.4322; .NET CLR 2.0.50727; .NET CLR 3.0.04506.648; .NET CLR 3.5.21022)"
67.212.11.179 - - [20/Aug/2008:14:49:13 -0400] "GET /favicon.ico HTTP/1.1" 404 331 "-" "Mozilla/4.0 (compatible; MSIE 7.0; Windows NT 5.1; .NET CLR 1.1.4322; .NET CLR 2.0.50727; .NET CLR 3.0.04506.648; .NET CLR 3.5.21022)"
67.212.11.179 - - [20/Aug/2008:14:49:13 -0400] "GET /SpecsSearch/index.jsp HTTP/1.1" 302 - "-" "Mozilla/4.0 (compatible; MSIE 7.0; Windows NT 5.1; .NET CLR 1.1.4322; .NET CLR 2.0.50727; .NET CLR 3.0.04506.648; .NET CLR 3.5.21022)"
67.212.11.179 - - [20/Aug/2008:14:49:13 -0400] "GET /SpecsSearch/Welcome.do;jsessionid=DF831AD9D26302DF2EE8FE20A49F87A1 HTTP/1.1" 302 - "-" "Mozilla/4.0 (compatible; MSIE 7.0; Windows NT 5.1; .NET CLR 1.1.4322; .NET CLR 2.0.50727; .NET CLR 3.0.04506.648; .NET CLR 3.5.21022)"
67.212.11.179 - - [20/Aug/2008:14:49:13 -0400] "GET /SpecsSearch/GLSearchForm.do HTTP/1.1" 200 27296 "-" "Mozilla/4.0 (compatible; MSIE 7.0; Windows NT 5.1; .NET CLR 1.1.4322; .NET CLR 2.0.50727; .NET CLR 3.0.04506.648; .NET CLR 3.5.21022)"
209.171.40.209 - - [20/Aug/2008:14:49:22 -0400] "POST /SpecsSearch/SpecsSearchAction.do HTTP/1.1" 200 20166 "http://palcan.scc.ca/SpecsSearch/GLSearchForm.do?language=en" "Mozilla/4.0 (compatible; MSIE 7.0; Windows NT 5.1; .NET CLR 1.1.4322; .NET CLR 2.0.50727; .NET CLR 3.0.04506.30)"
209.171.40.209 - - [20/Aug/2008:14:49:22 -0400] "GET /SpecsSearch/pages/images/pdf-icon.gif HTTP/1.1" 200 915 "http://palcan.scc.ca/SpecsSearch/SpecsSearchAction.do" "Mozilla/4.0 (compatible; MSIE 7.0; Windows NT 5.1; .NET CLR 1.1.4322; .NET CLR 2.0.50727; .NET CLR 3.0.04506.30)"
66.249.66.42 - - [20/Aug/2008:14:49:26 -0400] "GET /eSpecs/DocumentReferenced.do?GID=DQVEHBAAAAAAAAAA&page=1&nRecords=10&searchValue=60825-1&searchKey=DOCNO&organizations=IEC&displayWithdrawn=false¤cy=CAD HTTP/1.1" 200 97130 "-" "Mozilla/5.0 (compatible; Googlebot/2.1; +http://www.google.com/bot.html)"
69.20.237.136 - - [20/Aug/2008:14:49:44 -0400] "GET / HTTP/1.0" 200 118 "-" "gsa-crawler (Enterprise; M2-NEY9DHEKUA2AA; dnajm@scc.ca)"
69.20.237.136 - - [20/Aug/2008:14:49:44 -0400] "GET /SpecsSearch/index.jsp HTTP/1.0" 302 - "-" "gsa-crawler (Enterprise; M2-NEY9DHEKUA2AA; dnajm@scc.ca)"
69.20.237.136 - - [20/Aug/2008:14:49:44 -0400] "GET /SpecsSearch/Welcome.do;jsessionid=DD675C2D3C55F2AB532D332290D12827 HTTP/1.0" 302 - "-" "gsa-crawler (Enterprise; M2-NEY9DHEKUA2AA; dnajm@scc.ca)"
69.20.237.136 - - [20/Aug/2008:14:49:44 -0400] "GET /SpecsSearch/GLSearchForm.do HTTP/1.0" 200 27296 "-" "gsa-crawler (Enterprise; M2-NEY9DHEKUA2AA; dnajm@scc.ca)"
209.171.40.209 - - [20/Aug/2008:14:49:48 -0400] "POST /SpecsSearch/SpecsSearchAction.do HTTP/1.1" 200 22883 "http://palcan.scc.ca/SpecsSearch/GLSearchForm.do?language=en" "Mozilla/4.0 (compatible; MSIE 7.0; Windows NT 5.1; .NET CLR 1.1.4322; .NET CLR 2.0.50727; .NET CLR 3.0.04506.30)"
130.113.40.104 - - [20/Aug/2008:14:49:56 -0400] "GET /SpecsSearch/pages/images/pdf-icon.gif HTTP/1.1" 200 915 "http://palcan.scc.ca/SpecsSearch/SpecsSearchAction.do" "Mozilla/4.0 (compatible; MSIE 7.0; Windows NT 6.0; SLCC1; .NET CLR 2.0.50727; Media Center PC 5.0; .NET CLR 3.0.04506)"
130.113.40.104 - - [20/Aug/2008:14:49:55 -0400] "GET /SpecsSearch/SpecsSearchAction.do HTTP/1.1" 200 314804 "http://maps.google.ca/maps?hl=en&ie=UTF8&q=forensic+engineering+hamilton+on&fb=1&view=map&cd=2" "Mozilla/4.0 (compatible; MSIE 7.0; Windows NT 6.0; SLCC1; .NET CLR 2.0.50727; Media Center PC 5.0; .NET CLR 3.0.04506)"
130.113.40.104 - - [20/Aug/2008:14:49:58 -0400] "GET /favicon.ico HTTP/1.1" 404 331 "-" "Mozilla/4.0 (compatible; MSIE 7.0; Windows NT 6.0; SLCC1; .NET CLR 2.0.50727; Media Center PC 5.0; .NET CLR 3.0.04506)"
24.226.86.177 - - [20/Aug/2008:14:50:06 -0400] "GET / HTTP/1.1" 200 121 "http://www.scc.ca/en/publications/index.shtml" "Mozilla/4.0 (compatible; MSIE 7.0; Windows NT 6.0; SLCC1; .NET CLR 2.0.50727; .NET CLR 3.0.04506; InfoPath.1)"
24.226.86.177 - - [20/Aug/2008:14:50:06 -0400] "GET /favicon.ico HTTP/1.1" 404 339 "-" "Mozilla/4.0 (compatible; MSIE 7.0; Windows NT 6.0; SLCC1; .NET CLR 2.0.50727; .NET CLR 3.0.04506; InfoPath.1)"
24.226.86.177 - - [20/Aug/2008:14:50:06 -0400] "GET /eSpecs/css/index.css HTTP/1.1" 200 10895 "http://www.standardsstore.ca/eSpecs/index.jsp" "Mozilla/4.0 (compatible; MSIE 7.0; Windows NT 6.0; SLCC1; .NET CLR 2.0.50727; .NET CLR 3.0.04506; InfoPath.1)"
24.226.86.177 - - [20/Aug/2008:14:50:06 -0400] "GET /eSpecs/js/main.js HTTP/1.1" 200 9677 "http://www.standardsstore.ca/eSpecs/index.jsp" "Mozilla/4.0 (compatible; MSIE 7.0; Windows NT 6.0; SLCC1; .NET CLR 2.0.50727; .NET CLR 3.0.04506; InfoPath.1)"
24.226.86.177 - - [20/Aug/2008:14:50:06 -0400] "GET /eSpecs/js/style.js HTTP/1.1" 200 3774 "http://www.standardsstore.ca/eSpecs/index.jsp" "Mozilla/4.0 (compatible; MSIE 7.0; Windows NT 6.0; SLCC1; .NET CLR 2.0.50727; .NET CLR 3.0.04506; InfoPath.1)"
24.226.86.177 - - [20/Aug/2008:14:50:06 -0400] "GET /eSpecs/images/header.gif HTTP/1.1" 200 13254 "http://www.standardsstore.ca/eSpecs/index.jsp" "Mozilla/4.0 (compatible; MSIE 7.0; Windows NT 6.0; SLCC1; .NET CLR 2.0.50727; .NET CLR 3.0.04506; InfoPath.1)"
24.226.86.177 - - [20/Aug/2008:14:50:07 -0400] "GET /eSpecs/images/scc_logo.gif HTTP/1.1" 200 4870 "http://www.standardsstore.ca/eSpecs/index.jsp" "Mozilla/4.0 (compatible; MSIE 7.0; Windows NT 6.0; SLCC1; .NET CLR 2.0.50727; .NET CLR 3.0.04506; InfoPath.1)"
24.226.86.177 - - [20/Aug/2008:14:50:07 -0400] "GET /eSpecs/images/ihs_logo.gif HTTP/1.1" 200 1947 "http://www.standardsstore.ca/eSpecs/index.jsp" "Mozilla/4.0 (compatible; MSIE 7.0; Windows NT 6.0; SLCC1; .NET CLR 2.0.50727; .NET CLR 3.0.04506; InfoPath.1)"
24.226.86.177 - - [20/Aug/2008:14:50:06 -0400] "GET /eSpecs/index.jsp HTTP/1.1" 200 87645 "-" "Mozilla/4.0 (compatible; MSIE 7.0; Windows NT 6.0; SLCC1; .NET CLR 2.0.50727; .NET CLR 3.0.04506; InfoPath.1)"
24.226.86.177 - - [20/Aug/2008:14:50:07 -0400] "GET /eSpecs/images/en/iso22000.gif HTTP/1.1" 200 39597 "http://www.standardsstore.ca/eSpecs/index.jsp" "Mozilla/4.0 (compatible; MSIE 7.0; Windows NT 6.0; SLCC1; .NET CLR 2.0.50727; .NET CLR 3.0.04506; InfoPath.1)"
24.226.86.177 - - [20/Aug/2008:14:50:07 -0400] "GET /eSpecs/images/help.jpg HTTP/1.1" 200 389 "http://www.standardsstore.ca/eSpecs/index.jsp" "Mozilla/4.0 (compatible; MSIE 7.0; Windows NT 6.0; SLCC1; .NET CLR 2.0.50727; .NET CLR 3.0.04506; InfoPath.1)"
24.226.86.177 - - [20/Aug/2008:14:50:07 -0400] "GET /eSpecs/images/NSS2008.jpg HTTP/1.1" 200 14223 "http://www.standardsstore.ca/eSpecs/index.jsp" "Mozilla/4.0 (compatible; MSIE 7.0; Windows NT 6.0; SLCC1; .NET CLR 2.0.50727; .NET CLR 3.0.04506; InfoPath.1)"
24.226.86.177 - - [20/Aug/2008:14:50:07 -0400] "GET /eSpecs/images/en/isoiec17025.gif HTTP/1.1" 200 39008 "http://www.standardsstore.ca/eSpecs/index.jsp" "Mozilla/4.0 (compatible; MSIE 7.0; Windows NT 6.0; SLCC1; .NET CLR 2.0.50727; .NET CLR 3.0.04506; InfoPath.1)"
24.226.86.177 - - [20/Aug/2008:14:50:07 -0400] "GET /eSpecs/images/iso.gif HTTP/1.1" 200 2457 "http://www.standardsstore.ca/eSpecs/index.jsp" "Mozilla/4.0 (compatible; MSIE 7.0; Windows NT 6.0; SLCC1; .NET CLR 2.0.50727; .NET CLR 3.0.04506; InfoPath.1)"
24.226.86.177 - - [20/Aug/2008:14:50:07 -0400] "GET /eSpecs/images/iec.gif HTTP/1.1" 200 696 "http://www.standardsstore.ca/eSpecs/index.jsp" "Mozilla/4.0 (compatible; MSIE 7.0; Windows NT 6.0; SLCC1; .NET CLR 2.0.50727; .NET CLR 3.0.04506; InfoPath.1)"
24.226.86.177 - - [20/Aug/2008:14:50:07 -0400] "GET /eSpecs/images/api.gif HTTP/1.1" 200 976 "http://www.standardsstore.ca/eSpecs/index.jsp" "Mozilla/4.0 (compatible; MSIE 7.0; Windows NT 6.0; SLCC1; .NET CLR 2.0.50727; .NET CLR 3.0.04506; InfoPath.1)"
24.226.86.177 - - [20/Aug/2008:14:50:07 -0400] "GET /eSpecs/images/asm.gif HTTP/1.1" 200 1711 "http://www.standardsstore.ca/eSpecs/index.jsp" "Mozilla/4.0 (compatible; MSIE 7.0; Windows NT 6.0; SLCC1; .NET CLR 2.0.50727; .NET CLR 3.0.04506; InfoPath.1)"
24.226.86.177 - - [20/Aug/2008:14:50:07 -0400] "GET /eSpecs/images/en/standards_alert.jpg HTTP/1.1" 200 14834 "http://www.standardsstore.ca/eSpecs/index.jsp" "Mozilla/4.0 (compatible; MSIE 7.0; Windows NT 6.0; SLCC1; .NET CLR 2.0.50727; .NET CLR 3.0.04506; InfoPath.1)"
24.226.86.177 - - [20/Aug/2008:14:50:07 -0400] "GET /eSpecs/images/en/reg.jpg HTTP/1.1" 200 13737 "http://www.standardsstore.ca/eSpecs/index.jsp" "Mozilla/4.0 (compatible; MSIE 7.0; Windows NT 6.0; SLCC1; .NET CLR 2.0.50727; .NET CLR 3.0.04506; InfoPath.1)"
24.226.86.177 - - [20/Aug/2008:14:50:07 -0400] "GET /eSpecs/images/en/exportalert.jpg HTTP/1.1" 200 16234 "http://www.standardsstore.ca/eSpecs/index.jsp" "Mozilla/4.0 (compatible; MSIE 7.0; Windows NT 6.0; SLCC1; .NET CLR 2.0.50727; .NET CLR 3.0.04506; InfoPath.1)"
24.226.86.177 - - [20/Aug/2008:14:50:07 -0400] "GET /eSpecs/images/afnor.gif HTTP/1.1" 200 811 "http://www.standardsstore.ca/eSpecs/index.jsp" "Mozilla/4.0 (compatible; MSIE 7.0; Windows NT 6.0; SLCC1; .NET CLR 2.0.50727; .NET CLR 3.0.04506; InfoPath.1)"
24.226.86.177 - - [20/Aug/2008:14:50:07 -0400] "GET /eSpecs/images/din_logo.gif HTTP/1.1" 200 486 "http://www.standardsstore.ca/eSpecs/index.jsp" "Mozilla/4.0 (compatible; MSIE 7.0; Windows NT 6.0; SLCC1; .NET CLR 2.0.50727; .NET CLR 3.0.04506; InfoPath.1)"
24.226.86.177 - - [20/Aug/2008:14:50:07 -0400] "GET /eSpecs/images/canada.gif HTTP/1.1" 200 1511 "http://www.standardsstore.ca/eSpecs/index.jsp" "Mozilla/4.0 (compatible; MSIE 7.0; Windows NT 6.0; SLCC1; .NET CLR 2.0.50727; .NET CLR 3.0.04506; InfoPath.1)"
24.226.86.177 - - [20/Aug/2008:14:50:07 -0400] "GET /eSpecs/images/research.jpg HTTP/1.1" 200 12311 "http://www.standardsstore.ca/eSpecs/index.jsp" "Mozilla/4.0 (compatible; MSIE 7.0; Windows NT 6.0; SLCC1; .NET CLR 2.0.50727; .NET CLR 3.0.04506; InfoPath.1)"
66.249.66.42 - - [20/Aug/2008:14:50:04 -0400] "GET /eSpecs/DocumentReferenced.do?GID=JCOZPAAAAAAAAAAA&page=1&nRecords=10&searchValue=60417&searchKey=DOCNO&organizations=IEC&displayWithdrawn=false¤cy=CAD HTTP/1.1" 200 98452 "-" "Mozilla/5.0 (compatible; Googlebot/2.1; +http://www.google.com/bot.html)"
67.212.11.179 - - [20/Aug/2008:14:50:13 -0400] "GET / HTTP/1.1" 304 - "-" "Mozilla/4.0 (compatible; MSIE 7.0; Windows NT 5.1; .NET CLR 1.1.4322; .NET CLR 2.0.50727; .NET CLR 3.0.04506.648; .NET CLR 3.5.21022)"
67.212.11.179 - - [20/Aug/2008:14:50:13 -0400] "GET /SpecsSearch/index.jsp HTTP/1.1" 302 - "-" "Mozilla/4.0 (compatible; MSIE 7.0; Windows NT 5.1; .NET CLR 1.1.4322; .NET CLR 2.0.50727; .NET CLR 3.0.04506.648; .NET CLR 3.5.21022)"
67.212.11.179 - - [20/Aug/2008:14:50:13 -0400] "GET /SpecsSearch/Welcome.do HTTP/1.1" 302 - "-" "Mozilla/4.0 (compatible; MSIE 7.0; Windows NT 5.1; .NET CLR 1.1.4322; .NET CLR 2.0.50727; .NET CLR 3.0.04506.648; .NET CLR 3.5.21022)"
67.212.11.179 - - [20/Aug/2008:14:50:15 -0400] "GET /SpecsSearch/GLSearchForm.do HTTP/1.1" 200 27296 "-" "Mozilla/4.0 (compatible; MSIE 7.0; Windows NT 5.1; .NET CLR 1.1.4322; .NET CLR 2.0.50727; .NET CLR 3.0.04506.648; .NET CLR 3.5.21022)"
209.171.40.209 - - [20/Aug/2008:14:50:29 -0400] "POST /SpecsSearch/SpecsSearchAction.do HTTP/1.1" 200 8192 "http://palcan.scc.ca/SpecsSearch/GLSearchForm.do?language=en" "Mozilla/4.0 (compatible; MSIE 7.0; Windows NT 5.1; .NET CLR 1.1.4322; .NET CLR 2.0.50727; .NET CLR 3.0.04506.30)"
209.171.40.209 - - [20/Aug/2008:14:50:28 -0400] "POST /SpecsSearch/SpecsSearchAction.do HTTP/1.1" 200 8184 "http://palcan.scc.ca/SpecsSearch/GLSearchForm.do?language=en" "Mozilla/4.0 (compatible; MSIE 7.0; Windows NT 5.1; .NET CLR 1.1.4322; .NET CLR 2.0.50727; .NET CLR 3.0.04506.30)"
67.212.11.179 - - [20/Aug/2008:14:50:39 -0400] "GET /SpecsSearch/GLSearchForm.do HTTP/1.1" 200 27296 "http://palcan.scc.ca/SpecsSearch/GLSearchForm.do" "Mozilla/4.0 (compatible; MSIE 7.0; Windows NT 5.1; .NET CLR 1.1.4322; .NET CLR 2.0.50727; .NET CLR 3.0.04506.648; .NET CLR 3.5.21022)"
142.46.199.30 - - [20/Aug/2008:14:50:42 -0400] "HEAD / HTTP/1.0" 200 - "-" "Mozilla/4.0 (compatible; ipMonitor 8.5)"
209.171.40.209 - - [20/Aug/2008:14:50:42 -0400] "POST /SpecsSearch/SpecsSearchAction.do HTTP/1.1" 200 37170 "http://palcan.scc.ca/SpecsSearch/GLSearchForm.do?language=en" "Mozilla/4.0 (compatible; MSIE 7.0; Windows NT 5.1; .NET CLR 1.1.4322; .NET CLR 2.0.50727; .NET CLR 3.0.04506.30)"
142.46.199.25 - - [20/Aug/2008:14:50:43 -0400] "GET / HTTP/1.1" 304 - "-" "Mozilla/4.0 (compatible; MSIE 6.0; Windows NT 5.0; .NET CLR 2.0.50727)"
142.46.199.25 - - [20/Aug/2008:14:50:44 -0400] "GET /eSpecs/css/index.css HTTP/1.1" 304 - "http://www.standardsstore.ca/eSpecs/index.jsp" "Mozilla/4.0 (compatible; MSIE 6.0; Windows NT 5.0; .NET CLR 2.0.50727)"
142.46.199.25 - - [20/Aug/2008:14:50:44 -0400] "GET /eSpecs/js/main.js HTTP/1.1" 304 - "http://www.standardsstore.ca/eSpecs/index.jsp" "Mozilla/4.0 (compatible; MSIE 6.0; Windows NT 5.0; .NET CLR 2.0.50727)"
142.46.199.25 - - [20/Aug/2008:14:50:43 -0400] "GET /eSpecs/index.jsp HTTP/1.1" 200 87645 "-" "Mozilla/4.0 (compatible; MSIE 6.0; Windows NT 5.0; .NET CLR 2.0.50727)"
142.46.199.25 - - [20/Aug/2008:14:50:44 -0400] "GET /eSpecs/js/style.js HTTP/1.1" 304 - "http://www.standardsstore.ca/eSpecs/index.jsp" "Mozilla/4.0 (compatible; MSIE 6.0; Windows NT 5.0; .NET CLR 2.0.50727)"
142.46.199.25 - - [20/Aug/2008:14:50:44 -0400] "GET /eSpecs/images/header.gif HTTP/1.1" 304 - "http://www.standardsstore.ca/eSpecs/index.jsp" "Mozilla/4.0 (compatible; MSIE 6.0; Windows NT 5.0; .NET CLR 2.0.50727)"
142.46.199.25 - - [20/Aug/2008:14:50:44 -0400] "GET /eSpecs/images/scc_logo.gif HTTP/1.1" 304 - "http://www.standardsstore.ca/eSpecs/index.jsp" "Mozilla/4.0 (compatible; MSIE 6.0; Windows NT 5.0; .NET CLR 2.0.50727)"
142.46.199.25 - - [20/Aug/2008:14:50:44 -0400] "GET /eSpecs/images/ihs_logo.gif HTTP/1.1" 304 - "http://www.standardsstore.ca/eSpecs/index.jsp" "Mozilla/4.0 (compatible; MSIE 6.0; Windows NT 5.0; .NET CLR 2.0.50727)"
142.46.199.25 - - [20/Aug/2008:14:50:44 -0400] "GET /eSpecs/images/en/iso22000.gif HTTP/1.1" 304 - "http://www.standardsstore.ca/eSpecs/index.jsp" "Mozilla/4.0 (compatible; MSIE 6.0; Windows NT 5.0; .NET CLR 2.0.50727)"
142.46.199.25 - - [20/Aug/2008:14:50:44 -0400] "GET /eSpecs/images/en/isoiec17025.gif HTTP/1.1" 304 - "http://www.standardsstore.ca/eSpecs/index.jsp" "Mozilla/4.0 (compatible; MSIE 6.0; Windows NT 5.0; .NET CLR 2.0.50727)"
142.46.199.25 - - [20/Aug/2008:14:50:44 -0400] "GET /eSpecs/images/help.jpg HTTP/1.1" 304 - "http://www.standardsstore.ca/eSpecs/index.jsp" "Mozilla/4.0 (compatible; MSIE 6.0; Windows NT 5.0; .NET CLR 2.0.50727)"
142.46.199.25 - - [20/Aug/2008:14:50:44 -0400] "GET /eSpecs/images/NSS2008.jpg HTTP/1.1" 304 - "http://www.standardsstore.ca/eSpecs/index.jsp" "Mozilla/4.0 (compatible; MSIE 6.0; Windows NT 5.0; .NET CLR 2.0.50727)"
142.46.199.25 - - [20/Aug/2008:14:50:44 -0400] "GET /eSpecs/images/iso.gif HTTP/1.1" 304 - "http://www.standardsstore.ca/eSpecs/index.jsp" "Mozilla/4.0 (compatible; MSIE 6.0; Windows NT 5.0; .NET CLR 2.0.50727)"
142.46.199.25 - - [20/Aug/2008:14:50:44 -0400] "GET /eSpecs/images/iec.gif HTTP/1.1" 304 - "http://www.standardsstore.ca/eSpecs/index.jsp" "Mozilla/4.0 (compatible; MSIE 6.0; Windows NT 5.0; .NET CLR 2.0.50727)"
142.46.199.25 - - [20/Aug/2008:14:50:44 -0400] "GET /eSpecs/images/api.gif HTTP/1.1" 304 - "http://www.standardsstore.ca/eSpecs/index.jsp" "Mozilla/4.0 (compatible; MSIE 6.0; Windows NT 5.0; .NET CLR 2.0.50727)"
142.46.199.25 - - [20/Aug/2008:14:50:44 -0400] "GET /eSpecs/images/asm.gif HTTP/1.1" 304 - "http://www.standardsstore.ca/eSpecs/index.jsp" "Mozilla/4.0 (compatible; MSIE 6.0; Windows NT 5.0; .NET CLR 2.0.50727)"
142.46.199.25 - - [20/Aug/2008:14:50:44 -0400] "GET /eSpecs/images/en/standards_alert.jpg HTTP/1.1" 304 - "http://www.standardsstore.ca/eSpecs/index.jsp" "Mozilla/4.0 (compatible; MSIE 6.0; Windows NT 5.0; .NET CLR 2.0.50727)"
142.46.199.25 - - [20/Aug/2008:14:50:44 -0400] "GET /eSpecs/images/en/exportalert.jpg HTTP/1.1" 304 - "http://www.standardsstore.ca/eSpecs/index.jsp" "Mozilla/4.0 (compatible; MSIE 6.0; Windows NT 5.0; .NET CLR 2.0.50727)"
142.46.199.25 - - [20/Aug/2008:14:50:44 -0400] "GET /eSpecs/images/en/reg.jpg HTTP/1.1" 304 - "http://www.standardsstore.ca/eSpecs/index.jsp" "Mozilla/4.0 (compatible; MSIE 6.0; Windows NT 5.0; .NET CLR 2.0.50727)"
142.46.199.25 - - [20/Aug/2008:14:50:44 -0400] "GET /eSpecs/images/research.jpg HTTP/1.1" 304 - "http://www.standardsstore.ca/eSpecs/index.jsp" "Mozilla/4.0 (compatible; MSIE 6.0; Windows NT 5.0; .NET CLR 2.0.50727)"
142.46.199.25 - - [20/Aug/2008:14:50:44 -0400] "GET /eSpecs/images/afnor.gif HTTP/1.1" 304 - "http://www.standardsstore.ca/eSpecs/index.jsp" "Mozilla/4.0 (compatible; MSIE 6.0; Windows NT 5.0; .NET CLR 2.0.50727)"
142.46.199.25 - - [20/Aug/2008:14:50:44 -0400] "GET /eSpecs/images/din_logo.gif HTTP/1.1" 304 - "http://www.standardsstore.ca/eSpecs/index.jsp" "Mozilla/4.0 (compatible; MSIE 6.0; Windows NT 5.0; .NET CLR 2.0.50727)"
142.46.199.25 - - [20/Aug/2008:14:50:44 -0400] "GET /eSpecs/images/canada.gif HTTP/1.1" 304 - "http://www.standardsstore.ca/eSpecs/index.jsp" "Mozilla/4.0 (compatible; MSIE 6.0; Windows NT 5.0; .NET CLR 2.0.50727)"
66.249.66.42 - - [20/Aug/2008:14:50:41 -0400] "GET /eSpecs/DocumentReferenced.do?GID=AXUOCCAAAAAAAAAA&page=1&nRecords=10&searchValue=14971&searchKey=DOCNO&organizations=ISO&displayWithdrawn=false¤cy=CAD HTTP/1.1" 200 88833 "-" "Mozilla/5.0 (compatible; Googlebot/2.1; +http://www.google.com/bot.html)"
142.46.199.30 - - [20/Aug/2008:14:50:49 -0400] "HEAD / HTTP/1.0" 200 - "-" "Mozilla/4.0 (compatible; ipMonitor 8.5)"
67.212.11.179 - - [20/Aug/2008:14:50:51 -0400] "GET /SpecsSearch/pages/images/pdf-icon.gif HTTP/1.1" 200 915 "http://palcan.scc.ca/SpecsSearch/SpecsSearchAction.do" "Mozilla/4.0 (compatible; MSIE 7.0; Windows NT 5.1; .NET CLR 1.1.4322; .NET CLR 2.0.50727; .NET CLR 3.0.04506.648; .NET CLR 3.5.21022)"
67.212.11.179 - - [20/Aug/2008:14:50:50 -0400] "POST /SpecsSearch/SpecsSearchAction.do HTTP/1.1" 200 314804 "http://palcan.scc.ca/SpecsSearch/GLSearchForm.do" "Mozilla/4.0 (compatible; MSIE 7.0; Windows NT 5.1; .NET CLR 1.1.4322; .NET CLR 2.0.50727; .NET CLR 3.0.04506.648; .NET CLR 3.5.21022)"
67.212.11.179 - - [20/Aug/2008:14:51:08 -0400] "GET /specs/pdf/130_e.pdf HTTP/1.1" 200 25991 "http://palcan.scc.ca/SpecsSearch/SpecsSearchAction.do" "Mozilla/4.0 (compatible; MSIE 7.0; Windows NT 5.1; .NET CLR 1.1.4322; .NET CLR 2.0.50727; .NET CLR 3.0.04506.648; .NET CLR 3.5.21022)"
209.41.141.90 - - [20/Aug/2008:14:51:16 -0400] "GET /specs HTTP/1.1" 404 333 "-" "Mozilla/4.0 (compatible; MSIE 6.0; Windows NT 5.0)"
209.41.141.90 - - [20/Aug/2008:14:51:24 -0400] "GET /specs/ HTTP/1.1" 404 334 "-" "Mozilla/4.0 (compatible; MSIE 6.0; Windows NT 5.0)"
142.46.199.30 - - [20/Aug/2008:14:51:18 -0400] "GET /eSpecs/SearchFormAction.do?page=1&searchValue=17025&searchKey=DOCNO&organizations=ISO HTTP/1.0" 200 100727 "-" "Mozilla/4.0 (compatible; ipMonitor 8.5)"
142.145.241.170 - - [20/Aug/2008:14:51:27 -0400] "GET /SpecsSearch/pages/images/pdf-icon.gif HTTP/1.1" 200 915 "http://palcan.scc.ca/SpecsSearch/SpecsSearchAction.do" "Mozilla/4.0 (compatible; MSIE 7.0; Windows NT 5.1; .NET CLR 1.1.4322; .NET CLR 2.0.50727; InfoPath.1)"
209.41.141.90 - - [20/Aug/2008:14:51:30 -0400] "GET / HTTP/1.1" 200 121 "-" "Mozilla/4.0 (compatible; MSIE 6.0; Windows NT 5.0)"
209.41.141.90 - - [20/Aug/2008:14:51:31 -0400] "GET /eSpecs/css/index.css HTTP/1.1" 200 10895 "http://www.standardsstore.ca/eSpecs/index.jsp" "Mozilla/4.0 (compatible; MSIE 6.0; Windows NT 5.0)"
209.41.141.90 - - [20/Aug/2008:14:51:31 -0400] "GET /eSpecs/js/main.js HTTP/1.1" 200 9677 "http://www.standardsstore.ca/eSpecs/index.jsp" "Mozilla/4.0 (compatible; MSIE 6.0; Windows NT 5.0)"
209.41.141.90 - - [20/Aug/2008:14:51:32 -0400] "GET /eSpecs/js/style.js HTTP/1.1" 200 3774 "http://www.standardsstore.ca/eSpecs/index.jsp" "Mozilla/4.0 (compatible; MSIE 6.0; Windows NT 5.0)"
209.41.141.90 - - [20/Aug/2008:14:51:32 -0400] "GET /eSpecs/images/header.gif HTTP/1.1" 200 13254 "http://www.standardsstore.ca/eSpecs/index.jsp" "Mozilla/4.0 (compatible; MSIE 6.0; Windows NT 5.0)"
209.41.141.90 - - [20/Aug/2008:14:51:32 -0400] "GET /eSpecs/images/scc_logo.gif HTTP/1.1" 200 4870 "http://www.standardsstore.ca/eSpecs/index.jsp" "Mozilla/4.0 (compatible; MSIE 6.0; Windows NT 5.0)"
209.41.141.90 - - [20/Aug/2008:14:51:32 -0400] "GET /eSpecs/images/ihs_logo.gif HTTP/1.1" 200 1947 "http://www.standardsstore.ca/eSpecs/index.jsp" "Mozilla/4.0 (compatible; MSIE 6.0; Windows NT 5.0)"
209.41.141.90 - - [20/Aug/2008:14:51:32 -0400] "GET /eSpecs/images/en/isoiec17025.gif HTTP/1.1" 200 39008 "http://www.standardsstore.ca/eSpecs/index.jsp" "Mozilla/4.0 (compatible; MSIE 6.0; Windows NT 5.0)"
209.41.141.90 - - [20/Aug/2008:14:51:31 -0400] "GET /eSpecs/index.jsp HTTP/1.1" 200 87645 "-" "Mozilla/4.0 (compatible; MSIE 6.0; Windows NT 5.0)"
209.41.141.90 - - [20/Aug/2008:14:51:33 -0400] "GET /eSpecs/images/help.jpg HTTP/1.1" 200 389 "http://www.standardsstore.ca/eSpecs/index.jsp" "Mozilla/4.0 (compatible; MSIE 6.0; Windows NT 5.0)"
209.41.141.90 - - [20/Aug/2008:14:51:33 -0400] "GET /eSpecs/images/NSS2008.jpg HTTP/1.1" 200 14223 "http://www.standardsstore.ca/eSpecs/index.jsp" "Mozilla/4.0 (compatible; MSIE 6.0; Windows NT 5.0)"
142.145.241.170 - - [20/Aug/2008:14:51:26 -0400] "GET /SpecsSearch/SpecsSearchAction.do HTTP/1.1" 200 314804 "-" "Mozilla/4.0 (compatible; MSIE 7.0; Windows NT 5.1; .NET CLR 1.1.4322; .NET CLR 2.0.50727; InfoPath.1)"
209.41.141.90 - - [20/Aug/2008:14:51:33 -0400] "GET /eSpecs/images/en/iso22000.gif HTTP/1.1" 200 39597 "http://www.standardsstore.ca/eSpecs/index.jsp" "Mozilla/4.0 (compatible; MSIE 6.0; Windows NT 5.0)"
142.145.241.170 - - [20/Aug/2008:14:51:34 -0400] "GET /favicon.ico HTTP/1.1" 404 331 "-" "Mozilla/4.0 (compatible; MSIE 7.0; Windows NT 5.1; .NET CLR 1.1.4322; .NET CLR 2.0.50727; InfoPath.1)"
209.41.141.90 - - [20/Aug/2008:14:51:34 -0400] "GET /eSpecs/images/iso.gif HTTP/1.1" 200 2457 "http://www.standardsstore.ca/eSpecs/index.jsp" "Mozilla/4.0 (compatible; MSIE 6.0; Windows NT 5.0)"
209.41.141.90 - - [20/Aug/2008:14:51:34 -0400] "GET /eSpecs/images/iec.gif HTTP/1.1" 200 696 "http://www.standardsstore.ca/eSpecs/index.jsp" "Mozilla/4.0 (compatible; MSIE 6.0; Windows NT 5.0)"
209.41.141.90 - - [20/Aug/2008:14:51:34 -0400] "GET /eSpecs/images/api.gif HTTP/1.1" 200 976 "http://www.standardsstore.ca/eSpecs/index.jsp" "Mozilla/4.0 (compatible; MSIE 6.0; Windows NT 5.0)"
209.41.141.90 - - [20/Aug/2008:14:51:34 -0400] "GET /eSpecs/images/asm.gif HTTP/1.1" 200 1711 "http://www.standardsstore.ca/eSpecs/index.jsp" "Mozilla/4.0 (compatible; MSIE 6.0; Windows NT 5.0)"
209.41.141.90 - - [20/Aug/2008:14:51:34 -0400] "GET /eSpecs/images/en/reg.jpg HTTP/1.1" 200 13737 "http://www.standardsstore.ca/eSpecs/index.jsp" "Mozilla/4.0 (compatible; MSIE 6.0; Windows NT 5.0)"
209.41.141.90 - - [20/Aug/2008:14:51:34 -0400] "GET /eSpecs/images/en/standards_alert.jpg HTTP/1.1" 200 14834 "http://www.standardsstore.ca/eSpecs/index.jsp" "Mozilla/4.0 (compatible; MSIE 6.0; Windows NT 5.0)"
209.41.141.90 - - [20/Aug/2008:14:51:35 -0400] "GET /eSpecs/images/en/exportalert.jpg HTTP/1.1" 200 16234 "http://www.standardsstore.ca/eSpecs/index.jsp" "Mozilla/4.0 (compatible; MSIE 6.0; Windows NT 5.0)"
209.41.141.90 - - [20/Aug/2008:14:51:35 -0400] "GET /eSpecs/images/afnor.gif HTTP/1.1" 200 811 "http://www.standardsstore.ca/eSpecs/index.jsp" "Mozilla/4.0 (compatible; MSIE 6.0; Windows NT 5.0)"
209.41.141.90 - - [20/Aug/2008:14:51:35 -0400] "GET /eSpecs/images/research.jpg HTTP/1.1" 200 12311 "http://www.standardsstore.ca/eSpecs/index.jsp" "Mozilla/4.0 (compatible; MSIE 6.0; Windows NT 5.0)"
209.41.141.90 - - [20/Aug/2008:14:51:35 -0400] "GET /eSpecs/images/din_logo.gif HTTP/1.1" 200 486 "http://www.standardsstore.ca/eSpecs/index.jsp" "Mozilla/4.0 (compatible; MSIE 6.0; Windows NT 5.0)"
209.41.141.90 - - [20/Aug/2008:14:51:35 -0400] "GET /eSpecs/images/canada.gif HTTP/1.1" 200 1511 "http://www.standardsstore.ca/eSpecs/index.jsp" "Mozilla/4.0 (compatible; MSIE 6.0; Windows NT 5.0)"
66.249.66.42 - - [20/Aug/2008:14:51:17 -0400] "GET /eSpecs/DocumentReferenced.do?GID=MMCYNAAAAAAAAAAA&page=1&nRecords=10&searchValue=NASM21209&searchKey=DOCNO&organizations=&displayWithdrawn=false¤cy=CAD HTTP/1.1" 200 178775 "-" "Mozilla/5.0 (compatible; Googlebot/2.1; +http://www.google.com/bot.html)"
209.171.40.209 - - [20/Aug/2008:14:51:45 -0400] "POST /SpecsSearch/SpecsSearchAction.do HTTP/1.1" 200 20251 "http://palcan.scc.ca/SpecsSearch/GLSearchForm.do?language=en" "Mozilla/4.0 (compatible; MSIE 7.0; Windows NT 5.1; .NET CLR 1.1.4322; .NET CLR 2.0.50727; .NET CLR 3.0.04506.30)"
209.41.141.90 - - [20/Aug/2008:14:51:53 -0400] "GET /eSpecs/images/cart_button.gif HTTP/1.1" 200 761 "http://www.standardsstore.ca/eSpecs/SearchFormAction.do;jsessionid=891FB4AEF1B5F821433B3D0BCFAD06A6?page=1&searchValue=60068-2-14&searchKey=DOCNO&nRecords=10&organizations=¤cy=CAD" "Mozilla/4.0 (compatible; MSIE 6.0; Windows NT 5.0)"
209.41.141.90 - - [20/Aug/2008:14:51:53 -0400] "GET /eSpecs/images/spacer.gif HTTP/1.1" 200 43 "http://www.standardsstore.ca/eSpecs/SearchFormAction.do;jsessionid=891FB4AEF1B5F821433B3D0BCFAD06A6?page=1&searchValue=60068-2-14&searchKey=DOCNO&nRecords=10&organizations=¤cy=CAD" "Mozilla/4.0 (compatible; MSIE 6.0; Windows NT 5.0)"
209.41.141.90 - - [20/Aug/2008:14:51:47 -0400] "GET /eSpecs/SearchFormAction.do;jsessionid=891FB4AEF1B5F821433B3D0BCFAD06A6?page=1&searchValue=60068-2-14&searchKey=DOCNO&nRecords=10&organizations=¤cy=CAD HTTP/1.1" 200 106496 "http://www.standardsstore.ca/eSpecs/index.jsp" "Mozilla/4.0 (compatible; MSIE 6.0; Windows NT 5.0)"
209.41.141.90 - - [20/Aug/2008:14:51:59 -0400] "GET /eSpecs/AddDocumentAction.do?mediaType=ELEC&GID=PNYFCAAAAAAAAAAA&page=1&nRecords=10&searchValue=60068-2-14&searchKey=DOCNO&organizations=&displayWithdrawn=false¤cy=CAD HTTP/1.1" 200 79906 "http://www.standardsstore.ca/eSpecs/SearchFormAction.do;jsessionid=891FB4AEF1B5F821433B3D0BCFAD06A6?page=1&searchValue=60068-2-14&searchKey=DOCNO&nRecords=10&organizations=¤cy=CAD" "Mozilla/4.0 (compatible; MSIE 6.0; Windows NT 5.0)"
66.249.66.42 - - [20/Aug/2008:14:52:08 -0400] "GET /eSpecs/DocumentReferenced.do?GID=QWHOCBAAAAAAAAAA&page=1&nRecords=10&searchValue=60417&searchKey=DOCNO&organizations=IEC&displayWithdrawn=false¤cy=CAD HTTP/1.1" 200 99982 "-" "Mozilla/5.0 (compatible; Googlebot/2.1; +http://www.google.com/bot.html)"
142.145.241.170 - - [20/Aug/2008:14:52:56 -0400] "GET /specs/pdf/639_e.pdf HTTP/1.1" 200 33261 "http://palcan.scc.ca/SpecsSearch/SpecsSearchAction.do" "Mozilla/4.0 (compatible; MSIE 7.0; Windows NT 5.1; .NET CLR 1.1.4322; .NET CLR 2.0.50727; InfoPath.1)"
66.249.66.42 - - [20/Aug/2008:14:52:56 -0400] "GET /eSpecs/DocumentReferenced.do?GID=TZGRCAAAAAAAAAAA&page=1&nRecords=10&searchValue=60204-1&searchKey=DOCNO&organizations=IEC&displayWithdrawn=false¤cy=CAD HTTP/1.1" 200 91297 "-" "Mozilla/5.0 (compatible; Googlebot/2.1; +http://www.google.com/bot.html)"
76.249.56.214 - - [20/Aug/2008:14:53:43 -0400] "GET / HTTP/1.1" 200 121 "http://www.google.com/search?sourceid=navclient&ie=UTF-8&rlz=1T4GZHY_enUS237US237&q=TS+16949+STANDARD" "Mozilla/4.0 (compatible; MSIE 7.0; Windows NT 5.1; .NET CLR 2.0.50727; InfoPath.2)"
76.249.56.214 - - [20/Aug/2008:14:53:43 -0400] "GET /favicon.ico HTTP/1.1" 404 339 "-" "Mozilla/4.0 (compatible; MSIE 7.0; Windows NT 5.1; .NET CLR 2.0.50727; InfoPath.2)"
76.249.56.214 - - [20/Aug/2008:14:53:44 -0400] "GET /eSpecs/index.jsp HTTP/1.1" 200 87645 "-" "Mozilla/4.0 (compatible; MSIE 7.0; Windows NT 5.1; .NET CLR 2.0.50727; InfoPath.2)"
76.249.56.214 - - [20/Aug/2008:14:53:44 -0400] "GET /eSpecs/css/index.css HTTP/1.1" 200 10895 "http://www.standardsstore.ca/eSpecs/index.jsp" "Mozilla/4.0 (compatible; MSIE 7.0; Windows NT 5.1; .NET CLR 2.0.50727; InfoPath.2)"
76.249.56.214 - - [20/Aug/2008:14:53:45 -0400] "GET /eSpecs/js/main.js HTTP/1.1" 200 9677 "http://www.standardsstore.ca/eSpecs/index.jsp" "Mozilla/4.0 (compatible; MSIE 7.0; Windows NT 5.1; .NET CLR 2.0.50727; InfoPath.2)"
76.249.56.214 - - [20/Aug/2008:14:53:45 -0400] "GET /eSpecs/js/style.js HTTP/1.1" 200 3774 "http://www.standardsstore.ca/eSpecs/index.jsp" "Mozilla/4.0 (compatible; MSIE 7.0; Windows NT 5.1; .NET CLR 2.0.50727; InfoPath.2)"
76.249.56.214 - - [20/Aug/2008:14:53:45 -0400] "GET /eSpecs/images/header.gif HTTP/1.1" 200 13254 "http://www.standardsstore.ca/eSpecs/index.jsp" "Mozilla/4.0 (compatible; MSIE 7.0; Windows NT 5.1; .NET CLR 2.0.50727; InfoPath.2)"
76.249.56.214 - - [20/Aug/2008:14:53:45 -0400] "GET /eSpecs/images/scc_logo.gif HTTP/1.1" 200 4870 "http://www.standardsstore.ca/eSpecs/index.jsp" "Mozilla/4.0 (compatible; MSIE 7.0; Windows NT 5.1; .NET CLR 2.0.50727; InfoPath.2)"
76.249.56.214 - - [20/Aug/2008:14:53:45 -0400] "GET /eSpecs/images/ihs_logo.gif HTTP/1.1" 200 1947 "http://www.standardsstore.ca/eSpecs/index.jsp" "Mozilla/4.0 (compatible; MSIE 7.0; Windows NT 5.1; .NET CLR 2.0.50727; InfoPath.2)"
76.249.56.214 - - [20/Aug/2008:14:53:45 -0400] "GET /eSpecs/images/en/iso22000.gif HTTP/1.1" 200 39597 "http://www.standardsstore.ca/eSpecs/index.jsp" "Mozilla/4.0 (compatible; MSIE 7.0; Windows NT 5.1; .NET CLR 2.0.50727; InfoPath.2)"
76.249.56.214 - - [20/Aug/2008:14:53:46 -0400] "GET /eSpecs/images/en/isoiec17025.gif HTTP/1.1" 200 39008 "http://www.standardsstore.ca/eSpecs/index.jsp" "Mozilla/4.0 (compatible; MSIE 7.0; Windows NT 5.1; .NET CLR 2.0.50727; InfoPath.2)"
76.249.56.214 - - [20/Aug/2008:14:53:46 -0400] "GET /eSpecs/images/help.jpg HTTP/1.1" 200 389 "http://www.standardsstore.ca/eSpecs/index.jsp" "Mozilla/4.0 (compatible; MSIE 7.0; Windows NT 5.1; .NET CLR 2.0.50727; InfoPath.2)"
76.249.56.214 - - [20/Aug/2008:14:53:46 -0400] "GET /eSpecs/images/iso.gif HTTP/1.1" 200 2457 "http://www.standardsstore.ca/eSpecs/index.jsp" "Mozilla/4.0 (compatible; MSIE 7.0; Windows NT 5.1; .NET CLR 2.0.50727; InfoPath.2)"
76.249.56.214 - - [20/Aug/2008:14:53:46 -0400] "GET /eSpecs/images/NSS2008.jpg HTTP/1.1" 200 14223 "http://www.standardsstore.ca/eSpecs/index.jsp" "Mozilla/4.0 (compatible; MSIE 7.0; Windows NT 5.1; .NET CLR 2.0.50727; InfoPath.2)"
76.249.56.214 - - [20/Aug/2008:14:53:46 -0400] "GET /eSpecs/images/iec.gif HTTP/1.1" 200 696 "http://www.standardsstore.ca/eSpecs/index.jsp" "Mozilla/4.0 (compatible; MSIE 7.0; Windows NT 5.1; .NET CLR 2.0.50727; InfoPath.2)"
76.249.56.214 - - [20/Aug/2008:14:53:46 -0400] "GET /eSpecs/images/api.gif HTTP/1.1" 200 976 "http://www.standardsstore.ca/eSpecs/index.jsp" "Mozilla/4.0 (compatible; MSIE 7.0; Windows NT 5.1; .NET CLR 2.0.50727; InfoPath.2)"
76.249.56.214 - - [20/Aug/2008:14:53:46 -0400] "GET /eSpecs/images/asm.gif HTTP/1.1" 200 1711 "http://www.standardsstore.ca/eSpecs/index.jsp" "Mozilla/4.0 (compatible; MSIE 7.0; Windows NT 5.1; .NET CLR 2.0.50727; InfoPath.2)"
76.249.56.214 - - [20/Aug/2008:14:53:46 -0400] "GET /eSpecs/images/en/standards_alert.jpg HTTP/1.1" 200 14834 "http://www.standardsstore.ca/eSpecs/index.jsp" "Mozilla/4.0 (compatible; MSIE 7.0; Windows NT 5.1; .NET CLR 2.0.50727; InfoPath.2)"
76.249.56.214 - - [20/Aug/2008:14:53:47 -0400] "GET /eSpecs/images/en/reg.jpg HTTP/1.1" 200 13737 "http://www.standardsstore.ca/eSpecs/index.jsp" "Mozilla/4.0 (compatible; MSIE 7.0; Windows NT 5.1; .NET CLR 2.0.50727; InfoPath.2)"
76.249.56.214 - - [20/Aug/2008:14:53:46 -0400] "GET /eSpecs/images/en/exportalert.jpg HTTP/1.1" 200 16234 "http://www.standardsstore.ca/eSpecs/index.jsp" "Mozilla/4.0 (compatible; MSIE 7.0; Windows NT 5.1; .NET CLR 2.0.50727; InfoPath.2)"
76.249.56.214 - - [20/Aug/2008:14:53:47 -0400] "GET /eSpecs/images/research.jpg HTTP/1.1" 200 12311 "http://www.standardsstore.ca/eSpecs/index.jsp" "Mozilla/4.0 (compatible; MSIE 7.0; Windows NT 5.1; .NET CLR 2.0.50727; InfoPath.2)"
76.249.56.214 - - [20/Aug/2008:14:53:47 -0400] "GET /eSpecs/images/afnor.gif HTTP/1.1" 200 811 "http://www.standardsstore.ca/eSpecs/index.jsp" "Mozilla/4.0 (compatible; MSIE 7.0; Windows NT 5.1; .NET CLR 2.0.50727; InfoPath.2)"
76.249.56.214 - - [20/Aug/2008:14:53:47 -0400] "GET /eSpecs/images/din_logo.gif HTTP/1.1" 200 486 "http://www.standardsstore.ca/eSpecs/index.jsp" "Mozilla/4.0 (compatible; MSIE 7.0; Windows NT 5.1; .NET CLR 2.0.50727; InfoPath.2)"
76.249.56.214 - - [20/Aug/2008:14:53:47 -0400] "GET /eSpecs/images/canada.gif HTTP/1.1" 200 1511 "http://www.standardsstore.ca/eSpecs/index.jsp" "Mozilla/4.0 (compatible; MSIE 7.0; Windows NT 5.1; .NET CLR 2.0.50727; InfoPath.2)"
76.249.56.214 - - [20/Aug/2008:14:53:50 -0400] "GET /eSpecs/SearchForm.do;jsessionid=289D40DA153B691ECF78C5E717A2DC8D?searchValue=&searchKey=TITLE&organizations=ISO HTTP/1.1" 200 140832 "http://www.standardsstore.ca/eSpecs/index.jsp" "Mozilla/4.0 (compatible; MSIE 7.0; Windows NT 5.1; .NET CLR 2.0.50727; InfoPath.2)"
66.249.66.42 - - [20/Aug/2008:14:53:42 -0400] "GET /eSpecs/DocumentReferenced.do?GID=PTBGCAAAAAAAAAAA&page=1&nRecords=10&searchValue=15223&searchKey=DOCNO&organizations=ISO&displayWithdrawn=false¤cy=CAD HTTP/1.1" 200 8192 "-" "Mozilla/5.0 (compatible; Googlebot/2.1; +http://www.google.com/bot.html)"
74.6.22.96 - - [20/Aug/2008:14:53:48 -0400] "GET /eSpecs/DocumentReferenced.do?GID=ZWTTACAAAAAAAAAA&page=1&nRecords=10&searchValue=70&searchKey=DOCNO&organizations=NFPA&displayWithdrawn=false¤cy=CAD HTTP/1.0" 200 8192 "-" "Mozilla/5.0 (compatible; Yahoo! Slurp; http://help.yahoo.com/help/us/ysearch/slurp)"
66.249.66.42 - - [20/Aug/2008:14:54:27 -0400] "GET /eSpecs/DocumentReferenced.do?GID=ICCSIBAAAAAAAAAA&page=1&nRecords=10&searchValue=ASME%20PALD&searchKey=DOCNO&organizations=ASME&displayWithdrawn=false¤cy=CAD HTTP/1.1" 200 253090 "-" "Mozilla/5.0 (compatible; Googlebot/2.1; +http://www.google.com/bot.html)"
74.6.22.96 - - [20/Aug/2008:14:54:43 -0400] "GET /eSpecs/SearchFormAction.do?page=1&searchValue=14001&searchKey=DOCNO&organizations=ISO HTTP/1.0" 200 88893 "-" "Mozilla/5.0 (compatible; Yahoo! Slurp; http://help.yahoo.com/help/us/ysearch/slurp)"
70.89.0.69 - - [20/Aug/2008:14:54:55 -0400] "GET /specs/pdf/106_e.pdf HTTP/1.1" 200 41411 "http://www.google.com/search?hl=en&q=CAN%2FCSA+STD+C22.2+601.1" "Mozilla/4.0 (compatible; MSIE 7.0; Windows NT 5.1; .NET CLR 1.1.4322)"
142.46.199.30 - - [20/Aug/2008:14:55:17 -0400] "GET /SpecsSearch/pages/images/pdf-icon.gif HTTP/1.1" 200 915 "http://palcan.scc.ca/SpecsSearch/SpecsSearchAction.do" "Mozilla/4.0 (compatible; MSIE 7.0; Windows NT 5.1; .NET CLR 1.1.4322; .NET CLR 2.0.50727; .NET CLR 3.0.04506.30; InfoPath.1; .NET CLR 3.0.04506.648; IEMB3; IEMB3)"
142.46.199.30 - - [20/Aug/2008:14:55:17 -0400] "GET /SpecsSearch/SpecsSearchAction.do HTTP/1.1" 200 314804 "-" "Mozilla/4.0 (compatible; MSIE 7.0; Windows NT 5.1; .NET CLR 1.1.4322; .NET CLR 2.0.50727; .NET CLR 3.0.04506.30; InfoPath.1; .NET CLR 3.0.04506.648; IEMB3; IEMB3)"
142.46.199.30 - - [20/Aug/2008:14:55:20 -0400] "GET /SpecsSearch/TLSearchForm.do HTTP/1.1" 200 29235 "http://palcan.scc.ca/SpecsSearch/SpecsSearchAction.do" "Mozilla/4.0 (compatible; MSIE 7.0; Windows NT 5.1; .NET CLR 1.1.4322; .NET CLR 2.0.50727; .NET CLR 3.0.04506.30; InfoPath.1; .NET CLR 3.0.04506.648; IEMB3; IEMB3)"
142.46.199.30 - - [20/Aug/2008:14:55:21 -0400] "GET /SpecsSearch/pages/images/questionMark.gif HTTP/1.1" 200 206 "http://palcan.scc.ca/SpecsSearch/TLSearchForm.do" "Mozilla/4.0 (compatible; MSIE 7.0; Windows NT 5.1; .NET CLR 1.1.4322; .NET CLR 2.0.50727; .NET CLR 3.0.04506.30; InfoPath.1; .NET CLR 3.0.04506.648; IEMB3; IEMB3)"
142.46.199.30 - - [20/Aug/2008:14:55:22 -0400] "GET /eSpecs/index.jsp HTTP/1.1" 200 85885 "-" "Mozilla/5.0 (Windows; U; Windows NT 6.0; en-US; rv:1.9.0.1) Gecko/2008070208 Firefox/3.0.1"
142.46.199.30 - - [20/Aug/2008:14:55:28 -0400] "POST /SpecsSearch/SpecsSearchAction.do HTTP/1.1" 200 94620 "http://palcan.scc.ca/SpecsSearch/TLSearchForm.do" "Mozilla/4.0 (compatible; MSIE 7.0; Windows NT 5.1; .NET CLR 1.1.4322; .NET CLR 2.0.50727; .NET CLR 3.0.04506.30; InfoPath.1; .NET CLR 3.0.04506.648; IEMB3; IEMB3)"
142.46.199.30 - - [20/Aug/2008:14:55:30 -0400] "GET /SpecsSearch/index.jsp HTTP/1.1" 302 - "-" "Mozilla/5.0 (Windows; U; Windows NT 6.0; en-US; rv:1.9.0.1) Gecko/2008070208 Firefox/3.0.1"
142.46.199.30 - - [20/Aug/2008:14:55:30 -0400] "GET /SpecsSearch/Welcome.do HTTP/1.1" 302 - "-" "Mozilla/5.0 (Windows; U; Windows NT 6.0; en-US; rv:1.9.0.1) Gecko/2008070208 Firefox/3.0.1"
142.46.199.30 - - [20/Aug/2008:14:55:30 -0400] "GET /SpecsSearch/GLSearchForm.do HTTP/1.1" 200 27296 "-" "Mozilla/5.0 (Windows; U; Windows NT 6.0; en-US; rv:1.9.0.1) Gecko/2008070208 Firefox/3.0.1"
74.6.22.96 - - [20/Aug/2008:14:54:56 -0400] "GET /eSpecs/DocumentReferenced.do?GID=ZWTTACAAAAAAAAAA&page=1&nRecords=10&searchValue=70&searchKey=DOCNO&organizations=NFPA&displayWithdrawn=false¤cy=CAD HTTP/1.0" 200 329351 "-" "Mozilla/5.0 (compatible; Yahoo! Slurp; http://help.yahoo.com/help/us/ysearch/slurp)"
142.46.199.30 - - [20/Aug/2008:14:55:42 -0400] "HEAD / HTTP/1.0" 200 - "-" "Mozilla/4.0 (compatible; ipMonitor 8.5)"
66.249.66.42 - - [20/Aug/2008:14:55:24 -0400] "GET /eSpecs/DocumentReferenced.do?GID=DRSRBCAAAAAAAAAA&page=1&nRecords=10&searchValue=1417&searchKey=DOCNO&organizations=ASTM&displayWithdrawn=false¤cy=CAD HTTP/1.1" 200 106496 "-" "Mozilla/5.0 (compatible; Googlebot/2.1; +http://www.google.com/bot.html)"
142.46.199.30 - - [20/Aug/2008:14:55:49 -0400] "HEAD / HTTP/1.0" 200 - "-" "Mozilla/4.0 (compatible; ipMonitor 8.5)"
65.55.211.50 - - [20/Aug/2008:14:56:10 -0400] "GET /robots.txt HTTP/1.1" 404 330 "-" "msnbot/1.1 (+http://search.msn.com/msnbot.htm)"
65.55.211.50 - - [20/Aug/2008:14:56:11 -0400] "GET /specs/pdf/578_e.pdf HTTP/1.1" 404 339 "-" "msnbot/1.1 (+http://search.msn.com/msnbot.htm)"
142.46.199.30 - - [20/Aug/2008:14:56:24 -0400] "GET /eSpecs/SearchFormAction.do?page=1&searchValue=17025&searchKey=DOCNO&organizations=ISO HTTP/1.0" 200 100727 "-" "Mozilla/4.0 (compatible; ipMonitor 8.5)"
74.6.22.105 - - [20/Aug/2008:14:56:29 -0400] "GET /specs/pdf/357_e.pdf HTTP/1.0" 200 31791 "-" "Mozilla/5.0 (compatible; Yahoo! Slurp; http://help.yahoo.com/help/us/ysearch/slurp)"
142.46.199.30 - - [20/Aug/2008:14:56:45 -0400] "GET /specs/pdf/275_f.pdf HTTP/1.1" 200 28683 "http://palcan.scc.ca/SpecsSearch/SpecsSearchAction.do" "Mozilla/4.0 (compatible; MSIE 7.0; Windows NT 5.1; .NET CLR 1.1.4322; .NET CLR 2.0.50727; .NET CLR 3.0.04506.30; InfoPath.1; .NET CLR 3.0.04506.648; IEMB3; IEMB3)"
142.46.199.30 - - [20/Aug/2008:14:56:45 -0400] "GET /specs/pdf/275_f.pdf HTTP/1.1" 206 20491 "-" "Mozilla/4.0 (compatible; MSIE 7.0; Windows NT 5.1; .NET CLR 1.1.4322; .NET CLR 2.0.50727; .NET CLR 3.0.04506.30; InfoPath.1; .NET CLR 3.0.04506.648; IEMB3; IEMB3)"
67.195.37.182 - - [20/Aug/2008:14:56:56 -0400] "GET /eSpecs/SearchFormAction.do?page=1&searchValue=TR+10013&searchKey=DOCNO&organizations=ISO HTTP/1.0" 200 85168 "-" "Mozilla/5.0 (compatible; Yahoo! Slurp; http://help.yahoo.com/help/us/ysearch/slurp)"
66.249.66.42 - - [20/Aug/2008:14:56:20 -0400] "GET /eSpecs/DocumentReferenced.do?GID=MCWABCAAAAAAAAAA&page=1&nRecords=10&searchValue=60417&searchKey=DOCNO&organizations=IEC&displayWithdrawn=false¤cy=CAD HTTP/1.1" 200 8192 "-" "Mozilla/5.0 (compatible; Googlebot/2.1; +http://www.google.com/bot.html)"
12.32.89.121 - - [20/Aug/2008:14:57:18 -0400] "GET /SpecsSearch/GLSearchForm.do?language=en HTTP/1.1" 200 27296 "-" "Mozilla/4.0 (compatible; MSIE 6.0; Windows NT 5.1; SV1; .NET CLR 1.1.4322; MS-RTC LM 8)"
74.6.22.105 - - [20/Aug/2008:14:57:19 -0400] "GET /specs/pdf/295_f.pdf HTTP/1.0" 200 28045 "-" "Mozilla/5.0 (compatible; Yahoo! Slurp; http://help.yahoo.com/help/us/ysearch/slurp)"
66.249.66.42 - - [20/Aug/2008:14:57:14 -0400] "GET /eSpecs/DocumentReferenced.do?GID=SXPADAAAAAAAAAAA&page=1&nRecords=10&searchValue=SAE%20AS%209102&searchKey=DOCNO&organizations=&displayWithdrawn=false¤cy=CAD HTTP/1.1" 200 83849 "-" "Mozilla/5.0 (compatible; Googlebot/2.1; +http://www.google.com/bot.html)"
65.55.210.237 - - [20/Aug/2008:14:57:13 -0400] "GET /eSpecs/DocumentReferenced.do?GID=ZQXPGBAAAAAAAAAA&page=1&nRecords=10&searchValue=17799&searchKey=DOCNO&organizations=ISO&displayWithdrawn=false¤cy=CAD HTTP/1.1" 200 120900 "-" "msnbot/1.1 (+http://search.msn.com/msnbot.htm)"
66.249.66.42 - - [20/Aug/2008:14:58:08 -0400] "GET /eSpecs/DocumentReferenced.do?GID=BPVCBCAAAAAAAAAA&page=1&nRecords=10&searchValue=TC-1A&searchKey=DOCNO&organizations=&displayWithdrawn=false¤cy=CAD HTTP/1.1" 200 129408 "-" "Mozilla/5.0 (compatible; Googlebot/2.1; +http://www.google.com/bot.html)"
66.249.66.42 - - [20/Aug/2008:14:59:00 -0400] "GET /eSpecs/DocumentReferenced.do?GID=ONBNCAAAAAAAAAAA&page=1&nRecords=10&searchValue=802.3&searchKey=DOCNO&organizations=IEEE&displayWithdrawn=false¤cy=CAD HTTP/1.1" 200 83795 "-" "Mozilla/5.0 (compatible; Googlebot/2.1; +http://www.google.com/bot.html)"
65.55.110.65 - - [20/Aug/2008:14:59:53 -0400] "GET /eSpecs/css/index.css HTTP/1.0" 200 10895 "http://www.standardsstore.ca/eSpecs/DocumentReferenced.do?GID=ZQXPGBAAAAAAAAAA&page=1&nRecords=10&searchValue=17799&searchKey=DOCNO&organizations=ISO&displayWithdrawn=false¤cy=CAD" "Mozilla/4.0 (compatible; MSIE 6.0; Windows NT 5.2; SV1; .NET CLR 1.1.4322)"
65.55.110.65 - - [20/Aug/2008:14:59:53 -0400] "GET /eSpecs/js/main.js HTTP/1.0" 200 9677 "http://www.standardsstore.ca/eSpecs/DocumentReferenced.do?GID=ZQXPGBAAAAAAAAAA&page=1&nRecords=10&searchValue=17799&searchKey=DOCNO&organizations=ISO&displayWithdrawn=false¤cy=CAD" "Mozilla/4.0 (compatible; MSIE 6.0; Windows NT 5.2; SV1; .NET CLR 1.1.4322)"
65.55.110.65 - - [20/Aug/2008:14:59:54 -0400] "GET /eSpecs/js/style.js HTTP/1.0" 200 3774 "http://www.standardsstore.ca/eSpecs/DocumentReferenced.do?GID=ZQXPGBAAAAAAAAAA&page=1&nRecords=10&searchValue=17799&searchKey=DOCNO&organizations=ISO&displayWithdrawn=false¤cy=CAD" "Mozilla/4.0 (compatible; MSIE 6.0; Windows NT 5.2; SV1; .NET CLR 1.1.4322)"
65.55.110.65 - - [20/Aug/2008:14:59:48 -0400] "GET /eSpecs/DocumentReferenced.do?GID=ZQXPGBAAAAAAAAAA&page=1&nRecords=10&searchValue=17799&searchKey=DOCNO&organizations=ISO&displayWithdrawn=false¤cy=CAD HTTP/1.0" 200 120900 "http://search.live.com/results.aspx?q=association" "Mozilla/4.0 (compatible; MSIE 6.0; Windows NT 5.2; SV1; .NET CLR 1.1.4322)"
66.249.66.42 - - [20/Aug/2008:14:59:48 -0400] "GET /eSpecs/DocumentReferenced.do?GID=EWGMACAAAAAAAAAA&page=1&nRecords=10&searchValue=NAS%201149&searchKey=DOCNO&organizations=&displayWithdrawn=false¤cy=CAD HTTP/1.1" 200 140040 "-" "Mozilla/5.0 (compatible; Googlebot/2.1; +http://www.google.com/bot.html)"
207.140.180.2 - - [20/Aug/2008:15:00:06 -0400] "GET /SpecsSearch/pages/images/pdf-icon.gif HTTP/1.1" 200 915 "http://palcan.scc.ca/SpecsSearch/SpecsSearchAction.do" "Mozilla/4.0 (compatible; MSIE 6.0; Windows NT 5.1; SV1; .NET CLR 2.0.50727; InfoPath.1)"
207.140.180.2 - - [20/Aug/2008:15:00:05 -0400] "GET /SpecsSearch/SpecsSearchAction.do HTTP/1.1" 200 314804 "http://www.scc.ca/en/programs/lab/index.shtml" "Mozilla/4.0 (compatible; MSIE 6.0; Windows NT 5.1; SV1; .NET CLR 2.0.50727; InfoPath.1)"
66.249.66.42 - - [20/Aug/2008:15:00:35 -0400] "GET /eSpecs/DocumentReferenced.do?GID=BBRXNAAAAAAAAAAA&page=1&nRecords=10&searchValue=WI&searchKey=DOCNO&organizations=AWS&displayWithdrawn=false¤cy=CAD HTTP/1.1" 200 83812 "-" "Mozilla/5.0 (compatible; Googlebot/2.1; +http://www.google.com/bot.html)"
65.55.210.229 - - [20/Aug/2008:15:00:20 -0400] "GET /eSpecs/DocumentReferenced.do?GID=BEWMTAAAAAAAAAAA&page=1&nRecords=10&searchValue=17025&searchKey=DOCNO&organizations=ISO&displayWithdrawn=false¤cy=CAD HTTP/1.1" 200 150357 "-" "msnbot/1.1 (+http://search.msn.com/msnbot.htm)"
142.46.199.30 - - [20/Aug/2008:15:00:42 -0400] "HEAD / HTTP/1.0" 200 - "-" "Mozilla/4.0 (compatible; ipMonitor 8.5)"
209.171.40.209 - - [20/Aug/2008:15:00:43 -0400] "POST /SpecsSearch/SpecsSearchAction.do HTTP/1.1" 200 16109 "http://palcan.scc.ca/SpecsSearch/GLSearchForm.do?language=en" "Mozilla/4.0 (compatible; MSIE 7.0; Windows NT 5.1; .NET CLR 1.1.4322; .NET CLR 2.0.50727; .NET CLR 3.0.04506.30)"
142.46.199.30 - - [20/Aug/2008:15:00:49 -0400] "HEAD / HTTP/1.0" 200 - "-" "Mozilla/4.0 (compatible; ipMonitor 8.5)"
207.140.180.2 - - [20/Aug/2008:15:00:50 -0400] "GET /specs/pdf/23_e.pdf HTTP/1.1" 200 42421 "http://palcan.scc.ca/SpecsSearch/SpecsSearchAction.do" "Mozilla/4.0 (compatible; MSIE 6.0; Windows NT 5.1; SV1; .NET CLR 2.0.50727; InfoPath.1)"
66.110.7.180 - - [20/Aug/2008:15:01:24 -0400] "GET / HTTP/1.1" 200 121 "-" "Mozilla/4.0 (compatible; MSIE 6.0; Windows NT 5.1; SV1; Mozilla/4.0 (compatible; MSIE 6.0; Windows NT 5.1; SV1) ; .NET CLR 1.1.4322; InfoPath.1; .NET CLR 2.0.50727; .NET CLR 3.0.04506.30)"
66.110.7.180 - - [20/Aug/2008:15:01:24 -0400] "GET /eSpecs/css/index.css HTTP/1.1" 200 10895 "http://www.standardsstore.ca/eSpecs/index.jsp" "Mozilla/4.0 (compatible; MSIE 6.0; Windows NT 5.1; SV1; Mozilla/4.0 (compatible; MSIE 6.0; Windows NT 5.1; SV1) ; .NET CLR 1.1.4322; InfoPath.1; .NET CLR 2.0.50727; .NET CLR 3.0.04506.30)"
66.110.7.180 - - [20/Aug/2008:15:01:25 -0400] "GET /eSpecs/js/main.js HTTP/1.1" 200 9677 "http://www.standardsstore.ca/eSpecs/index.jsp" "Mozilla/4.0 (compatible; MSIE 6.0; Windows NT 5.1; SV1; Mozilla/4.0 (compatible; MSIE 6.0; Windows NT 5.1; SV1) ; .NET CLR 1.1.4322; InfoPath.1; .NET CLR 2.0.50727; .NET CLR 3.0.04506.30)"
66.110.7.180 - - [20/Aug/2008:15:01:25 -0400] "GET /eSpecs/js/style.js HTTP/1.1" 200 3774 "http://www.standardsstore.ca/eSpecs/index.jsp" "Mozilla/4.0 (compatible; MSIE 6.0; Windows NT 5.1; SV1; Mozilla/4.0 (compatible; MSIE 6.0; Windows NT 5.1; SV1) ; .NET CLR 1.1.4322; InfoPath.1; .NET CLR 2.0.50727; .NET CLR 3.0.04506.30)"
66.110.7.180 - - [20/Aug/2008:15:01:24 -0400] "GET /eSpecs/index.jsp HTTP/1.1" 200 87645 "-" "Mozilla/4.0 (compatible; MSIE 6.0; Windows NT 5.1; SV1; Mozilla/4.0 (compatible; MSIE 6.0; Windows NT 5.1; SV1) ; .NET CLR 1.1.4322; InfoPath.1; .NET CLR 2.0.50727; .NET CLR 3.0.04506.30)"
66.110.7.180 - - [20/Aug/2008:15:01:25 -0400] "GET /eSpecs/images/scc_logo.gif HTTP/1.1" 200 4870 "http://www.standardsstore.ca/eSpecs/index.jsp" "Mozilla/4.0 (compatible; MSIE 6.0; Windows NT 5.1; SV1; Mozilla/4.0 (compatible; MSIE 6.0; Windows NT 5.1; SV1) ; .NET CLR 1.1.4322; InfoPath.1; .NET CLR 2.0.50727; .NET CLR 3.0.04506.30)"
66.110.7.180 - - [20/Aug/2008:15:01:25 -0400] "GET /eSpecs/images/ihs_logo.gif HTTP/1.1" 200 1947 "http://www.standardsstore.ca/eSpecs/index.jsp" "Mozilla/4.0 (compatible; MSIE 6.0; Windows NT 5.1; SV1; Mozilla/4.0 (compatible; MSIE 6.0; Windows NT 5.1; SV1) ; .NET CLR 1.1.4322; InfoPath.1; .NET CLR 2.0.50727; .NET CLR 3.0.04506.30)"
66.110.7.180 - - [20/Aug/2008:15:01:25 -0400] "GET /eSpecs/images/en/iso22000.gif HTTP/1.1" 200 39597 "http://www.standardsstore.ca/eSpecs/index.jsp" "Mozilla/4.0 (compatible; MSIE 6.0; Windows NT 5.1; SV1; Mozilla/4.0 (compatible; MSIE 6.0; Windows NT 5.1; SV1) ; .NET CLR 1.1.4322; InfoPath.1; .NET CLR 2.0.50727; .NET CLR 3.0.04506.30)"
