199.22.61.2 - - [20/Aug/2008:15:20:27 -0400] "GET /eSpecs/images/help.jpg HTTP/1.0" 200 389 "http://www.standardsstore.ca/eSpecs/Index.do?Lang=fr/" "Mozilla/4.0 (compatible; MSIE 6.0; Windows NT 5.1; SV1; .NET CLR 1.1.4322; .NET CLR 2.0.50727; .NET CLR 3.0.04506.30)"
199.22.61.2 - - [20/Aug/2008:15:20:19 -0400] "GET /eSpecs/Index.do?Lang=fr/ HTTP/1.0" 200 87645 "http://www.scc.ca/fr/publications/standards/index.shtml" "Mozilla/4.0 (compatible; MSIE 6.0; Windows NT 5.1; SV1; .NET CLR 1.1.4322; .NET CLR 2.0.50727; .NET CLR 3.0.04506.30)"
199.22.61.2 - - [20/Aug/2008:15:20:27 -0400] "GET /eSpecs/images/iso.gif HTTP/1.0" 200 2457 "http://www.standardsstore.ca/eSpecs/Index.do?Lang=fr/" "Mozilla/4.0 (compatible; MSIE 6.0; Windows NT 5.1; SV1; .NET CLR 1.1.4322; .NET CLR 2.0.50727; .NET CLR 3.0.04506.30)"
199.22.61.2 - - [20/Aug/2008:15:20:27 -0400] "GET /eSpecs/images/NSS2008.jpg HTTP/1.0" 200 14223 "http://www.standardsstore.ca/eSpecs/Index.do?Lang=fr/" "Mozilla/4.0 (compatible; MSIE 6.0; Windows NT 5.1; SV1; .NET CLR 1.1.4322; .NET CLR 2.0.50727; .NET CLR 3.0.04506.30)"
199.22.61.2 - - [20/Aug/2008:15:20:27 -0400] "GET /eSpecs/images/iec.gif HTTP/1.0" 200 696 "http://www.standardsstore.ca/eSpecs/Index.do?Lang=fr/" "Mozilla/4.0 (compatible; MSIE 6.0; Windows NT 5.1; SV1; .NET CLR 1.1.4322; .NET CLR 2.0.50727; .NET CLR 3.0.04506.30)"
199.22.61.2 - - [20/Aug/2008:15:20:27 -0400] "GET /eSpecs/images/api.gif HTTP/1.0" 200 976 "http://www.standardsstore.ca/eSpecs/Index.do?Lang=fr/" "Mozilla/4.0 (compatible; MSIE 6.0; Windows NT 5.1; SV1; .NET CLR 1.1.4322; .NET CLR 2.0.50727; .NET CLR 3.0.04506.30)"
199.22.61.2 - - [20/Aug/2008:15:20:27 -0400] "GET /eSpecs/images/asm.gif HTTP/1.0" 200 1711 "http://www.standardsstore.ca/eSpecs/Index.do?Lang=fr/" "Mozilla/4.0 (compatible; MSIE 6.0; Windows NT 5.1; SV1; .NET CLR 1.1.4322; .NET CLR 2.0.50727; .NET CLR 3.0.04506.30)"
199.22.61.2 - - [20/Aug/2008:15:20:27 -0400] "GET /eSpecs/images/en/standards_alert.jpg HTTP/1.0" 200 14834 "http://www.standardsstore.ca/eSpecs/Index.do?Lang=fr/" "Mozilla/4.0 (compatible; MSIE 6.0; Windows NT 5.1; SV1; .NET CLR 1.1.4322; .NET CLR 2.0.50727; .NET CLR 3.0.04506.30)"
199.22.61.2 - - [20/Aug/2008:15:20:27 -0400] "GET /eSpecs/images/en/exportalert.jpg HTTP/1.0" 200 16234 "http://www.standardsstore.ca/eSpecs/Index.do?Lang=fr/" "Mozilla/4.0 (compatible; MSIE 6.0; Windows NT 5.1; SV1; .NET CLR 1.1.4322; .NET CLR 2.0.50727; .NET CLR 3.0.04506.30)"
199.22.61.2 - - [20/Aug/2008:15:20:27 -0400] "GET /eSpecs/images/en/reg.jpg HTTP/1.0" 200 13737 "http://www.standardsstore.ca/eSpecs/Index.do?Lang=fr/" "Mozilla/4.0 (compatible; MSIE 6.0; Windows NT 5.1; SV1; .NET CLR 1.1.4322; .NET CLR 2.0.50727; .NET CLR 3.0.04506.30)"
199.22.61.2 - - [20/Aug/2008:15:20:27 -0400] "GET /eSpecs/images/research.jpg HTTP/1.0" 200 12311 "http://www.standardsstore.ca/eSpecs/Index.do?Lang=fr/" "Mozilla/4.0 (compatible; MSIE 6.0; Windows NT 5.1; SV1; .NET CLR 1.1.4322; .NET CLR 2.0.50727; .NET CLR 3.0.04506.30)"
199.22.61.2 - - [20/Aug/2008:15:20:27 -0400] "GET /eSpecs/images/afnor.gif HTTP/1.0" 200 811 "http://www.standardsstore.ca/eSpecs/Index.do?Lang=fr/" "Mozilla/4.0 (compatible; MSIE 6.0; Windows NT 5.1; SV1; .NET CLR 1.1.4322; .NET CLR 2.0.50727; .NET CLR 3.0.04506.30)"
199.22.61.2 - - [20/Aug/2008:15:20:28 -0400] "GET /eSpecs/images/din_logo.gif HTTP/1.0" 200 486 "http://www.standardsstore.ca/eSpecs/Index.do?Lang=fr/" "Mozilla/4.0 (compatible; MSIE 6.0; Windows NT 5.1; SV1; .NET CLR 1.1.4322; .NET CLR 2.0.50727; .NET CLR 3.0.04506.30)"
199.22.61.2 - - [20/Aug/2008:15:20:28 -0400] "GET /eSpecs/images/canada.gif HTTP/1.0" 200 1511 "http://www.standardsstore.ca/eSpecs/Index.do?Lang=fr/" "Mozilla/4.0 (compatible; MSIE 6.0; Windows NT 5.1; SV1; .NET CLR 1.1.4322; .NET CLR 2.0.50727; .NET CLR 3.0.04506.30)"
66.249.66.42 - - [20/Aug/2008:15:20:24 -0400] "GET /eSpecs/DocumentReferenced.do?GID=DQNMIBAAAAAAAAAA&page=1&nRecords=10&searchValue=60529&searchKey=DOCNO&organizations=IEC&displayWithdrawn=false¤cy=CAD HTTP/1.1" 200 65536 "-" "Mozilla/5.0 (compatible; Googlebot/2.1; +http://www.google.com/bot.html)"
142.46.199.30 - - [20/Aug/2008:15:20:41 -0400] "HEAD / HTTP/1.0" 200 - "-" "Mozilla/4.0 (compatible; ipMonitor 8.5)"
66.253.112.41 - - [20/Aug/2008:15:20:42 -0400] "GET /eSpecs/css/index.css HTTP/1.1" 200 10895 "http://www.standardsstore.ca/eSpecs/DocumentReferenced.do?GID=IRTZIBAAAAAAAAAA&page=1&nRecords=10&searchValue=41&searchKey=DOCNO&organizations=TIA&displayWithdrawn=false¤cy=CAD" "Mozilla/5.0 (Windows; U; Windows NT 5.1; en-US; rv:1.9.0.1) Gecko/2008070208 Firefox/3.0.1"
66.253.112.41 - - [20/Aug/2008:15:20:42 -0400] "GET /eSpecs/js/main.js HTTP/1.1" 200 9677 "http://www.standardsstore.ca/eSpecs/DocumentReferenced.do?GID=IRTZIBAAAAAAAAAA&page=1&nRecords=10&searchValue=41&searchKey=DOCNO&organizations=TIA&displayWithdrawn=false¤cy=CAD" "Mozilla/5.0 (Windows; U; Windows NT 5.1; en-US; rv:1.9.0.1) Gecko/2008070208 Firefox/3.0.1"
66.253.112.41 - - [20/Aug/2008:15:20:43 -0400] "GET /eSpecs/js/style.js HTTP/1.1" 200 3774 "http://www.standardsstore.ca/eSpecs/DocumentReferenced.do?GID=IRTZIBAAAAAAAAAA&page=1&nRecords=10&searchValue=41&searchKey=DOCNO&organizations=TIA&displayWithdrawn=false¤cy=CAD" "Mozilla/5.0 (Windows; U; Windows NT 5.1; en-US; rv:1.9.0.1) Gecko/2008070208 Firefox/3.0.1"
66.253.112.41 - - [20/Aug/2008:15:20:43 -0400] "GET /eSpecs/images/scc_logo.gif HTTP/1.1" 200 4870 "http://www.standardsstore.ca/eSpecs/DocumentReferenced.do?GID=IRTZIBAAAAAAAAAA&page=1&nRecords=10&searchValue=41&searchKey=DOCNO&organizations=TIA&displayWithdrawn=false¤cy=CAD" "Mozilla/5.0 (Windows; U; Windows NT 5.1; en-US; rv:1.9.0.1) Gecko/2008070208 Firefox/3.0.1"
66.253.112.41 - - [20/Aug/2008:15:20:43 -0400] "GET /eSpecs/images/header.gif HTTP/1.1" 200 13254 "http://www.standardsstore.ca/eSpecs/DocumentReferenced.do?GID=IRTZIBAAAAAAAAAA&page=1&nRecords=10&searchValue=41&searchKey=DOCNO&organizations=TIA&displayWithdrawn=false¤cy=CAD" "Mozilla/5.0 (Windows; U; Windows NT 5.1; en-US; rv:1.9.0.1) Gecko/2008070208 Firefox/3.0.1"
66.253.112.41 - - [20/Aug/2008:15:20:43 -0400] "GET /eSpecs/images/ihs_logo.gif HTTP/1.1" 200 1947 "http://www.standardsstore.ca/eSpecs/DocumentReferenced.do?GID=IRTZIBAAAAAAAAAA&page=1&nRecords=10&searchValue=41&searchKey=DOCNO&organizations=TIA&displayWithdrawn=false¤cy=CAD" "Mozilla/5.0 (Windows; U; Windows NT 5.1; en-US; rv:1.9.0.1) Gecko/2008070208 Firefox/3.0.1"
66.253.112.41 - - [20/Aug/2008:15:20:43 -0400] "GET /eSpecs/images/help.jpg HTTP/1.1" 200 389 "http://www.standardsstore.ca/eSpecs/DocumentReferenced.do?GID=IRTZIBAAAAAAAAAA&page=1&nRecords=10&searchValue=41&searchKey=DOCNO&organizations=TIA&displayWithdrawn=false¤cy=CAD" "Mozilla/5.0 (Windows; U; Windows NT 5.1; en-US; rv:1.9.0.1) Gecko/2008070208 Firefox/3.0.1"
66.253.112.41 - - [20/Aug/2008:15:20:44 -0400] "GET /eSpecs/images/NSS2008.jpg HTTP/1.1" 200 14223 "http://www.standardsstore.ca/eSpecs/DocumentReferenced.do?GID=IRTZIBAAAAAAAAAA&page=1&nRecords=10&searchValue=41&searchKey=DOCNO&organizations=TIA&displayWithdrawn=false¤cy=CAD" "Mozilla/5.0 (Windows; U; Windows NT 5.1; en-US; rv:1.9.0.1) Gecko/2008070208 Firefox/3.0.1"
66.253.112.41 - - [20/Aug/2008:15:20:44 -0400] "GET /eSpecs/images/cart_button.gif HTTP/1.1" 200 761 "http://www.standardsstore.ca/eSpecs/DocumentReferenced.do?GID=IRTZIBAAAAAAAAAA&page=1&nRecords=10&searchValue=41&searchKey=DOCNO&organizations=TIA&displayWithdrawn=false¤cy=CAD" "Mozilla/5.0 (Windows; U; Windows NT 5.1; en-US; rv:1.9.0.1) Gecko/2008070208 Firefox/3.0.1"
66.253.112.41 - - [20/Aug/2008:15:20:44 -0400] "GET /eSpecs/images/spacer.gif HTTP/1.1" 200 43 "http://www.standardsstore.ca/eSpecs/DocumentReferenced.do?GID=IRTZIBAAAAAAAAAA&page=1&nRecords=10&searchValue=41&searchKey=DOCNO&organizations=TIA&displayWithdrawn=false¤cy=CAD" "Mozilla/5.0 (Windows; U; Windows NT 5.1; en-US; rv:1.9.0.1) Gecko/2008070208 Firefox/3.0.1"
66.253.112.41 - - [20/Aug/2008:15:20:43 -0400] "GET /eSpecs/images/en/iso22000.gif HTTP/1.1" 200 39597 "http://www.standardsstore.ca/eSpecs/DocumentReferenced.do?GID=IRTZIBAAAAAAAAAA&page=1&nRecords=10&searchValue=41&searchKey=DOCNO&organizations=TIA&displayWithdrawn=false¤cy=CAD" "Mozilla/5.0 (Windows; U; Windows NT 5.1; en-US; rv:1.9.0.1) Gecko/2008070208 Firefox/3.0.1"
66.253.112.41 - - [20/Aug/2008:15:20:43 -0400] "GET /eSpecs/images/en/isoiec17025.gif HTTP/1.1" 200 39008 "http://www.standardsstore.ca/eSpecs/DocumentReferenced.do?GID=IRTZIBAAAAAAAAAA&page=1&nRecords=10&searchValue=41&searchKey=DOCNO&organizations=TIA&displayWithdrawn=false¤cy=CAD" "Mozilla/5.0 (Windows; U; Windows NT 5.1; en-US; rv:1.9.0.1) Gecko/2008070208 Firefox/3.0.1"
66.253.112.41 - - [20/Aug/2008:15:20:30 -0400] "GET /eSpecs/DocumentReferenced.do?GID=IRTZIBAAAAAAAAAA&page=1&nRecords=10&searchValue=41&searchKey=DOCNO&organizations=TIA&displayWithdrawn=false¤cy=CAD HTTP/1.1" 200 182346 "http://www.google.com/search?hl=en&client=firefox-a&rls=org.mozilla%3Aen-US%3Aofficial&hs=yGt&q=AAMVA+F417&btnG=Search" "Mozilla/5.0 (Windows; U; Windows NT 5.1; en-US; rv:1.9.0.1) Gecko/2008070208 Firefox/3.0.1"
66.253.112.41 - - [20/Aug/2008:15:20:47 -0400] "GET /eSpecs/images/canada.gif HTTP/1.1" 200 1511 "http://www.standardsstore.ca/eSpecs/DocumentReferenced.do?GID=IRTZIBAAAAAAAAAA&page=1&nRecords=10&searchValue=41&searchKey=DOCNO&organizations=TIA&displayWithdrawn=false¤cy=CAD" "Mozilla/5.0 (Windows; U; Windows NT 5.1; en-US; rv:1.9.0.1) Gecko/2008070208 Firefox/3.0.1"
66.253.112.41 - - [20/Aug/2008:15:20:47 -0400] "GET /favicon.ico HTTP/1.1" 404 339 "-" "Mozilla/5.0 (Windows; U; Windows NT 5.1; en-US; rv:1.9.0.1) Gecko/2008070208 Firefox/3.0.1"
142.46.199.30 - - [20/Aug/2008:15:20:49 -0400] "HEAD / HTTP/1.0" 200 - "-" "Mozilla/4.0 (compatible; ipMonitor 8.5)"
66.253.112.41 - - [20/Aug/2008:15:20:50 -0400] "GET /favicon.ico HTTP/1.1" 404 339 "-" "Mozilla/5.0 (Windows; U; Windows NT 5.1; en-US; rv:1.9.0.1) Gecko/2008070208 Firefox/3.0.1"
66.249.66.42 - - [20/Aug/2008:15:21:19 -0400] "GET /eSpecs/DocumentReferenced.do?GID=HUOUFBAAAAAAAAAA&page=1&nRecords=10&searchValue=SAE%20AMS%202644&searchKey=DOCNO&organizations=&displayWithdrawn=false¤cy=CAD HTTP/1.1" 200 95151 "-" "Mozilla/5.0 (compatible; Googlebot/2.1; +http://www.google.com/bot.html)"
66.249.66.42 - - [20/Aug/2008:15:20:51 -0400] "GET /eSpecs/DocumentReferenced.do?GID=PCUPJBAAAAAAAAAA&page=1&nRecords=10&searchValue=ASTM%20E%20399&searchKey=DOCNO&organizations=&displayWithdrawn=false¤cy=CAD HTTP/1.1" 200 8192 "-" "Mozilla/5.0 (compatible; Googlebot/2.1; +http://www.google.com/bot.html)"
142.46.199.30 - - [20/Aug/2008:15:21:45 -0400] "GET /eSpecs/SearchFormAction.do?page=1&searchValue=17025&searchKey=DOCNO&organizations=ISO HTTP/1.0" 200 100727 "-" "Mozilla/4.0 (compatible; ipMonitor 8.5)"
198.103.223.52 - - [20/Aug/2008:15:21:52 -0400] "GET /includes/iupload_print.js HTTP/1.1" 404 345 "http://palcan.scc.ca/SpecsSearch/SpecsSearchAction.do" "Mozilla/4.0 (compatible; MSIE 6.0; Windows NT 5.1; SV1; .NET CLR 1.1.4322; .NET CLR 2.0.50727)"
198.103.223.52 - - [20/Aug/2008:15:21:53 -0400] "GET /SpecsSearch/pages/images/pdf-icon.gif HTTP/1.1" 200 915 "http://palcan.scc.ca/SpecsSearch/SpecsSearchAction.do" "Mozilla/4.0 (compatible; MSIE 6.0; Windows NT 5.1; SV1; .NET CLR 1.1.4322; .NET CLR 2.0.50727)"
66.249.66.42 - - [20/Aug/2008:15:21:46 -0400] "GET /eSpecs/DocumentReferenced.do?GID=HRKUHAAAAAAAAAAA&page=1&nRecords=10&searchValue=15223&searchKey=DOCNO&organizations=ISO&displayWithdrawn=false¤cy=CAD HTTP/1.1" 200 202640 "-" "Mozilla/5.0 (compatible; Googlebot/2.1; +http://www.google.com/bot.html)"
198.103.223.52 - - [20/Aug/2008:15:21:51 -0400] "GET /SpecsSearch/SpecsSearchAction.do HTTP/1.1" 200 316184 "http://www.google.ca/search?hl=en&q=DuPont+Canada+6000+Rte+Trans+Canada&btnG=Search&meta=" "Mozilla/4.0 (compatible; MSIE 6.0; Windows NT 5.1; SV1; .NET CLR 1.1.4322; .NET CLR 2.0.50727)"
66.249.66.42 - - [20/Aug/2008:15:22:14 -0400] "GET /eSpecs/DocumentReferenced.do?GID=NEIUACAAAAAAAAAA&page=1&nRecords=10&searchValue=H35.1&searchKey=DOCNO&organizations=ANSI&displayWithdrawn=false¤cy=CAD HTTP/1.1" 200 122933 "-" "Mozilla/5.0 (compatible; Googlebot/2.1; +http://www.google.com/bot.html)"
67.195.37.89 - - [20/Aug/2008:15:22:21 -0400] "GET /specs/pdf/294_f.pdf HTTP/1.0" 200 27916 "-" "Mozilla/5.0 (X11; U; Linux i686 (x86_64); en-US; rv:1.8.1.4) Gecko/20080721 BonEcho/2.0.0.4"
66.249.66.42 - - [20/Aug/2008:15:22:39 -0400] "GET /eSpecs/DocumentReferenced.do?GID=LUWQXAAAAAAAAAAA&page=1&nRecords=10&searchValue=B%20221&searchKey=DOCNO&organizations=ASTM&displayWithdrawn=false¤cy=CAD HTTP/1.1" 200 130633 "-" "Mozilla/5.0 (compatible; Googlebot/2.1; +http://www.google.com/bot.html)"
131.104.183.90 - - [20/Aug/2008:15:22:51 -0400] "GET /SpecsSearch/pages/images/pdf-icon.gif HTTP/1.1" 200 915 "http://palcan.scc.ca/SpecsSearch/SpecsSearchAction.do" "Mozilla/4.0 (compatible; MSIE 7.0; Windows NT 5.1; .NET CLR 1.1.4322; InfoPath.1)"
131.104.183.90 - - [20/Aug/2008:15:22:51 -0400] "GET /SpecsSearch/SpecsSearchAction.do HTTP/1.1" 200 314804 "-" "Mozilla/4.0 (compatible; MSIE 7.0; Windows NT 5.1; .NET CLR 1.1.4322; InfoPath.1)"
131.104.183.90 - - [20/Aug/2008:15:23:07 -0400] "GET /SpecsSearch/GLSearchForm.do HTTP/1.1" 200 27296 "http://palcan.scc.ca/SpecsSearch/SpecsSearchAction.do" "Mozilla/4.0 (compatible; MSIE 7.0; Windows NT 5.1; .NET CLR 1.1.4322; InfoPath.1)"
66.249.66.42 - - [20/Aug/2008:15:23:05 -0400] "GET /eSpecs/DocumentReferenced.do?GID=SPGHCAAAAAAAAAAA&page=1&nRecords=10&searchValue=9120&searchKey=DOCNO&organizations=SAE&displayWithdrawn=false¤cy=CAD HTTP/1.1" 200 83748 "-" "Mozilla/5.0 (compatible; Googlebot/2.1; +http://www.google.com/bot.html)"
131.104.183.90 - - [20/Aug/2008:15:23:28 -0400] "POST /SpecsSearch/SpecsSearchAction.do HTTP/1.1" 200 23777 "http://palcan.scc.ca/SpecsSearch/GLSearchForm.do" "Mozilla/4.0 (compatible; MSIE 7.0; Windows NT 5.1; .NET CLR 1.1.4322; InfoPath.1)"
71.123.50.91 - - [20/Aug/2008:15:23:24 -0400] "GET /eSpecs/DocumentReferenced.do?GID=NXYHHBAAAAAAAAAA&page=1&nRecords=10&searchValue=GMW3116&searchKey=DOCNO&organizations=&displayWithdrawn=false¤cy=CAD HTTP/1.1" 200 161576 "http://www.google.com/search?hl=en&q=GM9071P&start=60&sa=N" "Mozilla/4.0 (compatible; MSIE 5.5; Windows NT 4.0; T312461)"
71.123.50.91 - - [20/Aug/2008:15:23:35 -0400] "GET /eSpecs/css/index.css HTTP/1.1" 200 10895 "http://www.standardsstore.ca/eSpecs/DocumentReferenced.do?GID=NXYHHBAAAAAAAAAA&page=1&nRecords=10&searchValue=GMW3116&searchKey=DOCNO&organizations=&displayWithdrawn=false¤cy=CAD" "Mozilla/4.0 (compatible; MSIE 5.5; Windows NT 4.0; T312461)"
71.123.50.91 - - [20/Aug/2008:15:23:35 -0400] "GET /eSpecs/js/main.js HTTP/1.1" 200 9677 "http://www.standardsstore.ca/eSpecs/DocumentReferenced.do?GID=NXYHHBAAAAAAAAAA&page=1&nRecords=10&searchValue=GMW3116&searchKey=DOCNO&organizations=&displayWithdrawn=false¤cy=CAD" "Mozilla/4.0 (compatible; MSIE 5.5; Windows NT 4.0; T312461)"
71.123.50.91 - - [20/Aug/2008:15:23:36 -0400] "GET /eSpecs/js/style.js HTTP/1.1" 200 3774 "http://www.standardsstore.ca/eSpecs/DocumentReferenced.do?GID=NXYHHBAAAAAAAAAA&page=1&nRecords=10&searchValue=GMW3116&searchKey=DOCNO&organizations=&displayWithdrawn=false¤cy=CAD" "Mozilla/4.0 (compatible; MSIE 5.5; Windows NT 4.0; T312461)"
71.123.50.91 - - [20/Aug/2008:15:23:36 -0400] "GET /eSpecs/images/scc_logo.gif HTTP/1.1" 200 4870 "http://www.standardsstore.ca/eSpecs/DocumentReferenced.do?GID=NXYHHBAAAAAAAAAA&page=1&nRecords=10&searchValue=GMW3116&searchKey=DOCNO&organizations=&displayWithdrawn=false¤cy=CAD" "Mozilla/4.0 (compatible; MSIE 5.5; Windows NT 4.0; T312461)"
71.123.50.91 - - [20/Aug/2008:15:23:36 -0400] "GET /eSpecs/images/ihs_logo.gif HTTP/1.1" 200 1947 "http://www.standardsstore.ca/eSpecs/DocumentReferenced.do?GID=NXYHHBAAAAAAAAAA&page=1&nRecords=10&searchValue=GMW3116&searchKey=DOCNO&organizations=&displayWithdrawn=false¤cy=CAD" "Mozilla/4.0 (compatible; MSIE 5.5; Windows NT 4.0; T312461)"
71.123.50.91 - - [20/Aug/2008:15:23:36 -0400] "GET /eSpecs/images/header.gif HTTP/1.1" 200 13254 "http://www.standardsstore.ca/eSpecs/DocumentReferenced.do?GID=NXYHHBAAAAAAAAAA&page=1&nRecords=10&searchValue=GMW3116&searchKey=DOCNO&organizations=&displayWithdrawn=false¤cy=CAD" "Mozilla/4.0 (compatible; MSIE 5.5; Windows NT 4.0; T312461)"
71.123.50.91 - - [20/Aug/2008:15:23:36 -0400] "GET /eSpecs/images/en/iso22000.gif HTTP/1.1" 200 39597 "http://www.standardsstore.ca/eSpecs/DocumentReferenced.do?GID=NXYHHBAAAAAAAAAA&page=1&nRecords=10&searchValue=GMW3116&searchKey=DOCNO&organizations=&displayWithdrawn=false¤cy=CAD" "Mozilla/4.0 (compatible; MSIE 5.5; Windows NT 4.0; T312461)"
71.123.50.91 - - [20/Aug/2008:15:23:36 -0400] "GET /eSpecs/images/en/isoiec17025.gif HTTP/1.1" 200 39008 "http://www.standardsstore.ca/eSpecs/DocumentReferenced.do?GID=NXYHHBAAAAAAAAAA&page=1&nRecords=10&searchValue=GMW3116&searchKey=DOCNO&organizations=&displayWithdrawn=false¤cy=CAD" "Mozilla/4.0 (compatible; MSIE 5.5; Windows NT 4.0; T312461)"
71.123.50.91 - - [20/Aug/2008:15:23:36 -0400] "GET /eSpecs/images/help.jpg HTTP/1.1" 200 389 "http://www.standardsstore.ca/eSpecs/DocumentReferenced.do?GID=NXYHHBAAAAAAAAAA&page=1&nRecords=10&searchValue=GMW3116&searchKey=DOCNO&organizations=&displayWithdrawn=false¤cy=CAD" "Mozilla/4.0 (compatible; MSIE 5.5; Windows NT 4.0; T312461)"
71.123.50.91 - - [20/Aug/2008:15:23:36 -0400] "GET /eSpecs/images/NSS2008.jpg HTTP/1.1" 200 14223 "http://www.standardsstore.ca/eSpecs/DocumentReferenced.do?GID=NXYHHBAAAAAAAAAA&page=1&nRecords=10&searchValue=GMW3116&searchKey=DOCNO&organizations=&displayWithdrawn=false¤cy=CAD" "Mozilla/4.0 (compatible; MSIE 5.5; Windows NT 4.0; T312461)"
71.123.50.91 - - [20/Aug/2008:15:23:36 -0400] "GET /eSpecs/images/cart_button.gif HTTP/1.1" 200 761 "http://www.standardsstore.ca/eSpecs/DocumentReferenced.do?GID=NXYHHBAAAAAAAAAA&page=1&nRecords=10&searchValue=GMW3116&searchKey=DOCNO&organizations=&displayWithdrawn=false¤cy=CAD" "Mozilla/4.0 (compatible; MSIE 5.5; Windows NT 4.0; T312461)"
71.123.50.91 - - [20/Aug/2008:15:23:36 -0400] "GET /eSpecs/images/spacer.gif HTTP/1.1" 200 43 "http://www.standardsstore.ca/eSpecs/DocumentReferenced.do?GID=NXYHHBAAAAAAAAAA&page=1&nRecords=10&searchValue=GMW3116&searchKey=DOCNO&organizations=&displayWithdrawn=false¤cy=CAD" "Mozilla/4.0 (compatible; MSIE 5.5; Windows NT 4.0; T312461)"
71.123.50.91 - - [20/Aug/2008:15:23:36 -0400] "GET /eSpecs/images/canada.gif HTTP/1.1" 200 1511 "http://www.standardsstore.ca/eSpecs/DocumentReferenced.do?GID=NXYHHBAAAAAAAAAA&page=1&nRecords=10&searchValue=GMW3116&searchKey=DOCNO&organizations=&displayWithdrawn=false¤cy=CAD" "Mozilla/4.0 (compatible; MSIE 5.5; Windows NT 4.0; T312461)"
66.249.66.42 - - [20/Aug/2008:15:23:29 -0400] "GET /eSpecs/DocumentReferenced.do?GID=FEQIACAAAAAAAAAA&page=1&nRecords=10&searchValue=60417&searchKey=DOCNO&organizations=IEC&displayWithdrawn=false¤cy=CAD HTTP/1.1" 200 175244 "-" "Mozilla/5.0 (compatible; Googlebot/2.1; +http://www.google.com/bot.html)"
131.104.183.90 - - [20/Aug/2008:15:23:45 -0400] "GET /specs/pdf/51_e.pdf HTTP/1.1" 200 55889 "http://palcan.scc.ca/SpecsSearch/SpecsSearchAction.do" "Mozilla/4.0 (compatible; MSIE 7.0; Windows NT 5.1; .NET CLR 1.1.4322; InfoPath.1)"
67.195.37.182 - - [20/Aug/2008:15:23:48 -0400] "GET /eSpecs/SearchFormAction.do?page=1&searchValue=10007&searchKey=DOCNO&organizations=ISO HTTP/1.0" 200 90466 "-" "Mozilla/5.0 (compatible; Yahoo! Slurp; http://help.yahoo.com/help/us/ysearch/slurp)"
66.249.66.42 - - [20/Aug/2008:15:23:56 -0400] "GET /eSpecs/DocumentReferenced.do?GID=GHLXCAAAAAAAAAAA&page=1&nRecords=10&searchValue=SAE%20AMS-H-6875&searchKey=DOCNO&organizations=&displayWithdrawn=false¤cy=CAD HTTP/1.1" 200 87417 "-" "Mozilla/5.0 (compatible; Googlebot/2.1; +http://www.google.com/bot.html)"
74.6.22.105 - - [20/Aug/2008:15:24:08 -0400] "GET /specs/pdf/821_e.pdf HTTP/1.0" 200 25065 "-" "Mozilla/5.0 (compatible; Yahoo! Slurp; http://help.yahoo.com/help/us/ysearch/slurp)"
142.46.199.30 - - [20/Aug/2008:15:24:12 -0400] "GET /SpecsSearch/pages/images/pdf-icon.gif HTTP/1.1" 200 915 "http://palcan.scc.ca/SpecsSearch/SpecsSearchAction.do" "Mozilla/4.0 (compatible; MSIE 7.0; Windows NT 5.1; .NET CLR 1.1.4322; .NET CLR 2.0.50727; .NET CLR 3.0.04506.30; InfoPath.1; .NET CLR 3.0.04506.648)"
142.46.199.30 - - [20/Aug/2008:15:24:12 -0400] "GET /SpecsSearch/SpecsSearchAction.do HTTP/1.1" 200 314804 "http://www.scc.ca/en/programs/lab/index.shtml" "Mozilla/4.0 (compatible; MSIE 7.0; Windows NT 5.1; .NET CLR 1.1.4322; .NET CLR 2.0.50727; .NET CLR 3.0.04506.30; InfoPath.1; .NET CLR 3.0.04506.648)"
66.249.66.42 - - [20/Aug/2008:15:24:20 -0400] "GET /eSpecs/DocumentReferenced.do?GID=SKQEEBAAAAAAAAAA&page=1&nRecords=10&searchValue=2.9&searchKey=DOCNO&organizations=AWS&displayWithdrawn=false¤cy=CAD HTTP/1.1" 200 84592 "-" "Mozilla/5.0 (compatible; Googlebot/2.1; +http://www.google.com/bot.html)"
142.46.199.30 - - [20/Aug/2008:15:24:27 -0400] "GET /SpecsSearch/GLSearchForm.do?language=en HTTP/1.1" 200 27296 "http://www.scc.ca/en/programs/lab/index.shtml" "Mozilla/4.0 (compatible; MSIE 7.0; Windows NT 5.1; .NET CLR 1.1.4322; .NET CLR 2.0.50727; .NET CLR 3.0.04506.30; InfoPath.1; .NET CLR 3.0.04506.648)"
142.46.199.30 - - [20/Aug/2008:15:24:31 -0400] "POST /SpecsSearch/SpecsSearchAction.do HTTP/1.1" 200 19931 "http://palcan.scc.ca/SpecsSearch/GLSearchForm.do?language=en" "Mozilla/4.0 (compatible; MSIE 7.0; Windows NT 5.1; .NET CLR 1.1.4322; .NET CLR 2.0.50727; .NET CLR 3.0.04506.30; InfoPath.1; .NET CLR 3.0.04506.648)"
66.249.66.42 - - [20/Aug/2008:15:24:43 -0400] "GET /eSpecs/DocumentReferenced.do?GID=XAFZXAAAAAAAAAAA&page=1&nRecords=10&searchValue=9001&searchKey=DOCNO&organizations=ISO&displayWithdrawn=false¤cy=CAD HTTP/1.1" 200 90112 "-" "Mozilla/5.0 (compatible; Googlebot/2.1; +http://www.google.com/bot.html)"
66.249.66.42 - - [20/Aug/2008:15:25:05 -0400] "GET /eSpecs/DocumentReferenced.do?GID=NDRPACAAAAAAAAAA&page=1&nRecords=10&searchValue=1417&searchKey=DOCNO&organizations=ASTM&displayWithdrawn=false¤cy=CAD HTTP/1.1" 200 149500 "-" "Mozilla/5.0 (compatible; Googlebot/2.1; +http://www.google.com/bot.html)"
66.249.66.42 - - [20/Aug/2008:15:25:31 -0400] "GET /eSpecs/DocumentReferenced.do?GID=HRIZHBAAAAAAAAAA&page=1&nRecords=10&searchValue=60417&searchKey=DOCNO&organizations=IEC&displayWithdrawn=false¤cy=CAD HTTP/1.1" 200 109090 "-" "Mozilla/5.0 (compatible; Googlebot/2.1; +http://www.google.com/bot.html)"
142.46.199.30 - - [20/Aug/2008:15:25:41 -0400] "HEAD / HTTP/1.0" 200 - "-" "Mozilla/4.0 (compatible; ipMonitor 8.5)"
142.46.199.30 - - [20/Aug/2008:15:25:49 -0400] "HEAD / HTTP/1.0" 200 - "-" "Mozilla/4.0 (compatible; ipMonitor 8.5)"
66.249.66.42 - - [20/Aug/2008:15:25:55 -0400] "GET /eSpecs/DocumentReferenced.do?GID=LEOCGBAAAAAAAAAA&page=1&nRecords=10&searchValue=NEMA%20250&searchKey=DOCNO&organizations=NEMA&displayWithdrawn=false¤cy=CAD HTTP/1.1" 200 182639 "-" "Mozilla/5.0 (compatible; Googlebot/2.1; +http://www.google.com/bot.html)"
66.249.66.42 - - [20/Aug/2008:15:26:23 -0400] "GET /eSpecs/DocumentReferenced.do?GID=ZMEADAAAAAAAAAAA&page=1&nRecords=10&searchValue=60601-1&searchKey=DOCNO&organizations=UL&displayWithdrawn=false¤cy=CAD HTTP/1.1" 200 91425 "-" "Mozilla/5.0 (compatible; Googlebot/2.1; +http://www.google.com/bot.html)"
152.74.237.90 - - [20/Aug/2008:15:26:34 -0400] "GET /eSpecs/DocumentDetails.do?GID=NXNDGCAAAAAAAAAA¤cy=CAD HTTP/1.1" 200 6108 "http://www.google.cl/search?hl=es&q=constant-rate-of-crosshead-movement+type&btnG=Buscar&meta=" "Mozilla/5.0 (Windows; U; Windows NT 5.1; es-ES; rv:1.9.0.1) Gecko/2008070208 Firefox/3.0.1"
152.74.237.90 - - [20/Aug/2008:15:26:39 -0400] "GET /eSpecs/css/index2.css HTTP/1.1" 200 10928 "http://www.standardsstore.ca/eSpecs/DocumentDetails.do?GID=NXNDGCAAAAAAAAAA¤cy=CAD" "Mozilla/5.0 (Windows; U; Windows NT 5.1; es-ES; rv:1.9.0.1) Gecko/2008070208 Firefox/3.0.1"
152.74.237.90 - - [20/Aug/2008:15:26:40 -0400] "GET /favicon.ico HTTP/1.1" 404 339 "-" "Mozilla/5.0 (Windows; U; Windows NT 5.1; es-ES; rv:1.9.0.1) Gecko/2008070208 Firefox/3.0.1"
142.46.199.30 - - [20/Aug/2008:15:26:47 -0400] "GET /eSpecs/SearchFormAction.do?page=1&searchValue=17025&searchKey=DOCNO&organizations=ISO HTTP/1.0" 200 100727 "-" "Mozilla/4.0 (compatible; ipMonitor 8.5)"
66.249.66.42 - - [20/Aug/2008:15:26:50 -0400] "GET /eSpecs/DocumentReferenced.do?GID=FVRVDBAAAAAAAAAA&page=1&nRecords=10&searchValue=NEMA%20TC%209&searchKey=DOCNO&organizations=NEMA&displayWithdrawn=false¤cy=CAD HTTP/1.1" 200 103606 "-" "Mozilla/5.0 (compatible; Googlebot/2.1; +http://www.google.com/bot.html)"
66.249.66.42 - - [20/Aug/2008:15:27:16 -0400] "GET /eSpecs/DocumentReferenced.do?GID=QNVUGBAAAAAAAAAA&page=1&nRecords=10&searchValue=NASM21209&searchKey=DOCNO&organizations=&displayWithdrawn=false¤cy=CAD HTTP/1.1" 200 144428 "-" "Mozilla/5.0 (compatible; Googlebot/2.1; +http://www.google.com/bot.html)"
66.249.66.42 - - [20/Aug/2008:15:27:42 -0400] "GET /eSpecs/DocumentReferenced.do?GID=GPNJFCAAAAAAAAAA&page=1&nRecords=10&searchValue=A-610&searchKey=DOCNO&organizations=IPC&displayWithdrawn=false¤cy=CAD HTTP/1.1" 200 133145 "-" "Mozilla/5.0 (compatible; Googlebot/2.1; +http://www.google.com/bot.html)"
66.183.133.54 - - [20/Aug/2008:15:27:56 -0400] "GET /SpecsSearch/pages/images/pdf-icon.gif HTTP/1.1" 200 915 "http://palcan.scc.ca/SpecsSearch/SpecsSearchAction.do?1823601895" "Mozilla/4.0 (compatible; MSIE 7.0; Windows NT 5.1)"
66.183.133.54 - - [20/Aug/2008:15:27:55 -0400] "GET /SpecsSearch/SpecsSearchAction.do?1823601895 HTTP/1.1" 200 314804 "http://www.google.ca/search?hl=en&q=2348%2C+Suite+263+Chemin+Lucerne&meta=" "Mozilla/4.0 (compatible; MSIE 7.0; Windows NT 5.1)"
66.183.133.54 - - [20/Aug/2008:15:27:59 -0400] "GET /favicon.ico HTTP/1.1" 404 331 "-" "Mozilla/4.0 (compatible; MSIE 7.0; Windows NT 5.1)"
66.249.66.42 - - [20/Aug/2008:15:28:07 -0400] "GET /eSpecs/DocumentReferenced.do?GID=DDJMACAAAAAAAAAA&page=1&nRecords=10&searchValue=A5.12/A5.12M&searchKey=DOCNO&organizations=AWS&displayWithdrawn=false¤cy=CAD HTTP/1.1" 200 84619 "-" "Mozilla/5.0 (compatible; Googlebot/2.1; +http://www.google.com/bot.html)"
66.249.66.42 - - [20/Aug/2008:15:28:32 -0400] "GET /eSpecs/DocumentReferenced.do?GID=JZMUGCAAAAAAAAAA&page=1&nRecords=10&searchValue=A17.1&searchKey=DOCNO&organizations=ASME&displayWithdrawn=false¤cy=CAD HTTP/1.1" 200 89051 "-" "Mozilla/5.0 (compatible; Googlebot/2.1; +http://www.google.com/bot.html)"
142.179.108.124 - - [20/Aug/2008:15:28:39 -0400] "GET /specs/pdf/52_e.pdf HTTP/1.1" 200 67257 "http://www.google.ca/search?hl=en&q=is+teck+90+cable+ul+approved&start=60&sa=N" "Mozilla/4.0 (compatible; MSIE 6.0; Windows NT 5.1; SV1; .NET CLR 1.1.4322; .NET CLR 2.0.50727)"
66.249.66.42 - - [20/Aug/2008:15:28:53 -0400] "GET /eSpecs/DocumentReferenced.do?GID=BIIZEBAAAAAAAAAA&page=1&nRecords=10&searchValue=B%20209&searchKey=DOCNO&organizations=ASTM&displayWithdrawn=false¤cy=CAD HTTP/1.1" 200 103958 "-" "Mozilla/5.0 (compatible; Googlebot/2.1; +http://www.google.com/bot.html)"
66.249.66.42 - - [20/Aug/2008:15:29:14 -0400] "GET /eSpecs/DocumentReferenced.do?GID=PENSFBAAAAAAAAAA&page=1&nRecords=10&searchValue=D1.1/D1.1M&searchKey=DOCNO&organizations=AWS&displayWithdrawn=false¤cy=CAD HTTP/1.1" 200 167888 "-" "Mozilla/5.0 (compatible; Googlebot/2.1; +http://www.google.com/bot.html)"
66.249.66.42 - - [20/Aug/2008:15:29:37 -0400] "GET /eSpecs/DocumentReferenced.do?GID=PSGSACAAAAAAAAAA&page=1&nRecords=10&searchValue=MW%201000&searchKey=DOCNO&organizations=NEMA&displayWithdrawn=false¤cy=CAD HTTP/1.1" 200 99586 "-" "Mozilla/5.0 (compatible; Googlebot/2.1; +http://www.google.com/bot.html)"
66.249.66.42 - - [20/Aug/2008:15:29:59 -0400] "GET /eSpecs/DocumentReferenced.do?GID=EIALPAAAAAAAAAAA&page=1&nRecords=10&searchValue=14001&searchKey=DOCNO&organizations=ISO&displayWithdrawn=false¤cy=CAD HTTP/1.1" 200 104567 "-" "Mozilla/5.0 (compatible; Googlebot/2.1; +http://www.google.com/bot.html)"
66.249.66.42 - - [20/Aug/2008:15:30:19 -0400] "GET /eSpecs/DocumentReferenced.do?GID=ICDICBAAAAAAAAAA&page=1&nRecords=10&searchValue=60417&searchKey=DOCNO&organizations=IEC&displayWithdrawn=false¤cy=CAD HTTP/1.1" 200 218206 "-" "Mozilla/5.0 (compatible; Googlebot/2.1; +http://www.google.com/bot.html)"
142.46.199.30 - - [20/Aug/2008:15:30:41 -0400] "HEAD / HTTP/1.0" 200 - "-" "Mozilla/4.0 (compatible; ipMonitor 8.5)"
142.46.199.30 - - [20/Aug/2008:15:30:49 -0400] "HEAD / HTTP/1.0" 200 - "-" "Mozilla/4.0 (compatible; ipMonitor 8.5)"
66.249.66.42 - - [20/Aug/2008:15:30:45 -0400] "GET /eSpecs/DocumentReferenced.do?GID=AEEYACAAAAAAAAAA&page=1&nRecords=10&searchValue=TC%203&searchKey=DOCNO&organizations=NEMA&displayWithdrawn=false¤cy=CAD HTTP/1.1" 200 274511 "-" "Mozilla/5.0 (compatible; Googlebot/2.1; +http://www.google.com/bot.html)"
67.195.37.182 - - [20/Aug/2008:15:31:10 -0400] "GET /eSpecs/SearchFormAction.do?page=1&searchValue=14644-2&searchKey=DOCNO&organizations=ISO HTTP/1.0" 200 90209 "-" "Mozilla/5.0 (compatible; Yahoo! Slurp; http://help.yahoo.com/help/us/ysearch/slurp)"
66.249.66.42 - - [20/Aug/2008:15:31:13 -0400] "GET /eSpecs/DocumentReferenced.do?GID=ZNDZHBAAAAAAAAAA&page=1&nRecords=10&searchValue=EIA-606&searchKey=DOCNO&organizations=TIA&displayWithdrawn=false¤cy=CAD HTTP/1.1" 200 194013 "-" "Mozilla/5.0 (compatible; Googlebot/2.1; +http://www.google.com/bot.html)"
200.43.227.50 - - [20/Aug/2008:15:31:25 -0400] "GET / HTTP/1.1" 200 121 "-" "Mozilla/4.0 (compatible; MSIE 7.0; Windows NT 5.1; .NET CLR 1.1.4322; InfoPath.1; .NET CLR 2.0.50727; .NET CLR 3.0.04506.30; .NET CLR 3.0.04506.648; .NET CLR 3.5.21022)"
200.43.227.50 - - [20/Aug/2008:15:31:25 -0400] "GET /favicon.ico HTTP/1.1" 404 339 "-" "Mozilla/4.0 (compatible; MSIE 7.0; Windows NT 5.1; .NET CLR 1.1.4322; InfoPath.1; .NET CLR 2.0.50727; .NET CLR 3.0.04506.30; .NET CLR 3.0.04506.648; .NET CLR 3.5.21022)"
200.43.227.50 - - [20/Aug/2008:15:31:26 -0400] "GET /eSpecs/css/index.css HTTP/1.1" 200 10895 "http://www.standardsstore.ca/eSpecs/index.jsp" "Mozilla/4.0 (compatible; MSIE 7.0; Windows NT 5.1; .NET CLR 1.1.4322; InfoPath.1; .NET CLR 2.0.50727; .NET CLR 3.0.04506.30; .NET CLR 3.0.04506.648; .NET CLR 3.5.21022)"
200.43.227.50 - - [20/Aug/2008:15:31:27 -0400] "GET /eSpecs/js/main.js HTTP/1.1" 200 9677 "http://www.standardsstore.ca/eSpecs/index.jsp" "Mozilla/4.0 (compatible; MSIE 7.0; Windows NT 5.1; .NET CLR 1.1.4322; InfoPath.1; .NET CLR 2.0.50727; .NET CLR 3.0.04506.30; .NET CLR 3.0.04506.648; .NET CLR 3.5.21022)"
200.43.227.50 - - [20/Aug/2008:15:31:30 -0400] "GET /eSpecs/js/style.js HTTP/1.1" 200 3774 "http://www.standardsstore.ca/eSpecs/index.jsp" "Mozilla/4.0 (compatible; MSIE 7.0; Windows NT 5.1; .NET CLR 1.1.4322; InfoPath.1; .NET CLR 2.0.50727; .NET CLR 3.0.04506.30; .NET CLR 3.0.04506.648; .NET CLR 3.5.21022)"
200.43.227.50 - - [20/Aug/2008:15:31:30 -0400] "GET /eSpecs/images/header.gif HTTP/1.1" 200 13254 "http://www.standardsstore.ca/eSpecs/index.jsp" "Mozilla/4.0 (compatible; MSIE 7.0; Windows NT 5.1; .NET CLR 1.1.4322; InfoPath.1; .NET CLR 2.0.50727; .NET CLR 3.0.04506.30; .NET CLR 3.0.04506.648; .NET CLR 3.5.21022)"
200.43.227.50 - - [20/Aug/2008:15:31:32 -0400] "GET /eSpecs/images/scc_logo.gif HTTP/1.1" 200 4870 "http://www.standardsstore.ca/eSpecs/index.jsp" "Mozilla/4.0 (compatible; MSIE 7.0; Windows NT 5.1; .NET CLR 1.1.4322; InfoPath.1; .NET CLR 2.0.50727; .NET CLR 3.0.04506.30; .NET CLR 3.0.04506.648; .NET CLR 3.5.21022)"
200.43.227.50 - - [20/Aug/2008:15:31:32 -0400] "GET /eSpecs/images/ihs_logo.gif HTTP/1.1" 200 1947 "http://www.standardsstore.ca/eSpecs/index.jsp" "Mozilla/4.0 (compatible; MSIE 7.0; Windows NT 5.1; .NET CLR 1.1.4322; InfoPath.1; .NET CLR 2.0.50727; .NET CLR 3.0.04506.30; .NET CLR 3.0.04506.648; .NET CLR 3.5.21022)"
200.43.227.50 - - [20/Aug/2008:15:31:33 -0400] "GET /eSpecs/images/es/iso22000.gif HTTP/1.1" 404 1042 "http://www.standardsstore.ca/eSpecs/index.jsp" "Mozilla/4.0 (compatible; MSIE 7.0; Windows NT 5.1; .NET CLR 1.1.4322; InfoPath.1; .NET CLR 2.0.50727; .NET CLR 3.0.04506.30; .NET CLR 3.0.04506.648; .NET CLR 3.5.21022)"
200.43.227.50 - - [20/Aug/2008:15:31:33 -0400] "GET /eSpecs/images/es/isoiec17025.gif HTTP/1.1" 404 1051 "http://www.standardsstore.ca/eSpecs/index.jsp" "Mozilla/4.0 (compatible; MSIE 7.0; Windows NT 5.1; .NET CLR 1.1.4322; InfoPath.1; .NET CLR 2.0.50727; .NET CLR 3.0.04506.30; .NET CLR 3.0.04506.648; .NET CLR 3.5.21022)"
200.43.227.50 - - [20/Aug/2008:15:31:34 -0400] "GET /eSpecs/images/help.jpg HTTP/1.1" 200 389 "http://www.standardsstore.ca/eSpecs/index.jsp" "Mozilla/4.0 (compatible; MSIE 7.0; Windows NT 5.1; .NET CLR 1.1.4322; InfoPath.1; .NET CLR 2.0.50727; .NET CLR 3.0.04506.30; .NET CLR 3.0.04506.648; .NET CLR 3.5.21022)"
200.43.227.50 - - [20/Aug/2008:15:31:35 -0400] "GET /eSpecs/images/NSS2008.jpg HTTP/1.1" 200 14223 "http://www.standardsstore.ca/eSpecs/index.jsp" "Mozilla/4.0 (compatible; MSIE 7.0; Windows NT 5.1; .NET CLR 1.1.4322; InfoPath.1; .NET CLR 2.0.50727; .NET CLR 3.0.04506.30; .NET CLR 3.0.04506.648; .NET CLR 3.5.21022)"
200.43.227.50 - - [20/Aug/2008:15:31:36 -0400] "GET /eSpecs/images/iso.gif HTTP/1.1" 200 2457 "http://www.standardsstore.ca/eSpecs/index.jsp" "Mozilla/4.0 (compatible; MSIE 7.0; Windows NT 5.1; .NET CLR 1.1.4322; InfoPath.1; .NET CLR 2.0.50727; .NET CLR 3.0.04506.30; .NET CLR 3.0.04506.648; .NET CLR 3.5.21022)"
200.43.227.50 - - [20/Aug/2008:15:31:25 -0400] "GET /eSpecs/index.jsp HTTP/1.1" 200 87645 "-" "Mozilla/4.0 (compatible; MSIE 7.0; Windows NT 5.1; .NET CLR 1.1.4322; InfoPath.1; .NET CLR 2.0.50727; .NET CLR 3.0.04506.30; .NET CLR 3.0.04506.648; .NET CLR 3.5.21022)"
200.43.227.50 - - [20/Aug/2008:15:31:36 -0400] "GET /eSpecs/images/iec.gif HTTP/1.1" 200 696 "http://www.standardsstore.ca/eSpecs/index.jsp" "Mozilla/4.0 (compatible; MSIE 7.0; Windows NT 5.1; .NET CLR 1.1.4322; InfoPath.1; .NET CLR 2.0.50727; .NET CLR 3.0.04506.30; .NET CLR 3.0.04506.648; .NET CLR 3.5.21022)"
200.43.227.50 - - [20/Aug/2008:15:31:36 -0400] "GET /eSpecs/images/api.gif HTTP/1.1" 200 976 "http://www.standardsstore.ca/eSpecs/index.jsp" "Mozilla/4.0 (compatible; MSIE 7.0; Windows NT 5.1; .NET CLR 1.1.4322; InfoPath.1; .NET CLR 2.0.50727; .NET CLR 3.0.04506.30; .NET CLR 3.0.04506.648; .NET CLR 3.5.21022)"
200.43.227.50 - - [20/Aug/2008:15:31:36 -0400] "GET /eSpecs/images/asm.gif HTTP/1.1" 200 1711 "http://www.standardsstore.ca/eSpecs/index.jsp" "Mozilla/4.0 (compatible; MSIE 7.0; Windows NT 5.1; .NET CLR 1.1.4322; InfoPath.1; .NET CLR 2.0.50727; .NET CLR 3.0.04506.30; .NET CLR 3.0.04506.648; .NET CLR 3.5.21022)"
200.43.227.50 - - [20/Aug/2008:15:31:36 -0400] "GET /eSpecs/images/es/standards_alert.jpg HTTP/1.1" 404 1063 "http://www.standardsstore.ca/eSpecs/index.jsp" "Mozilla/4.0 (compatible; MSIE 7.0; Windows NT 5.1; .NET CLR 1.1.4322; InfoPath.1; .NET CLR 2.0.50727; .NET CLR 3.0.04506.30; .NET CLR 3.0.04506.648; .NET CLR 3.5.21022)"
200.43.227.50 - - [20/Aug/2008:15:31:37 -0400] "GET /eSpecs/images/es/reg.jpg HTTP/1.1" 404 1027 "http://www.standardsstore.ca/eSpecs/index.jsp" "Mozilla/4.0 (compatible; MSIE 7.0; Windows NT 5.1; .NET CLR 1.1.4322; InfoPath.1; .NET CLR 2.0.50727; .NET CLR 3.0.04506.30; .NET CLR 3.0.04506.648; .NET CLR 3.5.21022)"
200.43.227.50 - - [20/Aug/2008:15:31:37 -0400] "GET /eSpecs/images/es/exportalert.jpg HTTP/1.1" 404 1051 "http://www.standardsstore.ca/eSpecs/index.jsp" "Mozilla/4.0 (compatible; MSIE 7.0; Windows NT 5.1; .NET CLR 1.1.4322; InfoPath.1; .NET CLR 2.0.50727; .NET CLR 3.0.04506.30; .NET CLR 3.0.04506.648; .NET CLR 3.5.21022)"
200.43.227.50 - - [20/Aug/2008:15:31:37 -0400] "GET /eSpecs/images/afnor.gif HTTP/1.1" 200 811 "http://www.standardsstore.ca/eSpecs/index.jsp" "Mozilla/4.0 (compatible; MSIE 7.0; Windows NT 5.1; .NET CLR 1.1.4322; InfoPath.1; .NET CLR 2.0.50727; .NET CLR 3.0.04506.30; .NET CLR 3.0.04506.648; .NET CLR 3.5.21022)"
200.43.227.50 - - [20/Aug/2008:15:31:37 -0400] "GET /eSpecs/images/research.jpg HTTP/1.1" 200 12311 "http://www.standardsstore.ca/eSpecs/index.jsp" "Mozilla/4.0 (compatible; MSIE 7.0; Windows NT 5.1; .NET CLR 1.1.4322; InfoPath.1; .NET CLR 2.0.50727; .NET CLR 3.0.04506.30; .NET CLR 3.0.04506.648; .NET CLR 3.5.21022)"
200.43.227.50 - - [20/Aug/2008:15:31:37 -0400] "GET /eSpecs/images/din_logo.gif HTTP/1.1" 200 486 "http://www.standardsstore.ca/eSpecs/index.jsp" "Mozilla/4.0 (compatible; MSIE 7.0; Windows NT 5.1; .NET CLR 1.1.4322; InfoPath.1; .NET CLR 2.0.50727; .NET CLR 3.0.04506.30; .NET CLR 3.0.04506.648; .NET CLR 3.5.21022)"
200.43.227.50 - - [20/Aug/2008:15:31:37 -0400] "GET /eSpecs/images/canada.gif HTTP/1.1" 200 1511 "http://www.standardsstore.ca/eSpecs/index.jsp" "Mozilla/4.0 (compatible; MSIE 7.0; Windows NT 5.1; .NET CLR 1.1.4322; InfoPath.1; .NET CLR 2.0.50727; .NET CLR 3.0.04506.30; .NET CLR 3.0.04506.648; .NET CLR 3.5.21022)"
200.43.227.50 - - [20/Aug/2008:15:31:46 -0400] "GET /eSpecs/images/es/iso22000.gif HTTP/1.1" 404 1042 "http://www.standardsstore.ca/eSpecs/SearchFormAction.do;jsessionid=8AF2411EC93643DD0A340912F178CEFE?page=1&searchValue=73%2F23&searchKey=TITLE&nRecords=10&organizations=¤cy=CAD" "Mozilla/4.0 (compatible; MSIE 7.0; Windows NT 5.1; .NET CLR 1.1.4322; InfoPath.1; .NET CLR 2.0.50727; .NET CLR 3.0.04506.30; .NET CLR 3.0.04506.648; .NET CLR 3.5.21022)"
200.43.227.50 - - [20/Aug/2008:15:31:46 -0400] "GET /eSpecs/images/es/isoiec17025.gif HTTP/1.1" 404 1051 "http://www.standardsstore.ca/eSpecs/SearchFormAction.do;jsessionid=8AF2411EC93643DD0A340912F178CEFE?page=1&searchValue=73%2F23&searchKey=TITLE&nRecords=10&organizations=¤cy=CAD" "Mozilla/4.0 (compatible; MSIE 7.0; Windows NT 5.1; .NET CLR 1.1.4322; InfoPath.1; .NET CLR 2.0.50727; .NET CLR 3.0.04506.30; .NET CLR 3.0.04506.648; .NET CLR 3.5.21022)"
200.43.227.50 - - [20/Aug/2008:15:31:52 -0400] "GET /eSpecs/images/cart_button.gif HTTP/1.1" 200 761 "http://www.standardsstore.ca/eSpecs/SearchFormAction.do;jsessionid=8AF2411EC93643DD0A340912F178CEFE?page=1&searchValue=73%2F23&searchKey=TITLE&nRecords=10&organizations=¤cy=CAD" "Mozilla/4.0 (compatible; MSIE 7.0; Windows NT 5.1; .NET CLR 1.1.4322; InfoPath.1; .NET CLR 2.0.50727; .NET CLR 3.0.04506.30; .NET CLR 3.0.04506.648; .NET CLR 3.5.21022)"
200.43.227.50 - - [20/Aug/2008:15:31:52 -0400] "GET /eSpecs/images/spacer.gif HTTP/1.1" 200 43 "http://www.standardsstore.ca/eSpecs/SearchFormAction.do;jsessionid=8AF2411EC93643DD0A340912F178CEFE?page=1&searchValue=73%2F23&searchKey=TITLE&nRecords=10&organizations=¤cy=CAD" "Mozilla/4.0 (compatible; MSIE 7.0; Windows NT 5.1; .NET CLR 1.1.4322; InfoPath.1; .NET CLR 2.0.50727; .NET CLR 3.0.04506.30; .NET CLR 3.0.04506.648; .NET CLR 3.5.21022)"
200.43.227.50 - - [20/Aug/2008:15:31:40 -0400] "GET /eSpecs/SearchFormAction.do;jsessionid=8AF2411EC93643DD0A340912F178CEFE?page=1&searchValue=73%2F23&searchKey=TITLE&nRecords=10&organizations=¤cy=CAD HTTP/1.1" 200 129534 "http://www.standardsstore.ca/eSpecs/index.jsp" "Mozilla/4.0 (compatible; MSIE 7.0; Windows NT 5.1; .NET CLR 1.1.4322; InfoPath.1; .NET CLR 2.0.50727; .NET CLR 3.0.04506.30; .NET CLR 3.0.04506.648; .NET CLR 3.5.21022)"
142.46.199.30 - - [20/Aug/2008:15:31:55 -0400] "GET /eSpecs/SearchFormAction.do?page=1&searchValue=17025&searchKey=DOCNO&organizations=ISO HTTP/1.0" 200 100727 "-" "Mozilla/4.0 (compatible; ipMonitor 8.5)"
67.195.37.89 - - [20/Aug/2008:15:32:01 -0400] "GET /specs/ HTTP/1.0" 200 3106 "-" "Mozilla/5.0 (compatible; Yahoo! Slurp; http://help.yahoo.com/help/us/ysearch/slurp)"
66.135.100.194 - - [20/Aug/2008:15:32:08 -0400] "GET /SpecsSearch/CalibrationSearchForm.do HTTP/1.0" 200 28197 "-" "Mozilla/4.0 (compatible; MSIE 7.0; Windows NT 5.1)"
200.43.227.50 - - [20/Aug/2008:15:32:18 -0400] "GET /eSpecs/images/es/iso22000.gif HTTP/1.1" 404 1042 "http://www.standardsstore.ca/eSpecs/SearchFormAction.do?page=1&searchValue=73%2F23&searchKey=DOCNO&nRecords=10&organizations=¤cy=CAD" "Mozilla/4.0 (compatible; MSIE 7.0; Windows NT 5.1; .NET CLR 1.1.4322; InfoPath.1; .NET CLR 2.0.50727; .NET CLR 3.0.04506.30; .NET CLR 3.0.04506.648; .NET CLR 3.5.21022)"
66.135.100.194 - - [20/Aug/2008:15:32:18 -0400] "GET /SpecsSearch/pages/images/BigCLASLogo.gif HTTP/1.0" 200 6164 "http://palcan.scc.ca/SpecsSearch/CalibrationSearchForm.do" "Mozilla/4.0 (compatible; MSIE 7.0; Windows NT 5.1)"
200.43.227.50 - - [20/Aug/2008:15:32:18 -0400] "GET /eSpecs/images/es/isoiec17025.gif HTTP/1.1" 404 1051 "http://www.standardsstore.ca/eSpecs/SearchFormAction.do?page=1&searchValue=73%2F23&searchKey=DOCNO&nRecords=10&organizations=¤cy=CAD" "Mozilla/4.0 (compatible; MSIE 7.0; Windows NT 5.1; .NET CLR 1.1.4322; InfoPath.1; .NET CLR 2.0.50727; .NET CLR 3.0.04506.30; .NET CLR 3.0.04506.648; .NET CLR 3.5.21022)"
200.43.227.50 - - [20/Aug/2008:15:32:15 -0400] "GET /eSpecs/SearchFormAction.do?page=1&searchValue=73%2F23&searchKey=DOCNO&nRecords=10&organizations=¤cy=CAD HTTP/1.1" 200 111406 "http://www.standardsstore.ca/eSpecs/SearchFormAction.do;jsessionid=8AF2411EC93643DD0A340912F178CEFE?page=1&searchValue=73%2F23&searchKey=TITLE&nRecords=10&organizations=¤cy=CAD" "Mozilla/4.0 (compatible; MSIE 7.0; Windows NT 5.1; .NET CLR 1.1.4322; InfoPath.1; .NET CLR 2.0.50727; .NET CLR 3.0.04506.30; .NET CLR 3.0.04506.648; .NET CLR 3.5.21022)"
142.46.199.30 - - [20/Aug/2008:15:32:55 -0400] "GET /SpecsSearch/index.jsp HTTP/1.1" 302 - "-" "Mozilla/5.0 (Windows; U; Windows NT 6.0; en-US; rv:1.9.0.1) Gecko/2008070208 Firefox/3.0.1"
142.46.199.30 - - [20/Aug/2008:15:32:55 -0400] "GET /SpecsSearch/Welcome.do HTTP/1.1" 302 - "-" "Mozilla/5.0 (Windows; U; Windows NT 6.0; en-US; rv:1.9.0.1) Gecko/2008070208 Firefox/3.0.1"
142.46.199.30 - - [20/Aug/2008:15:32:55 -0400] "GET /SpecsSearch/GLSearchForm.do HTTP/1.1" 200 27296 "-" "Mozilla/5.0 (Windows; U; Windows NT 6.0; en-US; rv:1.9.0.1) Gecko/2008070208 Firefox/3.0.1"
66.135.100.194 - - [20/Aug/2008:15:33:25 -0400] "POST /SpecsSearch/SpecsSearchAction.do HTTP/1.0" 200 54855 "http://palcan.scc.ca/SpecsSearch/CalibrationSearchForm.do" "Mozilla/4.0 (compatible; MSIE 7.0; Windows NT 5.1)"
66.135.100.194 - - [20/Aug/2008:15:33:26 -0400] "GET /SpecsSearch/pages/images/pdf-icon.gif HTTP/1.0" 200 915 "http://palcan.scc.ca/SpecsSearch/SpecsSearchAction.do" "Mozilla/4.0 (compatible; MSIE 7.0; Windows NT 5.1)"
75.154.100.110 - - [20/Aug/2008:15:33:29 -0400] "GET /SpecsSearch/TLSearchForm.do HTTP/1.1" 200 29235 "http://www.scc.ca/en/index.shtml" "Mozilla/4.0 (compatible; MSIE 7.0; Windows NT 5.1; .NET CLR 2.0.50727; .NET CLR 1.1.4322; .NET CLR 3.0.04506.30; .NET CLR 3.0.04506.648)"
75.154.100.110 - - [20/Aug/2008:15:33:30 -0400] "GET /SpecsSearch/pages/images/questionMark.gif HTTP/1.1" 200 206 "http://palcan.scc.ca/SpecsSearch/TLSearchForm.do" "Mozilla/4.0 (compatible; MSIE 7.0; Windows NT 5.1; .NET CLR 2.0.50727; .NET CLR 1.1.4322; .NET CLR 3.0.04506.30; .NET CLR 3.0.04506.648)"
66.249.66.42 - - [20/Aug/2008:15:31:41 -0400] "GET /eSpecs/DocumentReferenced.do?GID=ORMZHBAAAAAAAAAA&page=1&nRecords=10&searchValue=D1.2/D1.2M&searchKey=DOCNO&organizations=AWS&displayWithdrawn=false¤cy=CAD HTTP/1.1" 200 544522 "-" "Mozilla/5.0 (compatible; Googlebot/2.1; +http://www.google.com/bot.html)"
66.249.66.42 - - [20/Aug/2008:15:33:36 -0400] "GET /eSpecs/DocumentReferenced.do?GID=WPVYCAAAAAAAAAAA&page=1&nRecords=10&searchValue=TC-1A&searchKey=DOCNO&organizations=&displayWithdrawn=false¤cy=CAD HTTP/1.1" 200 84608 "-" "Mozilla/5.0 (compatible; Googlebot/2.1; +http://www.google.com/bot.html)"
65.55.210.224 - - [20/Aug/2008:15:34:10 -0400] "GET /robots.txt HTTP/1.1" 404 338 "-" "msnbot/1.1 (+http://search.msn.com/msnbot.htm)"
74.6.22.96 - - [20/Aug/2008:15:34:07 -0400] "GET /eSpecs/AddDocumentAction.do?mediaType=ELEC&GID=ZQXPGBAAAAAAAAAA&page=1&nRecords=10&searchValue=14001&searchKey=DOCNO&organizations=ISO&displayWithdrawn=false¤cy=CAD HTTP/1.0" 200 81310 "-" "Mozilla/5.0 (compatible; Yahoo! Slurp; http://help.yahoo.com/help/us/ysearch/slurp)"
65.55.210.224 - - [20/Aug/2008:15:34:11 -0400] "GET /eSpecs/AddDocumentAction.do?mediaType=HC&GID=BGJGIBAAAAAAAAAA&page=1&nRecords=10&searchValue=9001&searchKey=DOCNO&organizations=ISO&displayWithdrawn=false¤cy=CAD HTTP/1.1" 200 81304 "-" "msnbot/1.1 (+http://search.msn.com/msnbot.htm)"
75.154.100.110 - - [20/Aug/2008:15:34:48 -0400] "POST /SpecsSearch/SpecsSearchAction.do HTTP/1.1" 200 16109 "http://palcan.scc.ca/SpecsSearch/TLSearchForm.do" "Mozilla/4.0 (compatible; MSIE 7.0; Windows NT 5.1; .NET CLR 2.0.50727; .NET CLR 1.1.4322; .NET CLR 3.0.04506.30; .NET CLR 3.0.04506.648)"
66.130.232.177 - - [20/Aug/2008:15:34:51 -0400] "GET /eSpecs/css/index.css HTTP/1.1" 200 10895 "http://www.standardsstore.ca/eSpecs/index.jsp" "Mozilla/5.0 (Windows; U; Windows NT 5.1; fr; rv:1.8.1.16) Gecko/20080702 Firefox/2.0.0.16"
66.130.232.177 - - [20/Aug/2008:15:34:51 -0400] "GET /eSpecs/js/main.js HTTP/1.1" 200 9677 "http://www.standardsstore.ca/eSpecs/index.jsp" "Mozilla/5.0 (Windows; U; Windows NT 5.1; fr; rv:1.8.1.16) Gecko/20080702 Firefox/2.0.0.16"
66.130.232.177 - - [20/Aug/2008:15:34:51 -0400] "GET /eSpecs/index.jsp HTTP/1.1" 200 89199 "-" "Mozilla/5.0 (Windows; U; Windows NT 5.1; fr; rv:1.8.1.16) Gecko/20080702 Firefox/2.0.0.16"
66.130.232.177 - - [20/Aug/2008:15:34:51 -0400] "GET /eSpecs/js/style.js HTTP/1.1" 200 3774 "http://www.standardsstore.ca/eSpecs/index.jsp" "Mozilla/5.0 (Windows; U; Windows NT 5.1; fr; rv:1.8.1.16) Gecko/20080702 Firefox/2.0.0.16"
66.130.232.177 - - [20/Aug/2008:15:34:51 -0400] "GET /eSpecs/images/scc_logo.gif HTTP/1.1" 200 4870 "http://www.standardsstore.ca/eSpecs/index.jsp" "Mozilla/5.0 (Windows; U; Windows NT 5.1; fr; rv:1.8.1.16) Gecko/20080702 Firefox/2.0.0.16"
66.130.232.177 - - [20/Aug/2008:15:34:51 -0400] "GET /eSpecs/images/header.gif HTTP/1.1" 200 13254 "http://www.standardsstore.ca/eSpecs/index.jsp" "Mozilla/5.0 (Windows; U; Windows NT 5.1; fr; rv:1.8.1.16) Gecko/20080702 Firefox/2.0.0.16"
66.130.232.177 - - [20/Aug/2008:15:34:51 -0400] "GET /eSpecs/images/ihs_logo.gif HTTP/1.1" 200 1947 "http://www.standardsstore.ca/eSpecs/index.jsp" "Mozilla/5.0 (Windows; U; Windows NT 5.1; fr; rv:1.8.1.16) Gecko/20080702 Firefox/2.0.0.16"
66.130.232.177 - - [20/Aug/2008:15:34:51 -0400] "GET /eSpecs/images/fr/iso22000.gif HTTP/1.1" 200 39762 "http://www.standardsstore.ca/eSpecs/index.jsp" "Mozilla/5.0 (Windows; U; Windows NT 5.1; fr; rv:1.8.1.16) Gecko/20080702 Firefox/2.0.0.16"
66.130.232.177 - - [20/Aug/2008:15:34:51 -0400] "GET /eSpecs/images/fr/isoiec17025.gif HTTP/1.1" 200 40136 "http://www.standardsstore.ca/eSpecs/index.jsp" "Mozilla/5.0 (Windows; U; Windows NT 5.1; fr; rv:1.8.1.16) Gecko/20080702 Firefox/2.0.0.16"
66.130.232.177 - - [20/Aug/2008:15:34:52 -0400] "GET /eSpecs/images/help.jpg HTTP/1.1" 200 389 "http://www.standardsstore.ca/eSpecs/index.jsp" "Mozilla/5.0 (Windows; U; Windows NT 5.1; fr; rv:1.8.1.16) Gecko/20080702 Firefox/2.0.0.16"
66.130.232.177 - - [20/Aug/2008:15:34:52 -0400] "GET /eSpecs/images/iso.gif HTTP/1.1" 200 2457 "http://www.standardsstore.ca/eSpecs/index.jsp" "Mozilla/5.0 (Windows; U; Windows NT 5.1; fr; rv:1.8.1.16) Gecko/20080702 Firefox/2.0.0.16"
66.130.232.177 - - [20/Aug/2008:15:34:52 -0400] "GET /eSpecs/images/NSS2008.jpg HTTP/1.1" 200 14223 "http://www.standardsstore.ca/eSpecs/index.jsp" "Mozilla/5.0 (Windows; U; Windows NT 5.1; fr; rv:1.8.1.16) Gecko/20080702 Firefox/2.0.0.16"
66.130.232.177 - - [20/Aug/2008:15:34:52 -0400] "GET /eSpecs/images/iec.gif HTTP/1.1" 200 696 "http://www.standardsstore.ca/eSpecs/index.jsp" "Mozilla/5.0 (Windows; U; Windows NT 5.1; fr; rv:1.8.1.16) Gecko/20080702 Firefox/2.0.0.16"
66.130.232.177 - - [20/Aug/2008:15:34:52 -0400] "GET /eSpecs/images/api.gif HTTP/1.1" 200 976 "http://www.standardsstore.ca/eSpecs/index.jsp" "Mozilla/5.0 (Windows; U; Windows NT 5.1; fr; rv:1.8.1.16) Gecko/20080702 Firefox/2.0.0.16"
66.130.232.177 - - [20/Aug/2008:15:34:52 -0400] "GET /eSpecs/images/asm.gif HTTP/1.1" 200 1711 "http://www.standardsstore.ca/eSpecs/index.jsp" "Mozilla/5.0 (Windows; U; Windows NT 5.1; fr; rv:1.8.1.16) Gecko/20080702 Firefox/2.0.0.16"
66.130.232.177 - - [20/Aug/2008:15:34:52 -0400] "GET /eSpecs/images/fr/exportalert.jpg HTTP/1.1" 200 4418 "http://www.standardsstore.ca/eSpecs/index.jsp" "Mozilla/5.0 (Windows; U; Windows NT 5.1; fr; rv:1.8.1.16) Gecko/20080702 Firefox/2.0.0.16"
66.130.232.177 - - [20/Aug/2008:15:34:52 -0400] "GET /eSpecs/images/fr/standards_alert.jpg HTTP/1.1" 200 14493 "http://www.standardsstore.ca/eSpecs/index.jsp" "Mozilla/5.0 (Windows; U; Windows NT 5.1; fr; rv:1.8.1.16) Gecko/20080702 Firefox/2.0.0.16"
66.130.232.177 - - [20/Aug/2008:15:34:52 -0400] "GET /eSpecs/images/fr/reg.jpg HTTP/1.1" 200 13711 "http://www.standardsstore.ca/eSpecs/index.jsp" "Mozilla/5.0 (Windows; U; Windows NT 5.1; fr; rv:1.8.1.16) Gecko/20080702 Firefox/2.0.0.16"
66.130.232.177 - - [20/Aug/2008:15:34:52 -0400] "GET /eSpecs/images/research.jpg HTTP/1.1" 200 12311 "http://www.standardsstore.ca/eSpecs/index.jsp" "Mozilla/5.0 (Windows; U; Windows NT 5.1; fr; rv:1.8.1.16) Gecko/20080702 Firefox/2.0.0.16"
66.130.232.177 - - [20/Aug/2008:15:34:53 -0400] "GET /eSpecs/images/afnor.gif HTTP/1.1" 200 811 "http://www.standardsstore.ca/eSpecs/index.jsp" "Mozilla/5.0 (Windows; U; Windows NT 5.1; fr; rv:1.8.1.16) Gecko/20080702 Firefox/2.0.0.16"
66.130.232.177 - - [20/Aug/2008:15:34:53 -0400] "GET /eSpecs/images/din_logo.gif HTTP/1.1" 200 486 "http://www.standardsstore.ca/eSpecs/index.jsp" "Mozilla/5.0 (Windows; U; Windows NT 5.1; fr; rv:1.8.1.16) Gecko/20080702 Firefox/2.0.0.16"
66.130.232.177 - - [20/Aug/2008:15:34:53 -0400] "GET /eSpecs/images/canada.gif HTTP/1.1" 200 1511 "http://www.standardsstore.ca/eSpecs/index.jsp" "Mozilla/5.0 (Windows; U; Windows NT 5.1; fr; rv:1.8.1.16) Gecko/20080702 Firefox/2.0.0.16"
75.154.100.110 - - [20/Aug/2008:15:34:55 -0400] "GET /SpecsSearch/pages/images/BigCLASLogo.gif HTTP/1.1" 200 6164 "http://palcan.scc.ca/SpecsSearch/CalibrationSearchForm.do" "Mozilla/4.0 (compatible; MSIE 7.0; Windows NT 5.1; .NET CLR 2.0.50727; .NET CLR 1.1.4322; .NET CLR 3.0.04506.30; .NET CLR 3.0.04506.648)"
