66.249.66.42 - - [20/Aug/2008:13:40:45 -0400] "GET /eSpecs/DocumentDetails.do?GID=SLHRXBAAAAAAAAAA¤cy=CAD HTTP/1.1" 404 1030 "-" "Mozilla/5.0 (compatible; Googlebot/2.1; +http://www.google.com/bot.html)"
66.249.66.42 - - [20/Aug/2008:13:40:46 -0400] "GET /eSpecs/DocumentDetails.do?GID=FPHJGCAAAAAAAAAA¤cy=CAD HTTP/1.1" 404 1030 "-" "Mozilla/5.0 (compatible; Googlebot/2.1; +http://www.google.com/bot.html)"
66.249.66.42 - - [20/Aug/2008:13:40:47 -0400] "GET /eSpecs/DocumentReferenced.do?GID=IZJBACAAAAAAAAAA&page=1&nRecords=10&searchValue=API%20STD%201529&searchKey=DOCNO&organizations=API&displayWithdrawn=false¤cy=CAD HTTP/1.1" 404 1039 "-" "Mozilla/5.0 (compatible; Googlebot/2.1; +http://www.google.com/bot.html)"
66.249.66.42 - - [20/Aug/2008:13:40:47 -0400] "GET /eSpecs/DocumentReferenced.do?GID=JWRXNAAAAAAAAAAA&page=1&nRecords=10&searchValue=9000%20COMPENDIUM&searchKey=DOCNO&organizations=ISO&displayWithdrawn=false¤cy=CAD HTTP/1.1" 404 1039 "-" "Mozilla/5.0 (compatible; Googlebot/2.1; +http://www.google.com/bot.html)"
142.46.199.30 - - [20/Aug/2008:13:40:48 -0400] "HEAD / HTTP/1.0" 200 - "-" "Mozilla/4.0 (compatible; ipMonitor 8.5)"
66.249.66.42 - - [20/Aug/2008:13:40:48 -0400] "GET /eSpecs/DocumentReferenced.do?GID=HHNTJBAAAAAAAAAA&page=1&nRecords=10&searchValue=ANSI%20C119.1&searchKey=DOCNO&organizations=ANSI&displayWithdrawn=false¤cy=CAD HTTP/1.1" 404 1039 "-" "Mozilla/5.0 (compatible; Googlebot/2.1; +http://www.google.com/bot.html)"
206.130.170.11 - - [20/Aug/2008:13:40:48 -0400] "GET /SpecsSearch/GLSearchForm.do?language=en HTTP/1.1" 400 - "http://www.scc.ca/en/programs/lab/index.shtml" "Mozilla/4.0 (compatible; MSIE 6.0; Windows NT 5.1; SV1; .NET CLR 1.1.4322)"
66.249.66.42 - - [20/Aug/2008:13:40:48 -0400] "GET /eSpecs/DocumentReferenced.do?GID=HSFJEBAAAAAAAAAA&page=1&nRecords=10&searchValue=A5.8/A5.8M&searchKey=DOCNO&organizations=AWS&displayWithdrawn=false¤cy=CAD HTTP/1.1" 404 1039 "-" "Mozilla/5.0 (compatible; Googlebot/2.1; +http://www.google.com/bot.html)"
66.249.66.42 - - [20/Aug/2008:13:40:49 -0400] "GET /eSpecs/DocumentReferenced.do?GID=YNQEABAAAAAAAAAA&page=1&nRecords=10&searchValue=70&searchKey=DOCNO&organizations=NFPA&displayWithdrawn=false¤cy=CAD HTTP/1.1" 404 1039 "-" "Mozilla/5.0 (compatible; Googlebot/2.1; +http://www.google.com/bot.html)"
66.249.66.42 - - [20/Aug/2008:13:40:50 -0400] "GET /eSpecs/DocumentReferenced.do?GID=FRVFHBAAAAAAAAAA&page=1&nRecords=10&searchValue=SAE%20AMS-H-6875&searchKey=DOCNO&organizations=&displayWithdrawn=false¤cy=CAD HTTP/1.1" 404 1039 "-" "Mozilla/5.0 (compatible; Googlebot/2.1; +http://www.google.com/bot.html)"
66.249.66.42 - - [20/Aug/2008:13:40:50 -0400] "GET /eSpecs/DocumentReferenced.do?GID=VHVTJBAAAAAAAAAA&page=1&nRecords=10&searchValue=A-610&searchKey=DOCNO&organizations=IPC&displayWithdrawn=false¤cy=CAD HTTP/1.1" 404 1039 "-" "Mozilla/5.0 (compatible; Googlebot/2.1; +http://www.google.com/bot.html)"
66.249.66.42 - - [20/Aug/2008:13:40:51 -0400] "GET /eSpecs/DocumentReferenced.do?GID=JZMUGCAAAAAAAAAA&page=1&nRecords=10&searchValue=PB%201.1&searchKey=DOCNO&organizations=NEMA&displayWithdrawn=false¤cy=CAD HTTP/1.1" 404 1039 "-" "Mozilla/5.0 (compatible; Googlebot/2.1; +http://www.google.com/bot.html)"
66.249.66.42 - - [20/Aug/2008:13:40:51 -0400] "GET /eSpecs/DocumentReferenced.do?GID=AFXSACAAAAAAAAAA&page=1&nRecords=10&searchValue=WI&searchKey=DOCNO&organizations=AWS&displayWithdrawn=false¤cy=CAD HTTP/1.1" 404 1039 "-" "Mozilla/5.0 (compatible; Googlebot/2.1; +http://www.google.com/bot.html)"
66.249.66.42 - - [20/Aug/2008:13:40:52 -0400] "GET /eSpecs/DocumentReferenced.do?GID=RDIZCAAAAAAAAAAA&page=1&nRecords=10&searchValue=14001&searchKey=DOCNO&organizations=ISO&displayWithdrawn=false¤cy=CAD HTTP/1.1" 404 1039 "-" "Mozilla/5.0 (compatible; Googlebot/2.1; +http://www.google.com/bot.html)"
66.249.66.42 - - [20/Aug/2008:13:40:53 -0400] "GET /eSpecs/DocumentReferenced.do?GID=HUPIJBAAAAAAAAAA&page=1&nRecords=10&searchValue=72&searchKey=DOCNO&organizations=NFPA&displayWithdrawn=false¤cy=CAD HTTP/1.1" 404 1039 "-" "Mozilla/5.0 (compatible; Googlebot/2.1; +http://www.google.com/bot.html)"
66.249.66.42 - - [20/Aug/2008:13:40:53 -0400] "GET /eSpecs/DocumentReferenced.do?GID=VOCGDBAAAAAAAAAA&page=1&nRecords=10&searchValue=D1.6&searchKey=DOCNO&organizations=AWS&displayWithdrawn=false¤cy=CAD HTTP/1.1" 404 1039 "-" "Mozilla/5.0 (compatible; Googlebot/2.1; +http://www.google.com/bot.html)"
66.249.66.42 - - [20/Aug/2008:13:40:54 -0400] "GET /eSpecs/DocumentReferenced.do?GID=JIQCDAAAAAAAAAAA&page=1&nRecords=10&searchValue=NQA%201&searchKey=DOCNO&organizations=ASME&displayWithdrawn=false¤cy=CAD HTTP/1.1" 404 1039 "-" "Mozilla/5.0 (compatible; Googlebot/2.1; +http://www.google.com/bot.html)"
66.249.66.42 - - [20/Aug/2008:13:40:54 -0400] "GET /eSpecs/DocumentReferenced.do?GID=MJGSACAAAAAAAAAA&page=1&nRecords=10&searchValue=9001&searchKey=DOCNO&organizations=ISO&displayWithdrawn=false¤cy=CAD HTTP/1.1" 404 1039 "-" "Mozilla/5.0 (compatible; Googlebot/2.1; +http://www.google.com/bot.html)"
66.249.66.42 - - [20/Aug/2008:13:40:55 -0400] "GET /eSpecs/DocumentReferenced.do?GID=VRRNBCAAAAAAAAAA&page=1&nRecords=10&searchValue=2.9&searchKey=DOCNO&organizations=AWS&displayWithdrawn=false¤cy=CAD HTTP/1.1" 404 1039 "-" "Mozilla/5.0 (compatible; Googlebot/2.1; +http://www.google.com/bot.html)"
66.249.66.42 - - [20/Aug/2008:13:40:56 -0400] "GET /eSpecs/DocumentReferenced.do?GID=TQJQCAAAAAAAAAAA&page=1&nRecords=10&searchValue=60529&searchKey=DOCNO&organizations=IEC&displayWithdrawn=false¤cy=CAD HTTP/1.1" 404 1039 "-" "Mozilla/5.0 (compatible; Googlebot/2.1; +http://www.google.com/bot.html)"
66.249.66.42 - - [20/Aug/2008:13:40:56 -0400] "GET /eSpecs/DocumentReferenced.do?GID=OCNMCCAAAAAAAAAA&page=1&nRecords=10&searchValue=TC-1A&searchKey=DOCNO&organizations=&displayWithdrawn=false¤cy=CAD HTTP/1.1" 404 1039 "-" "Mozilla/5.0 (compatible; Googlebot/2.1; +http://www.google.com/bot.html)"
66.249.66.42 - - [20/Aug/2008:13:40:57 -0400] "GET /eSpecs/DocumentReferenced.do?GID=DLGPGBAAAAAAAAAA&page=1&nRecords=10&searchValue=60601-1&searchKey=DOCNO&organizations=UL&displayWithdrawn=false¤cy=CAD HTTP/1.1" 404 1039 "-" "Mozilla/5.0 (compatible; Googlebot/2.1; +http://www.google.com/bot.html)"
66.249.66.42 - - [20/Aug/2008:13:40:57 -0400] "GET /eSpecs/DocumentReferenced.do?GID=NBJRCCAAAAAAAAAA&page=1&nRecords=10&searchValue=A17.1&searchKey=DOCNO&organizations=ASME&displayWithdrawn=false¤cy=CAD HTTP/1.1" 404 1039 "-" "Mozilla/5.0 (compatible; Googlebot/2.1; +http://www.google.com/bot.html)"
66.249.66.42 - - [20/Aug/2008:13:40:58 -0400] "GET /eSpecs/DocumentReferenced.do?GID=FRZVXAAAAAAAAAAA&page=1&nRecords=10&searchValue=EIA-649&searchKey=DOCNO&organizations=&displayWithdrawn=false¤cy=CAD HTTP/1.1" 404 1039 "-" "Mozilla/5.0 (compatible; Googlebot/2.1; +http://www.google.com/bot.html)"
66.249.66.42 - - [20/Aug/2008:13:40:59 -0400] "GET /eSpecs/DocumentReferenced.do?GID=UXKPCAAAAAAAAAAA&page=1&nRecords=10&searchValue=WI&searchKey=DOCNO&organizations=AWS&displayWithdrawn=false¤cy=CAD HTTP/1.1" 404 1039 "-" "Mozilla/5.0 (compatible; Googlebot/2.1; +http://www.google.com/bot.html)"
66.249.66.42 - - [20/Aug/2008:13:40:59 -0400] "GET /eSpecs/DocumentReferenced.do?GID=LRTZIBAAAAAAAAAA&page=1&nRecords=10&searchValue=ASCE%207&searchKey=DOCNO&organizations=&displayWithdrawn=false¤cy=CAD HTTP/1.1" 404 1039 "-" "Mozilla/5.0 (compatible; Googlebot/2.1; +http://www.google.com/bot.html)"
66.249.66.42 - - [20/Aug/2008:13:41:00 -0400] "GET /eSpecs/DocumentReferenced.do?GID=PYJICAAAAAAAAAAA&page=1&nRecords=10&searchValue=TC-1A&searchKey=DOCNO&organizations=&displayWithdrawn=false¤cy=CAD HTTP/1.1" 404 1039 "-" "Mozilla/5.0 (compatible; Googlebot/2.1; +http://www.google.com/bot.html)"
142.46.199.30 - - [20/Aug/2008:13:41:00 -0400] "GET /eSpecs/SearchFormAction.do?page=1&searchValue=17025&searchKey=DOCNO&organizations=ISO HTTP/1.0" 404 1033 "-" "Mozilla/4.0 (compatible; ipMonitor 8.5)"
66.249.66.42 - - [20/Aug/2008:13:41:00 -0400] "GET /eSpecs/DocumentDetails.do?GID=HHXLJAAAAAAAAAAA¤cy=CAD HTTP/1.1" 404 1030 "-" "Mozilla/5.0 (compatible; Googlebot/2.1; +http://www.google.com/bot.html)"
66.249.66.42 - - [20/Aug/2008:13:41:01 -0400] "GET /eSpecs/DocumentReferenced.do?GID=RCDNEBAAAAAAAAAA&page=1&nRecords=10&searchValue=10006&searchKey=DOCNO&organizations=ISO&displayWithdrawn=false¤cy=CAD HTTP/1.1" 404 1039 "-" "Mozilla/5.0 (compatible; Googlebot/2.1; +http://www.google.com/bot.html)"
66.249.66.42 - - [20/Aug/2008:13:41:02 -0400] "GET /eSpecs/DocumentReferenced.do?GID=KGDLTAAAAAAAAAAA&page=1&nRecords=10&searchValue=FORD%20WSS-M99P1111-A&searchKey=DOCNO&organizations=&displayWithdrawn=false¤cy=CAD HTTP/1.1" 404 1039 "-" "Mozilla/5.0 (compatible; Googlebot/2.1; +http://www.google.com/bot.html)"
66.249.66.42 - - [20/Aug/2008:13:41:02 -0400] "GET /eSpecs/DocumentReferenced.do?GID=TAOYGCAAAAAAAAAA&page=1&nRecords=10&searchValue=QS9000&searchKey=DOCNO&organizations=&displayWithdrawn=false¤cy=CAD HTTP/1.1" 404 1039 "-" "Mozilla/5.0 (compatible; Googlebot/2.1; +http://www.google.com/bot.html)"
4.22.69.25 - - [20/Aug/2008:13:41:01 -0400] "GET /specs/pdf/134_e.pdf HTTP/1.0" 200 27606 "-" "Mozilla/4.0 (compatible; MSIE 7.0; Windows NT 5.1; .NET CLR 1.1.4322)"
66.249.66.42 - - [20/Aug/2008:13:41:03 -0400] "GET /eSpecs/DocumentDetails.do?GID=NGFNBCAAAAAAAAAA¤cy=CAD HTTP/1.1" 404 1030 "-" "Mozilla/5.0 (compatible; Googlebot/2.1; +http://www.google.com/bot.html)"
66.249.66.42 - - [20/Aug/2008:13:41:04 -0400] "GET /eSpecs/DocumentReferenced.do?GID=KAUPJBAAAAAAAAAA&page=2&nRecords=10&searchValue=70&searchKey=DOCNO&organizations=NFPA&displayWithdrawn=false¤cy=CAD HTTP/1.1" 404 1039 "-" "Mozilla/5.0 (compatible; Googlebot/2.1; +http://www.google.com/bot.html)"
66.249.66.42 - - [20/Aug/2008:13:41:04 -0400] "GET /eSpecs/DocumentDetails.do?GID=XMQKVAAAAAAAAAAA¤cy=CAD HTTP/1.1" 404 1030 "-" "Mozilla/5.0 (compatible; Googlebot/2.1; +http://www.google.com/bot.html)"
4.22.69.25 - - [20/Aug/2008:13:41:04 -0400] "GET /specs/pdf/134_e.pdf HTTP/1.0" 200 27606 "-" "Mozilla/4.0 (compatible; MSIE 7.0; Windows NT 5.1; .NET CLR 1.1.4322)"
66.249.66.42 - - [20/Aug/2008:13:41:05 -0400] "GET /eSpecs/DocumentReferenced.do?GID=EQUCACAAAAAAAAAA&page=1&nRecords=10&searchValue=70&searchKey=DOCNO&organizations=NFPA&displayWithdrawn=false¤cy=CAD HTTP/1.1" 404 1039 "-" "Mozilla/5.0 (compatible; Googlebot/2.1; +http://www.google.com/bot.html)"
66.249.66.42 - - [20/Aug/2008:13:41:05 -0400] "GET /eSpecs/DocumentReferenced.do?GID=NIEJACAAAAAAAAAA&page=1&nRecords=10&searchValue=13&searchKey=DOCNO&organizations=NFPA&displayWithdrawn=false¤cy=CAD HTTP/1.1" 404 1039 "-" "Mozilla/5.0 (compatible; Googlebot/2.1; +http://www.google.com/bot.html)"
66.249.66.42 - - [20/Aug/2008:13:41:06 -0400] "GET /eSpecs/DocumentReferenced.do?GID=EFZITAAAAAAAAAAA&page=1&nRecords=10&searchValue=SAE%20AS%209102&searchKey=DOCNO&organizations=&displayWithdrawn=false¤cy=CAD HTTP/1.1" 404 1039 "-" "Mozilla/5.0 (compatible; Googlebot/2.1; +http://www.google.com/bot.html)"
66.249.66.42 - - [20/Aug/2008:13:41:07 -0400] "GET /eSpecs/DocumentReferenced.do?GID=GOIJJBAAAAAAAAAA&page=1&nRecords=10&searchValue=13&searchKey=DOCNO&organizations=NFPA&displayWithdrawn=false¤cy=CAD HTTP/1.1" 404 1039 "-" "Mozilla/5.0 (compatible; Googlebot/2.1; +http://www.google.com/bot.html)"
66.249.66.42 - - [20/Aug/2008:13:41:07 -0400] "GET /eSpecs/DocumentReferenced.do?GID=JFVTJBAAAAAAAAAA&page=1&nRecords=10&searchValue=ASTM%20D%202000&searchKey=DOCNO&organizations=ASTM&displayWithdrawn=false¤cy=CAD HTTP/1.1" 404 1039 "-" "Mozilla/5.0 (compatible; Googlebot/2.1; +http://www.google.com/bot.html)"
66.249.66.42 - - [20/Aug/2008:13:41:08 -0400] "GET /eSpecs/DocumentReferenced.do?GID=SEZDDCAAAAAAAAAA&page=1&nRecords=10&searchValue=ANSI%20A92.2&searchKey=DOCNO&organizations=ANSI&displayWithdrawn=false¤cy=CAD HTTP/1.1" 404 1039 "-" "Mozilla/5.0 (compatible; Googlebot/2.1; +http://www.google.com/bot.html)"
66.249.66.42 - - [20/Aug/2008:13:41:08 -0400] "GET /eSpecs/DocumentReferenced.do?GID=PKSEIBAAAAAAAAAA&page=1&nRecords=10&searchValue=API%20STD%201529&searchKey=DOCNO&organizations=API&displayWithdrawn=false¤cy=CAD HTTP/1.1" 404 1039 "-" "Mozilla/5.0 (compatible; Googlebot/2.1; +http://www.google.com/bot.html)"
66.249.66.42 - - [20/Aug/2008:13:41:09 -0400] "GET /eSpecs/DocumentReferenced.do?GID=WLQVGCAAAAAAAAAA&page=1&nRecords=10&searchValue=AWS%20D17.1&searchKey=DOCNO&organizations=&displayWithdrawn=false¤cy=CAD HTTP/1.1" 404 1039 "-" "Mozilla/5.0 (compatible; Googlebot/2.1; +http://www.google.com/bot.html)"
66.249.66.42 - - [20/Aug/2008:13:41:10 -0400] "GET /eSpecs/DocumentReferenced.do?GID=SQARXBAAAAAAAAAA&page=1&nRecords=10&searchValue=60335-1&searchKey=DOCNO&organizations=BSI&displayWithdrawn=false¤cy=CAD HTTP/1.1" 404 1039 "-" "Mozilla/5.0 (compatible; Googlebot/2.1; +http://www.google.com/bot.html)"
66.249.66.42 - - [20/Aug/2008:13:41:10 -0400] "GET /eSpecs/DocumentReferenced.do?GID=RVTPJBAAAAAAAAAA&page=1&nRecords=10&searchValue=13&searchKey=DOCNO&organizations=NFPA&displayWithdrawn=false¤cy=CAD HTTP/1.1" 404 1039 "-" "Mozilla/5.0 (compatible; Googlebot/2.1; +http://www.google.com/bot.html)"
66.249.66.42 - - [20/Aug/2008:13:41:11 -0400] "GET /eSpecs/DocumentReferenced.do?GID=VRNABCAAAAAAAAAA&page=1&nRecords=10&searchValue=B%20221&searchKey=DOCNO&organizations=ASTM&displayWithdrawn=false¤cy=CAD HTTP/1.1" 404 1039 "-" "Mozilla/5.0 (compatible; Googlebot/2.1; +http://www.google.com/bot.html)"
66.249.66.42 - - [20/Aug/2008:13:41:11 -0400] "GET /eSpecs/DocumentReferenced.do?GID=WQIHCAAAAAAAAAAA&page=1&nRecords=10&searchValue=72&searchKey=DOCNO&organizations=NFPA&displayWithdrawn=false¤cy=CAD HTTP/1.1" 404 1039 "-" "Mozilla/5.0 (compatible; Googlebot/2.1; +http://www.google.com/bot.html)"
66.249.66.42 - - [20/Aug/2008:13:41:12 -0400] "GET /eSpecs/DocumentReferenced.do?GID=NEKHFBAAAAAAAAAA&page=1&nRecords=10&searchValue=API%20RP%20500&searchKey=DOCNO&organizations=API&displayWithdrawn=false¤cy=CAD HTTP/1.1" 404 1039 "-" "Mozilla/5.0 (compatible; Googlebot/2.1; +http://www.google.com/bot.html)"
66.249.66.42 - - [20/Aug/2008:13:41:13 -0400] "GET /eSpecs/DocumentReferenced.do?GID=NYCSXBAAAAAAAAAA&page=1&nRecords=10&searchValue=13&searchKey=DOCNO&organizations=NFPA&displayWithdrawn=false¤cy=CAD HTTP/1.1" 404 1039 "-" "Mozilla/5.0 (compatible; Googlebot/2.1; +http://www.google.com/bot.html)"
66.249.66.42 - - [20/Aug/2008:13:41:13 -0400] "GET /eSpecs/DocumentReferenced.do?GID=BADEBBAAAAAAAAAA&page=1&nRecords=10&searchValue=101&searchKey=DOCNO&organizations=NFPA&displayWithdrawn=false¤cy=CAD HTTP/1.1" 404 1039 "-" "Mozilla/5.0 (compatible; Googlebot/2.1; +http://www.google.com/bot.html)"
66.249.66.42 - - [20/Aug/2008:13:41:14 -0400] "GET /eSpecs/DocumentReferenced.do?GID=JVTPJBAAAAAAAAAA&page=1&nRecords=10&searchValue=13&searchKey=DOCNO&organizations=NFPA&displayWithdrawn=false¤cy=CAD HTTP/1.1" 404 1039 "-" "Mozilla/5.0 (compatible; Googlebot/2.1; +http://www.google.com/bot.html)"
66.249.66.42 - - [20/Aug/2008:13:41:14 -0400] "GET /eSpecs/DocumentReferenced.do?GID=FDTSABAAAAAAAAAA&page=1&nRecords=10&searchValue=60417&searchKey=DOCNO&organizations=IEC&displayWithdrawn=false¤cy=CAD HTTP/1.1" 404 1039 "-" "Mozilla/5.0 (compatible; Googlebot/2.1; +http://www.google.com/bot.html)"
66.249.66.42 - - [20/Aug/2008:13:41:15 -0400] "GET /eSpecs/DocumentReferenced.do?GID=VGIUCBAAAAAAAAAA&page=1&nRecords=10&searchValue=14971&searchKey=DOCNO&organizations=BSI&displayWithdrawn=false¤cy=CAD HTTP/1.1" 404 1039 "-" "Mozilla/5.0 (compatible; Googlebot/2.1; +http://www.google.com/bot.html)"
66.249.66.42 - - [20/Aug/2008:13:41:16 -0400] "GET /eSpecs/DocumentReferenced.do?GID=RZMEACAAAAAAAAAA&page=1&nRecords=10&searchValue=C2&searchKey=DOCNO&organizations=IEEE&displayWithdrawn=false¤cy=CAD HTTP/1.1" 404 1039 "-" "Mozilla/5.0 (compatible; Googlebot/2.1; +http://www.google.com/bot.html)"
66.249.66.42 - - [20/Aug/2008:13:41:16 -0400] "GET /eSpecs/DocumentReferenced.do?GID=ICVXHAAAAAAAAAAA&page=1&nRecords=10&searchValue=60601-1-1&searchKey=DOCNO&organizations=IEC&displayWithdrawn=false¤cy=CAD HTTP/1.1" 404 1039 "-" "Mozilla/5.0 (compatible; Googlebot/2.1; +http://www.google.com/bot.html)"
66.249.66.42 - - [20/Aug/2008:13:41:17 -0400] "GET /eSpecs/DocumentReferenced.do?GID=SSGHCAAAAAAAAAAA&page=1&nRecords=10&searchValue=70&searchKey=DOCNO&organizations=NFPA&displayWithdrawn=false¤cy=CAD HTTP/1.1" 404 1039 "-" "Mozilla/5.0 (compatible; Googlebot/2.1; +http://www.google.com/bot.html)"
66.249.66.42 - - [20/Aug/2008:13:41:17 -0400] "GET /eSpecs/DocumentReferenced.do?GID=EBIPGBAAAAAAAAAA&page=1&nRecords=10&searchValue=13&searchKey=DOCNO&organizations=NFPA&displayWithdrawn=false¤cy=CAD HTTP/1.1" 404 1039 "-" "Mozilla/5.0 (compatible; Googlebot/2.1; +http://www.google.com/bot.html)"
66.249.66.42 - - [20/Aug/2008:13:41:18 -0400] "GET /eSpecs/DocumentReferenced.do?GID=STMMCAAAAAAAAAAA&page=1&nRecords=10&searchValue=ASTM%20D%202000&searchKey=DOCNO&organizations=ASTM&displayWithdrawn=false¤cy=CAD HTTP/1.1" 404 1039 "-" "Mozilla/5.0 (compatible; Googlebot/2.1; +http://www.google.com/bot.html)"
66.249.66.42 - - [20/Aug/2008:13:41:19 -0400] "GET /eSpecs/DocumentReferenced.do?GID=TCNPACAAAAAAAAAA&page=1&nRecords=10&searchValue=9120&searchKey=DOCNO&organizations=SAE&displayWithdrawn=false¤cy=CAD HTTP/1.1" 404 1039 "-" "Mozilla/5.0 (compatible; Googlebot/2.1; +http://www.google.com/bot.html)"
66.249.66.42 - - [20/Aug/2008:13:41:19 -0400] "GET /eSpecs/DocumentReferenced.do?GID=UCQPHBAAAAAAAAAA&page=1&nRecords=10&searchValue=WI&searchKey=DOCNO&organizations=AWS&displayWithdrawn=false¤cy=CAD HTTP/1.1" 404 1039 "-" "Mozilla/5.0 (compatible; Googlebot/2.1; +http://www.google.com/bot.html)"
66.249.66.42 - - [20/Aug/2008:13:41:20 -0400] "GET /eSpecs/DocumentReferenced.do?GID=SFQUACAAAAAAAAAA&page=1&nRecords=10&searchValue=13&searchKey=DOCNO&organizations=NFPA&displayWithdrawn=false¤cy=CAD HTTP/1.1" 404 1039 "-" "Mozilla/5.0 (compatible; Googlebot/2.1; +http://www.google.com/bot.html)"
66.249.66.42 - - [20/Aug/2008:13:41:20 -0400] "GET /eSpecs/DocumentReferenced.do?GID=NQORXBAAAAAAAAAA&page=1&nRecords=10&searchValue=1417&searchKey=DOCNO&organizations=ASTM&displayWithdrawn=false¤cy=CAD HTTP/1.1" 404 1039 "-" "Mozilla/5.0 (compatible; Googlebot/2.1; +http://www.google.com/bot.html)"
71.216.191.41 - - [20/Aug/2008:13:41:21 -0400] "GET / HTTP/1.1" 200 121 "http://www.scc.ca/en/publications/index.shtml" "Mozilla/5.0 (Windows; U; Windows NT 5.1; en-US; rv:1.9) Gecko/2008052906 Firefox/3.0"
71.216.191.41 - - [20/Aug/2008:13:41:21 -0400] "GET /favicon.ico HTTP/1.1" 404 339 "-" "Mozilla/5.0 (Windows; U; Windows NT 5.1; en-US; rv:1.9) Gecko/2008052906 Firefox/3.0"
66.249.66.42 - - [20/Aug/2008:13:41:21 -0400] "GET /eSpecs/DocumentReferenced.do?GID=HBHTCBAAAAAAAAAA&page=1&nRecords=10&searchValue=PB%201.1&searchKey=DOCNO&organizations=NEMA&displayWithdrawn=false¤cy=CAD HTTP/1.1" 404 1039 "-" "Mozilla/5.0 (compatible; Googlebot/2.1; +http://www.google.com/bot.html)"
71.216.191.41 - - [20/Aug/2008:13:41:21 -0400] "GET /eSpecs/index.jsp HTTP/1.1" 404 982 "-" "Mozilla/5.0 (Windows; U; Windows NT 5.1; en-US; rv:1.9) Gecko/2008052906 Firefox/3.0"
4.22.69.25 - - [20/Aug/2008:13:41:21 -0400] "GET /specs/pdf/309_e.pdf HTTP/1.0" 200 29004 "-" "Mozilla/4.0 (compatible; MSIE 7.0; Windows NT 5.1; .NET CLR 1.1.4322)"
66.249.66.42 - - [20/Aug/2008:13:41:22 -0400] "GET /eSpecs/DocumentReferenced.do?GID=RUHMCCAAAAAAAAAA&page=1&nRecords=10&searchValue=568&searchKey=DOCNO&organizations=TIA&displayWithdrawn=false¤cy=CAD HTTP/1.1" 404 1039 "-" "Mozilla/5.0 (compatible; Googlebot/2.1; +http://www.google.com/bot.html)"
66.249.66.42 - - [20/Aug/2008:13:41:22 -0400] "GET /eSpecs/DocumentReferenced.do?GID=XTFXIBAAAAAAAAAA&page=1&nRecords=10&searchValue=13&searchKey=DOCNO&organizations=NFPA&displayWithdrawn=false¤cy=CAD HTTP/1.1" 404 1039 "-" "Mozilla/5.0 (compatible; Googlebot/2.1; +http://www.google.com/bot.html)"
66.249.66.42 - - [20/Aug/2008:13:41:23 -0400] "GET /eSpecs/DocumentReferenced.do?GID=SZXLCAAAAAAAAAAA&page=1&nRecords=10&searchValue=9001&searchKey=DOCNO&organizations=ISO&displayWithdrawn=false¤cy=CAD HTTP/1.1" 404 1039 "-" "Mozilla/5.0 (compatible; Googlebot/2.1; +http://www.google.com/bot.html)"
66.249.66.42 - - [20/Aug/2008:13:41:24 -0400] "GET /eSpecs/DocumentReferenced.do?GID=XHWWDBAAAAAAAAAA&page=1&nRecords=10&searchValue=D17.1&searchKey=DOCNO&organizations=AWS&displayWithdrawn=false¤cy=CAD HTTP/1.1" 404 1039 "-" "Mozilla/5.0 (compatible; Googlebot/2.1; +http://www.google.com/bot.html)"
71.216.191.41 - - [20/Aug/2008:13:41:24 -0400] "GET /favicon.ico HTTP/1.1" 404 339 "-" "Mozilla/5.0 (Windows; U; Windows NT 5.1; en-US; rv:1.9) Gecko/2008052906 Firefox/3.0"
66.249.66.42 - - [20/Aug/2008:13:41:24 -0400] "GET /eSpecs/DocumentReferenced.do?GID=UEGJJBAAAAAAAAAA&page=1&nRecords=10&searchValue=802.3&searchKey=DOCNO&organizations=IEEE&displayWithdrawn=false¤cy=CAD HTTP/1.1" 404 1039 "-" "Mozilla/5.0 (compatible; Googlebot/2.1; +http://www.google.com/bot.html)"
71.216.191.41 - - [20/Aug/2008:13:41:24 -0400] "GET /favicon.ico HTTP/1.1" 404 339 "-" "Mozilla/5.0 (Windows; U; Windows NT 5.1; en-US; rv:1.9) Gecko/2008052906 Firefox/3.0"
66.249.66.42 - - [20/Aug/2008:13:41:25 -0400] "GET /eSpecs/DocumentReferenced.do?GID=YKMQCBAAAAAAAAAA&page=1&nRecords=10&searchValue=C2&searchKey=DOCNO&organizations=IEEE&displayWithdrawn=false¤cy=CAD HTTP/1.1" 404 1039 "-" "Mozilla/5.0 (compatible; Googlebot/2.1; +http://www.google.com/bot.html)"
66.249.66.42 - - [20/Aug/2008:13:41:25 -0400] "GET /eSpecs/DocumentReferenced.do?GID=JNXYMAAAAAAAAAAA&page=1&nRecords=10&searchValue=WI&searchKey=DOCNO&organizations=AWS&displayWithdrawn=false¤cy=CAD HTTP/1.1" 404 1039 "-" "Mozilla/5.0 (compatible; Googlebot/2.1; +http://www.google.com/bot.html)"
66.249.66.42 - - [20/Aug/2008:13:41:26 -0400] "GET /eSpecs/DocumentReferenced.do?GID=RYSCACAAAAAAAAAA&page=1&nRecords=10&searchValue=B%20209&searchKey=DOCNO&organizations=ASTM&displayWithdrawn=false¤cy=CAD HTTP/1.1" 404 1039 "-" "Mozilla/5.0 (compatible; Googlebot/2.1; +http://www.google.com/bot.html)"
66.249.66.42 - - [20/Aug/2008:13:41:27 -0400] "GET /eSpecs/DocumentReferenced.do?GID=BMJNACAAAAAAAAAA&page=1&nRecords=10&searchValue=72&searchKey=DOCNO&organizations=NFPA&displayWithdrawn=false¤cy=CAD HTTP/1.1" 404 1039 "-" "Mozilla/5.0 (compatible; Googlebot/2.1; +http://www.google.com/bot.html)"
4.22.69.25 - - [20/Aug/2008:13:41:27 -0400] "GET /specs/pdf/309_e.pdf HTTP/1.0" 200 29004 "-" "Mozilla/4.0 (compatible; MSIE 7.0; Windows NT 5.1; .NET CLR 1.1.4322)"
66.249.66.42 - - [20/Aug/2008:13:41:27 -0400] "GET /eSpecs/DocumentReferenced.do?GID=AYBCJBAAAAAAAAAA&page=1&nRecords=10&searchValue=A5.8/A5.8M&searchKey=DOCNO&organizations=AWS&displayWithdrawn=false¤cy=CAD HTTP/1.1" 404 1039 "-" "Mozilla/5.0 (compatible; Googlebot/2.1; +http://www.google.com/bot.html)"
66.249.66.42 - - [20/Aug/2008:13:41:28 -0400] "GET /eSpecs/DocumentReferenced.do?GID=VNZVXAAAAAAAAAAA&page=1&nRecords=10&searchValue=QS9000&searchKey=DOCNO&organizations=&displayWithdrawn=false¤cy=CAD HTTP/1.1" 404 1039 "-" "Mozilla/5.0 (compatible; Googlebot/2.1; +http://www.google.com/bot.html)"
66.249.66.42 - - [20/Aug/2008:13:41:28 -0400] "GET /eSpecs/DocumentReferenced.do?GID=FPSHCCAAAAAAAAAA&page=1&nRecords=10&searchValue=Z49.1&searchKey=DOCNO&organizations=AWS&displayWithdrawn=false¤cy=CAD HTTP/1.1" 404 1039 "-" "Mozilla/5.0 (compatible; Googlebot/2.1; +http://www.google.com/bot.html)"
66.249.66.42 - - [20/Aug/2008:13:41:29 -0400] "GET /eSpecs/DocumentReferenced.do?GID=TAGWCAAAAAAAAAAA&page=1&nRecords=10&searchValue=AWS%20D17.1&searchKey=DOCNO&organizations=&displayWithdrawn=false¤cy=CAD HTTP/1.1" 404 1039 "-" "Mozilla/5.0 (compatible; Googlebot/2.1; +http://www.google.com/bot.html)"
66.249.66.42 - - [20/Aug/2008:13:41:30 -0400] "GET /eSpecs/DocumentReferenced.do?GID=THDJGCAAAAAAAAAA&page=1&nRecords=10&searchValue=D1.6&searchKey=DOCNO&organizations=AWS&displayWithdrawn=false¤cy=CAD HTTP/1.1" 404 1039 "-" "Mozilla/5.0 (compatible; Googlebot/2.1; +http://www.google.com/bot.html)"
66.249.66.42 - - [20/Aug/2008:13:41:30 -0400] "GET /eSpecs/DocumentReferenced.do?GID=TVAHCAAAAAAAAAAA&page=1&nRecords=10&searchValue=60417&searchKey=DOCNO&organizations=IEC&displayWithdrawn=false¤cy=CAD HTTP/1.1" 404 1039 "-" "Mozilla/5.0 (compatible; Googlebot/2.1; +http://www.google.com/bot.html)"
66.249.66.42 - - [20/Aug/2008:13:41:31 -0400] "GET /eSpecs/DocumentReferenced.do?GID=KRODABAAAAAAAAAA&page=1&nRecords=10&searchValue=9001&searchKey=DOCNO&organizations=ISO&displayWithdrawn=false¤cy=CAD HTTP/1.1" 404 1039 "-" "Mozilla/5.0 (compatible; Googlebot/2.1; +http://www.google.com/bot.html)"
66.249.66.42 - - [20/Aug/2008:13:41:31 -0400] "GET /eSpecs/DocumentReferenced.do?GID=ISXYJAAAAAAAAAAA&page=1&nRecords=10&searchValue=API%20STD%201529&searchKey=DOCNO&organizations=API&displayWithdrawn=false¤cy=CAD HTTP/1.1" 404 1039 "-" "Mozilla/5.0 (compatible; Googlebot/2.1; +http://www.google.com/bot.html)"
66.249.66.42 - - [20/Aug/2008:13:41:32 -0400] "GET /eSpecs/DocumentDetails.do?GID=MOEICAAAAAAAAAAA¤cy=CAD HTTP/1.1" 404 1030 "-" "Mozilla/5.0 (compatible; Googlebot/2.1; +http://www.google.com/bot.html)"
66.249.66.42 - - [20/Aug/2008:13:41:33 -0400] "GET /eSpecs/DocumentReferenced.do?GID=LYUNACAAAAAAAAAA&page=1&nRecords=10&searchValue=D1.4&searchKey=DOCNO&organizations=AWS&displayWithdrawn=false¤cy=CAD HTTP/1.1" 404 1039 "-" "Mozilla/5.0 (compatible; Googlebot/2.1; +http://www.google.com/bot.html)"
66.249.66.42 - - [20/Aug/2008:13:41:33 -0400] "GET /eSpecs/DocumentReferenced.do?GID=IKVBGCAAAAAAAAAA&page=1&nRecords=10&searchValue=70&searchKey=DOCNO&organizations=NFPA&displayWithdrawn=false¤cy=CAD HTTP/1.1" 404 1039 "-" "Mozilla/5.0 (compatible; Googlebot/2.1; +http://www.google.com/bot.html)"
66.249.66.42 - - [20/Aug/2008:13:41:34 -0400] "GET /eSpecs/DocumentReferenced.do?GID=JDFCACAAAAAAAAAA&page=1&nRecords=10&searchValue=API%20RP%20500&searchKey=DOCNO&organizations=API&displayWithdrawn=false¤cy=CAD HTTP/1.1" 404 1039 "-" "Mozilla/5.0 (compatible; Googlebot/2.1; +http://www.google.com/bot.html)"
66.249.66.42 - - [20/Aug/2008:13:41:34 -0400] "GET /eSpecs/DocumentReferenced.do?GID=MWCNGBAAAAAAAAAA&page=1&nRecords=10&searchValue=70&searchKey=DOCNO&organizations=NFPA&displayWithdrawn=false¤cy=CAD HTTP/1.1" 404 1039 "-" "Mozilla/5.0 (compatible; Googlebot/2.1; +http://www.google.com/bot.html)"
66.249.66.42 - - [20/Aug/2008:13:41:35 -0400] "GET /eSpecs/DocumentReferenced.do?GID=UTVOBCAAAAAAAAAA&page=1&nRecords=10&searchValue=NAS%201149&searchKey=DOCNO&organizations=&displayWithdrawn=false¤cy=CAD HTTP/1.1" 404 1039 "-" "Mozilla/5.0 (compatible; Googlebot/2.1; +http://www.google.com/bot.html)"
66.249.66.42 - - [20/Aug/2008:13:41:36 -0400] "GET /eSpecs/DocumentReferenced.do?GID=IFUXDCAAAAAAAAAA&page=1&nRecords=10&searchValue=9001&searchKey=DOCNO&organizations=ISO&displayWithdrawn=false¤cy=CAD HTTP/1.1" 404 1039 "-" "Mozilla/5.0 (compatible; Googlebot/2.1; +http://www.google.com/bot.html)"
4.22.69.25 - - [20/Aug/2008:13:41:36 -0400] "GET /specs/pdf/338_e.pdf HTTP/1.0" 200 25884 "-" "Mozilla/4.0 (compatible; MSIE 7.0; Windows NT 5.1; .NET CLR 1.1.4322)"
66.249.66.42 - - [20/Aug/2008:13:41:36 -0400] "GET /eSpecs/DocumentReferenced.do?GID=EANFCAAAAAAAAAAA&page=1&nRecords=10&searchValue=TC-1A&searchKey=DOCNO&organizations=&displayWithdrawn=false¤cy=CAD HTTP/1.1" 404 1039 "-" "Mozilla/5.0 (compatible; Googlebot/2.1; +http://www.google.com/bot.html)"
66.249.66.42 - - [20/Aug/2008:13:41:37 -0400] "GET /eSpecs/DocumentReferenced.do?GID=GLFTCAAAAAAAAAAA&page=1&nRecords=10&searchValue=9001&searchKey=DOCNO&organizations=ISO&displayWithdrawn=false¤cy=CAD HTTP/1.1" 404 1039 "-" "Mozilla/5.0 (compatible; Googlebot/2.1; +http://www.google.com/bot.html)"
66.249.66.42 - - [20/Aug/2008:13:41:37 -0400] "GET /eSpecs/DocumentReferenced.do?GID=DMGYDAAAAAAAAAAA&page=2&nRecords=10&searchValue=CM&searchKey=DOCNO&organizations=AWS&displayWithdrawn=false¤cy=CAD HTTP/1.1" 404 1039 "-" "Mozilla/5.0 (compatible; Googlebot/2.1; +http://www.google.com/bot.html)"
66.249.66.42 - - [20/Aug/2008:13:41:38 -0400] "GET /eSpecs/DocumentDetails.do?GID=IPDRXBAAAAAAAAAA¤cy=CAD HTTP/1.1" 404 1030 "-" "Mozilla/5.0 (compatible; Googlebot/2.1; +http://www.google.com/bot.html)"
66.249.66.42 - - [20/Aug/2008:13:41:39 -0400] "GET /eSpecs/DocumentReferenced.do?GID=CPZMCAAAAAAAAAAA&page=1&nRecords=10&searchValue=61000-6-2&searchKey=DOCNO&organizations=BSI&displayWithdrawn=false¤cy=CAD HTTP/1.1" 404 1039 "-" "Mozilla/5.0 (compatible; Googlebot/2.1; +http://www.google.com/bot.html)"
66.249.66.42 - - [20/Aug/2008:13:41:39 -0400] "GET /eSpecs/DocumentReferenced.do?GID=TCBOPAAAAAAAAAAA&page=1&nRecords=10&searchValue=70&searchKey=DOCNO&organizations=NFPA&displayWithdrawn=false¤cy=CAD HTTP/1.1" 404 1039 "-" "Mozilla/5.0 (compatible; Googlebot/2.1; +http://www.google.com/bot.html)"
71.216.191.41 - - [20/Aug/2008:13:41:40 -0400] "GET /eSpecs/index.jsp HTTP/1.1" 404 982 "-" "Mozilla/5.0 (Windows; U; Windows NT 5.1; en-US; rv:1.9) Gecko/2008052906 Firefox/3.0"
66.249.66.42 - - [20/Aug/2008:13:41:40 -0400] "GET /eSpecs/DocumentReferenced.do?GID=GMIECAAAAAAAAAAA&page=1&nRecords=10&searchValue=IEEE%20C2&searchKey=DOCNO&organizations=IEEE&displayWithdrawn=false¤cy=CAD HTTP/1.1" 404 1039 "-" "Mozilla/5.0 (compatible; Googlebot/2.1; +http://www.google.com/bot.html)"
4.22.69.25 - - [20/Aug/2008:13:41:40 -0400] "GET /specs/pdf/338_e.pdf HTTP/1.0" 200 25884 "-" "Mozilla/4.0 (compatible; MSIE 7.0; Windows NT 5.1; .NET CLR 1.1.4322)"
66.249.66.42 - - [20/Aug/2008:13:41:40 -0400] "GET /eSpecs/DocumentReferenced.do?GID=GMPCFCAAAAAAAAAA&page=1&nRecords=10&searchValue=13&searchKey=DOCNO&organizations=NFPA&displayWithdrawn=false¤cy=CAD HTTP/1.1" 404 1039 "-" "Mozilla/5.0 (compatible; Googlebot/2.1; +http://www.google.com/bot.html)"
66.249.66.42 - - [20/Aug/2008:13:41:41 -0400] "GET /eSpecs/DocumentReferenced.do?GID=AIAOHBAAAAAAAAAA&page=1&nRecords=10&searchValue=API%20SPEC%20Q1&searchKey=DOCNO&organizations=API&displayWithdrawn=false¤cy=CAD HTTP/1.1" 404 1039 "-" "Mozilla/5.0 (compatible; Googlebot/2.1; +http://www.google.com/bot.html)"
66.249.66.42 - - [20/Aug/2008:13:41:42 -0400] "GET /eSpecs/DocumentReferenced.do?GID=VANJFCAAAAAAAAAA&page=1&nRecords=10&searchValue=D1.6&searchKey=DOCNO&organizations=AWS&displayWithdrawn=false¤cy=CAD HTTP/1.1" 404 1039 "-" "Mozilla/5.0 (compatible; Googlebot/2.1; +http://www.google.com/bot.html)"
66.249.66.42 - - [20/Aug/2008:13:41:42 -0400] "GET /eSpecs/DocumentReferenced.do?GID=XCYXCAAAAAAAAAAA&page=1&nRecords=10&searchValue=9001&searchKey=DOCNO&organizations=ISO&displayWithdrawn=false¤cy=CAD HTTP/1.1" 404 1039 "-" "Mozilla/5.0 (compatible; Googlebot/2.1; +http://www.google.com/bot.html)"
66.249.66.42 - - [20/Aug/2008:13:41:43 -0400] "GET /eSpecs/DocumentReferenced.do?GID=IHUFHBAAAAAAAAAA&page=1&nRecords=10&searchValue=SAE%20AMS%202175&searchKey=DOCNO&organizations=&displayWithdrawn=false¤cy=CAD HTTP/1.1" 404 1039 "-" "Mozilla/5.0 (compatible; Googlebot/2.1; +http://www.google.com/bot.html)"
66.249.66.42 - - [20/Aug/2008:13:41:44 -0400] "GET /eSpecs/DocumentReferenced.do?GID=YJGICCAAAAAAAAAA&page=1&nRecords=10&searchValue=PB%201.1&searchKey=DOCNO&organizations=NEMA&displayWithdrawn=false¤cy=CAD HTTP/1.1" 404 1039 "-" "Mozilla/5.0 (compatible; Googlebot/2.1; +http://www.google.com/bot.html)"
66.249.66.42 - - [20/Aug/2008:13:41:44 -0400] "GET /eSpecs/DocumentReferenced.do?GID=TOUHEBAAAAAAAAAA&page=1&nRecords=10&searchValue=72&searchKey=DOCNO&organizations=NFPA&displayWithdrawn=false¤cy=CAD HTTP/1.1" 404 1039 "-" "Mozilla/5.0 (compatible; Googlebot/2.1; +http://www.google.com/bot.html)"
66.249.66.42 - - [20/Aug/2008:13:41:45 -0400] "GET /eSpecs/DocumentReferenced.do?GID=QVCYDAAAAAAAAAAA&page=1&nRecords=10&searchValue=568&searchKey=DOCNO&organizations=TIA&displayWithdrawn=false¤cy=CAD HTTP/1.1" 404 1039 "-" "Mozilla/5.0 (compatible; Googlebot/2.1; +http://www.google.com/bot.html)"
66.249.66.42 - - [20/Aug/2008:13:41:45 -0400] "GET /eSpecs/DocumentDetails.do?GID=RMVLCAAAAAAAAAAA¤cy=CAD HTTP/1.1" 404 1030 "-" "Mozilla/5.0 (compatible; Googlebot/2.1; +http://www.google.com/bot.html)"
66.249.66.42 - - [20/Aug/2008:13:41:46 -0400] "GET /eSpecs/DocumentReferenced.do?GID=MGKMZBAAAAAAAAAA&page=1&nRecords=10&searchValue=B%20209&searchKey=DOCNO&organizations=ASTM&displayWithdrawn=false¤cy=CAD HTTP/1.1" 404 1039 "-" "Mozilla/5.0 (compatible; Googlebot/2.1; +http://www.google.com/bot.html)"
66.249.66.42 - - [20/Aug/2008:13:41:47 -0400] "GET /eSpecs/DocumentReferenced.do?GID=IOBRGBAAAAAAAAAA&page=1&nRecords=10&searchValue=ANSI%20C12.1&searchKey=DOCNO&organizations=ANSI&displayWithdrawn=false¤cy=CAD HTTP/1.1" 404 1039 "-" "Mozilla/5.0 (compatible; Googlebot/2.1; +http://www.google.com/bot.html)"
66.249.66.42 - - [20/Aug/2008:13:41:47 -0400] "GET /eSpecs/DocumentReferenced.do?GID=DGLQHBAAAAAAAAAA&page=1&nRecords=10&searchValue=TIA-570&searchKey=DOCNO&organizations=TIA&displayWithdrawn=false¤cy=CAD HTTP/1.1" 404 1039 "-" "Mozilla/5.0 (compatible; Googlebot/2.1; +http://www.google.com/bot.html)"
66.249.66.42 - - [20/Aug/2008:13:41:48 -0400] "GET /eSpecs/DocumentReferenced.do?GID=XMJMTAAAAAAAAAAA&page=1&nRecords=10&searchValue=90A&searchKey=DOCNO&organizations=NFPA&displayWithdrawn=false¤cy=CAD HTTP/1.1" 404 1039 "-" "Mozilla/5.0 (compatible; Googlebot/2.1; +http://www.google.com/bot.html)"
66.249.66.42 - - [20/Aug/2008:13:41:48 -0400] "GET /eSpecs/DocumentReferenced.do?GID=MMHNSAAAAAAAAAAA&page=1&nRecords=10&searchValue=60825-1&searchKey=DOCNO&organizations=IEC&displayWithdrawn=false¤cy=CAD HTTP/1.1" 404 1039 "-" "Mozilla/5.0 (compatible; Googlebot/2.1; +http://www.google.com/bot.html)"
66.249.66.42 - - [20/Aug/2008:13:41:49 -0400] "GET /eSpecs/DocumentReferenced.do?GID=TFCISAAAAAAAAAAA&page=1&nRecords=10&searchValue=SPEC%201581&searchKey=DOCNO&organizations=API&displayWithdrawn=false¤cy=CAD HTTP/1.1" 404 1039 "-" "Mozilla/5.0 (compatible; Googlebot/2.1; +http://www.google.com/bot.html)"
66.249.66.42 - - [20/Aug/2008:13:41:50 -0400] "GET /eSpecs/DocumentReferenced.do?GID=LAWOCCAAAAAAAAAA&page=1&nRecords=10&searchValue=10006&searchKey=DOCNO&organizations=ISO&displayWithdrawn=false¤cy=CAD HTTP/1.1" 404 1039 "-" "Mozilla/5.0 (compatible; Googlebot/2.1; +http://www.google.com/bot.html)"
66.249.66.42 - - [20/Aug/2008:13:41:50 -0400] "GET /eSpecs/DocumentReferenced.do?GID=CGHJACAAAAAAAAAA&page=1&nRecords=10&searchValue=9001&searchKey=DOCNO&organizations=ISO&displayWithdrawn=false¤cy=CAD HTTP/1.1" 404 1039 "-" "Mozilla/5.0 (compatible; Googlebot/2.1; +http://www.google.com/bot.html)"
66.249.66.42 - - [20/Aug/2008:13:41:51 -0400] "GET /eSpecs/DocumentReferenced.do?GID=GVAEJBAAAAAAAAAA&page=1&nRecords=10&searchValue=9001&searchKey=DOCNO&organizations=ISO&displayWithdrawn=false¤cy=CAD HTTP/1.1" 404 1039 "-" "Mozilla/5.0 (compatible; Googlebot/2.1; +http://www.google.com/bot.html)"
66.249.66.42 - - [20/Aug/2008:13:41:51 -0400] "GET /eSpecs/DocumentReferenced.do?GID=QFIRCBAAAAAAAAAA&page=1&nRecords=10&searchValue=ANSI%20C12.1&searchKey=DOCNO&organizations=ANSI&displayWithdrawn=false¤cy=CAD HTTP/1.1" 404 1039 "-" "Mozilla/5.0 (compatible; Googlebot/2.1; +http://www.google.com/bot.html)"
66.249.66.42 - - [20/Aug/2008:13:41:52 -0400] "GET /eSpecs/DocumentReferenced.do?GID=IKWIGBAAAAAAAAAA&page=1&nRecords=10&searchValue=D1.4&searchKey=DOCNO&organizations=AWS&displayWithdrawn=false¤cy=CAD HTTP/1.1" 404 1039 "-" "Mozilla/5.0 (compatible; Googlebot/2.1; +http://www.google.com/bot.html)"
66.249.66.42 - - [20/Aug/2008:13:41:53 -0400] "GET /eSpecs/DocumentReferenced.do?GID=OPVGBCAAAAAAAAAA&page=1&nRecords=10&searchValue=9120&searchKey=DOCNO&organizations=SAE&displayWithdrawn=false¤cy=CAD HTTP/1.1" 404 1039 "-" "Mozilla/5.0 (compatible; Googlebot/2.1; +http://www.google.com/bot.html)"
66.249.66.42 - - [20/Aug/2008:13:41:53 -0400] "GET /eSpecs/DocumentReferenced.do?GID=XMXZJBAAAAAAAAAA&page=1&nRecords=10&searchValue=9000%20COMPENDIUM&searchKey=DOCNO&organizations=ISO&displayWithdrawn=false¤cy=CAD HTTP/1.1" 404 1039 "-" "Mozilla/5.0 (compatible; Googlebot/2.1; +http://www.google.com/bot.html)"
66.249.66.42 - - [20/Aug/2008:13:41:54 -0400] "GET /eSpecs/DocumentReferenced.do?GID=YFWRXBAAAAAAAAAA&page=1&nRecords=10&searchValue=60417&searchKey=DOCNO&organizations=IEC&displayWithdrawn=false¤cy=CAD HTTP/1.1" 404 1039 "-" "Mozilla/5.0 (compatible; Googlebot/2.1; +http://www.google.com/bot.html)"
66.249.66.42 - - [20/Aug/2008:13:41:54 -0400] "GET /eSpecs/DocumentReferenced.do?GID=UJIAFBAAAAAAAAAA&page=1&nRecords=10&searchValue=17025&searchKey=DOCNO&organizations=ISO&displayWithdrawn=false¤cy=CAD HTTP/1.1" 404 1039 "-" "Mozilla/5.0 (compatible; Googlebot/2.1; +http://www.google.com/bot.html)"
66.249.66.42 - - [20/Aug/2008:13:41:55 -0400] "GET /eSpecs/DocumentReferenced.do?GID=XQDNJBAAAAAAAAAA&page=1&nRecords=10&searchValue=WI&searchKey=DOCNO&organizations=AWS&displayWithdrawn=false¤cy=CAD HTTP/1.1" 404 1039 "-" "Mozilla/5.0 (compatible; Googlebot/2.1; +http://www.google.com/bot.html)"
66.249.66.42 - - [20/Aug/2008:13:41:56 -0400] "GET /eSpecs/DocumentReferenced.do?GID=WHTFBCAAAAAAAAAA&page=1&nRecords=10&searchValue=ASTM%20D%20471&searchKey=DOCNO&organizations=&displayWithdrawn=false¤cy=CAD HTTP/1.1" 404 1039 "-" "Mozilla/5.0 (compatible; Googlebot/2.1; +http://www.google.com/bot.html)"
66.249.66.42 - - [20/Aug/2008:13:41:56 -0400] "GET /eSpecs/DocumentReferenced.do?GID=STZSACAAAAAAAAAA&page=1&nRecords=10&searchValue=1864&searchKey=DOCNO&organizations=ASTM&displayWithdrawn=false¤cy=CAD HTTP/1.1" 404 1039 "-" "Mozilla/5.0 (compatible; Googlebot/2.1; +http://www.google.com/bot.html)"
66.249.66.42 - - [20/Aug/2008:13:41:57 -0400] "GET /eSpecs/DocumentDetails.do?GID=NRHNABAAAAAAAAAA¤cy=CAD HTTP/1.1" 404 1030 "-" "Mozilla/5.0 (compatible; Googlebot/2.1; +http://www.google.com/bot.html)"
66.249.66.42 - - [20/Aug/2008:13:41:57 -0400] "GET /eSpecs/DocumentReferenced.do?GID=CEBRXBAAAAAAAAAA&page=1&nRecords=10&searchValue=60204-1&searchKey=DOCNO&organizations=IEC&displayWithdrawn=false¤cy=CAD HTTP/1.1" 404 1039 "-" "Mozilla/5.0 (compatible; Googlebot/2.1; +http://www.google.com/bot.html)"
66.249.66.42 - - [20/Aug/2008:13:41:58 -0400] "GET /eSpecs/DocumentReferenced.do?GID=QBOUFBAAAAAAAAAA&page=1&nRecords=10&searchValue=D17.1&searchKey=DOCNO&organizations=AWS&displayWithdrawn=false¤cy=CAD HTTP/1.1" 404 1039 "-" "Mozilla/5.0 (compatible; Googlebot/2.1; +http://www.google.com/bot.html)"
4.22.69.25 - - [20/Aug/2008:13:41:57 -0400] "GET /specs/pdf/283_e.pdf HTTP/1.0" 200 27263 "-" "Mozilla/4.0 (compatible; MSIE 7.0; Windows NT 5.1; .NET CLR 1.1.4322)"
66.249.66.42 - - [20/Aug/2008:13:41:59 -0400] "GET /eSpecs/DocumentReferenced.do?GID=WBMJGCAAAAAAAAAA&page=1&nRecords=10&searchValue=QS9000&searchKey=DOCNO&organizations=&displayWithdrawn=false¤cy=CAD HTTP/1.1" 404 1039 "-" "Mozilla/5.0 (compatible; Googlebot/2.1; +http://www.google.com/bot.html)"
66.249.66.42 - - [20/Aug/2008:13:41:59 -0400] "GET /eSpecs/DocumentReferenced.do?GID=MRVQXBAAAAAAAAAA&page=1&nRecords=10&searchValue=70&searchKey=DOCNO&organizations=NFPA&displayWithdrawn=false¤cy=CAD HTTP/1.1" 404 1039 "-" "Mozilla/5.0 (compatible; Googlebot/2.1; +http://www.google.com/bot.html)"
66.249.66.42 - - [20/Aug/2008:13:42:00 -0400] "GET /eSpecs/DocumentReferenced.do?GID=FREZACAAAAAAAAAA&page=1&nRecords=10&searchValue=9001&searchKey=DOCNO&organizations=ISO&displayWithdrawn=false¤cy=CAD HTTP/1.1" 404 1039 "-" "Mozilla/5.0 (compatible; Googlebot/2.1; +http://www.google.com/bot.html)"
4.22.69.25 - - [20/Aug/2008:13:42:00 -0400] "GET /specs/pdf/283_e.pdf HTTP/1.0" 200 27263 "-" "Mozilla/4.0 (compatible; MSIE 7.0; Windows NT 5.1; .NET CLR 1.1.4322)"
66.249.66.42 - - [20/Aug/2008:13:42:00 -0400] "GET /eSpecs/DocumentReferenced.do?GID=WUJUACAAAAAAAAAA&page=1&nRecords=10&searchValue=D1.6&searchKey=DOCNO&organizations=AWS&displayWithdrawn=false¤cy=CAD HTTP/1.1" 404 1039 "-" "Mozilla/5.0 (compatible; Googlebot/2.1; +http://www.google.com/bot.html)"
66.249.66.42 - - [20/Aug/2008:13:42:01 -0400] "GET /eSpecs/DocumentReferenced.do?GID=ZRCHACAAAAAAAAAA&page=1&nRecords=10&searchValue=B%20221&searchKey=DOCNO&organizations=ASTM&displayWithdrawn=false¤cy=CAD HTTP/1.1" 404 1039 "-" "Mozilla/5.0 (compatible; Googlebot/2.1; +http://www.google.com/bot.html)"
66.249.66.42 - - [20/Aug/2008:13:42:02 -0400] "GET /eSpecs/DocumentReferenced.do?GID=YEILIBAAAAAAAAAA&page=1&nRecords=10&searchValue=NAS%20410&searchKey=DOCNO&organizations=&displayWithdrawn=false¤cy=CAD HTTP/1.1" 404 1039 "-" "Mozilla/5.0 (compatible; Googlebot/2.1; +http://www.google.com/bot.html)"
66.249.66.42 - - [20/Aug/2008:13:42:02 -0400] "GET /eSpecs/DocumentReferenced.do?GID=TORJCAAAAAAAAAAA&page=1&nRecords=10&searchValue=9001&searchKey=DOCNO&organizations=ISO&displayWithdrawn=false¤cy=CAD HTTP/1.1" 404 1039 "-" "Mozilla/5.0 (compatible; Googlebot/2.1; +http://www.google.com/bot.html)"
66.249.66.42 - - [20/Aug/2008:13:42:03 -0400] "GET /eSpecs/DocumentReferenced.do?GID=WUMJEBAAAAAAAAAA&page=1&nRecords=10&searchValue=SAE%20J514&searchKey=DOCNO&organizations=&displayWithdrawn=false¤cy=CAD HTTP/1.1" 404 1039 "-" "Mozilla/5.0 (compatible; Googlebot/2.1; +http://www.google.com/bot.html)"
66.249.66.42 - - [20/Aug/2008:13:42:04 -0400] "GET /eSpecs/DocumentReferenced.do?GID=GDAVACAAAAAAAAAA&page=1&nRecords=10&searchValue=QS9000&searchKey=DOCNO&organizations=&displayWithdrawn=false¤cy=CAD HTTP/1.1" 404 1039 "-" "Mozilla/5.0 (compatible; Googlebot/2.1; +http://www.google.com/bot.html)"
66.249.66.42 - - [20/Aug/2008:13:42:04 -0400] "GET /eSpecs/DocumentReferenced.do?GID=VRNABCAAAAAAAAAA&page=1&nRecords=10&searchValue=60601-1&searchKey=DOCNO&organizations=IEC&displayWithdrawn=false¤cy=CAD HTTP/1.1" 404 1039 "-" "Mozilla/5.0 (compatible; Googlebot/2.1; +http://www.google.com/bot.html)"
66.249.66.42 - - [20/Aug/2008:13:42:05 -0400] "GET /eSpecs/DocumentReferenced.do?GID=DPYEJAAAAAAAAAAA&page=1&nRecords=10&searchValue=70&searchKey=DOCNO&organizations=NFPA&displayWithdrawn=false¤cy=CAD HTTP/1.1" 404 1039 "-" "Mozilla/5.0 (compatible; Googlebot/2.1; +http://www.google.com/bot.html)"
66.249.66.42 - - [20/Aug/2008:13:42:05 -0400] "GET /eSpecs/DocumentReferenced.do?GID=AWIHCAAAAAAAAAAA&page=1&nRecords=10&searchValue=SAE%20AS%209102&searchKey=DOCNO&organizations=&displayWithdrawn=false¤cy=CAD HTTP/1.1" 404 1039 "-" "Mozilla/5.0 (compatible; Googlebot/2.1; +http://www.google.com/bot.html)"
66.249.66.42 - - [20/Aug/2008:13:42:06 -0400] "GET /eSpecs/DocumentReferenced.do?GID=BKOIEBAAAAAAAAAA&page=1&nRecords=10&searchValue=2.9&searchKey=DOCNO&organizations=AWS&displayWithdrawn=false¤cy=CAD HTTP/1.1" 404 1039 "-" "Mozilla/5.0 (compatible; Googlebot/2.1; +http://www.google.com/bot.html)"
142.46.199.30 - - [20/Aug/2008:13:42:06 -0400] "GET / HTTP/1.1" 200 118 "http://www.scc.ca/en/search/index.php" "Mozilla/4.0 (compatible; MSIE 7.0; Windows NT 5.1; .NET CLR 1.1.4322; .NET CLR 2.0.50727; .NET CLR 3.0.04506.30; InfoPath.1)"
142.46.199.30 - - [20/Aug/2008:13:42:06 -0400] "GET /SpecsSearch/index.jsp HTTP/1.1" 400 - "-" "Mozilla/4.0 (compatible; MSIE 7.0; Windows NT 5.1; .NET CLR 1.1.4322; .NET CLR 2.0.50727; .NET CLR 3.0.04506.30; InfoPath.1)"
142.46.199.30 - - [20/Aug/2008:13:42:06 -0400] "GET /favicon.ico HTTP/1.1" 404 331 "-" "Mozilla/4.0 (compatible; MSIE 7.0; Windows NT 5.1; .NET CLR 1.1.4322; .NET CLR 2.0.50727; .NET CLR 3.0.04506.30; InfoPath.1)"
66.249.66.42 - - [20/Aug/2008:13:42:07 -0400] "GET /eSpecs/DocumentReferenced.do?GID=LQMJCAAAAAAAAAAA&page=1&nRecords=10&searchValue=9001&searchKey=DOCNO&organizations=ISO&displayWithdrawn=false¤cy=CAD HTTP/1.1" 404 1039 "-" "Mozilla/5.0 (compatible; Googlebot/2.1; +http://www.google.com/bot.html)"
66.249.66.42 - - [20/Aug/2008:13:42:07 -0400] "GET /eSpecs/DocumentReferenced.do?GID=FUWNCAAAAAAAAAAA&page=1&nRecords=10&searchValue=GM9540P&searchKey=DOCNO&organizations=&displayWithdrawn=false¤cy=CAD HTTP/1.1" 404 1039 "-" "Mozilla/5.0 (compatible; Googlebot/2.1; +http://www.google.com/bot.html)"
4.22.69.25 - - [20/Aug/2008:13:42:06 -0400] "GET /specs/pdf/220_e.pdf HTTP/1.0" 200 27290 "-" "Mozilla/4.0 (compatible; MSIE 7.0; Windows NT 5.1; .NET CLR 1.1.4322)"
66.249.66.42 - - [20/Aug/2008:13:42:08 -0400] "GET /eSpecs/DocumentReferenced.do?GID=QUEQZAAAAAAAAAAA&page=1&nRecords=10&searchValue=ANSI%20Z535&searchKey=DOCNO&organizations=ANSI&displayWithdrawn=false¤cy=CAD HTTP/1.1" 404 1039 "-" "Mozilla/5.0 (compatible; Googlebot/2.1; +http://www.google.com/bot.html)"
142.46.199.30 - - [20/Aug/2008:13:42:08 -0400] "GET /SpecsSearch/index.jsp HTTP/1.1" 400 - "-" "Mozilla/4.0 (compatible; MSIE 7.0; Windows NT 5.1; .NET CLR 1.1.4322; .NET CLR 2.0.50727; .NET CLR 3.0.04506.30; InfoPath.1)"
66.249.66.42 - - [20/Aug/2008:13:42:08 -0400] "GET /eSpecs/DocumentReferenced.do?GID=FKUEABAAAAAAAAAA&page=1&nRecords=10&searchValue=NASM21209&searchKey=DOCNO&organizations=&displayWithdrawn=false¤cy=CAD HTTP/1.1" 404 1039 "-" "Mozilla/5.0 (compatible; Googlebot/2.1; +http://www.google.com/bot.html)"
66.249.66.42 - - [20/Aug/2008:13:42:09 -0400] "GET /eSpecs/DocumentDetails.do?GID=UICFGCAAAAAAAAAA¤cy=CAD HTTP/1.1" 404 1030 "-" "Mozilla/5.0 (compatible; Googlebot/2.1; +http://www.google.com/bot.html)"
142.46.199.30 - - [20/Aug/2008:13:42:10 -0400] "GET /SpecsSearch/index.jsp HTTP/1.1" 400 - "-" "Mozilla/4.0 (compatible; MSIE 7.0; Windows NT 5.1; .NET CLR 1.1.4322; .NET CLR 2.0.50727; .NET CLR 3.0.04506.30; InfoPath.1)"
66.249.66.42 - - [20/Aug/2008:13:42:10 -0400] "GET /eSpecs/DocumentDetails.do?GID=WXNYGCAAAAAAAAAA¤cy=CAD HTTP/1.1" 404 1030 "-" "Mozilla/5.0 (compatible; Googlebot/2.1; +http://www.google.com/bot.html)"
66.249.66.42 - - [20/Aug/2008:13:42:10 -0400] "GET /eSpecs/DocumentReferenced.do?GID=QXKJACAAAAAAAAAA&page=1&nRecords=10&searchValue=9001&searchKey=DOCNO&organizations=ISO&displayWithdrawn=false¤cy=CAD HTTP/1.1" 404 1039 "-" "Mozilla/5.0 (compatible; Googlebot/2.1; +http://www.google.com/bot.html)"
4.22.69.25 - - [20/Aug/2008:13:42:09 -0400] "GET /specs/pdf/220_e.pdf HTTP/1.0" 200 27290 "-" "Mozilla/4.0 (compatible; MSIE 7.0; Windows NT 5.1; .NET CLR 1.1.4322)"
66.249.66.42 - - [20/Aug/2008:13:42:11 -0400] "GET /eSpecs/DocumentReferenced.do?GID=EXVBJBAAAAAAAAAA&page=1&nRecords=10&searchValue=14001&searchKey=DOCNO&organizations=ISO&displayWithdrawn=false¤cy=CAD HTTP/1.1" 404 1039 "-" "Mozilla/5.0 (compatible; Googlebot/2.1; +http://www.google.com/bot.html)"
66.249.66.42 - - [20/Aug/2008:13:42:11 -0400] "GET /eSpecs/DocumentDetails.do?GID=IHUMIAAAAAAAAAAA¤cy=CAD HTTP/1.1" 404 1030 "-" "Mozilla/5.0 (compatible; Googlebot/2.1; +http://www.google.com/bot.html)"
66.249.66.42 - - [20/Aug/2008:13:42:12 -0400] "GET /eSpecs/DocumentReferenced.do?GID=CCHDCAAAAAAAAAAA&page=1&nRecords=10&searchValue=10006&searchKey=DOCNO&organizations=ISO&displayWithdrawn=false¤cy=CAD HTTP/1.1" 404 1039 "-" "Mozilla/5.0 (compatible; Googlebot/2.1; +http://www.google.com/bot.html)"
66.249.66.42 - - [20/Aug/2008:13:42:13 -0400] "GET /eSpecs/DocumentReferenced.do?GID=DJIFCAAAAAAAAAAA&page=1&nRecords=10&searchValue=9001&searchKey=DOCNO&organizations=ISO&displayWithdrawn=false¤cy=CAD HTTP/1.1" 404 1039 "-" "Mozilla/5.0 (compatible; Googlebot/2.1; +http://www.google.com/bot.html)"
66.249.66.42 - - [20/Aug/2008:13:42:13 -0400] "GET /eSpecs/DocumentReferenced.do?GID=BWRUACAAAAAAAAAA&page=1&nRecords=10&searchValue=API%20RP%20500&searchKey=DOCNO&organizations=API&displayWithdrawn=false¤cy=CAD HTTP/1.1" 404 1039 "-" "Mozilla/5.0 (compatible; Googlebot/2.1; +http://www.google.com/bot.html)"
66.249.66.42 - - [20/Aug/2008:13:42:14 -0400] "GET /eSpecs/DocumentReferenced.do?GID=WZHMZBAAAAAAAAAA&page=1&nRecords=10&searchValue=13&searchKey=DOCNO&organizations=NFPA&displayWithdrawn=false¤cy=CAD HTTP/1.1" 404 1039 "-" "Mozilla/5.0 (compatible; Googlebot/2.1; +http://www.google.com/bot.html)"
66.249.66.42 - - [20/Aug/2008:13:42:14 -0400] "GET /eSpecs/DocumentReferenced.do?GID=MXGVHBAAAAAAAAAA&page=1&nRecords=10&searchValue=API%20RP%20500&searchKey=DOCNO&organizations=API&displayWithdrawn=false¤cy=CAD HTTP/1.1" 404 1039 "-" "Mozilla/5.0 (compatible; Googlebot/2.1; +http://www.google.com/bot.html)"
66.249.66.42 - - [20/Aug/2008:13:42:15 -0400] "GET /eSpecs/DocumentReferenced.do?GID=BVSZACAAAAAAAAAA&page=1&nRecords=10&searchValue=API%20RP%20500&searchKey=DOCNO&organizations=API&displayWithdrawn=false¤cy=CAD HTTP/1.1" 404 1039 "-" "Mozilla/5.0 (compatible; Googlebot/2.1; +http://www.google.com/bot.html)"
66.249.66.42 - - [20/Aug/2008:13:42:16 -0400] "GET /eSpecs/DocumentReferenced.do?GID=VDMWBCAAAAAAAAAA&page=1&nRecords=10&searchValue=EIA-455&searchKey=DOCNO&organizations=TIA&displayWithdrawn=false¤cy=CAD HTTP/1.1" 404 1039 "-" "Mozilla/5.0 (compatible; Googlebot/2.1; +http://www.google.com/bot.html)"
66.249.66.42 - - [20/Aug/2008:13:42:16 -0400] "GET /eSpecs/DocumentReferenced.do?GID=NWKTGBAAAAAAAAAA&page=1&nRecords=10&searchValue=ASCE%207&searchKey=DOCNO&organizations=&displayWithdrawn=false¤cy=CAD HTTP/1.1" 404 1039 "-" "Mozilla/5.0 (compatible; Googlebot/2.1; +http://www.google.com/bot.html)"
66.249.66.42 - - [20/Aug/2008:13:42:17 -0400] "GET /eSpecs/DocumentReferenced.do?GID=CBGZDAAAAAAAAAAA&page=1&nRecords=10&searchValue=D1.6&searchKey=DOCNO&organizations=AWS&displayWithdrawn=false¤cy=CAD HTTP/1.1" 404 1039 "-" "Mozilla/5.0 (compatible; Googlebot/2.1; +http://www.google.com/bot.html)"
66.249.66.42 - - [20/Aug/2008:13:42:17 -0400] "GET /eSpecs/DocumentReferenced.do?GID=VGFLACAAAAAAAAAA&page=1&nRecords=10&searchValue=13&searchKey=DOCNO&organizations=NFPA&displayWithdrawn=false¤cy=CAD HTTP/1.1" 404 1039 "-" "Mozilla/5.0 (compatible; Googlebot/2.1; +http://www.google.com/bot.html)"
66.249.66.42 - - [20/Aug/2008:13:42:18 -0400] "GET /eSpecs/DocumentReferenced.do?GID=YOYNCAAAAAAAAAAA&page=1&nRecords=10&searchValue=568&searchKey=DOCNO&organizations=TIA&displayWithdrawn=false¤cy=CAD HTTP/1.1" 404 1039 "-" "Mozilla/5.0 (compatible; Googlebot/2.1; +http://www.google.com/bot.html)"
66.249.66.42 - - [20/Aug/2008:13:42:19 -0400] "GET /eSpecs/DocumentDetails.do?GID=XGMAJBAAAAAAAAAA¤cy=CAD HTTP/1.1" 404 1030 "-" "Mozilla/5.0 (compatible; Googlebot/2.1; +http://www.google.com/bot.html)"
