142.46.199.30 - - [20/Aug/2008:13:31:00 -0400] "GET /eSpecs/SearchFormAction.do?page=1&searchValue=17025&searchKey=DOCNO&organizations=ISO HTTP/1.0" 503 453 "-" "Mozilla/4.0 (compatible; ipMonitor 8.5)"
66.249.66.42 - - [20/Aug/2008:13:31:11 -0400] "GET /eSpecs/DocumentDetails.do?GID=XPFWGCAAAAAAAAAA¤cy=CAD HTTP/1.1" 503 453 "-" "Mozilla/5.0 (compatible; Googlebot/2.1; +http://www.google.com/bot.html)"
67.195.37.89 - - [20/Aug/2008:13:31:16 -0400] "GET /robots.txt HTTP/1.0" 404 330 "-" "Mozilla/5.0 (compatible; Yahoo! Slurp; http://help.yahoo.com/help/us/ysearch/slurp)"
67.195.37.89 - - [20/Aug/2008:13:31:16 -0400] "GET /specs/palcan.scc.ca/?C=N;O=D HTTP/1.0" 200 2761 "-" "Mozilla/5.0 (X11; U; Linux i686 (x86_64); en-US; rv:1.8.1.4) Gecko/20080721 BonEcho/2.0.0.4"
142.46.199.25 - - [20/Aug/2008:13:31:38 -0400] "GET /eSpecs/index.jsp HTTP/1.1" 200 2 "-" "Mozilla/4.0 (compatible; MSIE 6.0; Windows NT 5.0; .NET CLR 2.0.50727)"
69.70.2.194 - - [20/Aug/2008:13:32:01 -0400] "GET / HTTP/1.1" 304 - "http://scc.ca/en/index.shtml" "Mozilla/4.0 (compatible; MSIE 7.0; Windows NT 5.1; .NET CLR 2.0.50727; .NET CLR 3.0.04506.30; .NET CLR 3.0.04506.648; .NET CLR 3.5.21022)"
69.70.2.194 - - [20/Aug/2008:13:32:01 -0400] "GET /eSpecs/index.jsp HTTP/1.1" 200 2 "-" "Mozilla/4.0 (compatible; MSIE 7.0; Windows NT 5.1; .NET CLR 2.0.50727; .NET CLR 3.0.04506.30; .NET CLR 3.0.04506.648; .NET CLR 3.5.21022)"
79.171.81.217 - - [20/Aug/2008:13:32:07 -0400] "GET /robots.txt HTTP/1.1" 404 330 "-" "Mozilla/4.0 (compatible; MSIE 6.0; Windows NT 5.1)"
69.70.2.194 - - [20/Aug/2008:13:32:09 -0400] "GET / HTTP/1.1" 304 - "http://scc.ca/en/index.shtml" "Mozilla/4.0 (compatible; MSIE 7.0; Windows NT 5.1; .NET CLR 2.0.50727; .NET CLR 3.0.04506.30; .NET CLR 3.0.04506.648; .NET CLR 3.5.21022)"
69.70.2.194 - - [20/Aug/2008:13:32:09 -0400] "GET /eSpecs/index.jsp HTTP/1.1" 200 2 "-" "Mozilla/4.0 (compatible; MSIE 7.0; Windows NT 5.1; .NET CLR 2.0.50727; .NET CLR 3.0.04506.30; .NET CLR 3.0.04506.648; .NET CLR 3.5.21022)"
79.171.81.217 - - [20/Aug/2008:13:32:10 -0400] "HEAD /SpecsSearch/TLSearchForm.do HTTP/1.1" 400 - "-" "Mozilla/4.0 (compatible; MSIE 6.0; Windows NT 5.1)"
69.70.2.194 - - [20/Aug/2008:13:32:24 -0400] "GET / HTTP/1.1" 304 - "http://www.scc.ca/en/publications/index.shtml" "Mozilla/4.0 (compatible; MSIE 7.0; Windows NT 5.1; .NET CLR 2.0.50727; .NET CLR 3.0.04506.30; .NET CLR 3.0.04506.648; .NET CLR 3.5.21022)"
69.70.2.194 - - [20/Aug/2008:13:32:24 -0400] "GET /eSpecs/index.jsp HTTP/1.1" 200 2 "-" "Mozilla/4.0 (compatible; MSIE 7.0; Windows NT 5.1; .NET CLR 2.0.50727; .NET CLR 3.0.04506.30; .NET CLR 3.0.04506.648; .NET CLR 3.5.21022)"
69.70.2.194 - - [20/Aug/2008:13:32:41 -0400] "GET / HTTP/1.1" 304 - "http://www.scc.ca/en/index.shtml" "Mozilla/4.0 (compatible; MSIE 7.0; Windows NT 5.1; .NET CLR 2.0.50727; .NET CLR 3.0.04506.30; .NET CLR 3.0.04506.648; .NET CLR 3.5.21022)"
69.70.2.194 - - [20/Aug/2008:13:32:41 -0400] "GET /eSpecs/index.jsp HTTP/1.1" 200 2 "-" "Mozilla/4.0 (compatible; MSIE 7.0; Windows NT 5.1; .NET CLR 2.0.50727; .NET CLR 3.0.04506.30; .NET CLR 3.0.04506.648; .NET CLR 3.5.21022)"
142.46.199.25 - - [20/Aug/2008:13:32:47 -0400] "GET /eSpecs/index.jsp HTTP/1.1" 200 2 "-" "Mozilla/4.0 (compatible; MSIE 6.0; Windows NT 5.0; .NET CLR 2.0.50727)"
142.46.199.30 - - [20/Aug/2008:13:32:50 -0400] "GET /SpecsSearch/index.jsp HTTP/1.1" 400 - "-" "Mozilla/5.0 (Windows; U; Windows NT 5.1; en-US; rv:1.9.0.1) Gecko/2008070208 Firefox/3.0.1"
142.46.199.25 - - [20/Aug/2008:13:32:52 -0400] "GET /eSpecs/index.jsp HTTP/1.1" 404 982 "-" "Mozilla/4.0 (compatible; MSIE 6.0; Windows NT 5.0; .NET CLR 2.0.50727)"
142.46.199.25 - - [20/Aug/2008:13:32:54 -0400] "GET /eSpecs/index.jsp HTTP/1.1" 404 982 "-" "Mozilla/4.0 (compatible; MSIE 6.0; Windows NT 5.0; .NET CLR 2.0.50727)"
69.70.2.194 - - [20/Aug/2008:13:33:00 -0400] "GET / HTTP/1.1" 304 - "http://scc.ca/en/index.shtml" "Mozilla/4.0 (compatible; MSIE 7.0; Windows NT 5.1; .NET CLR 2.0.50727; .NET CLR 3.0.04506.30; .NET CLR 3.0.04506.648; .NET CLR 3.5.21022)"
69.70.2.194 - - [20/Aug/2008:13:33:00 -0400] "GET /eSpecs/index.jsp HTTP/1.1" 404 982 "-" "Mozilla/4.0 (compatible; MSIE 7.0; Windows NT 5.1; .NET CLR 2.0.50727; .NET CLR 3.0.04506.30; .NET CLR 3.0.04506.648; .NET CLR 3.5.21022)"
69.70.2.194 - - [20/Aug/2008:13:33:12 -0400] "GET / HTTP/1.1" 304 - "http://scc.ca/en/consumers/index.shtml" "Mozilla/4.0 (compatible; MSIE 7.0; Windows NT 5.1; .NET CLR 2.0.50727; .NET CLR 3.0.04506.30; .NET CLR 3.0.04506.648; .NET CLR 3.5.21022)"
12.20.109.194 - - [20/Aug/2008:13:33:19 -0400] "GET /eSpecs/DocumentReferenced.do?GID=BQKEBBAAAAAAAAAA&page=1&nRecords=10&searchValue=NASM33537&searchKey=DOCNO&organizations=&displayWithdrawn=false¤cy=CAD HTTP/1.1" 404 1039 "http://www.google.com/search?hl=en&q=offset+cruciform+recess+ms33781" "Mozilla/4.0 (compatible; MSIE 7.0; Windows NT 5.1; .NET CLR 1.1.4322; InfoPath.1; .NET CLR 2.0.50727; .NET CLR 3.0.04506.30; .NET CLR 3.0.04506.648)"
65.55.210.233 - - [20/Aug/2008:13:33:28 -0400] "GET /eSpecs/PopularStandards.do?std=construction HTTP/1.1" 404 1033 "-" "msnbot/1.1 (+http://search.msn.com/msnbot.htm)"
65.55.210.233 - - [20/Aug/2008:13:33:28 -0400] "GET /eSpecs/PopularStandards.do?std=regwatch HTTP/1.1" 404 1033 "-" "msnbot/1.1 (+http://search.msn.com/msnbot.htm)"
76.10.156.8 - - [20/Aug/2008:13:33:37 -0400] "GET /specs/pdf/219_e.pdf HTTP/1.1" 200 32586 "-" "Mozilla/4.0 (compatible; MSIE 6.0; Windows NT 5.1;1813)"
142.46.199.30 - - [20/Aug/2008:13:33:46 -0400] "GET /eSpecs/index.jsp HTTP/1.1" 404 982 "-" "Mozilla/5.0 (Windows; U; Windows NT 5.1; en-US; rv:1.7.2) Gecko/20040804 Netscape/7.2 (ax)"
74.15.168.129 - - [20/Aug/2008:13:33:47 -0400] "GET /specs/pdf/23_e.pdf HTTP/1.1" 200 42421 "http://www.google.ca/search?hl=en&q=can%2Fulc+s102+plastic+water+storage+tanks&meta=" "Mozilla/4.0 (compatible; MSIE 7.0; Windows NT 5.1; .NET CLR 1.1.4322; InfoPath.1)"
4.22.69.25 - - [20/Aug/2008:13:33:57 -0400] "GET /specs/pdf/772_e.pdf HTTP/1.0" 304 - "-" "Mozilla/4.0 (compatible; MSIE 7.0; Windows NT 5.1; .NET CLR 1.1.4322)"
142.46.199.25 - - [20/Aug/2008:13:33:59 -0400] "GET /eSpecs/index.jsp HTTP/1.1" 404 982 "-" "Mozilla/4.0 (compatible; MSIE 6.0; Windows NT 5.0; .NET CLR 2.0.50727)"
4.22.69.25 - - [20/Aug/2008:13:34:01 -0400] "GET /specs/pdf/772_e.pdf HTTP/1.0" 304 - "-" "Mozilla/4.0 (compatible; MSIE 7.0; Windows NT 5.1; .NET CLR 1.1.4322)"
142.46.199.30 - - [20/Aug/2008:13:34:07 -0400] "GET /SpecsSearch/index.jsp HTTP/1.1" 400 - "-" "Mozilla/5.0 (Windows; U; Windows NT 5.1; en-US; rv:1.7.2) Gecko/20040804 Netscape/7.2 (ax)"
142.46.199.25 - - [20/Aug/2008:13:34:07 -0400] "GET /eSpecs/index.jsp HTTP/1.1" 404 982 "-" "Mozilla/4.0 (compatible; MSIE 6.0; Windows NT 5.0; .NET CLR 2.0.50727)"
142.46.199.25 - - [20/Aug/2008:13:34:08 -0400] "GET /eSpecs/index.jsp HTTP/1.1" 404 982 "-" "Mozilla/4.0 (compatible; MSIE 6.0; Windows NT 5.0; .NET CLR 2.0.50727)"
142.46.199.30 - - [20/Aug/2008:13:34:09 -0400] "GET / HTTP/1.1" 304 - "-" "Mozilla/5.0 (Windows; U; Windows NT 5.1; en-US; rv:1.7.2) Gecko/20040804 Netscape/7.2 (ax)"
142.46.199.30 - - [20/Aug/2008:13:34:09 -0400] "GET /SpecsSearch/index.jsp HTTP/1.1" 400 - "-" "Mozilla/5.0 (Windows; U; Windows NT 5.1; en-US; rv:1.7.2) Gecko/20040804 Netscape/7.2 (ax)"
66.225.148.201 - - [20/Aug/2008:13:34:20 -0400] "GET / HTTP/1.1" 200 121 "http://www.scc.ca/en/publications/index.shtml" "Mozilla/5.0 (Windows; U; Windows NT 5.1; en-US; rv:1.8.1.16) Gecko/20080702 Firefox/2.0.0.16"
66.225.148.201 - - [20/Aug/2008:13:34:20 -0400] "GET /favicon.ico HTTP/1.1" 404 339 "-" "Mozilla/5.0 (Windows; U; Windows NT 5.1; en-US; rv:1.8.1.16) Gecko/20080702 Firefox/2.0.0.16"
66.225.148.201 - - [20/Aug/2008:13:34:20 -0400] "GET /eSpecs/index.jsp HTTP/1.1" 404 982 "-" "Mozilla/5.0 (Windows; U; Windows NT 5.1; en-US; rv:1.8.1.16) Gecko/20080702 Firefox/2.0.0.16"
142.46.199.25 - - [20/Aug/2008:13:34:28 -0400] "GET /eSpecs/index.jsp HTTP/1.1" 404 982 "-" "Mozilla/4.0 (compatible; MSIE 6.0; Windows NT 5.0; .NET CLR 2.0.50727)"
66.249.66.42 - - [20/Aug/2008:13:34:30 -0400] "GET /eSpecs/DocumentReferenced.do?GID=OSNOCAAAAAAAAAAA&page=1&nRecords=10&searchValue=5950-1&searchKey=DOCNO&organizations=bsi&displayWithdrawn=false¤cy=CAD HTTP/1.1" 404 1039 "-" "Mozilla/5.0 (compatible; Googlebot/2.1; +http://www.google.com/bot.html)"
66.249.66.42 - - [20/Aug/2008:13:34:30 -0400] "GET /eSpecs/DocumentReferenced.do?GID=IZJHDCAAAAAAAAAA&page=1&nRecords=10&searchValue=NEMA%20WC%2027500&searchKey=DOCNO&organizations=&displayWithdrawn=false¤cy=CAD HTTP/1.1" 404 1039 "-" "Mozilla/5.0 (compatible; Googlebot/2.1; +http://www.google.com/bot.html)"
66.249.66.42 - - [20/Aug/2008:13:34:31 -0400] "GET /eSpecs/DocumentDetails.do?GID=MJMYGCAAAAAAAAAA¤cy=CAD HTTP/1.1" 404 1030 "-" "Mozilla/5.0 (compatible; Googlebot/2.1; +http://www.google.com/bot.html)"
66.249.66.42 - - [20/Aug/2008:13:34:31 -0400] "GET /eSpecs/DocumentReferenced.do?GID=YTFJDBAAAAAAAAAA&page=1&nRecords=10&searchValue=13&searchKey=DOCNO&organizations=NFPA&displayWithdrawn=false¤cy=CAD HTTP/1.1" 404 1039 "-" "Mozilla/5.0 (compatible; Googlebot/2.1; +http://www.google.com/bot.html)"
66.249.66.42 - - [20/Aug/2008:13:34:31 -0400] "GET /eSpecs/DocumentDetails.do?GID=VBYHKAAAAAAAAAAA¤cy=CAD HTTP/1.1" 404 1030 "-" "Mozilla/5.0 (compatible; Googlebot/2.1; +http://www.google.com/bot.html)"
134.153.186.219 - - [20/Aug/2008:13:34:31 -0400] "GET /eSpecs/index.jsp HTTP/1.1" 404 982 "http://www.library.mun.ca/eindex/DBSearchResults.php?subhead=Standards" "Mozilla/4.0 (compatible; MSIE 7.0; Windows NT 5.1; DigExt; .NET CLR 1.1.4322; .NET CLR 2.0.50727; InfoPath.2)"
66.249.66.42 - - [20/Aug/2008:13:34:32 -0400] "GET /eSpecs/DocumentReferenced.do?GID=APDXFCAAAAAAAAAA&page=1&nRecords=10&searchValue=61010-1&searchKey=DOCNO&organizations=BSI&displayWithdrawn=false¤cy=CAD HTTP/1.1" 404 1039 "-" "Mozilla/5.0 (compatible; Googlebot/2.1; +http://www.google.com/bot.html)"
66.249.66.42 - - [20/Aug/2008:13:34:32 -0400] "GET /eSpecs/DocumentReferenced.do?GID=YSLRCAAAAAAAAAAA&page=1&nRecords=10&searchValue=17799&searchKey=DOCNO&organizations=ISO&displayWithdrawn=false¤cy=CAD HTTP/1.1" 404 1039 "-" "Mozilla/5.0 (compatible; Googlebot/2.1; +http://www.google.com/bot.html)"
66.249.66.42 - - [20/Aug/2008:13:34:32 -0400] "GET /eSpecs/DocumentDetails.do?GID=TZZSCAAAAAAAAAAA¤cy=CAD HTTP/1.1" 404 1030 "-" "Mozilla/5.0 (compatible; Googlebot/2.1; +http://www.google.com/bot.html)"
66.249.66.42 - - [20/Aug/2008:13:34:33 -0400] "GET /eSpecs/DocumentReferenced.do?GID=VYCUCAAAAAAAAAAA&page=1&nRecords=10&searchValue=J-STD-001&searchKey=DOCNO&organizations=&displayWithdrawn=false¤cy=CAD HTTP/1.1" 404 1039 "-" "Mozilla/5.0 (compatible; Googlebot/2.1; +http://www.google.com/bot.html)"
66.249.66.42 - - [20/Aug/2008:13:34:33 -0400] "GET /eSpecs/DocumentReferenced.do?GID=DJSCFCAAAAAAAAAA&page=1&nRecords=10&searchValue=D17.1&searchKey=DOCNO&organizations=AWS&displayWithdrawn=false¤cy=CAD HTTP/1.1" 404 1039 "-" "Mozilla/5.0 (compatible; Googlebot/2.1; +http://www.google.com/bot.html)"
66.249.66.42 - - [20/Aug/2008:13:34:34 -0400] "GET /eSpecs/DocumentReferenced.do?GID=AASMIBAAAAAAAAAA&page=1&nRecords=10&searchValue=13&searchKey=DOCNO&organizations=NFPA&displayWithdrawn=false¤cy=CAD HTTP/1.1" 404 1039 "-" "Mozilla/5.0 (compatible; Googlebot/2.1; +http://www.google.com/bot.html)"
66.249.66.42 - - [20/Aug/2008:13:34:34 -0400] "GET /eSpecs/DocumentReferenced.do?GID=MVSUMAAAAAAAAAAA&page=1&nRecords=10&searchValue=IEEE%20C2&searchKey=DOCNO&organizations=IEEE&displayWithdrawn=false¤cy=CAD HTTP/1.1" 404 1039 "-" "Mozilla/5.0 (compatible; Googlebot/2.1; +http://www.google.com/bot.html)"
66.249.66.42 - - [20/Aug/2008:13:34:35 -0400] "GET /eSpecs/DocumentReferenced.do?GID=YTEVDCAAAAAAAAAA&page=1&nRecords=10&searchValue=IEEE%20C2&searchKey=DOCNO&organizations=IEEE&displayWithdrawn=false¤cy=CAD HTTP/1.1" 404 1039 "-" "Mozilla/5.0 (compatible; Googlebot/2.1; +http://www.google.com/bot.html)"
66.249.66.42 - - [20/Aug/2008:13:34:35 -0400] "GET /eSpecs/DocumentReferenced.do?GID=HBHTCBAAAAAAAAAA&page=1&nRecords=10&searchValue=NEMA%20MG%201&searchKey=DOCNO&organizations=&displayWithdrawn=false¤cy=CAD HTTP/1.1" 404 1039 "-" "Mozilla/5.0 (compatible; Googlebot/2.1; +http://www.google.com/bot.html)"
66.249.66.42 - - [20/Aug/2008:13:34:35 -0400] "GET /eSpecs/DocumentReferenced.do?GID=KVADKAAAAAAAAAAA&page=1&nRecords=10&searchValue=14971&searchKey=DOCNO&organizations=BSI&displayWithdrawn=false¤cy=CAD HTTP/1.1" 404 1039 "-" "Mozilla/5.0 (compatible; Googlebot/2.1; +http://www.google.com/bot.html)"
66.249.66.42 - - [20/Aug/2008:13:34:36 -0400] "GET /eSpecs/DocumentReferenced.do?GID=IFTBACAAAAAAAAAA&page=1&nRecords=10&searchValue=D1.2/D1.2M&searchKey=DOCNO&organizations=AWS&displayWithdrawn=false¤cy=CAD HTTP/1.1" 404 1039 "-" "Mozilla/5.0 (compatible; Googlebot/2.1; +http://www.google.com/bot.html)"
66.249.66.42 - - [20/Aug/2008:13:34:36 -0400] "GET /eSpecs/DocumentReferenced.do?GID=LJWDACAAAAAAAAAA&page=1&nRecords=10&searchValue=16949&searchKey=DOCNO&organizations=ISO&displayWithdrawn=false¤cy=CAD HTTP/1.1" 404 1039 "-" "Mozilla/5.0 (compatible; Googlebot/2.1; +http://www.google.com/bot.html)"
66.249.66.42 - - [20/Aug/2008:13:34:37 -0400] "GET /eSpecs/DocumentReferenced.do?GID=DVXJIBAAAAAAAAAA&page=1&nRecords=10&searchValue=13&searchKey=DOCNO&organizations=NFPA&displayWithdrawn=false¤cy=CAD HTTP/1.1" 404 1039 "-" "Mozilla/5.0 (compatible; Googlebot/2.1; +http://www.google.com/bot.html)"
66.249.66.42 - - [20/Aug/2008:13:34:37 -0400] "GET /eSpecs/DocumentReferenced.do?GID=IXPYACAAAAAAAAAA&page=1&nRecords=10&searchValue=SAE%20AS%20478&searchKey=DOCNO&organizations=&displayWithdrawn=false¤cy=CAD HTTP/1.1" 404 1039 "-" "Mozilla/5.0 (compatible; Googlebot/2.1; +http://www.google.com/bot.html)"
66.249.66.42 - - [20/Aug/2008:13:34:38 -0400] "GET /eSpecs/DocumentReferenced.do?GID=YXERFBAAAAAAAAAA&page=1&nRecords=10&searchValue=13&searchKey=DOCNO&organizations=NFPA&displayWithdrawn=false¤cy=CAD HTTP/1.1" 404 1039 "-" "Mozilla/5.0 (compatible; Googlebot/2.1; +http://www.google.com/bot.html)"
66.249.66.42 - - [20/Aug/2008:13:34:38 -0400] "GET /eSpecs/DocumentReferenced.do?GID=DGFOCAAAAAAAAAAA&page=1&nRecords=10&searchValue=17799&searchKey=DOCNO&organizations=ISO&displayWithdrawn=false¤cy=CAD HTTP/1.1" 404 1039 "-" "Mozilla/5.0 (compatible; Googlebot/2.1; +http://www.google.com/bot.html)"
66.249.66.42 - - [20/Aug/2008:13:34:39 -0400] "GET /eSpecs/DocumentReferenced.do?GID=MTFEDCAAAAAAAAAA&page=1&nRecords=10&searchValue=9000%20Compendium&searchKey=DOCNO&organizations=ISO&displayWithdrawn=false¤cy=CAD HTTP/1.1" 404 1039 "-" "Mozilla/5.0 (compatible; Googlebot/2.1; +http://www.google.com/bot.html)"
66.249.66.42 - - [20/Aug/2008:13:34:39 -0400] "GET /eSpecs/DocumentDetails.do?GID=XGERCAAAAAAAAAAA¤cy=CAD HTTP/1.1" 404 1030 "-" "Mozilla/5.0 (compatible; Googlebot/2.1; +http://www.google.com/bot.html)"
66.249.66.42 - - [20/Aug/2008:13:34:40 -0400] "GET /eSpecs/DocumentReferenced.do?GID=XMXZJBAAAAAAAAAA&page=1&nRecords=10&searchValue=D1.1/D1.1M&searchKey=DOCNO&organizations=AWS&displayWithdrawn=false¤cy=CAD HTTP/1.1" 404 1039 "-" "Mozilla/5.0 (compatible; Googlebot/2.1; +http://www.google.com/bot.html)"
66.249.66.42 - - [20/Aug/2008:13:34:40 -0400] "GET /eSpecs/DocumentDetails.do?GID=WIRXHAAAAAAAAAAA¤cy=CAD HTTP/1.1" 404 1030 "-" "Mozilla/5.0 (compatible; Googlebot/2.1; +http://www.google.com/bot.html)"
66.249.66.42 - - [20/Aug/2008:13:34:41 -0400] "GET /eSpecs/DocumentReferenced.do?GID=JIWPDAAAAAAAAAAA&page=1&nRecords=10&searchValue=SAE%20AS%20478&searchKey=DOCNO&organizations=&displayWithdrawn=false¤cy=CAD HTTP/1.1" 404 1039 "-" "Mozilla/5.0 (compatible; Googlebot/2.1; +http://www.google.com/bot.html)"
66.249.66.42 - - [20/Aug/2008:13:34:41 -0400] "GET /eSpecs/DocumentDetails.do?GID=GOXSXBAAAAAAAAAA¤cy=CAD HTTP/1.1" 404 1030 "-" "Mozilla/5.0 (compatible; Googlebot/2.1; +http://www.google.com/bot.html)"
66.249.66.42 - - [20/Aug/2008:13:34:42 -0400] "GET /eSpecs/DocumentReferenced.do?GID=RKKKCCAAAAAAAAAA&page=1&nRecords=10&searchValue=SAE%20AMS-H-6875&searchKey=DOCNO&organizations=&displayWithdrawn=false¤cy=CAD HTTP/1.1" 404 1039 "-" "Mozilla/5.0 (compatible; Googlebot/2.1; +http://www.google.com/bot.html)"
66.249.66.42 - - [20/Aug/2008:13:34:42 -0400] "GET /eSpecs/DocumentReferenced.do?GID=XLGSACAAAAAAAAAA&page=1&nRecords=10&searchValue=13&searchKey=DOCNO&organizations=NFPA&displayWithdrawn=false¤cy=CAD HTTP/1.1" 404 1039 "-" "Mozilla/5.0 (compatible; Googlebot/2.1; +http://www.google.com/bot.html)"
66.249.66.42 - - [20/Aug/2008:13:34:43 -0400] "GET /eSpecs/DocumentReferenced.do?GID=AOWUCAAAAAAAAAAA&page=1&nRecords=10&searchValue=TC-1A&searchKey=DOCNO&organizations=&displayWithdrawn=false¤cy=CAD HTTP/1.1" 404 1039 "-" "Mozilla/5.0 (compatible; Googlebot/2.1; +http://www.google.com/bot.html)"
66.249.66.42 - - [20/Aug/2008:13:34:44 -0400] "GET /eSpecs/DocumentReferenced.do?GID=KOARXBAAAAAAAAAA&page=1&nRecords=10&searchValue=101&searchKey=DOCNO&organizations=NFPA&displayWithdrawn=false¤cy=CAD HTTP/1.1" 404 1039 "-" "Mozilla/5.0 (compatible; Googlebot/2.1; +http://www.google.com/bot.html)"
66.249.66.42 - - [20/Aug/2008:13:34:44 -0400] "GET /eSpecs/DocumentReferenced.do?GID=MROZPAAAAAAAAAAA&page=1&nRecords=10&searchValue=AASHTO%20HB&searchKey=DOCNO&organizations=AASHTO&displayWithdrawn=false¤cy=CAD HTTP/1.1" 404 1039 "-" "Mozilla/5.0 (compatible; Googlebot/2.1; +http://www.google.com/bot.html)"
66.249.66.42 - - [20/Aug/2008:13:34:45 -0400] "GET /eSpecs/DocumentReferenced.do?GID=LENNCAAAAAAAAAAA&page=1&nRecords=10&searchValue=9001&searchKey=DOCNO&organizations=ISO&displayWithdrawn=false¤cy=CAD HTTP/1.1" 404 1039 "-" "Mozilla/5.0 (compatible; Googlebot/2.1; +http://www.google.com/bot.html)"
66.249.66.42 - - [20/Aug/2008:13:34:45 -0400] "GET /eSpecs/DocumentReferenced.do?GID=GTJNZBAAAAAAAAAA&page=1&nRecords=10&searchValue=17799&searchKey=DOCNO&organizations=ISO&displayWithdrawn=false¤cy=CAD HTTP/1.1" 404 1039 "-" "Mozilla/5.0 (compatible; Googlebot/2.1; +http://www.google.com/bot.html)"
66.249.66.42 - - [20/Aug/2008:13:34:46 -0400] "GET /eSpecs/DocumentReferenced.do?GID=JDLRXBAAAAAAAAAA&page=1&nRecords=10&searchValue=61010-1&searchKey=DOCNO&organizations=BSI&displayWithdrawn=false¤cy=CAD HTTP/1.1" 404 1039 "-" "Mozilla/5.0 (compatible; Googlebot/2.1; +http://www.google.com/bot.html)"
66.249.66.42 - - [20/Aug/2008:13:34:47 -0400] "GET /eSpecs/DocumentReferenced.do?GID=RAPXHAAAAAAAAAAA&page=1&nRecords=10&searchValue=9000%20Compendium&searchKey=DOCNO&organizations=ISO&displayWithdrawn=false¤cy=CAD HTTP/1.1" 404 1039 "-" "Mozilla/5.0 (compatible; Googlebot/2.1; +http://www.google.com/bot.html)"
66.249.66.42 - - [20/Aug/2008:13:34:47 -0400] "GET /eSpecs/DocumentReferenced.do?GID=HJFMACAAAAAAAAAA&page=1&nRecords=10&searchValue=70&searchKey=DOCNO&organizations=NFPA&displayWithdrawn=false¤cy=CAD HTTP/1.1" 404 1039 "-" "Mozilla/5.0 (compatible; Googlebot/2.1; +http://www.google.com/bot.html)"
66.249.66.42 - - [20/Aug/2008:13:34:47 -0400] "GET /eSpecs/DocumentReferenced.do?GID=WDPDCAAAAAAAAAAA&page=1&nRecords=10&searchValue=9001&searchKey=DOCNO&organizations=ISO&displayWithdrawn=false¤cy=CAD HTTP/1.1" 404 1039 "-" "Mozilla/5.0 (compatible; Googlebot/2.1; +http://www.google.com/bot.html)"
66.249.66.42 - - [20/Aug/2008:13:34:48 -0400] "GET /eSpecs/DocumentDetails.do?GID=KQXYJAAAAAAAAAAA¤cy=CAD HTTP/1.1" 404 1030 "-" "Mozilla/5.0 (compatible; Googlebot/2.1; +http://www.google.com/bot.html)"
66.249.66.42 - - [20/Aug/2008:13:34:49 -0400] "GET /eSpecs/DocumentReferenced.do?GID=JIDWCAAAAAAAAAAA&page=1&nRecords=10&searchValue=ASCE%207&searchKey=DOCNO&organizations=&displayWithdrawn=false¤cy=CAD HTTP/1.1" 404 1039 "-" "Mozilla/5.0 (compatible; Googlebot/2.1; +http://www.google.com/bot.html)"
66.249.66.42 - - [20/Aug/2008:13:34:49 -0400] "GET /eSpecs/DocumentReferenced.do?GID=HBHTCBAAAAAAAAAA&page=1&nRecords=10&searchValue=EW%201&searchKey=DOCNO&organizations=NEMA&displayWithdrawn=false¤cy=CAD HTTP/1.1" 404 1039 "-" "Mozilla/5.0 (compatible; Googlebot/2.1; +http://www.google.com/bot.html)"
66.249.66.42 - - [20/Aug/2008:13:34:50 -0400] "GET /eSpecs/DocumentReferenced.do?GID=NZKVWAAAAAAAAAAA&page=1&nRecords=10&searchValue=60417&searchKey=DOCNO&organizations=IEC&displayWithdrawn=false¤cy=CAD HTTP/1.1" 404 1039 "-" "Mozilla/5.0 (compatible; Googlebot/2.1; +http://www.google.com/bot.html)"
66.249.66.42 - - [20/Aug/2008:13:34:50 -0400] "GET /eSpecs/DocumentReferenced.do?GID=UEPGIBAAAAAAAAAA&page=1&nRecords=10&searchValue=D1.2/D1.2M&searchKey=DOCNO&organizations=AWS&displayWithdrawn=false¤cy=CAD HTTP/1.1" 404 1039 "-" "Mozilla/5.0 (compatible; Googlebot/2.1; +http://www.google.com/bot.html)"
66.249.66.42 - - [20/Aug/2008:13:34:51 -0400] "GET /eSpecs/DocumentReferenced.do?GID=DDTDFBAAAAAAAAAA&page=1&nRecords=10&searchValue=AASHTO%20HB&searchKey=DOCNO&organizations=AASHTO&displayWithdrawn=false¤cy=CAD HTTP/1.1" 404 1039 "-" "Mozilla/5.0 (compatible; Googlebot/2.1; +http://www.google.com/bot.html)"
66.249.66.42 - - [20/Aug/2008:13:34:51 -0400] "GET /eSpecs/DocumentReferenced.do?GID=ULLNIBAAAAAAAAAA&page=1&nRecords=10&searchValue=13&searchKey=DOCNO&organizations=NFPA&displayWithdrawn=false¤cy=CAD HTTP/1.1" 404 1039 "-" "Mozilla/5.0 (compatible; Googlebot/2.1; +http://www.google.com/bot.html)"
66.249.66.42 - - [20/Aug/2008:13:34:52 -0400] "GET /eSpecs/DocumentReferenced.do?GID=GVTZACAAAAAAAAAA&page=1&nRecords=10&searchValue=60529&searchKey=DOCNO&organizations=IEC&displayWithdrawn=false¤cy=CAD HTTP/1.1" 404 1039 "-" "Mozilla/5.0 (compatible; Googlebot/2.1; +http://www.google.com/bot.html)"
66.249.66.42 - - [20/Aug/2008:13:34:53 -0400] "GET /eSpecs/DocumentDetails.do?GID=YYQWJBAAAAAAAAAA¤cy=CAD HTTP/1.1" 404 1030 "-" "Mozilla/5.0 (compatible; Googlebot/2.1; +http://www.google.com/bot.html)"
66.249.66.42 - - [20/Aug/2008:13:34:53 -0400] "GET /eSpecs/DocumentReferenced.do?GID=JGUPJBAAAAAAAAAA&page=1&nRecords=10&searchValue=9001&searchKey=DOCNO&organizations=ISO&displayWithdrawn=false¤cy=CAD HTTP/1.1" 404 1039 "-" "Mozilla/5.0 (compatible; Googlebot/2.1; +http://www.google.com/bot.html)"
66.249.66.42 - - [20/Aug/2008:13:34:54 -0400] "GET /eSpecs/DocumentReferenced.do?GID=OIKRJBAAAAAAAAAA&page=1&nRecords=10&searchValue=D17.1&searchKey=DOCNO&organizations=AWS&displayWithdrawn=false¤cy=CAD HTTP/1.1" 404 1039 "-" "Mozilla/5.0 (compatible; Googlebot/2.1; +http://www.google.com/bot.html)"
66.249.66.42 - - [20/Aug/2008:13:34:54 -0400] "GET /eSpecs/DocumentReferenced.do?GID=GZRKACAAAAAAAAAA&page=1&nRecords=10&searchValue=QS9000&searchKey=DOCNO&organizations=&displayWithdrawn=false¤cy=CAD HTTP/1.1" 404 1039 "-" "Mozilla/5.0 (compatible; Googlebot/2.1; +http://www.google.com/bot.html)"
66.249.66.42 - - [20/Aug/2008:13:34:55 -0400] "GET /eSpecs/DocumentDetails.do?GID=KUZMIBAAAAAAAAAA¤cy=CAD HTTP/1.1" 404 1030 "-" "Mozilla/5.0 (compatible; Googlebot/2.1; +http://www.google.com/bot.html)"
66.249.66.42 - - [20/Aug/2008:13:34:55 -0400] "GET /eSpecs/DocumentReferenced.do?GID=TUOFBCAAAAAAAAAA&page=1&nRecords=10&searchValue=101&searchKey=DOCNO&organizations=NFPA&displayWithdrawn=false¤cy=CAD HTTP/1.1" 404 1039 "-" "Mozilla/5.0 (compatible; Googlebot/2.1; +http://www.google.com/bot.html)"
66.249.66.42 - - [20/Aug/2008:13:34:56 -0400] "GET /eSpecs/DocumentReferenced.do?GID=QAZRACAAAAAAAAAA&page=1&nRecords=10&searchValue=61010-1&searchKey=DOCNO&organizations=BSI&displayWithdrawn=false¤cy=CAD HTTP/1.1" 404 1039 "-" "Mozilla/5.0 (compatible; Googlebot/2.1; +http://www.google.com/bot.html)"
66.249.66.42 - - [20/Aug/2008:13:34:57 -0400] "GET /eSpecs/DocumentReferenced.do?GID=HQRUACAAAAAAAAAA&page=1&nRecords=10&searchValue=SAE%20J514&searchKey=DOCNO&organizations=&displayWithdrawn=false¤cy=CAD HTTP/1.1" 404 1039 "-" "Mozilla/5.0 (compatible; Googlebot/2.1; +http://www.google.com/bot.html)"
66.249.66.42 - - [20/Aug/2008:13:34:57 -0400] "GET /eSpecs/DocumentReferenced.do?GID=LXCDBCAAAAAAAAAA&page=1&nRecords=10&searchValue=9001&searchKey=DOCNO&organizations=ISO&displayWithdrawn=false¤cy=CAD HTTP/1.1" 404 1039 "-" "Mozilla/5.0 (compatible; Googlebot/2.1; +http://www.google.com/bot.html)"
66.249.66.42 - - [20/Aug/2008:13:34:58 -0400] "GET /eSpecs/DocumentReferenced.do?GID=SLDHACAAAAAAAAAA&page=1&nRecords=10&searchValue=A2.4&searchKey=DOCNO&organizations=AWS&displayWithdrawn=false¤cy=CAD HTTP/1.1" 404 1039 "-" "Mozilla/5.0 (compatible; Googlebot/2.1; +http://www.google.com/bot.html)"
66.249.66.42 - - [20/Aug/2008:13:34:58 -0400] "GET /eSpecs/DocumentDetails.do?GID=OOSICAAAAAAAAAAA¤cy=CAD HTTP/1.1" 404 1030 "-" "Mozilla/5.0 (compatible; Googlebot/2.1; +http://www.google.com/bot.html)"
66.249.66.42 - - [20/Aug/2008:13:34:59 -0400] "GET /eSpecs/DocumentReferenced.do?GID=VIPTPAAAAAAAAAAA&page=1&nRecords=10&searchValue=17025&searchKey=DOCNO&organizations=ISO&displayWithdrawn=false¤cy=CAD HTTP/1.1" 404 1039 "-" "Mozilla/5.0 (compatible; Googlebot/2.1; +http://www.google.com/bot.html)"
66.249.66.42 - - [20/Aug/2008:13:35:00 -0400] "GET /eSpecs/DocumentReferenced.do?GID=LGBGACAAAAAAAAAA&page=1&nRecords=10&searchValue=61010-1&searchKey=DOCNO&organizations=BSI&displayWithdrawn=false¤cy=CAD HTTP/1.1" 404 1039 "-" "Mozilla/5.0 (compatible; Googlebot/2.1; +http://www.google.com/bot.html)"
66.249.66.42 - - [20/Aug/2008:13:35:00 -0400] "GET /eSpecs/DocumentReferenced.do?GID=SIFCCCAAAAAAAAAA&page=1&nRecords=10&searchValue=568&searchKey=DOCNO&organizations=TIA&displayWithdrawn=false¤cy=CAD HTTP/1.1" 404 1039 "-" "Mozilla/5.0 (compatible; Googlebot/2.1; +http://www.google.com/bot.html)"
66.249.66.42 - - [20/Aug/2008:13:35:01 -0400] "GET /eSpecs/DocumentReferenced.do?GID=LLADACAAAAAAAAAA&page=1&nRecords=10&searchValue=D1.4&searchKey=DOCNO&organizations=AWS&displayWithdrawn=false¤cy=CAD HTTP/1.1" 404 1039 "-" "Mozilla/5.0 (compatible; Googlebot/2.1; +http://www.google.com/bot.html)"
66.249.66.42 - - [20/Aug/2008:13:35:01 -0400] "GET /eSpecs/DocumentReferenced.do?GID=GXECACAAAAAAAAAA&page=2&nRecords=10&searchValue=568&searchKey=DOCNO&organizations=TIA&displayWithdrawn=false¤cy=CAD HTTP/1.1" 404 1039 "-" "Mozilla/5.0 (compatible; Googlebot/2.1; +http://www.google.com/bot.html)"
66.249.66.42 - - [20/Aug/2008:13:35:02 -0400] "GET /eSpecs/DocumentReferenced.do?GID=XQSRBCAAAAAAAAAA&page=1&nRecords=10&searchValue=13&searchKey=DOCNO&organizations=NFPA&displayWithdrawn=false¤cy=CAD HTTP/1.1" 404 1039 "-" "Mozilla/5.0 (compatible; Googlebot/2.1; +http://www.google.com/bot.html)"
66.249.66.42 - - [20/Aug/2008:13:35:03 -0400] "GET /eSpecs/DocumentReferenced.do?GID=YXQLACAAAAAAAAAA&page=1&nRecords=10&searchValue=101&searchKey=DOCNO&organizations=NFPA&displayWithdrawn=false¤cy=CAD HTTP/1.1" 404 1039 "-" "Mozilla/5.0 (compatible; Googlebot/2.1; +http://www.google.com/bot.html)"
66.249.66.42 - - [20/Aug/2008:13:35:03 -0400] "GET /eSpecs/DocumentReferenced.do?GID=AHHJACAAAAAAAAAA&page=1&nRecords=10&searchValue=9001&searchKey=DOCNO&organizations=ISO&displayWithdrawn=false¤cy=CAD HTTP/1.1" 404 1039 "-" "Mozilla/5.0 (compatible; Googlebot/2.1; +http://www.google.com/bot.html)"
66.249.66.42 - - [20/Aug/2008:13:35:04 -0400] "GET /eSpecs/DocumentReferenced.do?GID=JZUSCAAAAAAAAAAA&page=1&nRecords=10&searchValue=A14.2&searchKey=DOCNO&organizations=ANSI&displayWithdrawn=false¤cy=CAD HTTP/1.1" 404 1039 "-" "Mozilla/5.0 (compatible; Googlebot/2.1; +http://www.google.com/bot.html)"
66.249.66.42 - - [20/Aug/2008:13:35:04 -0400] "GET /eSpecs/DocumentDetails.do?GID=VIRQJBAAAAAAAAAA¤cy=CAD HTTP/1.1" 404 1030 "-" "Mozilla/5.0 (compatible; Googlebot/2.1; +http://www.google.com/bot.html)"
66.249.66.42 - - [20/Aug/2008:13:35:05 -0400] "GET /eSpecs/DocumentReferenced.do?GID=PGNACCAAAAAAAAAA&page=1&nRecords=10&searchValue=API%20RP%20500&searchKey=DOCNO&organizations=API&displayWithdrawn=false¤cy=CAD HTTP/1.1" 404 1039 "-" "Mozilla/5.0 (compatible; Googlebot/2.1; +http://www.google.com/bot.html)"
66.249.66.42 - - [20/Aug/2008:13:35:06 -0400] "GET /eSpecs/DocumentReferenced.do?GID=EXHYEBAAAAAAAAAA&page=1&nRecords=10&searchValue=API%20RP%20500&searchKey=DOCNO&organizations=API&displayWithdrawn=false¤cy=CAD HTTP/1.1" 404 1039 "-" "Mozilla/5.0 (compatible; Googlebot/2.1; +http://www.google.com/bot.html)"
66.249.66.42 - - [20/Aug/2008:13:35:06 -0400] "GET /eSpecs/DocumentReferenced.do?GID=GEWTCBAAAAAAAAAA&page=1&nRecords=10&searchValue=API%20RP%20500&searchKey=DOCNO&organizations=API&displayWithdrawn=false¤cy=CAD HTTP/1.1" 404 1039 "-" "Mozilla/5.0 (compatible; Googlebot/2.1; +http://www.google.com/bot.html)"
66.249.66.42 - - [20/Aug/2008:13:35:07 -0400] "GET /eSpecs/DocumentReferenced.do?GID=CHBWCAAAAAAAAAAA&page=1&nRecords=10&searchValue=9001&searchKey=DOCNO&organizations=ISO&displayWithdrawn=false¤cy=CAD HTTP/1.1" 404 1039 "-" "Mozilla/5.0 (compatible; Googlebot/2.1; +http://www.google.com/bot.html)"
66.249.66.42 - - [20/Aug/2008:13:35:07 -0400] "GET /eSpecs/DocumentReferenced.do?GID=QVJRJBAAAAAAAAAA&page=1&nRecords=10&searchValue=1417&searchKey=DOCNO&organizations=ASTM&displayWithdrawn=false¤cy=CAD HTTP/1.1" 404 1039 "-" "Mozilla/5.0 (compatible; Googlebot/2.1; +http://www.google.com/bot.html)"
66.249.66.42 - - [20/Aug/2008:13:35:08 -0400] "GET /eSpecs/DocumentReferenced.do?GID=JPLNIBAAAAAAAAAA&page=1&nRecords=10&searchValue=D1.1/D1.1M&searchKey=DOCNO&organizations=AWS&displayWithdrawn=false¤cy=CAD HTTP/1.1" 404 1039 "-" "Mozilla/5.0 (compatible; Googlebot/2.1; +http://www.google.com/bot.html)"
66.249.66.42 - - [20/Aug/2008:13:35:09 -0400] "GET /eSpecs/DocumentReferenced.do?GID=NVOJACAAAAAAAAAA&page=1&nRecords=10&searchValue=1864&searchKey=DOCNO&organizations=ASTM&displayWithdrawn=false¤cy=CAD HTTP/1.1" 404 1039 "-" "Mozilla/5.0 (compatible; Googlebot/2.1; +http://www.google.com/bot.html)"
66.249.66.42 - - [20/Aug/2008:13:35:09 -0400] "GET /eSpecs/DocumentDetails.do?GID=RNFSGBAAAAAAAAAA¤cy=CAD HTTP/1.1" 404 1030 "-" "Mozilla/5.0 (compatible; Googlebot/2.1; +http://www.google.com/bot.html)"
66.249.66.42 - - [20/Aug/2008:13:35:10 -0400] "GET /eSpecs/DocumentReferenced.do?GID=AGPEGBAAAAAAAAAA&page=1&nRecords=10&searchValue=FORD%20WSS-M99P1111-A&searchKey=DOCNO&organizations=&displayWithdrawn=false¤cy=CAD HTTP/1.1" 404 1039 "-" "Mozilla/5.0 (compatible; Googlebot/2.1; +http://www.google.com/bot.html)"
66.249.66.42 - - [20/Aug/2008:13:35:10 -0400] "GET /eSpecs/DocumentDetails.do?GID=QNIGFBAAAAAAAAAA¤cy=CAD HTTP/1.1" 404 1030 "-" "Mozilla/5.0 (compatible; Googlebot/2.1; +http://www.google.com/bot.html)"
66.249.66.42 - - [20/Aug/2008:13:35:11 -0400] "GET /eSpecs/DocumentReferenced.do?GID=RGDKCAAAAAAAAAAA&page=1&nRecords=10&searchValue=WI&searchKey=DOCNO&organizations=AWS&displayWithdrawn=false¤cy=CAD HTTP/1.1" 404 1039 "-" "Mozilla/5.0 (compatible; Googlebot/2.1; +http://www.google.com/bot.html)"
66.249.66.42 - - [20/Aug/2008:13:35:12 -0400] "GET /eSpecs/DocumentDetails.do?GID=UTWVYBAAAAAAAAAA¤cy=CAD HTTP/1.1" 404 1030 "-" "Mozilla/5.0 (compatible; Googlebot/2.1; +http://www.google.com/bot.html)"
66.249.66.42 - - [20/Aug/2008:13:35:12 -0400] "GET /eSpecs/DocumentReferenced.do?GID=EYGDKAAAAAAAAAAA&page=1&nRecords=10&searchValue=9000%20Compendium&searchKey=DOCNO&organizations=ISO&displayWithdrawn=false¤cy=CAD HTTP/1.1" 404 1039 "-" "Mozilla/5.0 (compatible; Googlebot/2.1; +http://www.google.com/bot.html)"
66.249.66.42 - - [20/Aug/2008:13:35:13 -0400] "GET /eSpecs/DocumentDetails.do?GID=OYBEHBAAAAAAAAAA¤cy=CAD HTTP/1.1" 404 1030 "-" "Mozilla/5.0 (compatible; Googlebot/2.1; +http://www.google.com/bot.html)"
66.249.66.42 - - [20/Aug/2008:13:35:13 -0400] "GET /eSpecs/DocumentReferenced.do?GID=PBXLPAAAAAAAAAAA&page=1&nRecords=10&searchValue=60529&searchKey=DOCNO&organizations=IEC&displayWithdrawn=false¤cy=CAD HTTP/1.1" 404 1039 "-" "Mozilla/5.0 (compatible; Googlebot/2.1; +http://www.google.com/bot.html)"
66.249.66.42 - - [20/Aug/2008:13:35:14 -0400] "GET /eSpecs/DocumentReferenced.do?GID=ZUMRGCAAAAAAAAAA&page=1&nRecords=10&searchValue=90A&searchKey=DOCNO&organizations=NFPA&displayWithdrawn=false¤cy=CAD HTTP/1.1" 404 1039 "-" "Mozilla/5.0 (compatible; Googlebot/2.1; +http://www.google.com/bot.html)"
66.249.66.42 - - [20/Aug/2008:13:35:15 -0400] "GET /eSpecs/DocumentReferenced.do?GID=QUDFGCAAAAAAAAAA&page=1&nRecords=10&searchValue=QS9000&searchKey=DOCNO&organizations=&displayWithdrawn=false¤cy=CAD HTTP/1.1" 404 1039 "-" "Mozilla/5.0 (compatible; Googlebot/2.1; +http://www.google.com/bot.html)"
66.249.66.42 - - [20/Aug/2008:13:35:15 -0400] "GET /eSpecs/DocumentReferenced.do?GID=YVKDCAAAAAAAAAAA&page=1&nRecords=10&searchValue=9001&searchKey=DOCNO&organizations=ISO&displayWithdrawn=false¤cy=CAD HTTP/1.1" 404 1039 "-" "Mozilla/5.0 (compatible; Googlebot/2.1; +http://www.google.com/bot.html)"
66.249.66.42 - - [20/Aug/2008:13:35:16 -0400] "GET /eSpecs/DocumentReferenced.do?GID=NNWZHBAAAAAAAAAA&page=1&nRecords=10&searchValue=9001&searchKey=DOCNO&organizations=ISO&displayWithdrawn=false¤cy=CAD HTTP/1.1" 404 1039 "-" "Mozilla/5.0 (compatible; Googlebot/2.1; +http://www.google.com/bot.html)"
66.249.66.42 - - [20/Aug/2008:13:35:16 -0400] "GET /eSpecs/DocumentReferenced.do?GID=DSBSZAAAAAAAAAAA&page=1&nRecords=10&searchValue=61010-1&searchKey=DOCNO&organizations=BSI&displayWithdrawn=false¤cy=CAD HTTP/1.1" 404 1039 "-" "Mozilla/5.0 (compatible; Googlebot/2.1; +http://www.google.com/bot.html)"
66.249.66.42 - - [20/Aug/2008:13:35:17 -0400] "GET /eSpecs/DocumentReferenced.do?GID=FJIGCCAAAAAAAAAA&page=1&nRecords=10&searchValue=101&searchKey=DOCNO&organizations=NFPA&displayWithdrawn=false¤cy=CAD HTTP/1.1" 404 1039 "-" "Mozilla/5.0 (compatible; Googlebot/2.1; +http://www.google.com/bot.html)"
66.249.66.42 - - [20/Aug/2008:13:35:18 -0400] "GET /eSpecs/DocumentReferenced.do?GID=AQWDGCAAAAAAAAAA&page=1&nRecords=10&searchValue=13&searchKey=DOCNO&organizations=NFPA&displayWithdrawn=false¤cy=CAD HTTP/1.1" 404 1039 "-" "Mozilla/5.0 (compatible; Googlebot/2.1; +http://www.google.com/bot.html)"
66.249.66.42 - - [20/Aug/2008:13:35:18 -0400] "GET /eSpecs/DocumentReferenced.do?GID=YDQFJBAAAAAAAAAA&page=1&nRecords=10&searchValue=ANSI%20C12.1&searchKey=DOCNO&organizations=ANSI&displayWithdrawn=false¤cy=CAD HTTP/1.1" 404 1039 "-" "Mozilla/5.0 (compatible; Googlebot/2.1; +http://www.google.com/bot.html)"
66.249.66.42 - - [20/Aug/2008:13:35:19 -0400] "GET /eSpecs/DocumentReferenced.do?GID=XMXQXBAAAAAAAAAA&page=1&nRecords=10&searchValue=NAS%20410&searchKey=DOCNO&organizations=&displayWithdrawn=false¤cy=CAD HTTP/1.1" 404 1039 "-" "Mozilla/5.0 (compatible; Googlebot/2.1; +http://www.google.com/bot.html)"
66.249.66.42 - - [20/Aug/2008:13:35:19 -0400] "GET /eSpecs/DocumentReferenced.do?GID=UFAVACAAAAAAAAAA&page=1&nRecords=10&searchValue=IEEE%20C2&searchKey=DOCNO&organizations=IEEE&displayWithdrawn=false¤cy=CAD HTTP/1.1" 404 1039 "-" "Mozilla/5.0 (compatible; Googlebot/2.1; +http://www.google.com/bot.html)"
66.249.66.42 - - [20/Aug/2008:13:35:20 -0400] "GET /eSpecs/DocumentReferenced.do?GID=ITJZCAAAAAAAAAAA&page=1&nRecords=10&searchValue=ASCE%207&searchKey=DOCNO&organizations=&displayWithdrawn=false¤cy=CAD HTTP/1.1" 404 1039 "-" "Mozilla/5.0 (compatible; Googlebot/2.1; +http://www.google.com/bot.html)"
66.249.66.42 - - [20/Aug/2008:13:35:21 -0400] "GET /eSpecs/DocumentReferenced.do?GID=ZLVPOAAAAAAAAAAA&page=1&nRecords=10&searchValue=9001&searchKey=DOCNO&organizations=ISO&displayWithdrawn=false¤cy=CAD HTTP/1.1" 404 1039 "-" "Mozilla/5.0 (compatible; Googlebot/2.1; +http://www.google.com/bot.html)"
66.249.66.42 - - [20/Aug/2008:13:35:21 -0400] "GET /eSpecs/DocumentReferenced.do?GID=KOLECAAAAAAAAAAA&page=1&nRecords=10&searchValue=14001&searchKey=DOCNO&organizations=ISO&displayWithdrawn=false¤cy=CAD HTTP/1.1" 404 1039 "-" "Mozilla/5.0 (compatible; Googlebot/2.1; +http://www.google.com/bot.html)"
24.222.79.230 - - [20/Aug/2008:13:35:21 -0400] "GET /SpecsSearch/SpecsSearchAction.do?psa_ID=1 HTTP/1.0" 400 - "http://www.google.ca/search?hl=en&q=dr+james+macneil+cfia&start=10&sa=N" "Mozilla/4.0 (compatible; MSIE 7.0; Windows NT 5.1; .NET CLR 1.1.4322; .NET CLR 2.0.50727; .NET CLR 3.0.04506.30; .NET CLR 3.0.04506.648)"
66.249.66.42 - - [20/Aug/2008:13:35:22 -0400] "GET /eSpecs/DocumentReferenced.do?GID=TFEJACAAAAAAAAAA&page=1&nRecords=10&searchValue=TIA-570&searchKey=DOCNO&organizations=TIA&displayWithdrawn=false¤cy=CAD HTTP/1.1" 404 1039 "-" "Mozilla/5.0 (compatible; Googlebot/2.1; +http://www.google.com/bot.html)"
66.249.66.42 - - [20/Aug/2008:13:35:22 -0400] "GET /eSpecs/DocumentReferenced.do?GID=PJGSACAAAAAAAAAA&page=1&nRecords=10&searchValue=9001&searchKey=DOCNO&organizations=ISO&displayWithdrawn=false¤cy=CAD HTTP/1.1" 404 1039 "-" "Mozilla/5.0 (compatible; Googlebot/2.1; +http://www.google.com/bot.html)"
66.249.66.42 - - [20/Aug/2008:13:35:23 -0400] "GET /eSpecs/DocumentReferenced.do?GID=SSMQCAAAAAAAAAAA&page=1&nRecords=10&searchValue=GM9900P&searchKey=DOCNO&organizations=&displayWithdrawn=false¤cy=CAD HTTP/1.1" 404 1039 "-" "Mozilla/5.0 (compatible; Googlebot/2.1; +http://www.google.com/bot.html)"
66.249.66.42 - - [20/Aug/2008:13:35:24 -0400] "GET /eSpecs/DocumentDetails.do?GID=THMYGCAAAAAAAAAA¤cy=CAD HTTP/1.1" 404 1030 "-" "Mozilla/5.0 (compatible; Googlebot/2.1; +http://www.google.com/bot.html)"
66.249.66.42 - - [20/Aug/2008:13:35:24 -0400] "GET /eSpecs/DocumentReferenced.do?GID=FZHRCAAAAAAAAAAA&page=1&nRecords=10&searchValue=9001&searchKey=DOCNO&organizations=ISO&displayWithdrawn=false¤cy=CAD HTTP/1.1" 404 1039 "-" "Mozilla/5.0 (compatible; Googlebot/2.1; +http://www.google.com/bot.html)"
66.249.66.42 - - [20/Aug/2008:13:35:25 -0400] "GET /eSpecs/DocumentDetails.do?GID=OSNOCAAAAAAAAAAA¤cy=CAD HTTP/1.1" 404 1030 "-" "Mozilla/5.0 (compatible; Googlebot/2.1; +http://www.google.com/bot.html)"
66.249.66.42 - - [20/Aug/2008:13:35:25 -0400] "GET /eSpecs/DocumentReferenced.do?GID=QWDYACAAAAAAAAAA&page=1&nRecords=10&searchValue=D1.3&searchKey=DOCNO&organizations=AWS&displayWithdrawn=false¤cy=CAD HTTP/1.1" 404 1039 "-" "Mozilla/5.0 (compatible; Googlebot/2.1; +http://www.google.com/bot.html)"
66.249.66.42 - - [20/Aug/2008:13:35:26 -0400] "GET /eSpecs/DocumentReferenced.do?GID=VPWJIBAAAAAAAAAA&page=1&nRecords=10&searchValue=B%20209&searchKey=DOCNO&organizations=ASTM&displayWithdrawn=false¤cy=CAD HTTP/1.1" 404 1039 "-" "Mozilla/5.0 (compatible; Googlebot/2.1; +http://www.google.com/bot.html)"
66.249.66.42 - - [20/Aug/2008:13:35:27 -0400] "GET /eSpecs/DocumentReferenced.do?GID=SZSPCAAAAAAAAAAA&page=1&nRecords=10&searchValue=EIA-455&searchKey=DOCNO&organizations=TIA&displayWithdrawn=false¤cy=CAD HTTP/1.1" 404 1039 "-" "Mozilla/5.0 (compatible; Googlebot/2.1; +http://www.google.com/bot.html)"
66.249.66.42 - - [20/Aug/2008:13:35:27 -0400] "GET /eSpecs/DocumentReferenced.do?GID=MOLTGBAAAAAAAAAA&page=1&nRecords=10&searchValue=13&searchKey=DOCNO&organizations=NFPA&displayWithdrawn=false¤cy=CAD HTTP/1.1" 404 1039 "-" "Mozilla/5.0 (compatible; Googlebot/2.1; +http://www.google.com/bot.html)"
66.249.66.42 - - [20/Aug/2008:13:35:28 -0400] "GET /eSpecs/DocumentReferenced.do?GID=VNCSHBAAAAAAAAAA&page=1&nRecords=10&searchValue=9000%20Compendium&searchKey=DOCNO&organizations=ISO&displayWithdrawn=false¤cy=CAD HTTP/1.1" 404 1039 "-" "Mozilla/5.0 (compatible; Googlebot/2.1; +http://www.google.com/bot.html)"
66.249.66.42 - - [20/Aug/2008:13:35:28 -0400] "GET /eSpecs/DocumentReferenced.do?GID=CLMWIBAAAAAAAAAA&page=1&nRecords=10&searchValue=60204-1&searchKey=DOCNO&organizations=IEC&displayWithdrawn=false¤cy=CAD HTTP/1.1" 404 1039 "-" "Mozilla/5.0 (compatible; Googlebot/2.1; +http://www.google.com/bot.html)"
4.22.69.25 - - [20/Aug/2008:13:35:28 -0400] "GET /specs/pdf/125_e.pdf HTTP/1.0" 200 30559 "-" "Mozilla/4.0 (compatible; MSIE 7.0; Windows NT 5.1; .NET CLR 1.1.4322)"
66.249.66.42 - - [20/Aug/2008:13:35:29 -0400] "GET /eSpecs/DocumentReferenced.do?GID=CKWKCCAAAAAAAAAA&page=1&nRecords=10&searchValue=1041&searchKey=DOCNO&organizations=BSI&displayWithdrawn=false¤cy=CAD HTTP/1.1" 404 1039 "-" "Mozilla/5.0 (compatible; Googlebot/2.1; +http://www.google.com/bot.html)"
66.249.66.42 - - [20/Aug/2008:13:35:30 -0400] "GET /eSpecs/DocumentReferenced.do?GID=YCGXDBAAAAAAAAAA&page=1&nRecords=10&searchValue=13&searchKey=DOCNO&organizations=NFPA&displayWithdrawn=false¤cy=CAD HTTP/1.1" 404 1039 "-" "Mozilla/5.0 (compatible; Googlebot/2.1; +http://www.google.com/bot.html)"
66.249.66.42 - - [20/Aug/2008:13:35:30 -0400] "GET /eSpecs/DocumentReferenced.do?GID=QVJRJBAAAAAAAAAA&page=1&nRecords=10&searchValue=NEMA%20250&searchKey=DOCNO&organizations=NEMA&displayWithdrawn=false¤cy=CAD HTTP/1.1" 404 1039 "-" "Mozilla/5.0 (compatible; Googlebot/2.1; +http://www.google.com/bot.html)"
66.249.66.42 - - [20/Aug/2008:13:35:31 -0400] "GET /eSpecs/DocumentReferenced.do?GID=KQDXHBAAAAAAAAAA&page=1&nRecords=10&searchValue=60417&searchKey=DOCNO&organizations=IEC&displayWithdrawn=false¤cy=CAD HTTP/1.1" 404 1039 "-" "Mozilla/5.0 (compatible; Googlebot/2.1; +http://www.google.com/bot.html)"
66.249.66.42 - - [20/Aug/2008:13:35:31 -0400] "GET /eSpecs/DocumentReferenced.do?GID=ESQZXAAAAAAAAAAA&page=1&nRecords=10&searchValue=9000%20Compendium&searchKey=DOCNO&organizations=ISO&displayWithdrawn=false¤cy=CAD HTTP/1.1" 404 1039 "-" "Mozilla/5.0 (compatible; Googlebot/2.1; +http://www.google.com/bot.html)"
4.22.69.25 - - [20/Aug/2008:13:35:31 -0400] "GET /specs/pdf/125_e.pdf HTTP/1.0" 200 30559 "-" "Mozilla/4.0 (compatible; MSIE 7.0; Windows NT 5.1; .NET CLR 1.1.4322)"
66.249.66.42 - - [20/Aug/2008:13:35:32 -0400] "GET /eSpecs/DocumentReferenced.do?GID=SQYRXBAAAAAAAAAA&page=1&nRecords=10&searchValue=9000%20Compendium&searchKey=DOCNO&organizations=ISO&displayWithdrawn=false¤cy=CAD HTTP/1.1" 404 1039 "-" "Mozilla/5.0 (compatible; Googlebot/2.1; +http://www.google.com/bot.html)"
66.249.66.42 - - [20/Aug/2008:13:35:33 -0400] "GET /eSpecs/DocumentReferenced.do?GID=YKXOJBAAAAAAAAAA&page=1&nRecords=10&searchValue=B%20209&searchKey=DOCNO&organizations=ASTM&displayWithdrawn=false¤cy=CAD HTTP/1.1" 404 1039 "-" "Mozilla/5.0 (compatible; Googlebot/2.1; +http://www.google.com/bot.html)"
66.249.66.42 - - [20/Aug/2008:13:35:33 -0400] "GET /eSpecs/DocumentReferenced.do?GID=YQWIIBAAAAAAAAAA&page=1&nRecords=10&searchValue=60417&searchKey=DOCNO&organizations=IEC&displayWithdrawn=false¤cy=CAD HTTP/1.1" 404 1039 "-" "Mozilla/5.0 (compatible; Googlebot/2.1; +http://www.google.com/bot.html)"
66.249.66.42 - - [20/Aug/2008:13:35:34 -0400] "GET /eSpecs/DocumentReferenced.do?GID=ZWTTACAAAAAAAAAA&page=1&nRecords=10&searchValue=17799&searchKey=DOCNO&organizations=ISO&displayWithdrawn=false¤cy=CAD HTTP/1.1" 404 1039 "-" "Mozilla/5.0 (compatible; Googlebot/2.1; +http://www.google.com/bot.html)"
66.249.66.42 - - [20/Aug/2008:13:35:34 -0400] "GET /eSpecs/DocumentReferenced.do?GID=JMHDCCAAAAAAAAAA&page=1&nRecords=10&searchValue=1444&searchKey=DOCNO&organizations=ASTM&displayWithdrawn=false¤cy=CAD HTTP/1.1" 404 1039 "-" "Mozilla/5.0 (compatible; Googlebot/2.1; +http://www.google.com/bot.html)"
66.249.66.42 - - [20/Aug/2008:13:35:35 -0400] "GET /eSpecs/DocumentReferenced.do?GID=PHWGIBAAAAAAAAAA&page=1&nRecords=10&searchValue=WI&searchKey=DOCNO&organizations=AWS&displayWithdrawn=false¤cy=CAD HTTP/1.1" 404 1039 "-" "Mozilla/5.0 (compatible; Googlebot/2.1; +http://www.google.com/bot.html)"
66.249.66.42 - - [20/Aug/2008:13:35:36 -0400] "GET /eSpecs/DocumentReferenced.do?GID=IUKEGCAAAAAAAAAA&page=1&nRecords=10&searchValue=9001&searchKey=DOCNO&organizations=ISO&displayWithdrawn=false¤cy=CAD HTTP/1.1" 404 1039 "-" "Mozilla/5.0 (compatible; Googlebot/2.1; +http://www.google.com/bot.html)"
66.249.66.42 - - [20/Aug/2008:13:35:36 -0400] "GET /eSpecs/DocumentReferenced.do?GID=KGPCBCAAAAAAAAAA&page=1&nRecords=10&searchValue=14001&searchKey=DOCNO&organizations=ISO&displayWithdrawn=false¤cy=CAD HTTP/1.1" 404 1039 "-" "Mozilla/5.0 (compatible; Googlebot/2.1; +http://www.google.com/bot.html)"
66.249.66.42 - - [20/Aug/2008:13:35:37 -0400] "GET /eSpecs/DocumentReferenced.do?GID=RTWVYBAAAAAAAAAA&page=1&nRecords=10&searchValue=101&searchKey=DOCNO&organizations=NFPA&displayWithdrawn=false¤cy=CAD HTTP/1.1" 404 1039 "-" "Mozilla/5.0 (compatible; Googlebot/2.1; +http://www.google.com/bot.html)"
66.249.66.42 - - [20/Aug/2008:13:35:37 -0400] "GET /eSpecs/DocumentReferenced.do?GID=MDFUJBAAAAAAAAAA&page=1&nRecords=10&searchValue=14971&searchKey=DOCNO&organizations=ISO&displayWithdrawn=false¤cy=CAD HTTP/1.1" 404 1039 "-" "Mozilla/5.0 (compatible; Googlebot/2.1; +http://www.google.com/bot.html)"
66.249.66.42 - - [20/Aug/2008:13:35:38 -0400] "GET /eSpecs/DocumentReferenced.do?GID=XBQVGBAAAAAAAAAA&page=1&nRecords=10&searchValue=FORD%20WSS-M99P1111-A&searchKey=DOCNO&organizations=&displayWithdrawn=false¤cy=CAD HTTP/1.1" 404 1039 "-" "Mozilla/5.0 (compatible; Googlebot/2.1; +http://www.google.com/bot.html)"
66.249.66.42 - - [20/Aug/2008:13:35:39 -0400] "GET /eSpecs/DocumentReferenced.do?GID=VYDZCAAAAAAAAAAA&page=1&nRecords=10&searchValue=60601-1&searchKey=DOCNO&organizations=IEC&displayWithdrawn=false¤cy=CAD HTTP/1.1" 404 1039 "-" "Mozilla/5.0 (compatible; Googlebot/2.1; +http://www.google.com/bot.html)"
66.249.66.42 - - [20/Aug/2008:13:35:39 -0400] "GET /eSpecs/DocumentReferenced.do?GID=RWJIIBAAAAAAAAAA&page=1&nRecords=10&searchValue=9001&searchKey=DOCNO&organizations=ISO&displayWithdrawn=false¤cy=CAD HTTP/1.1" 404 1039 "-" "Mozilla/5.0 (compatible; Googlebot/2.1; +http://www.google.com/bot.html)"
66.249.66.42 - - [20/Aug/2008:13:35:40 -0400] "GET /eSpecs/DocumentReferenced.do?GID=KUZRCAAAAAAAAAAA&page=1&nRecords=10&searchValue=61010-1&searchKey=DOCNO&organizations=BSI&displayWithdrawn=false¤cy=CAD HTTP/1.1" 404 1039 "-" "Mozilla/5.0 (compatible; Googlebot/2.1; +http://www.google.com/bot.html)"
142.46.199.30 - - [20/Aug/2008:13:35:40 -0400] "HEAD / HTTP/1.0" 200 - "-" "Mozilla/4.0 (compatible; ipMonitor 8.5)"
66.249.66.42 - - [20/Aug/2008:13:35:41 -0400] "GET /eSpecs/DocumentReferenced.do?GID=LSRHCAAAAAAAAAAA&page=1&nRecords=10&searchValue=1041&searchKey=DOCNO&organizations=BSI&displayWithdrawn=false¤cy=CAD HTTP/1.1" 404 1039 "-" "Mozilla/5.0 (compatible; Googlebot/2.1; +http://www.google.com/bot.html)"
66.249.66.42 - - [20/Aug/2008:13:35:41 -0400] "GET /eSpecs/DocumentDetails.do?GID=TJQYGBAAAAAAAAAA¤cy=CAD HTTP/1.1" 404 1030 "-" "Mozilla/5.0 (compatible; Googlebot/2.1; +http://www.google.com/bot.html)"
66.249.66.42 - - [20/Aug/2008:13:35:42 -0400] "GET /eSpecs/DocumentReferenced.do?GID=NCBMPAAAAAAAAAAA&page=1&nRecords=10&searchValue=WI&searchKey=DOCNO&organizations=AWS&displayWithdrawn=false¤cy=CAD HTTP/1.1" 404 1039 "-" "Mozilla/5.0 (compatible; Googlebot/2.1; +http://www.google.com/bot.html)"
66.249.66.42 - - [20/Aug/2008:13:35:42 -0400] "GET /eSpecs/DocumentReferenced.do?GID=JUWRIBAAAAAAAAAA&page=1&nRecords=10&searchValue=70&searchKey=DOCNO&organizations=NFPA&displayWithdrawn=false¤cy=CAD HTTP/1.1" 404 1039 "-" "Mozilla/5.0 (compatible; Googlebot/2.1; +http://www.google.com/bot.html)"
66.249.66.42 - - [20/Aug/2008:13:35:43 -0400] "GET /eSpecs/DocumentReferenced.do?GID=IJZZCAAAAAAAAAAA&page=1&nRecords=10&searchValue=14001&searchKey=DOCNO&organizations=ISO&displayWithdrawn=false¤cy=CAD HTTP/1.1" 404 1039 "-" "Mozilla/5.0 (compatible; Googlebot/2.1; +http://www.google.com/bot.html)"
66.249.66.42 - - [20/Aug/2008:13:35:44 -0400] "GET /eSpecs/DocumentReferenced.do?GID=ZHEFUAAAAAAAAAAA&page=1&nRecords=10&searchValue=D1.6&searchKey=DOCNO&organizations=AWS&displayWithdrawn=false¤cy=CAD HTTP/1.1" 404 1039 "-" "Mozilla/5.0 (compatible; Googlebot/2.1; +http://www.google.com/bot.html)"
66.249.66.42 - - [20/Aug/2008:13:35:44 -0400] "GET /eSpecs/DocumentReferenced.do?GID=EKKTIBAAAAAAAAAA&page=1&nRecords=10&searchValue=1417&searchKey=DOCNO&organizations=ASTM&displayWithdrawn=false¤cy=CAD HTTP/1.1" 404 1039 "-" "Mozilla/5.0 (compatible; Googlebot/2.1; +http://www.google.com/bot.html)"
66.249.66.42 - - [20/Aug/2008:13:35:45 -0400] "GET /eSpecs/DocumentReferenced.do?GID=WPJWACAAAAAAAAAA&page=1&nRecords=10&searchValue=9001&searchKey=DOCNO&organizations=ISO&displayWithdrawn=false¤cy=CAD HTTP/1.1" 404 1039 "-" "Mozilla/5.0 (compatible; Googlebot/2.1; +http://www.google.com/bot.html)"
66.249.66.42 - - [20/Aug/2008:13:35:45 -0400] "GET /eSpecs/DocumentReferenced.do?GID=LVCPCAAAAAAAAAAA&page=1&nRecords=10&searchValue=SAE%20J514&searchKey=DOCNO&organizations=&displayWithdrawn=false¤cy=CAD HTTP/1.1" 404 1039 "-" "Mozilla/5.0 (compatible; Googlebot/2.1; +http://www.google.com/bot.html)"
66.249.66.42 - - [20/Aug/2008:13:35:46 -0400] "GET /eSpecs/DocumentReferenced.do?GID=IAJUACAAAAAAAAAA&page=1&nRecords=10&searchValue=70&searchKey=DOCNO&organizations=NFPA&displayWithdrawn=false¤cy=CAD HTTP/1.1" 404 1039 "-" "Mozilla/5.0 (compatible; Googlebot/2.1; +http://www.google.com/bot.html)"
66.249.66.42 - - [20/Aug/2008:13:35:47 -0400] "GET /eSpecs/DocumentReferenced.do?GID=HZPEBCAAAAAAAAAA&page=1&nRecords=10&searchValue=41&searchKey=DOCNO&organizations=TIA&displayWithdrawn=false¤cy=CAD HTTP/1.1" 404 1039 "-" "Mozilla/5.0 (compatible; Googlebot/2.1; +http://www.google.com/bot.html)"
66.249.66.42 - - [20/Aug/2008:13:35:47 -0400] "GET /eSpecs/DocumentDetails.do?GID=EENVCAAAAAAAAAAA¤cy=CAD HTTP/1.1" 404 1030 "-" "Mozilla/5.0 (compatible; Googlebot/2.1; +http://www.google.com/bot.html)"
142.46.199.30 - - [20/Aug/2008:13:35:48 -0400] "HEAD / HTTP/1.0" 200 - "-" "Mozilla/4.0 (compatible; ipMonitor 8.5)"
66.249.66.42 - - [20/Aug/2008:13:35:48 -0400] "GET /eSpecs/DocumentReferenced.do?GID=VLRZJBAAAAAAAAAA&page=1&nRecords=10&searchValue=NAS%201149&searchKey=DOCNO&organizations=&displayWithdrawn=false¤cy=CAD HTTP/1.1" 404 1039 "-" "Mozilla/5.0 (compatible; Googlebot/2.1; +http://www.google.com/bot.html)"
66.249.66.42 - - [20/Aug/2008:13:35:48 -0400] "GET /eSpecs/DocumentReferenced.do?GID=ZXYLBBAAAAAAAAAA&page=1&nRecords=10&searchValue=D17.1&searchKey=DOCNO&organizations=AWS&displayWithdrawn=false¤cy=CAD HTTP/1.1" 404 1039 "-" "Mozilla/5.0 (compatible; Googlebot/2.1; +http://www.google.com/bot.html)"
66.249.66.42 - - [20/Aug/2008:13:35:49 -0400] "GET /eSpecs/DocumentReferenced.do?GID=ZRCHACAAAAAAAAAA&page=1&nRecords=10&searchValue=1041&searchKey=DOCNO&organizations=BSI&displayWithdrawn=false¤cy=CAD HTTP/1.1" 404 1039 "-" "Mozilla/5.0 (compatible; Googlebot/2.1; +http://www.google.com/bot.html)"
