66.249.66.42 - - [20/Aug/2008:14:26:56 -0400] "GET /eSpecs/DocumentReferenced.do?GID=WFDMDAAAAAAAAAAA&page=1&nRecords=10&searchValue=RTCA%20DO160&searchKey=DOCNO&organizations=&displayWithdrawn=false¤cy=CAD HTTP/1.1" 404 1039 "-" "Mozilla/5.0 (compatible; Googlebot/2.1; +http://www.google.com/bot.html)"
66.249.66.42 - - [20/Aug/2008:14:26:57 -0400] "GET /eSpecs/DocumentReferenced.do?GID=VEAJSAAAAAAAAAAA&page=1&nRecords=10&searchValue=1041&searchKey=DOCNO&organizations=BSI&displayWithdrawn=false¤cy=CAD HTTP/1.1" 404 1039 "-" "Mozilla/5.0 (compatible; Googlebot/2.1; +http://www.google.com/bot.html)"
66.249.66.42 - - [20/Aug/2008:14:26:58 -0400] "GET /eSpecs/DocumentReferenced.do?GID=CIUFJBAAAAAAAAAA&page=1&nRecords=10&searchValue=A5.12/A5.12M&searchKey=DOCNO&organizations=AWS&displayWithdrawn=false¤cy=CAD HTTP/1.1" 404 1039 "-" "Mozilla/5.0 (compatible; Googlebot/2.1; +http://www.google.com/bot.html)"
66.249.66.42 - - [20/Aug/2008:14:26:59 -0400] "GET /eSpecs/DocumentReferenced.do?GID=VEEISAAAAAAAAAAA&page=1&nRecords=10&searchValue=1041&searchKey=DOCNO&organizations=BSI&displayWithdrawn=false¤cy=CAD HTTP/1.1" 404 1039 "-" "Mozilla/5.0 (compatible; Googlebot/2.1; +http://www.google.com/bot.html)"
66.249.66.42 - - [20/Aug/2008:14:27:00 -0400] "GET /eSpecs/DocumentReferenced.do?GID=REUJIBAAAAAAAAAA&page=1&nRecords=10&searchValue=SAE%20AMS%202175&searchKey=DOCNO&organizations=&displayWithdrawn=false¤cy=CAD HTTP/1.1" 404 1039 "-" "Mozilla/5.0 (compatible; Googlebot/2.1; +http://www.google.com/bot.html)"
66.249.66.42 - - [20/Aug/2008:14:27:01 -0400] "GET /eSpecs/DocumentReferenced.do?GID=PGURJBAAAAAAAAAA&page=1&nRecords=10&searchValue=10993-4&searchKey=DOCNO&organizations=ISO&displayWithdrawn=false¤cy=CAD HTTP/1.1" 404 1039 "-" "Mozilla/5.0 (compatible; Googlebot/2.1; +http://www.google.com/bot.html)"
66.249.66.42 - - [20/Aug/2008:14:27:02 -0400] "GET /eSpecs/DocumentReferenced.do?GID=FATGNAAAAAAAAAAA&page=1&nRecords=10&searchValue=TC-1A&searchKey=DOCNO&organizations=&displayWithdrawn=false¤cy=CAD HTTP/1.1" 404 1039 "-" "Mozilla/5.0 (compatible; Googlebot/2.1; +http://www.google.com/bot.html)"
66.249.66.42 - - [20/Aug/2008:14:27:03 -0400] "GET /eSpecs/DocumentReferenced.do?GID=FTPPCCAAAAAAAAAA&page=1&nRecords=10&searchValue=A2.4&searchKey=DOCNO&organizations=AWS&displayWithdrawn=false¤cy=CAD HTTP/1.1" 404 1039 "-" "Mozilla/5.0 (compatible; Googlebot/2.1; +http://www.google.com/bot.html)"
66.249.66.42 - - [20/Aug/2008:14:27:05 -0400] "GET /eSpecs/DocumentReferenced.do?GID=PWRKACAAAAAAAAAA&page=1&nRecords=10&searchValue=60601-1&searchKey=DOCNO&organizations=UL&displayWithdrawn=false¤cy=CAD HTTP/1.1" 404 1039 "-" "Mozilla/5.0 (compatible; Googlebot/2.1; +http://www.google.com/bot.html)"
66.249.66.42 - - [20/Aug/2008:14:27:06 -0400] "GET /eSpecs/DocumentReferenced.do?GID=AAGJACAAAAAAAAAA&page=1&nRecords=10&searchValue=9000%20Compendium&searchKey=DOCNO&organizations=ISO&displayWithdrawn=false¤cy=CAD HTTP/1.1" 404 1039 "-" "Mozilla/5.0 (compatible; Googlebot/2.1; +http://www.google.com/bot.html)"
65.55.210.229 - - [20/Aug/2008:14:27:06 -0400] "GET /eSpecs/DocumentReferenced.do?GID=TEDGEBAAAAAAAAAA&page=1&nRecords=10&searchValue=9001&searchKey=DOCNO&organizations=ISO&displayWithdrawn=false¤cy=CAD HTTP/1.1" 404 1039 "-" "msnbot/1.1 (+http://search.msn.com/msnbot.htm)"
66.249.66.42 - - [20/Aug/2008:14:27:07 -0400] "GET /eSpecs/DocumentReferenced.do?GID=AAXNCCAAAAAAAAAA&page=1&nRecords=10&searchValue=9001&searchKey=DOCNO&organizations=ISO&displayWithdrawn=false¤cy=CAD HTTP/1.1" 404 1039 "-" "Mozilla/5.0 (compatible; Googlebot/2.1; +http://www.google.com/bot.html)"
65.55.210.229 - - [20/Aug/2008:14:27:08 -0400] "GET /eSpecs/DocumentReferenced.do?GID=SGKPEBAAAAAAAAAA&page=1&nRecords=10&searchValue=D1.6&searchKey=DOCNO&organizations=AWS&displayWithdrawn=false¤cy=CAD HTTP/1.1" 404 1039 "-" "msnbot/1.1 (+http://search.msn.com/msnbot.htm)"
66.249.66.42 - - [20/Aug/2008:14:27:08 -0400] "GET /eSpecs/DocumentReferenced.do?GID=LUPNIBAAAAAAAAAA&page=1&nRecords=10&searchValue=ASCE%207&searchKey=DOCNO&organizations=&displayWithdrawn=false¤cy=CAD HTTP/1.1" 404 1039 "-" "Mozilla/5.0 (compatible; Googlebot/2.1; +http://www.google.com/bot.html)"
66.249.66.42 - - [20/Aug/2008:14:27:09 -0400] "GET /eSpecs/DocumentReferenced.do?GID=PDFCACAAAAAAAAAA&page=1&nRecords=10&searchValue=14971&searchKey=DOCNO&organizations=ISO&displayWithdrawn=false¤cy=CAD HTTP/1.1" 404 1039 "-" "Mozilla/5.0 (compatible; Googlebot/2.1; +http://www.google.com/bot.html)"
65.55.210.229 - - [20/Aug/2008:14:27:10 -0400] "GET /eSpecs/DocumentReferenced.do?GID=LEOCGBAAAAAAAAAA&page=1&nRecords=10&searchValue=D17.1&searchKey=DOCNO&organizations=AWS&displayWithdrawn=false¤cy=CAD HTTP/1.1" 404 1039 "-" "msnbot/1.1 (+http://search.msn.com/msnbot.htm)"
66.249.66.42 - - [20/Aug/2008:14:27:10 -0400] "GET /eSpecs/DocumentReferenced.do?GID=RQCYEBAAAAAAAAAA&page=1&nRecords=10&searchValue=14001&searchKey=DOCNO&organizations=ISO&displayWithdrawn=false¤cy=CAD HTTP/1.1" 404 1039 "-" "Mozilla/5.0 (compatible; Googlebot/2.1; +http://www.google.com/bot.html)"
66.249.66.42 - - [20/Aug/2008:14:27:11 -0400] "GET /eSpecs/DocumentReferenced.do?GID=TLDNGBAAAAAAAAAA&page=1&nRecords=10&searchValue=TC-1A&searchKey=DOCNO&organizations=&displayWithdrawn=false¤cy=CAD HTTP/1.1" 404 1039 "-" "Mozilla/5.0 (compatible; Googlebot/2.1; +http://www.google.com/bot.html)"
66.249.66.42 - - [20/Aug/2008:14:27:12 -0400] "GET /eSpecs/DocumentReferenced.do?GID=DIQFFBAAAAAAAAAA&page=1&nRecords=10&searchValue=19011&searchKey=DOCNO&organizations=ISO&displayWithdrawn=false¤cy=CAD HTTP/1.1" 404 1039 "-" "Mozilla/5.0 (compatible; Googlebot/2.1; +http://www.google.com/bot.html)"
66.249.66.42 - - [20/Aug/2008:14:27:13 -0400] "GET /eSpecs/DocumentReferenced.do?GID=LWLGACAAAAAAAAAA&page=1&nRecords=10&searchValue=SAE%20AMS-H-6875&searchKey=DOCNO&organizations=&displayWithdrawn=false¤cy=CAD HTTP/1.1" 404 1039 "-" "Mozilla/5.0 (compatible; Googlebot/2.1; +http://www.google.com/bot.html)"
66.249.66.42 - - [20/Aug/2008:14:27:14 -0400] "GET /eSpecs/DocumentReferenced.do?GID=TIPRXBAAAAAAAAAA&page=1&nRecords=10&searchValue=NEMA%20BU%201.1&searchKey=DOCNO&organizations=NEMA&displayWithdrawn=false¤cy=CAD HTTP/1.1" 404 1039 "-" "Mozilla/5.0 (compatible; Googlebot/2.1; +http://www.google.com/bot.html)"
66.249.66.42 - - [20/Aug/2008:14:27:16 -0400] "GET /eSpecs/DocumentReferenced.do?GID=KUIICAAAAAAAAAAA&page=1&nRecords=10&searchValue=ANSI%20C12.1&searchKey=DOCNO&organizations=ANSI&displayWithdrawn=false¤cy=CAD HTTP/1.1" 404 1039 "-" "Mozilla/5.0 (compatible; Googlebot/2.1; +http://www.google.com/bot.html)"
66.249.66.42 - - [20/Aug/2008:14:27:17 -0400] "GET /eSpecs/DocumentReferenced.do?GID=ETNKCAAAAAAAAAAA&page=1&nRecords=10&searchValue=B%20209&searchKey=DOCNO&organizations=ASTM&displayWithdrawn=false¤cy=CAD HTTP/1.1" 404 1039 "-" "Mozilla/5.0 (compatible; Googlebot/2.1; +http://www.google.com/bot.html)"
66.249.66.42 - - [20/Aug/2008:14:27:18 -0400] "GET /eSpecs/DocumentReferenced.do?GID=QRGRACAAAAAAAAAA&page=1&nRecords=10&searchValue=D1.4&searchKey=DOCNO&organizations=AWS&displayWithdrawn=false¤cy=CAD HTTP/1.1" 404 1039 "-" "Mozilla/5.0 (compatible; Googlebot/2.1; +http://www.google.com/bot.html)"
66.249.66.42 - - [20/Aug/2008:14:27:19 -0400] "GET /eSpecs/DocumentReferenced.do?GID=FTDTCAAAAAAAAAAA&page=1&nRecords=10&searchValue=TC%203&searchKey=DOCNO&organizations=NEMA&displayWithdrawn=false¤cy=CAD HTTP/1.1" 404 1039 "-" "Mozilla/5.0 (compatible; Googlebot/2.1; +http://www.google.com/bot.html)"
66.249.66.42 - - [20/Aug/2008:14:27:20 -0400] "GET /eSpecs/DocumentReferenced.do?GID=RBIHIBAAAAAAAAAA&page=1&nRecords=10&searchValue=41&searchKey=DOCNO&organizations=TIA&displayWithdrawn=false¤cy=CAD HTTP/1.1" 404 1039 "-" "Mozilla/5.0 (compatible; Googlebot/2.1; +http://www.google.com/bot.html)"
66.249.66.42 - - [20/Aug/2008:14:27:21 -0400] "GET /eSpecs/DocumentReferenced.do?GID=FJRFCAAAAAAAAAAA&page=1&nRecords=10&searchValue=61000-4-2&searchKey=DOCNO&organizations=IEC&displayWithdrawn=false¤cy=CAD HTTP/1.1" 404 1039 "-" "Mozilla/5.0 (compatible; Googlebot/2.1; +http://www.google.com/bot.html)"
66.249.66.42 - - [20/Aug/2008:14:27:22 -0400] "GET /eSpecs/DocumentReferenced.do?GID=TXFNACAAAAAAAAAA&page=1&nRecords=10&searchValue=API%20STD%201529&searchKey=DOCNO&organizations=API&displayWithdrawn=false¤cy=CAD HTTP/1.1" 404 1039 "-" "Mozilla/5.0 (compatible; Googlebot/2.1; +http://www.google.com/bot.html)"
66.249.66.42 - - [20/Aug/2008:14:27:23 -0400] "GET /eSpecs/DocumentReferenced.do?GID=XINWIAAAAAAAAAAA&page=1&nRecords=10&searchValue=NAS%201149&searchKey=DOCNO&organizations=&displayWithdrawn=false¤cy=CAD HTTP/1.1" 404 1039 "-" "Mozilla/5.0 (compatible; Googlebot/2.1; +http://www.google.com/bot.html)"
66.249.66.42 - - [20/Aug/2008:14:27:24 -0400] "GET /eSpecs/DocumentReferenced.do?GID=CIOABCAAAAAAAAAA&page=1&nRecords=10&searchValue=70&searchKey=DOCNO&organizations=NFPA&displayWithdrawn=false¤cy=CAD HTTP/1.1" 404 1039 "-" "Mozilla/5.0 (compatible; Googlebot/2.1; +http://www.google.com/bot.html)"
66.249.66.42 - - [20/Aug/2008:14:27:25 -0400] "GET /eSpecs/DocumentReferenced.do?GID=AWNYXBAAAAAAAAAA&page=1&nRecords=10&searchValue=60204-1&searchKey=DOCNO&organizations=IEC&displayWithdrawn=false¤cy=CAD HTTP/1.1" 404 1039 "-" "Mozilla/5.0 (compatible; Googlebot/2.1; +http://www.google.com/bot.html)"
66.249.66.42 - - [20/Aug/2008:14:27:27 -0400] "GET /eSpecs/DocumentReferenced.do?GID=FTPJEAAAAAAAAAAA&page=1&nRecords=10&searchValue=60529&searchKey=DOCNO&organizations=IEC&displayWithdrawn=false¤cy=CAD HTTP/1.1" 404 1039 "-" "Mozilla/5.0 (compatible; Googlebot/2.1; +http://www.google.com/bot.html)"
66.249.66.42 - - [20/Aug/2008:14:27:28 -0400] "GET /eSpecs/DocumentReferenced.do?GID=BBJFGBAAAAAAAAAA&page=1&nRecords=10&searchValue=NEMA%20BU%201.1&searchKey=DOCNO&organizations=NEMA&displayWithdrawn=false¤cy=CAD HTTP/1.1" 404 1039 "-" "Mozilla/5.0 (compatible; Googlebot/2.1; +http://www.google.com/bot.html)"
66.249.66.42 - - [20/Aug/2008:14:27:29 -0400] "GET /eSpecs/DocumentReferenced.do?GID=BXUTJBAAAAAAAAAA&page=1&nRecords=10&searchValue=70&searchKey=DOCNO&organizations=NFPA&displayWithdrawn=false¤cy=CAD HTTP/1.1" 404 1039 "-" "Mozilla/5.0 (compatible; Googlebot/2.1; +http://www.google.com/bot.html)"
66.249.66.42 - - [20/Aug/2008:14:27:30 -0400] "GET /eSpecs/DocumentReferenced.do?GID=PSHQCAAAAAAAAAAA&page=1&nRecords=10&searchValue=17799&searchKey=DOCNO&organizations=ISO&displayWithdrawn=false¤cy=CAD HTTP/1.1" 404 1039 "-" "Mozilla/5.0 (compatible; Googlebot/2.1; +http://www.google.com/bot.html)"
66.249.66.42 - - [20/Aug/2008:14:27:31 -0400] "GET /eSpecs/DocumentReferenced.do?GID=TIMJCAAAAAAAAAAA&page=1&nRecords=10&searchValue=SAE%20AS%209102&searchKey=DOCNO&organizations=&displayWithdrawn=false¤cy=CAD HTTP/1.1" 404 1039 "-" "Mozilla/5.0 (compatible; Googlebot/2.1; +http://www.google.com/bot.html)"
66.249.66.42 - - [20/Aug/2008:14:27:32 -0400] "GET /eSpecs/DocumentReferenced.do?GID=ANJVGBAAAAAAAAAA&page=1&nRecords=10&searchValue=IEEE%20C2&searchKey=DOCNO&organizations=IEEE&displayWithdrawn=false¤cy=CAD HTTP/1.1" 404 1039 "-" "Mozilla/5.0 (compatible; Googlebot/2.1; +http://www.google.com/bot.html)"
66.249.66.42 - - [20/Aug/2008:14:27:33 -0400] "GET /eSpecs/DocumentReferenced.do?GID=PASMCAAAAAAAAAAA&page=1&nRecords=10&searchValue=46001&searchKey=DOCNO&organizations=BSI&displayWithdrawn=false¤cy=CAD HTTP/1.1" 404 1039 "-" "Mozilla/5.0 (compatible; Googlebot/2.1; +http://www.google.com/bot.html)"
66.249.66.42 - - [20/Aug/2008:14:27:35 -0400] "GET /eSpecs/DocumentReferenced.do?GID=WNTQCAAAAAAAAAAA&page=1&nRecords=10&searchValue=TC-1A&searchKey=DOCNO&organizations=&displayWithdrawn=false¤cy=CAD HTTP/1.1" 404 1039 "-" "Mozilla/5.0 (compatible; Googlebot/2.1; +http://www.google.com/bot.html)"
66.249.66.42 - - [20/Aug/2008:14:27:35 -0400] "GET /eSpecs/DocumentReferenced.do?GID=DMIQXAAAAAAAAAAA&page=1&nRecords=10&searchValue=9001&searchKey=DOCNO&organizations=ISO&displayWithdrawn=false¤cy=CAD HTTP/1.1" 404 1039 "-" "Mozilla/5.0 (compatible; Googlebot/2.1; +http://www.google.com/bot.html)"
66.249.66.42 - - [20/Aug/2008:14:27:36 -0400] "GET /eSpecs/DocumentReferenced.do?GID=LLWXHBAAAAAAAAAA&page=1&nRecords=10&searchValue=SAE%20AMS-H-6875&searchKey=DOCNO&organizations=&displayWithdrawn=false¤cy=CAD HTTP/1.1" 404 1039 "-" "Mozilla/5.0 (compatible; Googlebot/2.1; +http://www.google.com/bot.html)"
66.249.66.42 - - [20/Aug/2008:14:27:38 -0400] "GET /eSpecs/DocumentReferenced.do?GID=TSVWCAAAAAAAAAAA&page=1&nRecords=10&searchValue=WI&searchKey=DOCNO&organizations=AWS&displayWithdrawn=false¤cy=CAD HTTP/1.1" 404 1039 "-" "Mozilla/5.0 (compatible; Googlebot/2.1; +http://www.google.com/bot.html)"
66.249.66.42 - - [20/Aug/2008:14:27:39 -0400] "GET /eSpecs/DocumentReferenced.do?GID=UXLIACAAAAAAAAAA&page=1&nRecords=10&searchValue=568&searchKey=DOCNO&organizations=TIA&displayWithdrawn=false¤cy=CAD HTTP/1.1" 404 1039 "-" "Mozilla/5.0 (compatible; Googlebot/2.1; +http://www.google.com/bot.html)"
66.249.66.42 - - [20/Aug/2008:14:27:40 -0400] "GET /eSpecs/DocumentReferenced.do?GID=USWPXAAAAAAAAAAA&page=1&nRecords=10&searchValue=18002&searchKey=DOCNO&organizations=BSI&displayWithdrawn=false¤cy=CAD HTTP/1.1" 404 1039 "-" "Mozilla/5.0 (compatible; Googlebot/2.1; +http://www.google.com/bot.html)"
66.249.66.42 - - [20/Aug/2008:14:27:41 -0400] "GET /eSpecs/DocumentReferenced.do?GID=DFDSCAAAAAAAAAAA&page=1&nRecords=10&searchValue=61000-6-2&searchKey=DOCNO&organizations=BSI&displayWithdrawn=false¤cy=CAD HTTP/1.1" 404 1039 "-" "Mozilla/5.0 (compatible; Googlebot/2.1; +http://www.google.com/bot.html)"
66.249.66.42 - - [20/Aug/2008:14:27:42 -0400] "GET /eSpecs/DocumentReferenced.do?GID=MVXJIBAAAAAAAAAA&page=1&nRecords=10&searchValue=ANSI%20C12.1&searchKey=DOCNO&organizations=ANSI&displayWithdrawn=false¤cy=CAD HTTP/1.1" 404 1039 "-" "Mozilla/5.0 (compatible; Googlebot/2.1; +http://www.google.com/bot.html)"
66.249.66.42 - - [20/Aug/2008:14:27:43 -0400] "GET /eSpecs/DocumentReferenced.do?GID=OVJVCAAAAAAAAAAA&page=1&nRecords=10&searchValue=41&searchKey=DOCNO&organizations=TIA&displayWithdrawn=false¤cy=CAD HTTP/1.1" 404 1039 "-" "Mozilla/5.0 (compatible; Googlebot/2.1; +http://www.google.com/bot.html)"
66.249.66.42 - - [20/Aug/2008:14:27:44 -0400] "GET /eSpecs/DocumentReferenced.do?GID=XVBRCAAAAAAAAAAA&page=1&nRecords=10&searchValue=41&searchKey=DOCNO&organizations=TIA&displayWithdrawn=false¤cy=CAD HTTP/1.1" 404 1039 "-" "Mozilla/5.0 (compatible; Googlebot/2.1; +http://www.google.com/bot.html)"
66.249.66.42 - - [20/Aug/2008:14:27:45 -0400] "GET /eSpecs/DocumentReferenced.do?GID=EJJJCAAAAAAAAAAA&page=1&nRecords=10&searchValue=FORD%20WSS-M99P1111-A&searchKey=DOCNO&organizations=&displayWithdrawn=false¤cy=CAD HTTP/1.1" 404 1039 "-" "Mozilla/5.0 (compatible; Googlebot/2.1; +http://www.google.com/bot.html)"
66.249.66.42 - - [20/Aug/2008:14:27:46 -0400] "GET /eSpecs/DocumentReferenced.do?GID=HVEUXAAAAAAAAAAA&page=1&nRecords=10&searchValue=ANSI%20Z535.4&searchKey=DOCNO&organizations=ANSI&displayWithdrawn=false¤cy=CAD HTTP/1.1" 404 1039 "-" "Mozilla/5.0 (compatible; Googlebot/2.1; +http://www.google.com/bot.html)"
66.249.66.42 - - [20/Aug/2008:14:27:47 -0400] "GET /eSpecs/DocumentReferenced.do?GID=SCOSZAAAAAAAAAAA&page=1&nRecords=10&searchValue=1417&searchKey=DOCNO&organizations=ASTM&displayWithdrawn=false¤cy=CAD HTTP/1.1" 404 1039 "-" "Mozilla/5.0 (compatible; Googlebot/2.1; +http://www.google.com/bot.html)"
66.249.66.42 - - [20/Aug/2008:14:27:48 -0400] "GET /eSpecs/DocumentReferenced.do?GID=IEYYJAAAAAAAAAAA&page=1&nRecords=10&searchValue=Q9001&searchKey=DOCNO&organizations=ASQ&displayWithdrawn=false¤cy=CAD HTTP/1.1" 404 1039 "-" "Mozilla/5.0 (compatible; Googlebot/2.1; +http://www.google.com/bot.html)"
66.249.66.42 - - [20/Aug/2008:14:27:50 -0400] "GET /eSpecs/DocumentReferenced.do?GID=HOYIJBAAAAAAAAAA&page=1&nRecords=10&searchValue=NEMA%20BU%201.1&searchKey=DOCNO&organizations=NEMA&displayWithdrawn=false¤cy=CAD HTTP/1.1" 404 1039 "-" "Mozilla/5.0 (compatible; Googlebot/2.1; +http://www.google.com/bot.html)"
66.249.66.42 - - [20/Aug/2008:14:27:51 -0400] "GET /eSpecs/DocumentReferenced.do?GID=WTRMHBAAAAAAAAAA&page=1&nRecords=10&searchValue=9001&searchKey=DOCNO&organizations=ISO&displayWithdrawn=false¤cy=CAD HTTP/1.1" 404 1039 "-" "Mozilla/5.0 (compatible; Googlebot/2.1; +http://www.google.com/bot.html)"
66.249.66.42 - - [20/Aug/2008:14:27:52 -0400] "GET /eSpecs/DocumentReferenced.do?GID=ILHLCAAAAAAAAAAA&page=1&nRecords=10&searchValue=60417&searchKey=DOCNO&organizations=IEC&displayWithdrawn=false¤cy=CAD HTTP/1.1" 404 1039 "-" "Mozilla/5.0 (compatible; Googlebot/2.1; +http://www.google.com/bot.html)"
66.249.66.42 - - [20/Aug/2008:14:27:53 -0400] "GET /eSpecs/DocumentReferenced.do?GID=XDTYCAAAAAAAAAAA&page=1&nRecords=10&searchValue=IEEE%20C2&searchKey=DOCNO&organizations=IEEE&displayWithdrawn=false¤cy=CAD HTTP/1.1" 404 1039 "-" "Mozilla/5.0 (compatible; Googlebot/2.1; +http://www.google.com/bot.html)"
66.249.66.42 - - [20/Aug/2008:14:27:54 -0400] "GET /eSpecs/DocumentReferenced.do?GID=KKXQXAAAAAAAAAAA&page=1&nRecords=10&searchValue=D1.4&searchKey=DOCNO&organizations=AWS&displayWithdrawn=false¤cy=CAD HTTP/1.1" 404 1039 "-" "Mozilla/5.0 (compatible; Googlebot/2.1; +http://www.google.com/bot.html)"
66.249.66.42 - - [20/Aug/2008:14:27:55 -0400] "GET /eSpecs/DocumentReferenced.do?GID=GDCMIBAAAAAAAAAA&page=1&nRecords=10&searchValue=NEMA%20250&searchKey=DOCNO&organizations=NEMA&displayWithdrawn=false¤cy=CAD HTTP/1.1" 404 1039 "-" "Mozilla/5.0 (compatible; Googlebot/2.1; +http://www.google.com/bot.html)"
66.249.66.42 - - [20/Aug/2008:14:27:56 -0400] "GET /eSpecs/DocumentReferenced.do?GID=QSAEDCAAAAAAAAAA&page=1&nRecords=10&searchValue=FORD%20W-HTX&searchKey=DOCNO&organizations=&displayWithdrawn=false¤cy=CAD HTTP/1.1" 404 1039 "-" "Mozilla/5.0 (compatible; Googlebot/2.1; +http://www.google.com/bot.html)"
66.249.66.42 - - [20/Aug/2008:14:27:57 -0400] "GET /eSpecs/DocumentReferenced.do?GID=KNNTCAAAAAAAAAAA&page=1&nRecords=10&searchValue=SAE%20AS%209100&searchKey=DOCNO&organizations=&displayWithdrawn=false¤cy=CAD HTTP/1.1" 404 1039 "-" "Mozilla/5.0 (compatible; Googlebot/2.1; +http://www.google.com/bot.html)"
66.249.66.42 - - [20/Aug/2008:14:27:58 -0400] "GET /eSpecs/DocumentReferenced.do?GID=WAWFABAAAAAAAAAA&page=1&nRecords=10&searchValue=WI&searchKey=DOCNO&organizations=AWS&displayWithdrawn=false¤cy=CAD HTTP/1.1" 404 1039 "-" "Mozilla/5.0 (compatible; Googlebot/2.1; +http://www.google.com/bot.html)"
66.249.66.42 - - [20/Aug/2008:14:27:59 -0400] "GET /eSpecs/DocumentReferenced.do?GID=ADZFLAAAAAAAAAAA&page=1&nRecords=10&searchValue=9120&searchKey=DOCNO&organizations=SAE&displayWithdrawn=false¤cy=CAD HTTP/1.1" 404 1039 "-" "Mozilla/5.0 (compatible; Googlebot/2.1; +http://www.google.com/bot.html)"
66.249.66.42 - - [20/Aug/2008:14:28:01 -0400] "GET /eSpecs/DocumentReferenced.do?GID=RFBYNAAAAAAAAAAA&page=1&nRecords=10&searchValue=D1.4&searchKey=DOCNO&organizations=AWS&displayWithdrawn=false¤cy=CAD HTTP/1.1" 404 1039 "-" "Mozilla/5.0 (compatible; Googlebot/2.1; +http://www.google.com/bot.html)"
66.249.66.42 - - [20/Aug/2008:14:28:02 -0400] "GET /eSpecs/DocumentReferenced.do?GID=UFAVACAAAAAAAAAA&page=1&nRecords=10&searchValue=API%20RP%20500&searchKey=DOCNO&organizations=API&displayWithdrawn=false¤cy=CAD HTTP/1.1" 404 1039 "-" "Mozilla/5.0 (compatible; Googlebot/2.1; +http://www.google.com/bot.html)"
66.249.66.42 - - [20/Aug/2008:14:28:03 -0400] "GET /eSpecs/DocumentReferenced.do?GID=ICYTCAAAAAAAAAAA&page=1&nRecords=10&searchValue=EW%201&searchKey=DOCNO&organizations=NEMA&displayWithdrawn=false¤cy=CAD HTTP/1.1" 404 1039 "-" "Mozilla/5.0 (compatible; Googlebot/2.1; +http://www.google.com/bot.html)"
66.249.66.42 - - [20/Aug/2008:14:28:04 -0400] "GET /eSpecs/DocumentReferenced.do?GID=XEHLACAAAAAAAAAA&page=1&nRecords=10&searchValue=60601-1&searchKey=DOCNO&organizations=UL&displayWithdrawn=false¤cy=CAD HTTP/1.1" 404 1039 "-" "Mozilla/5.0 (compatible; Googlebot/2.1; +http://www.google.com/bot.html)"
66.249.66.42 - - [20/Aug/2008:14:28:05 -0400] "GET /eSpecs/DocumentReferenced.do?GID=LPPLFBAAAAAAAAAA&page=5&nRecords=10&searchValue=AASHTO%20HB&searchKey=DOCNO&organizations=AASHTO&displayWithdrawn=false¤cy=CAD HTTP/1.1" 404 1039 "-" "Mozilla/5.0 (compatible; Googlebot/2.1; +http://www.google.com/bot.html)"
66.249.66.42 - - [20/Aug/2008:14:28:06 -0400] "GET /eSpecs/DocumentReferenced.do?GID=DIGJJBAAAAAAAAAA&page=1&nRecords=10&searchValue=60950-1&searchKey=DOCNO&organizations=IEC&displayWithdrawn=false¤cy=CAD HTTP/1.1" 404 1039 "-" "Mozilla/5.0 (compatible; Googlebot/2.1; +http://www.google.com/bot.html)"
66.249.66.42 - - [20/Aug/2008:14:28:07 -0400] "GET /eSpecs/DocumentReferenced.do?GID=XQAVFBAAAAAAAAAA&page=1&nRecords=10&searchValue=101&searchKey=DOCNO&organizations=NFPA&displayWithdrawn=false¤cy=CAD HTTP/1.1" 404 1039 "-" "Mozilla/5.0 (compatible; Googlebot/2.1; +http://www.google.com/bot.html)"
66.249.66.42 - - [20/Aug/2008:14:28:08 -0400] "GET /eSpecs/DocumentReferenced.do?GID=WJMHKAAAAAAAAAAA&page=1&nRecords=10&searchValue=9001&searchKey=DOCNO&organizations=ISO&displayWithdrawn=false¤cy=CAD HTTP/1.1" 404 1039 "-" "Mozilla/5.0 (compatible; Googlebot/2.1; +http://www.google.com/bot.html)"
66.249.66.42 - - [20/Aug/2008:14:28:09 -0400] "GET /eSpecs/DocumentReferenced.do?GID=BHZQACAAAAAAAAAA&page=1&nRecords=10&searchValue=13&searchKey=DOCNO&organizations=NFPA&displayWithdrawn=false¤cy=CAD HTTP/1.1" 404 1039 "-" "Mozilla/5.0 (compatible; Googlebot/2.1; +http://www.google.com/bot.html)"
66.249.66.42 - - [20/Aug/2008:14:28:10 -0400] "GET /eSpecs/DocumentReferenced.do?GID=SDWRCAAAAAAAAAAA&page=1&nRecords=10&searchValue=17025&searchKey=DOCNO&organizations=ISO&displayWithdrawn=false¤cy=CAD HTTP/1.1" 404 1039 "-" "Mozilla/5.0 (compatible; Googlebot/2.1; +http://www.google.com/bot.html)"
66.249.66.42 - - [20/Aug/2008:14:28:12 -0400] "GET /eSpecs/DocumentReferenced.do?GID=JFAUXAAAAAAAAAAA&page=1&nRecords=10&searchValue=TC-1A&searchKey=DOCNO&organizations=&displayWithdrawn=false¤cy=CAD HTTP/1.1" 404 1039 "-" "Mozilla/5.0 (compatible; Googlebot/2.1; +http://www.google.com/bot.html)"
66.249.66.42 - - [20/Aug/2008:14:28:13 -0400] "GET /eSpecs/DocumentReferenced.do?GID=BSRNBCAAAAAAAAAA&page=1&nRecords=10&searchValue=SAE%20AMS-H-6875&searchKey=DOCNO&organizations=&displayWithdrawn=false¤cy=CAD HTTP/1.1" 404 1039 "-" "Mozilla/5.0 (compatible; Googlebot/2.1; +http://www.google.com/bot.html)"
66.249.66.42 - - [20/Aug/2008:14:28:14 -0400] "GET /eSpecs/DocumentReferenced.do?GID=WRFZIBAAAAAAAAAA&page=1&nRecords=10&searchValue=9000%20Compendium&searchKey=DOCNO&organizations=ISO&displayWithdrawn=false¤cy=CAD HTTP/1.1" 404 1039 "-" "Mozilla/5.0 (compatible; Googlebot/2.1; +http://www.google.com/bot.html)"
74.6.22.96 - - [20/Aug/2008:14:28:14 -0400] "GET /eSpecs/AddDocumentAction.do?mediaType=ELEC&GID=PSYFHBAAAAAAAAAA&page=1&nRecords=10&searchValue=B2.1&searchKey=DOCNO&organizations=AWS&displayWithdrawn=false¤cy=CAD HTTP/1.0" 404 1036 "-" "Mozilla/5.0 (compatible; Yahoo! Slurp; http://help.yahoo.com/help/us/ysearch/slurp)"
66.135.100.194 - - [20/Aug/2008:14:28:14 -0400] "GET /SpecsSearch/CalibrationSearchForm. HTTP/1.0" 400 - "-" "Mozilla/4.0 (compatible; MSIE 7.0; Windows NT 5.1)"
66.249.66.42 - - [20/Aug/2008:14:28:15 -0400] "GET /eSpecs/DocumentReferenced.do?GID=MUQLIBAAAAAAAAAA&page=4&nRecords=10&searchValue=102&searchKey=DOCNO&organizations=TIA&displayWithdrawn=false¤cy=CAD HTTP/1.1" 404 1039 "-" "Mozilla/5.0 (compatible; Googlebot/2.1; +http://www.google.com/bot.html)"
142.143.179.172 - - [20/Aug/2008:14:28:15 -0400] "GET /SpecsSearch/TLSearchForm.do HTTP/1.1" 400 - "http://www.scc.ca/en/index.shtml" "Mozilla/4.0 (compatible; MSIE 6.0; Windows NT 5.1; SV1; .NET CLR 1.1.4322; .NET CLR 2.0.50727; InfoPath.1)"
66.249.66.42 - - [20/Aug/2008:14:28:16 -0400] "GET /eSpecs/DocumentReferenced.do?GID=PADPCAAAAAAAAAAA&page=1&nRecords=10&searchValue=9000%20Compendium&searchKey=DOCNO&organizations=ISO&displayWithdrawn=false¤cy=CAD HTTP/1.1" 404 1039 "-" "Mozilla/5.0 (compatible; Googlebot/2.1; +http://www.google.com/bot.html)"
66.249.66.42 - - [20/Aug/2008:14:28:17 -0400] "GET /eSpecs/DocumentReferenced.do?GID=CNGPGBAAAAAAAAAA&page=1&nRecords=10&searchValue=D1.2/D1.2M&searchKey=DOCNO&organizations=AWS&displayWithdrawn=false¤cy=CAD HTTP/1.1" 404 1039 "-" "Mozilla/5.0 (compatible; Googlebot/2.1; +http://www.google.com/bot.html)"
66.249.66.42 - - [20/Aug/2008:14:28:18 -0400] "GET /eSpecs/DocumentReferenced.do?GID=UHRDQAAAAAAAAAAA&page=1&nRecords=10&searchValue=API%20RP%20500&searchKey=DOCNO&organizations=API&displayWithdrawn=false¤cy=CAD HTTP/1.1" 404 1039 "-" "Mozilla/5.0 (compatible; Googlebot/2.1; +http://www.google.com/bot.html)"
66.249.66.42 - - [20/Aug/2008:14:28:19 -0400] "GET /eSpecs/DocumentReferenced.do?GID=JMIFCAAAAAAAAAAA&page=1&nRecords=10&searchValue=72&searchKey=DOCNO&organizations=NFPA&displayWithdrawn=false¤cy=CAD HTTP/1.1" 404 1039 "-" "Mozilla/5.0 (compatible; Googlebot/2.1; +http://www.google.com/bot.html)"
66.249.66.42 - - [20/Aug/2008:14:28:20 -0400] "GET /eSpecs/DocumentReferenced.do?GID=HNGSACAAAAAAAAAA&page=1&nRecords=10&searchValue=568&searchKey=DOCNO&organizations=TIA&displayWithdrawn=false¤cy=CAD HTTP/1.1" 404 1039 "-" "Mozilla/5.0 (compatible; Googlebot/2.1; +http://www.google.com/bot.html)"
66.249.66.42 - - [20/Aug/2008:14:28:21 -0400] "GET /eSpecs/DocumentReferenced.do?GID=CUZMIBAAAAAAAAAA&page=1&nRecords=10&searchValue=9001&searchKey=DOCNO&organizations=ISO&displayWithdrawn=false¤cy=CAD HTTP/1.1" 404 1039 "-" "Mozilla/5.0 (compatible; Googlebot/2.1; +http://www.google.com/bot.html)"
70.254.245.22 - - [20/Aug/2008:14:28:23 -0400] "GET /eSpecs/SearchFormAction.do?page=1&searchValue=SAE+AMS+2644&searchKey=DOCNO&organizations= HTTP/1.1" 404 1033 "-" "Mozilla/4.0 (compatible; MSIE 6.0; Windows NT 5.1; SV1)"
66.249.66.42 - - [20/Aug/2008:14:28:23 -0400] "GET /eSpecs/DocumentReferenced.do?GID=GHPEKAAAAAAAAAAA&page=1&nRecords=10&searchValue=1417&searchKey=DOCNO&organizations=ASTM&displayWithdrawn=false¤cy=CAD HTTP/1.1" 404 1039 "-" "Mozilla/5.0 (compatible; Googlebot/2.1; +http://www.google.com/bot.html)"
66.249.66.42 - - [20/Aug/2008:14:28:24 -0400] "GET /eSpecs/DocumentReferenced.do?GID=TGDOCAAAAAAAAAAA&page=1&nRecords=10&searchValue=IS-707&searchKey=DOCNO&organizations=TIA&displayWithdrawn=false¤cy=CAD HTTP/1.1" 404 1039 "-" "Mozilla/5.0 (compatible; Googlebot/2.1; +http://www.google.com/bot.html)"
66.249.66.42 - - [20/Aug/2008:14:28:25 -0400] "GET /eSpecs/DocumentReferenced.do?GID=FQMIVAAAAAAAAAAA&page=1&nRecords=10&searchValue=ASTM%20D%202000&searchKey=DOCNO&organizations=ASTM&displayWithdrawn=false¤cy=CAD HTTP/1.1" 404 1039 "-" "Mozilla/5.0 (compatible; Googlebot/2.1; +http://www.google.com/bot.html)"
66.249.66.42 - - [20/Aug/2008:14:28:26 -0400] "GET /eSpecs/DocumentReferenced.do?GID=RPQGGCAAAAAAAAAA&page=1&nRecords=10&searchValue=SAE%20AMS%202644&searchKey=DOCNO&organizations=&displayWithdrawn=false¤cy=CAD HTTP/1.1" 404 1039 "-" "Mozilla/5.0 (compatible; Googlebot/2.1; +http://www.google.com/bot.html)"
66.249.66.42 - - [20/Aug/2008:14:28:27 -0400] "GET /eSpecs/DocumentReferenced.do?GID=NPXVACAAAAAAAAAA&page=1&nRecords=10&searchValue=ASTM%20D%20471&searchKey=DOCNO&organizations=&displayWithdrawn=false¤cy=CAD HTTP/1.1" 404 1039 "-" "Mozilla/5.0 (compatible; Googlebot/2.1; +http://www.google.com/bot.html)"
142.143.179.172 - - [20/Aug/2008:14:28:28 -0400] "GET /SpecsSearch/TLSearchForm.do HTTP/1.1" 400 - "http://www.scc.ca/en/index.shtml" "Mozilla/4.0 (compatible; MSIE 6.0; Windows NT 5.1; SV1; .NET CLR 1.1.4322; .NET CLR 2.0.50727; InfoPath.1)"
66.249.66.42 - - [20/Aug/2008:14:28:28 -0400] "GET /eSpecs/DocumentReferenced.do?GID=SLNXCAAAAAAAAAAA&page=1&nRecords=10&searchValue=18002&searchKey=DOCNO&organizations=BSI&displayWithdrawn=false¤cy=CAD HTTP/1.1" 404 1039 "-" "Mozilla/5.0 (compatible; Googlebot/2.1; +http://www.google.com/bot.html)"
66.249.66.42 - - [20/Aug/2008:14:28:29 -0400] "GET /eSpecs/DocumentReferenced.do?GID=PAQSCCAAAAAAAAAA&page=1&nRecords=10&searchValue=SAE%20AMS-H-6875&searchKey=DOCNO&organizations=&displayWithdrawn=false¤cy=CAD HTTP/1.1" 404 1039 "-" "Mozilla/5.0 (compatible; Googlebot/2.1; +http://www.google.com/bot.html)"
66.249.66.42 - - [20/Aug/2008:14:28:30 -0400] "GET /eSpecs/DocumentReferenced.do?GID=FLQOCAAAAAAAAAAA&page=1&nRecords=10&searchValue=14971&searchKey=DOCNO&organizations=ISO&displayWithdrawn=false¤cy=CAD HTTP/1.1" 404 1039 "-" "Mozilla/5.0 (compatible; Googlebot/2.1; +http://www.google.com/bot.html)"
66.249.66.42 - - [20/Aug/2008:14:28:31 -0400] "GET /eSpecs/DocumentReferenced.do?GID=GGNACCAAAAAAAAAA&page=1&nRecords=10&searchValue=NQA%201&searchKey=DOCNO&organizations=ASME&displayWithdrawn=false¤cy=CAD HTTP/1.1" 404 1039 "-" "Mozilla/5.0 (compatible; Googlebot/2.1; +http://www.google.com/bot.html)"
66.249.66.42 - - [20/Aug/2008:14:28:32 -0400] "GET /eSpecs/DocumentReferenced.do?GID=AIQMNAAAAAAAAAAA&page=1&nRecords=10&searchValue=IEEE%20C2&searchKey=DOCNO&organizations=IEEE&displayWithdrawn=false¤cy=CAD HTTP/1.1" 404 1039 "-" "Mozilla/5.0 (compatible; Googlebot/2.1; +http://www.google.com/bot.html)"
66.249.66.42 - - [20/Aug/2008:14:28:34 -0400] "GET /eSpecs/DocumentReferenced.do?GID=XOHWACAAAAAAAAAA&page=1&nRecords=10&searchValue=9001&searchKey=DOCNO&organizations=ISO&displayWithdrawn=false¤cy=CAD HTTP/1.1" 404 1039 "-" "Mozilla/5.0 (compatible; Googlebot/2.1; +http://www.google.com/bot.html)"
66.249.66.42 - - [20/Aug/2008:14:28:35 -0400] "GET /eSpecs/DocumentReferenced.do?GID=KXSSFBAAAAAAAAAA&page=1&nRecords=10&searchValue=D1.4&searchKey=DOCNO&organizations=AWS&displayWithdrawn=false¤cy=CAD HTTP/1.1" 404 1039 "-" "Mozilla/5.0 (compatible; Googlebot/2.1; +http://www.google.com/bot.html)"
66.249.66.42 - - [20/Aug/2008:14:28:36 -0400] "GET /eSpecs/DocumentReferenced.do?GID=KVJHPAAAAAAAAAAA&page=1&nRecords=10&searchValue=17799&searchKey=DOCNO&organizations=ISO&displayWithdrawn=false¤cy=CAD HTTP/1.1" 404 1039 "-" "Mozilla/5.0 (compatible; Googlebot/2.1; +http://www.google.com/bot.html)"
66.249.66.42 - - [20/Aug/2008:14:28:37 -0400] "GET /eSpecs/DocumentReferenced.do?GID=WMCKEBAAAAAAAAAA&page=1&nRecords=10&searchValue=J-STD-607&searchKey=DOCNO&organizations=&displayWithdrawn=false¤cy=CAD HTTP/1.1" 404 1039 "-" "Mozilla/5.0 (compatible; Googlebot/2.1; +http://www.google.com/bot.html)"
66.249.66.42 - - [20/Aug/2008:14:28:38 -0400] "GET /eSpecs/DocumentReferenced.do?GID=QXXQACAAAAAAAAAA&page=1&nRecords=10&searchValue=14001&searchKey=DOCNO&organizations=ISO&displayWithdrawn=false¤cy=CAD HTTP/1.1" 404 1039 "-" "Mozilla/5.0 (compatible; Googlebot/2.1; +http://www.google.com/bot.html)"
66.249.66.42 - - [20/Aug/2008:14:28:39 -0400] "GET /eSpecs/DocumentReferenced.do?GID=NIWDIBAAAAAAAAAA&page=1&nRecords=10&searchValue=NAS%201149&searchKey=DOCNO&organizations=&displayWithdrawn=false¤cy=CAD HTTP/1.1" 404 1039 "-" "Mozilla/5.0 (compatible; Googlebot/2.1; +http://www.google.com/bot.html)"
66.249.66.42 - - [20/Aug/2008:14:28:40 -0400] "GET /eSpecs/DocumentReferenced.do?GID=JTIZCBAAAAAAAAAA&page=1&nRecords=10&searchValue=J-STD-607&searchKey=DOCNO&organizations=&displayWithdrawn=false¤cy=CAD HTTP/1.1" 404 1039 "-" "Mozilla/5.0 (compatible; Googlebot/2.1; +http://www.google.com/bot.html)"
66.249.66.42 - - [20/Aug/2008:14:28:41 -0400] "GET /eSpecs/DocumentReferenced.do?GID=KMBCACAAAAAAAAAA&page=1&nRecords=10&searchValue=60417&searchKey=DOCNO&organizations=IEC&displayWithdrawn=false¤cy=CAD HTTP/1.1" 404 1039 "-" "Mozilla/5.0 (compatible; Googlebot/2.1; +http://www.google.com/bot.html)"
66.249.66.42 - - [20/Aug/2008:14:28:42 -0400] "GET /eSpecs/DocumentReferenced.do?GID=NCXIIBAAAAAAAAAA&page=1&nRecords=10&searchValue=802.3&searchKey=DOCNO&organizations=IEEE&displayWithdrawn=false¤cy=CAD HTTP/1.1" 404 1039 "-" "Mozilla/5.0 (compatible; Googlebot/2.1; +http://www.google.com/bot.html)"
66.249.66.42 - - [20/Aug/2008:14:28:43 -0400] "GET /eSpecs/DocumentReferenced.do?GID=RCLWGBAAAAAAAAAA&page=1&nRecords=10&searchValue=TC%203&searchKey=DOCNO&organizations=NEMA&displayWithdrawn=false¤cy=CAD HTTP/1.1" 404 1039 "-" "Mozilla/5.0 (compatible; Googlebot/2.1; +http://www.google.com/bot.html)"
66.249.66.42 - - [20/Aug/2008:14:28:45 -0400] "GET /eSpecs/DocumentReferenced.do?GID=REUJIBAAAAAAAAAA&page=1&nRecords=10&searchValue=SAE%20AMS-H-6875&searchKey=DOCNO&organizations=&displayWithdrawn=false¤cy=CAD HTTP/1.1" 404 1039 "-" "Mozilla/5.0 (compatible; Googlebot/2.1; +http://www.google.com/bot.html)"
66.249.66.42 - - [20/Aug/2008:14:28:46 -0400] "GET /eSpecs/DocumentReferenced.do?GID=NGFNBCAAAAAAAAAA&page=1&nRecords=10&searchValue=SAE%20J514&searchKey=DOCNO&organizations=&displayWithdrawn=false¤cy=CAD HTTP/1.1" 404 1039 "-" "Mozilla/5.0 (compatible; Googlebot/2.1; +http://www.google.com/bot.html)"
66.249.66.42 - - [20/Aug/2008:14:28:47 -0400] "GET /eSpecs/DocumentReferenced.do?GID=YPRWCAAAAAAAAAAA&page=1&nRecords=10&searchValue=14971&searchKey=DOCNO&organizations=ISO&displayWithdrawn=false¤cy=CAD HTTP/1.1" 404 1039 "-" "Mozilla/5.0 (compatible; Googlebot/2.1; +http://www.google.com/bot.html)"
142.46.199.25 - - [20/Aug/2008:14:28:46 -0400] "GET /eSpecs/index.jsp HTTP/1.1" 500 2619 "-" "Mozilla/4.0 (compatible; MSIE 6.0; Windows NT 5.0; .NET CLR 2.0.50727)"
66.249.66.42 - - [20/Aug/2008:14:28:48 -0400] "GET /eSpecs/DocumentReferenced.do?GID=SOZDCAAAAAAAAAAA&page=1&nRecords=10&searchValue=9001&searchKey=DOCNO&organizations=ISO&displayWithdrawn=false¤cy=CAD HTTP/1.1" 404 1039 "-" "Mozilla/5.0 (compatible; Googlebot/2.1; +http://www.google.com/bot.html)"
66.249.66.42 - - [20/Aug/2008:14:28:49 -0400] "GET /eSpecs/DocumentReferenced.do?GID=UCHXCAAAAAAAAAAA&page=1&nRecords=10&searchValue=SAE%20AS%20478&searchKey=DOCNO&organizations=&displayWithdrawn=false¤cy=CAD HTTP/1.1" 404 1039 "-" "Mozilla/5.0 (compatible; Googlebot/2.1; +http://www.google.com/bot.html)"
66.249.66.42 - - [20/Aug/2008:14:28:50 -0400] "GET /eSpecs/DocumentReferenced.do?GID=QVDJCAAAAAAAAAAA&page=1&nRecords=10&searchValue=WI&searchKey=DOCNO&organizations=AWS&displayWithdrawn=false¤cy=CAD HTTP/1.1" 404 1039 "-" "Mozilla/5.0 (compatible; Googlebot/2.1; +http://www.google.com/bot.html)"
66.249.66.42 - - [20/Aug/2008:14:28:51 -0400] "GET /eSpecs/DocumentReferenced.do?GID=BPMICAAAAAAAAAAA&page=1&nRecords=10&searchValue=NEMA%20MG%201&searchKey=DOCNO&organizations=&displayWithdrawn=false¤cy=CAD HTTP/1.1" 404 1039 "-" "Mozilla/5.0 (compatible; Googlebot/2.1; +http://www.google.com/bot.html)"
66.249.66.42 - - [20/Aug/2008:14:28:52 -0400] "GET /eSpecs/DocumentReferenced.do?GID=OGCBBBAAAAAAAAAA&page=1&nRecords=10&searchValue=60601-1&searchKey=DOCNO&organizations=UL&displayWithdrawn=false¤cy=CAD HTTP/1.1" 404 1039 "-" "Mozilla/5.0 (compatible; Googlebot/2.1; +http://www.google.com/bot.html)"
66.249.66.42 - - [20/Aug/2008:14:28:53 -0400] "GET /eSpecs/DocumentReferenced.do?GID=AXZEDBAAAAAAAAAA&page=1&nRecords=10&searchValue=60950-1&searchKey=DOCNO&organizations=IEC&displayWithdrawn=false¤cy=CAD HTTP/1.1" 404 1039 "-" "Mozilla/5.0 (compatible; Googlebot/2.1; +http://www.google.com/bot.html)"
66.249.66.42 - - [20/Aug/2008:14:28:54 -0400] "GET /eSpecs/DocumentReferenced.do?GID=XVLGEBAAAAAAAAAA&page=1&nRecords=10&searchValue=J-STD-607&searchKey=DOCNO&organizations=&displayWithdrawn=false¤cy=CAD HTTP/1.1" 404 1039 "-" "Mozilla/5.0 (compatible; Googlebot/2.1; +http://www.google.com/bot.html)"
66.249.66.42 - - [20/Aug/2008:14:28:56 -0400] "GET /eSpecs/DocumentReferenced.do?GID=BJGUCAAAAAAAAAAA&page=1&nRecords=10&searchValue=60417&searchKey=DOCNO&organizations=IEC&displayWithdrawn=false¤cy=CAD HTTP/1.1" 404 1039 "-" "Mozilla/5.0 (compatible; Googlebot/2.1; +http://www.google.com/bot.html)"
66.249.66.42 - - [20/Aug/2008:14:28:57 -0400] "GET /eSpecs/DocumentReferenced.do?GID=PWJYCAAAAAAAAAAA&page=1&nRecords=10&searchValue=9001&searchKey=DOCNO&organizations=ISO&displayWithdrawn=false¤cy=CAD HTTP/1.1" 404 1039 "-" "Mozilla/5.0 (compatible; Googlebot/2.1; +http://www.google.com/bot.html)"
66.249.66.42 - - [20/Aug/2008:14:28:58 -0400] "GET /eSpecs/DocumentReferenced.do?GID=XRUGBCAAAAAAAAAA&page=1&nRecords=10&searchValue=9001&searchKey=DOCNO&organizations=ISO&displayWithdrawn=false¤cy=CAD HTTP/1.1" 404 1039 "-" "Mozilla/5.0 (compatible; Googlebot/2.1; +http://www.google.com/bot.html)"
66.249.66.42 - - [20/Aug/2008:14:28:59 -0400] "GET /eSpecs/DocumentReferenced.do?GID=LNWNZBAAAAAAAAAA&page=1&nRecords=10&searchValue=9001&searchKey=DOCNO&organizations=ISO&displayWithdrawn=false¤cy=CAD HTTP/1.1" 404 1039 "-" "Mozilla/5.0 (compatible; Googlebot/2.1; +http://www.google.com/bot.html)"
66.249.66.42 - - [20/Aug/2008:14:29:00 -0400] "GET /eSpecs/DocumentReferenced.do?GID=ZKDPJBAAAAAAAAAA&page=1&nRecords=10&searchValue=14971&searchKey=DOCNO&organizations=BSI&displayWithdrawn=false¤cy=CAD HTTP/1.1" 404 1039 "-" "Mozilla/5.0 (compatible; Googlebot/2.1; +http://www.google.com/bot.html)"
66.249.66.42 - - [20/Aug/2008:14:29:01 -0400] "GET /eSpecs/DocumentReferenced.do?GID=JTSHCCAAAAAAAAAA&page=5&nRecords=10&searchValue=102&searchKey=DOCNO&organizations=TIA&displayWithdrawn=false¤cy=CAD HTTP/1.1" 404 1039 "-" "Mozilla/5.0 (compatible; Googlebot/2.1; +http://www.google.com/bot.html)"
66.249.66.42 - - [20/Aug/2008:14:29:02 -0400] "GET /eSpecs/DocumentReferenced.do?GID=JTKUHAAAAAAAAAAA&page=1&nRecords=10&searchValue=60950&searchKey=DOCNO&organizations=UL&displayWithdrawn=false¤cy=CAD HTTP/1.1" 404 1039 "-" "Mozilla/5.0 (compatible; Googlebot/2.1; +http://www.google.com/bot.html)"
66.249.66.42 - - [20/Aug/2008:14:29:03 -0400] "GET /eSpecs/DocumentReferenced.do?GID=HOBADAAAAAAAAAAA&page=1&nRecords=10&searchValue=ANSI%20C12.1&searchKey=DOCNO&organizations=ANSI&displayWithdrawn=false¤cy=CAD HTTP/1.1" 404 1039 "-" "Mozilla/5.0 (compatible; Googlebot/2.1; +http://www.google.com/bot.html)"
66.249.66.42 - - [20/Aug/2008:14:29:04 -0400] "GET /eSpecs/DocumentReferenced.do?GID=QABMPAAAAAAAAAAA&page=1&nRecords=10&searchValue=MW%201000&searchKey=DOCNO&organizations=NEMA&displayWithdrawn=false¤cy=CAD HTTP/1.1" 404 1039 "-" "Mozilla/5.0 (compatible; Googlebot/2.1; +http://www.google.com/bot.html)"
66.249.66.42 - - [20/Aug/2008:14:29:05 -0400] "GET /eSpecs/DocumentReferenced.do?GID=YETOIBAAAAAAAAAA&page=1&nRecords=10&searchValue=WI&searchKey=DOCNO&organizations=AWS&displayWithdrawn=false¤cy=CAD HTTP/1.1" 404 1039 "-" "Mozilla/5.0 (compatible; Googlebot/2.1; +http://www.google.com/bot.html)"
66.249.66.42 - - [20/Aug/2008:14:29:07 -0400] "GET /eSpecs/DocumentReferenced.do?GID=IJINIBAAAAAAAAAA&page=1&nRecords=10&searchValue=13&searchKey=DOCNO&organizations=NFPA&displayWithdrawn=false¤cy=CAD HTTP/1.1" 404 1039 "-" "Mozilla/5.0 (compatible; Googlebot/2.1; +http://www.google.com/bot.html)"
66.249.66.42 - - [20/Aug/2008:14:29:08 -0400] "GET /eSpecs/DocumentReferenced.do?GID=YMUCACAAAAAAAAAA&page=1&nRecords=10&searchValue=14001&searchKey=DOCNO&organizations=ISO&displayWithdrawn=false¤cy=CAD HTTP/1.1" 404 1039 "-" "Mozilla/5.0 (compatible; Googlebot/2.1; +http://www.google.com/bot.html)"
66.249.66.42 - - [20/Aug/2008:14:29:09 -0400] "GET /eSpecs/DocumentReferenced.do?GID=ZFZIIAAAAAAAAAAA&page=1&nRecords=10&searchValue=41&searchKey=DOCNO&organizations=TIA&displayWithdrawn=false¤cy=CAD HTTP/1.1" 404 1039 "-" "Mozilla/5.0 (compatible; Googlebot/2.1; +http://www.google.com/bot.html)"
199.227.48.18 - - [20/Aug/2008:14:29:09 -0400] "GET /eSpecs/DocumentDetails.do?GID=WMCSXBAAAAAAAAAA¤cy=CAD HTTP/1.1" 404 1030 "http://www.google.com/search?hl=en&q=CEMS+G-21" "Mozilla/4.0 (compatible; MSIE 7.0; Windows NT 5.1; User-agent: Mozilla/4.0 (compatible; MSIE 6.0; Windows NT 5.1; SV1; http://bsalsa.com) ; .NET CLR 1.1.4322)"
199.227.48.18 - - [20/Aug/2008:14:29:09 -0400] "GET /favicon.ico HTTP/1.1" 404 339 "-" "Mozilla/4.0 (compatible; MSIE 7.0; Windows NT 5.1; User-agent: Mozilla/4.0 (compatible; MSIE 6.0; Windows NT 5.1; SV1; http://bsalsa.com) ; .NET CLR 1.1.4322)"
66.249.66.42 - - [20/Aug/2008:14:29:10 -0400] "GET /eSpecs/DocumentReferenced.do?GID=BABYCAAAAAAAAAAA&page=1&nRecords=10&searchValue=9001&searchKey=DOCNO&organizations=ISO&displayWithdrawn=false¤cy=CAD HTTP/1.1" 404 1039 "-" "Mozilla/5.0 (compatible; Googlebot/2.1; +http://www.google.com/bot.html)"
66.249.66.42 - - [20/Aug/2008:14:29:11 -0400] "GET /eSpecs/DocumentReferenced.do?GID=DLAJSAAAAAAAAAAA&page=1&nRecords=10&searchValue=101&searchKey=DOCNO&organizations=NFPA&displayWithdrawn=false¤cy=CAD HTTP/1.1" 404 1039 "-" "Mozilla/5.0 (compatible; Googlebot/2.1; +http://www.google.com/bot.html)"
66.249.66.42 - - [20/Aug/2008:14:29:12 -0400] "GET /eSpecs/DocumentReferenced.do?GID=TCIGCAAAAAAAAAAA&page=1&nRecords=10&searchValue=70&searchKey=DOCNO&organizations=NFPA&displayWithdrawn=false¤cy=CAD HTTP/1.1" 404 1039 "-" "Mozilla/5.0 (compatible; Googlebot/2.1; +http://www.google.com/bot.html)"
66.249.66.42 - - [20/Aug/2008:14:33:05 -0400] "GET /eSpecs/DocumentReferenced.do?GID=GYGSGBAAAAAAAAAA&page=1&nRecords=10&searchValue=101&searchKey=DOCNO&organizations=NFPA&displayWithdrawn=false¤cy=CAD HTTP/1.1" 404 1039 "-" "Mozilla/5.0 (compatible; Googlebot/2.1; +http://www.google.com/bot.html)"
66.249.66.42 - - [20/Aug/2008:14:33:06 -0400] "GET /eSpecs/DocumentReferenced.do?GID=KZKIIBAAAAAAAAAA&page=1&nRecords=10&searchValue=J-STD-001&searchKey=DOCNO&organizations=&displayWithdrawn=false¤cy=CAD HTTP/1.1" 404 1039 "-" "Mozilla/5.0 (compatible; Googlebot/2.1; +http://www.google.com/bot.html)"
66.249.66.42 - - [20/Aug/2008:14:33:06 -0400] "GET /eSpecs/DocumentReferenced.do?GID=PXSYJAAAAAAAAAAA&page=1&nRecords=10&searchValue=AASHTO%20HB&searchKey=DOCNO&organizations=AASHTO&displayWithdrawn=false¤cy=CAD HTTP/1.1" 404 1039 "-" "Mozilla/5.0 (compatible; Googlebot/2.1; +http://www.google.com/bot.html)"
66.249.66.42 - - [20/Aug/2008:14:33:07 -0400] "GET /eSpecs/DocumentReferenced.do?GID=FLTRBCAAAAAAAAAA&page=1&nRecords=10&searchValue=10007&searchKey=DOCNO&organizations=ISO&displayWithdrawn=false¤cy=CAD HTTP/1.1" 404 1039 "-" "Mozilla/5.0 (compatible; Googlebot/2.1; +http://www.google.com/bot.html)"
66.249.66.42 - - [20/Aug/2008:14:33:08 -0400] "GET /eSpecs/DocumentReferenced.do?GID=ZFHJACAAAAAAAAAA&page=1&nRecords=10&searchValue=10006&searchKey=DOCNO&organizations=ISO&displayWithdrawn=false¤cy=CAD HTTP/1.1" 404 1039 "-" "Mozilla/5.0 (compatible; Googlebot/2.1; +http://www.google.com/bot.html)"
66.249.66.42 - - [20/Aug/2008:14:33:09 -0400] "GET /eSpecs/DocumentReferenced.do?GID=FFQNCAAAAAAAAAAA&page=1&nRecords=10&searchValue=A5.12/A5.12M&searchKey=DOCNO&organizations=AWS&displayWithdrawn=false¤cy=CAD HTTP/1.1" 404 1039 "-" "Mozilla/5.0 (compatible; Googlebot/2.1; +http://www.google.com/bot.html)"
66.249.66.42 - - [20/Aug/2008:14:33:10 -0400] "GET /eSpecs/DocumentReferenced.do?GID=WVBEJBAAAAAAAAAA&page=1&nRecords=10&searchValue=AASHTO%20HB&searchKey=DOCNO&organizations=AASHTO&displayWithdrawn=false¤cy=CAD HTTP/1.1" 404 1039 "-" "Mozilla/5.0 (compatible; Googlebot/2.1; +http://www.google.com/bot.html)"
38.106.169.234 - - [20/Aug/2008:14:33:09 -0400] "GET /specs/pdf/59_e.pdf HTTP/1.0" 200 28917 "http://www.google.com/search?q=water+infiltration+test+for+wood+doors&rls=com.microsoft:en-us:IE-SearchBox&ie=UTF-8&oe=UTF-8&sourceid=ie7&rlz=1I7SUNA" "Mozilla/4.0 (compatible; MSIE 7.0; Windows NT 5.1; .NET CLR 1.1.4322; .NET CLR 2.0.50727; .NET CLR 3.0.04506.30; .NET CLR 3.0.04506.648)"
66.249.66.42 - - [20/Aug/2008:14:33:11 -0400] "GET /eSpecs/DocumentReferenced.do?GID=NTUEDBAAAAAAAAAA&page=1&nRecords=10&searchValue=D1.4&searchKey=DOCNO&organizations=AWS&displayWithdrawn=false¤cy=CAD HTTP/1.1" 503 453 "-" "Mozilla/5.0 (compatible; Googlebot/2.1; +http://www.google.com/bot.html)"
209.171.40.209 - - [20/Aug/2008:14:33:11 -0400] "GET /SpecsSearch/GLSearchForm.do?language=en HTTP/1.1" 503 445 "http://www.scc.ca/en/programs/lab/index.shtml" "Mozilla/4.0 (compatible; MSIE 7.0; Windows NT 5.1; .NET CLR 1.1.4322; .NET CLR 2.0.50727; .NET CLR 3.0.04506.30)"
67.195.37.182 - - [20/Aug/2008:14:33:12 -0400] "GET /eSpecs/SearchFormAction.do?page=1&searchValue=DO160&searchKey=DOCNO&organizations= HTTP/1.0" 503 453 "-" "Mozilla/5.0 (compatible; Yahoo! Slurp; http://help.yahoo.com/help/us/ysearch/slurp)"
142.46.199.25 - - [20/Aug/2008:14:33:16 -0400] "GET / HTTP/1.1" 200 121 "-" "Mozilla/4.0 (compatible; MSIE 6.0; Windows NT 5.0; .NET CLR 2.0.50727)"
142.46.199.25 - - [20/Aug/2008:14:33:16 -0400] "GET /eSpecs/index.jsp HTTP/1.1" 500 2619 "-" "Mozilla/4.0 (compatible; MSIE 6.0; Windows NT 5.0; .NET CLR 2.0.50727)"
66.249.66.42 - - [20/Aug/2008:14:33:23 -0400] "GET /eSpecs/DocumentReferenced.do?GID=MSQZCAAAAAAAAAAA&page=1&nRecords=10&searchValue=9000%20Compendium&searchKey=DOCNO&organizations=ISO&displayWithdrawn=false¤cy=CAD HTTP/1.1" 404 1039 "-" "Mozilla/5.0 (compatible; Googlebot/2.1; +http://www.google.com/bot.html)"
66.249.66.42 - - [20/Aug/2008:14:33:23 -0400] "GET /eSpecs/DocumentReferenced.do?GID=THNTJBAAAAAAAAAA&page=1&nRecords=10&searchValue=568&searchKey=DOCNO&organizations=TIA&displayWithdrawn=false¤cy=CAD HTTP/1.1" 404 1039 "-" "Mozilla/5.0 (compatible; Googlebot/2.1; +http://www.google.com/bot.html)"
66.249.66.42 - - [20/Aug/2008:14:33:25 -0400] "GET /eSpecs/DocumentReferenced.do?GID=JHOPCCAAAAAAAAAA&page=1&nRecords=10&searchValue=9004&searchKey=DOCNO&organizations=ISO&displayWithdrawn=false¤cy=CAD HTTP/1.1" 404 1039 "-" "Mozilla/5.0 (compatible; Googlebot/2.1; +http://www.google.com/bot.html)"
66.249.66.42 - - [20/Aug/2008:14:33:26 -0400] "GET /eSpecs/DocumentReferenced.do?GID=KTBTCAAAAAAAAAAA&page=1&nRecords=10&searchValue=60950-1&searchKey=DOCNO&organizations=IEC&displayWithdrawn=false¤cy=CAD HTTP/1.1" 404 1039 "-" "Mozilla/5.0 (compatible; Googlebot/2.1; +http://www.google.com/bot.html)"
66.249.66.42 - - [20/Aug/2008:14:33:27 -0400] "GET /eSpecs/DocumentReferenced.do?GID=DLLXFBAAAAAAAAAA&page=1&nRecords=10&searchValue=NAS%201149&searchKey=DOCNO&organizations=&displayWithdrawn=false¤cy=CAD HTTP/1.1" 404 1039 "-" "Mozilla/5.0 (compatible; Googlebot/2.1; +http://www.google.com/bot.html)"
66.249.66.42 - - [20/Aug/2008:14:33:28 -0400] "GET /eSpecs/DocumentReferenced.do?GID=KAHYHBAAAAAAAAAA&page=1&nRecords=10&searchValue=API%20STD%201529&searchKey=DOCNO&organizations=API&displayWithdrawn=false¤cy=CAD HTTP/1.1" 404 1039 "-" "Mozilla/5.0 (compatible; Googlebot/2.1; +http://www.google.com/bot.html)"
66.249.66.42 - - [20/Aug/2008:14:33:29 -0400] "GET /eSpecs/DocumentReferenced.do?GID=EAAZCBAAAAAAAAAA&page=1&nRecords=10&searchValue=H35.2&searchKey=DOCNO&organizations=ANSI&displayWithdrawn=false¤cy=CAD HTTP/1.1" 404 1039 "-" "Mozilla/5.0 (compatible; Googlebot/2.1; +http://www.google.com/bot.html)"
66.249.66.42 - - [20/Aug/2008:14:33:30 -0400] "GET /eSpecs/DocumentReferenced.do?GID=CZPACCAAAAAAAAAA&page=1&nRecords=10&searchValue=STD%201542&searchKey=DOCNO&organizations=API&displayWithdrawn=false¤cy=CAD HTTP/1.1" 404 1039 "-" "Mozilla/5.0 (compatible; Googlebot/2.1; +http://www.google.com/bot.html)"
209.171.40.209 - - [20/Aug/2008:14:33:31 -0400] "GET /SpecsSearch/SpecsSearchAction.do HTTP/1.1" 400 - "http://www.scc.ca/en/programs/lab/index.shtml" "Mozilla/4.0 (compatible; MSIE 6.0; Windows NT 5.1; SV1; .NET CLR 1.1.4322; .NET CLR 2.0.50727)"
66.249.66.42 - - [20/Aug/2008:14:33:31 -0400] "GET /eSpecs/DocumentReferenced.do?GID=XBBRJBAAAAAAAAAA&page=1&nRecords=10&searchValue=70&searchKey=DOCNO&organizations=NFPA&displayWithdrawn=false¤cy=CAD HTTP/1.1" 404 1039 "-" "Mozilla/5.0 (compatible; Googlebot/2.1; +http://www.google.com/bot.html)"
66.249.66.42 - - [20/Aug/2008:14:33:32 -0400] "GET /eSpecs/DocumentReferenced.do?GID=THCYYBAAAAAAAAAA&page=1&nRecords=10&searchValue=API%20SPEC%20Q1&searchKey=DOCNO&organizations=API&displayWithdrawn=false¤cy=CAD HTTP/1.1" 404 1039 "-" "Mozilla/5.0 (compatible; Googlebot/2.1; +http://www.google.com/bot.html)"
66.249.66.42 - - [20/Aug/2008:14:33:33 -0400] "GET /eSpecs/DocumentReferenced.do?GID=SMCUCAAAAAAAAAAA&page=1&nRecords=10&searchValue=9120&searchKey=DOCNO&organizations=SAE&displayWithdrawn=false¤cy=CAD HTTP/1.1" 404 1039 "-" "Mozilla/5.0 (compatible; Googlebot/2.1; +http://www.google.com/bot.html)"
66.249.66.42 - - [20/Aug/2008:14:33:34 -0400] "GET /eSpecs/DocumentReferenced.do?GID=KXMHKAAAAAAAAAAA&page=1&nRecords=10&searchValue=9100&searchKey=DOCNO&organizations=SAE&displayWithdrawn=false¤cy=CAD HTTP/1.1" 404 1039 "-" "Mozilla/5.0 (compatible; Googlebot/2.1; +http://www.google.com/bot.html)"
66.249.66.42 - - [20/Aug/2008:14:33:34 -0400] "GET /eSpecs/DocumentReferenced.do?GID=TCOSZAAAAAAAAAAA&page=1&nRecords=10&searchValue=D1.4&searchKey=DOCNO&organizations=AWS&displayWithdrawn=false¤cy=CAD HTTP/1.1" 404 1039 "-" "Mozilla/5.0 (compatible; Googlebot/2.1; +http://www.google.com/bot.html)"
66.249.66.42 - - [20/Aug/2008:14:33:35 -0400] "GET /eSpecs/DocumentReferenced.do?GID=OLYLCAAAAAAAAAAA&page=1&nRecords=10&searchValue=H35.2&searchKey=DOCNO&organizations=ANSI&displayWithdrawn=false¤cy=CAD HTTP/1.1" 404 1039 "-" "Mozilla/5.0 (compatible; Googlebot/2.1; +http://www.google.com/bot.html)"
66.249.66.42 - - [20/Aug/2008:14:33:36 -0400] "GET /eSpecs/DocumentReferenced.do?GID=ZXGKCCAAAAAAAAAA&page=1&nRecords=10&searchValue=NASM21209&searchKey=DOCNO&organizations=&displayWithdrawn=false¤cy=CAD HTTP/1.1" 404 1039 "-" "Mozilla/5.0 (compatible; Googlebot/2.1; +http://www.google.com/bot.html)"
204.50.94.200 - - [20/Aug/2008:14:33:36 -0400] "GET /eSpecs/DocumentDetails.do?GID=DWGRGCAAAAAAAAAA¤cy=CAD HTTP/1.1" 404 1030 "http://www.google.ca/search?hl=en&q=%22BS+EN+1948%22&start=10&sa=N" "Mozilla/4.0 (compatible; MSIE 6.0; Windows NT 5.1; SV1; .NET CLR 1.1.4322; .NET CLR 2.0.50727; .NET CLR 3.0.04506.30)"
142.46.199.25 - - [20/Aug/2008:14:33:37 -0400] "GET /eSpecs/index.jsp HTTP/1.1" 500 2619 "-" "Mozilla/4.0 (compatible; MSIE 6.0; Windows NT 5.0; .NET CLR 2.0.50727)"
66.249.66.42 - - [20/Aug/2008:14:33:37 -0400] "GET /eSpecs/DocumentReferenced.do?GID=UPMJCAAAAAAAAAAA&page=1&nRecords=10&searchValue=14001&searchKey=DOCNO&organizations=ISO&displayWithdrawn=false¤cy=CAD HTTP/1.1" 404 1039 "-" "Mozilla/5.0 (compatible; Googlebot/2.1; +http://www.google.com/bot.html)"
