75.154.100.110 - - [20/Aug/2008:15:34:54 -0400] "GET /SpecsSearch/CalibrationSearchForm.do HTTP/1.1" 200 28197 "http://palcan.scc.ca/SpecsSearch/SpecsSearchAction.do" "Mozilla/4.0 (compatible; MSIE 7.0; Windows NT 5.1; .NET CLR 2.0.50727; .NET CLR 1.1.4322; .NET CLR 3.0.04506.30; .NET CLR 3.0.04506.648)"
66.130.232.177 - - [20/Aug/2008:15:35:07 -0400] "GET /eSpecs/ChangeLanguageAction.do;jsessionid=1AA18F96C5284E46BD6D77F221F5CAEF HTTP/1.1" 302 - "http://www.standardsstore.ca/eSpecs/index.jsp" "Mozilla/5.0 (Windows; U; Windows NT 5.1; fr; rv:1.8.1.16) Gecko/20080702 Firefox/2.0.0.16"
66.130.232.177 - - [20/Aug/2008:15:35:08 -0400] "GET /eSpecs/ChangeLanguageAction.do;jsessionid=1AA18F96C5284E46BD6D77F221F5CAEF HTTP/1.1" 302 - "http://www.standardsstore.ca/eSpecs/index.jsp" "Mozilla/5.0 (Windows; U; Windows NT 5.1; fr; rv:1.8.1.16) Gecko/20080702 Firefox/2.0.0.16"
66.130.232.177 - - [20/Aug/2008:15:35:07 -0400] "GET /eSpecs/index.jsp HTTP/1.1" 302 57344 "http://www.standardsstore.ca/eSpecs/index.jsp" "Mozilla/5.0 (Windows; U; Windows NT 5.1; fr; rv:1.8.1.16) Gecko/20080702 Firefox/2.0.0.16"
66.130.232.177 - - [20/Aug/2008:15:35:08 -0400] "GET /eSpecs/index.jsp HTTP/1.1" 200 87439 "http://www.standardsstore.ca/eSpecs/index.jsp" "Mozilla/5.0 (Windows; U; Windows NT 5.1; fr; rv:1.8.1.16) Gecko/20080702 Firefox/2.0.0.16"
66.135.100.194 - - [20/Aug/2008:15:35:17 -0400] "GET /SpecsSearch/CalibrationSearchForm.do HTTP/1.0" 200 28197 "http://palcan.scc.ca/SpecsSearch/SpecsSearchAction.do" "Mozilla/4.0 (compatible; MSIE 7.0; Windows NT 5.1)"
66.249.66.42 - - [20/Aug/2008:15:34:51 -0400] "GET /eSpecs/DocumentReferenced.do?GID=PCUPJBAAAAAAAAAA&page=1&nRecords=10&searchValue=ASTM%20E%20399&searchKey=DOCNO&organizations=&displayWithdrawn=false¤cy=CAD HTTP/1.1" 200 333817 "-" "Mozilla/5.0 (compatible; Googlebot/2.1; +http://www.google.com/bot.html)"
75.154.100.110 - - [20/Aug/2008:15:35:23 -0400] "POST /SpecsSearch/SpecsSearchAction.do HTTP/1.1" 200 17277 "http://palcan.scc.ca/SpecsSearch/CalibrationSearchForm.do" "Mozilla/4.0 (compatible; MSIE 7.0; Windows NT 5.1; .NET CLR 2.0.50727; .NET CLR 1.1.4322; .NET CLR 3.0.04506.30; .NET CLR 3.0.04506.648)"
75.154.100.110 - - [20/Aug/2008:15:35:23 -0400] "GET /SpecsSearch/pages/images/pdf-icon.gif HTTP/1.1" 200 915 "http://palcan.scc.ca/SpecsSearch/SpecsSearchAction.do" "Mozilla/4.0 (compatible; MSIE 7.0; Windows NT 5.1; .NET CLR 2.0.50727; .NET CLR 1.1.4322; .NET CLR 3.0.04506.30; .NET CLR 3.0.04506.648)"
66.135.100.194 - - [20/Aug/2008:15:35:25 -0400] "POST /SpecsSearch/SpecsSearchAction.do HTTP/1.0" 200 60101 "http://palcan.scc.ca/SpecsSearch/CalibrationSearchForm.do" "Mozilla/4.0 (compatible; MSIE 7.0; Windows NT 5.1)"
75.154.100.110 - - [20/Aug/2008:15:35:31 -0400] "GET /specs/pdf/85_e.pdf HTTP/1.1" 200 25970 "http://palcan.scc.ca/SpecsSearch/SpecsSearchAction.do" "Mozilla/4.0 (compatible; MSIE 7.0; Windows NT 5.1; .NET CLR 2.0.50727; .NET CLR 1.1.4322; .NET CLR 3.0.04506.30; .NET CLR 3.0.04506.648)"
66.135.100.194 - - [20/Aug/2008:15:35:37 -0400] "GET /SpecsSearch/CalibrationSearchForm.do HTTP/1.0" 200 28197 "http://palcan.scc.ca/SpecsSearch/SpecsSearchAction.do" "Mozilla/4.0 (compatible; MSIE 7.0; Windows NT 5.1)"
142.46.199.30 - - [20/Aug/2008:15:35:41 -0400] "HEAD / HTTP/1.0" 200 - "-" "Mozilla/4.0 (compatible; ipMonitor 8.5)"
66.135.100.194 - - [20/Aug/2008:15:35:42 -0400] "POST /SpecsSearch/SpecsSearchAction.do HTTP/1.0" 200 27683 "http://palcan.scc.ca/SpecsSearch/CalibrationSearchForm.do" "Mozilla/4.0 (compatible; MSIE 7.0; Windows NT 5.1)"
142.46.199.30 - - [20/Aug/2008:15:35:49 -0400] "HEAD / HTTP/1.0" 200 - "-" "Mozilla/4.0 (compatible; ipMonitor 8.5)"
66.135.100.194 - - [20/Aug/2008:15:36:02 -0400] "GET /SpecsSearch/CalibrationSearchForm.do HTTP/1.0" 200 28197 "http://palcan.scc.ca/SpecsSearch/SpecsSearchAction.do" "Mozilla/4.0 (compatible; MSIE 7.0; Windows NT 5.1)"
66.135.100.194 - - [20/Aug/2008:15:36:11 -0400] "POST /SpecsSearch/SpecsSearchAction.do HTTP/1.0" 200 36967 "http://palcan.scc.ca/SpecsSearch/CalibrationSearchForm.do" "Mozilla/4.0 (compatible; MSIE 7.0; Windows NT 5.1)"
67.195.37.89 - - [20/Aug/2008:15:36:10 -0400] "GET /SpecsSearch/SpecsSearchAction.do?psa_ID=12 HTTP/1.0" 200 21761 "-" "Mozilla/5.0 (X11; U; Linux i686 (x86_64); en-US; rv:1.8.1.4) Gecko/20080721 BonEcho/2.0.0.4"
66.249.66.42 - - [20/Aug/2008:15:36:14 -0400] "GET /eSpecs/DocumentReferenced.do?GID=YVKTJBAAAAAAAAAA&page=1&nRecords=10&searchValue=60950-1&searchKey=DOCNO&organizations=IEC&displayWithdrawn=false¤cy=CAD HTTP/1.1" 200 165876 "-" "Mozilla/5.0 (compatible; Googlebot/2.1; +http://www.google.com/bot.html)"
142.46.199.30 - - [20/Aug/2008:15:36:58 -0400] "GET /eSpecs/SearchFormAction.do?page=1&searchValue=17025&searchKey=DOCNO&organizations=ISO HTTP/1.0" 200 100727 "-" "Mozilla/4.0 (compatible; ipMonitor 8.5)"
65.55.210.235 - - [20/Aug/2008:15:37:22 -0400] "GET /eSpecs/AddDocumentAction.do?mediaType=HC&GID=VANJFCAAAAAAAAAA&page=1&nRecords=10&searchValue=D1.1/D1.1M&searchKey=DOCNO&organizations=AWS&displayWithdrawn=false¤cy=CAD HTTP/1.1" 200 81316 "-" "msnbot/1.1 (+http://search.msn.com/msnbot.htm)"
66.135.100.194 - - [20/Aug/2008:15:37:32 -0400] "GET /SpecsSearch/CalibrationSearchForm.do HTTP/1.0" 200 28197 "http://palcan.scc.ca/SpecsSearch/SpecsSearchAction.do" "Mozilla/4.0 (compatible; MSIE 7.0; Windows NT 5.1)"
66.249.66.42 - - [20/Aug/2008:15:37:31 -0400] "GET /eSpecs/DocumentReferenced.do?GID=OWGOBCAAAAAAAAAA&page=1&nRecords=10&searchValue=FORD%20W-HTX&searchKey=DOCNO&organizations=&displayWithdrawn=false¤cy=CAD HTTP/1.1" 200 129566 "-" "Mozilla/5.0 (compatible; Googlebot/2.1; +http://www.google.com/bot.html)"
66.135.100.194 - - [20/Aug/2008:15:37:43 -0400] "POST /SpecsSearch/SpecsSearchAction.do HTTP/1.0" 200 30902 "http://palcan.scc.ca/SpecsSearch/CalibrationSearchForm.do" "Mozilla/4.0 (compatible; MSIE 7.0; Windows NT 5.1)"
65.55.108.195 - - [20/Aug/2008:15:37:50 -0400] "GET /specs/pdf/362_e.pdf HTTP/1.1" 200 29054 "-" "msnbot-media/1.1 (+http://search.msn.com/msnbot.htm)"
66.249.66.42 - - [20/Aug/2008:15:38:40 -0400] "GET /eSpecs/DocumentReferenced.do?GID=TQDHKAAAAAAAAAAA&page=1&nRecords=10&searchValue=61000-6-2&searchKey=DOCNO&organizations=BSI&displayWithdrawn=false¤cy=CAD HTTP/1.1" 200 202592 "-" "Mozilla/5.0 (compatible; Googlebot/2.1; +http://www.google.com/bot.html)"
194.187.191.188 - - [20/Aug/2008:15:39:44 -0400] "GET /specs/pdf/282_f.pdf HTTP/1.1" 200 29153 "http://www.google.ro/search?hl=ro&lr=lang_fr&q=Listeria+monocytogenes&start=440&sa=N" "Mozilla/4.0 (compatible; MSIE 7.0; Windows NT 5.1; .NET CLR 1.1.4322; .NET CLR 2.0.50727; .NET CLR 3.0.04506.30)"
66.249.66.42 - - [20/Aug/2008:15:39:48 -0400] "GET /eSpecs/DocumentReferenced.do?GID=VURVDBAAAAAAAAAA&page=1&nRecords=10&searchValue=17025&searchKey=DOCNO&organizations=ISO&displayWithdrawn=false¤cy=CAD HTTP/1.1" 200 103309 "-" "Mozilla/5.0 (compatible; Googlebot/2.1; +http://www.google.com/bot.html)"
66.135.100.194 - - [20/Aug/2008:15:40:24 -0400] "GET /SpecsSearch/CalibrationSearchForm.do HTTP/1.0" 200 28197 "http://palcan.scc.ca/SpecsSearch/SpecsSearchAction.do" "Mozilla/4.0 (compatible; MSIE 7.0; Windows NT 5.1)"
66.135.100.194 - - [20/Aug/2008:15:40:33 -0400] "POST /SpecsSearch/SpecsSearchAction.do HTTP/1.0" 200 16109 "http://palcan.scc.ca/SpecsSearch/CalibrationSearchForm.do" "Mozilla/4.0 (compatible; MSIE 7.0; Windows NT 5.1)"
209.217.110.121 - - [20/Aug/2008:15:40:40 -0400] "GET /SpecsSearch/GLSearchForm.do HTTP/1.1" 200 27296 "-" "Mozilla/5.0 (Macintosh; U; Intel Mac OS X 10_5_4; en-us) AppleWebKit/525.18 (KHTML, like Gecko) Version/3.1.2 Safari/525.20.1"
209.217.110.121 - - [20/Aug/2008:15:40:41 -0400] "GET /favicon.ico HTTP/1.1" 404 331 "http://palcan.scc.ca/SpecsSearch/GLSearchForm.do" "Mozilla/5.0 (Macintosh; U; Intel Mac OS X 10_5_4; en-us) AppleWebKit/525.18 (KHTML, like Gecko) Version/3.1.2 Safari/525.20.1"
142.46.199.30 - - [20/Aug/2008:15:40:41 -0400] "HEAD / HTTP/1.0" 200 - "-" "Mozilla/4.0 (compatible; ipMonitor 8.5)"
209.217.110.121 - - [20/Aug/2008:15:40:47 -0400] "GET /SpecsSearch/GLSearchForm.do HTTP/1.1" 200 27296 "http://palcan.scc.ca/SpecsSearch/GLSearchForm.do" "Mozilla/5.0 (Macintosh; U; Intel Mac OS X 10_5_4; en-us) AppleWebKit/525.18 (KHTML, like Gecko) Version/3.1.2 Safari/525.20.1"
142.46.199.30 - - [20/Aug/2008:15:40:49 -0400] "HEAD / HTTP/1.0" 200 - "-" "Mozilla/4.0 (compatible; ipMonitor 8.5)"
209.217.110.121 - - [20/Aug/2008:15:40:50 -0400] "GET /SpecsSearch/TLSearchForm.do HTTP/1.1" 200 29235 "http://palcan.scc.ca/SpecsSearch/GLSearchForm.do" "Mozilla/5.0 (Macintosh; U; Intel Mac OS X 10_5_4; en-us) AppleWebKit/525.18 (KHTML, like Gecko) Version/3.1.2 Safari/525.20.1"
66.249.66.42 - - [20/Aug/2008:15:40:48 -0400] "GET /eSpecs/DocumentReferenced.do?GID=GJYICAAAAAAAAAAA&page=1&nRecords=10&searchValue=568&searchKey=DOCNO&organizations=TIA&displayWithdrawn=false¤cy=CAD HTTP/1.1" 200 93028 "-" "Mozilla/5.0 (compatible; Googlebot/2.1; +http://www.google.com/bot.html)"
209.217.110.121 - - [20/Aug/2008:15:41:01 -0400] "GET /SpecsSearch/SpecsSearchAction.do?prog_ID=1 HTTP/1.1" 200 245120 "http://palcan.scc.ca/SpecsSearch/TLSearchForm.do" "Mozilla/5.0 (Macintosh; U; Intel Mac OS X 10_5_4; en-us) AppleWebKit/525.18 (KHTML, like Gecko) Version/3.1.2 Safari/525.20.1"
67.195.37.89 - - [20/Aug/2008:15:41:01 -0400] "GET /SpecsSearch/PTSearchForm.do HTTP/1.0" 200 27580 "-" "Mozilla/5.0 (compatible; Yahoo! Slurp; http://help.yahoo.com/help/us/ysearch/slurp)"
66.249.66.42 - - [20/Aug/2008:15:41:40 -0400] "GET /eSpecs/DocumentReferenced.do?GID=WUWWCAAAAAAAAAAA&page=1&nRecords=10&searchValue=API%20STD%201529&searchKey=DOCNO&organizations=API&displayWithdrawn=false¤cy=CAD HTTP/1.1" 200 139690 "-" "Mozilla/5.0 (compatible; Googlebot/2.1; +http://www.google.com/bot.html)"
142.46.199.30 - - [20/Aug/2008:15:42:02 -0400] "GET /eSpecs/SearchFormAction.do?page=1&searchValue=17025&searchKey=DOCNO&organizations=ISO HTTP/1.0" 200 100727 "-" "Mozilla/4.0 (compatible; ipMonitor 8.5)"
142.46.199.30 - - [20/Aug/2008:15:42:32 -0400] "GET /SpecsSearch/index.jsp HTTP/1.1" 302 - "-" "Mozilla/5.0 (Windows; U; Windows NT 6.0; en-US; rv:1.9.0.1) Gecko/2008070208 Firefox/3.0.1"
142.46.199.30 - - [20/Aug/2008:15:42:32 -0400] "GET /SpecsSearch/Welcome.do HTTP/1.1" 302 - "-" "Mozilla/5.0 (Windows; U; Windows NT 6.0; en-US; rv:1.9.0.1) Gecko/2008070208 Firefox/3.0.1"
142.46.199.30 - - [20/Aug/2008:15:42:32 -0400] "GET /SpecsSearch/GLSearchForm.do HTTP/1.1" 200 27296 "-" "Mozilla/5.0 (Windows; U; Windows NT 6.0; en-US; rv:1.9.0.1) Gecko/2008070208 Firefox/3.0.1"
66.135.100.194 - - [20/Aug/2008:15:42:36 -0400] "GET /SpecsSearch/CalibrationSearchForm.do HTTP/1.0" 200 28197 "http://palcan.scc.ca/SpecsSearch/SpecsSearchAction.do" "Mozilla/4.0 (compatible; MSIE 7.0; Windows NT 5.1)"
66.135.100.194 - - [20/Aug/2008:15:42:41 -0400] "POST /SpecsSearch/SpecsSearchAction.do HTTP/1.0" 200 16109 "http://palcan.scc.ca/SpecsSearch/CalibrationSearchForm.do" "Mozilla/4.0 (compatible; MSIE 7.0; Windows NT 5.1)"
66.249.66.42 - - [20/Aug/2008:15:42:30 -0400] "GET /eSpecs/DocumentReferenced.do?GID=COVWDBAAAAAAAAAA&page=1&nRecords=10&searchValue=D1.2/D1.2M&searchKey=DOCNO&organizations=AWS&displayWithdrawn=false¤cy=CAD HTTP/1.1" 200 164808 "-" "Mozilla/5.0 (compatible; Googlebot/2.1; +http://www.google.com/bot.html)"
132.221.36.36 - - [20/Aug/2008:15:42:50 -0400] "GET /specs/pdf/284_f.pdf HTTP/1.1" 200 29419 "http://www.google.ca/search?hl=fr&cr=countryCA&q=coefficient+d%27%C3%A9coulement&start=10&sa=N" "Mozilla/4.0 (compatible; MSIE 6.0; Windows NT 5.1; SV1; .NET CLR 1.1.4322; InfoPath.1)"
66.249.66.42 - - [20/Aug/2008:15:43:23 -0400] "GET /eSpecs/DocumentReferenced.do?GID=RXPAJBAAAAAAAAAA&page=1&nRecords=10&searchValue=WI&searchKey=DOCNO&organizations=AWS&displayWithdrawn=false¤cy=CAD HTTP/1.1" 200 139760 "-" "Mozilla/5.0 (compatible; Googlebot/2.1; +http://www.google.com/bot.html)"
66.249.66.42 - - [20/Aug/2008:15:44:13 -0400] "GET /eSpecs/DocumentReferenced.do?GID=GJBVCAAAAAAAAAAA&page=1&nRecords=10&searchValue=17025&searchKey=DOCNO&organizations=ISO&displayWithdrawn=false¤cy=CAD HTTP/1.1" 200 84569 "-" "Mozilla/5.0 (compatible; Googlebot/2.1; +http://www.google.com/bot.html)"
70.103.41.26 - - [20/Aug/2008:15:44:41 -0400] "GET /eSpecs/DocumentDetails.do?GID=VHZHCAAAAAAAAAAA¤cy=CAD HTTP/1.1" 200 2881 "http://www.google.com/search?num=30&hl=en&newwindow=1&q=%22ENV+50204%22&btnG=Search" "Mozilla/5.0 (Windows; U; Windows NT 5.1; en-US; rv:1.9.0.1) Gecko/2008070208 Firefox/3.0.1"
70.103.41.26 - - [20/Aug/2008:15:44:43 -0400] "GET /eSpecs/css/index2.css HTTP/1.1" 200 10928 "http://www.standardsstore.ca/eSpecs/DocumentDetails.do?GID=VHZHCAAAAAAAAAAA¤cy=CAD" "Mozilla/5.0 (Windows; U; Windows NT 5.1; en-US; rv:1.9.0.1) Gecko/2008070208 Firefox/3.0.1"
70.103.41.26 - - [20/Aug/2008:15:44:43 -0400] "GET /favicon.ico HTTP/1.1" 404 339 "-" "Mozilla/5.0 (Windows; U; Windows NT 5.1; en-US; rv:1.9.0.1) Gecko/2008070208 Firefox/3.0.1"
70.103.41.26 - - [20/Aug/2008:15:44:46 -0400] "GET /favicon.ico HTTP/1.1" 404 339 "-" "Mozilla/5.0 (Windows; U; Windows NT 5.1; en-US; rv:1.9.0.1) Gecko/2008070208 Firefox/3.0.1"
207.34.219.6 - - [20/Aug/2008:15:44:49 -0400] "GET / HTTP/1.1" 200 121 "http://www.scc.ca/en/index.shtml" "Mozilla/5.0 (Windows; U; Windows NT 5.1; en-US; rv:1.8.1.16) Gecko/20080702 Firefox/2.0.0.16"
207.34.219.6 - - [20/Aug/2008:15:44:49 -0400] "GET /favicon.ico HTTP/1.1" 404 339 "-" "Mozilla/5.0 (Windows; U; Windows NT 5.1; en-US; rv:1.8.1.16) Gecko/20080702 Firefox/2.0.0.16"
207.34.219.6 - - [20/Aug/2008:15:44:49 -0400] "GET /eSpecs/css/index.css HTTP/1.1" 200 10895 "http://www.standardsstore.ca/eSpecs/index.jsp" "Mozilla/5.0 (Windows; U; Windows NT 5.1; en-US; rv:1.8.1.16) Gecko/20080702 Firefox/2.0.0.16"
207.34.219.6 - - [20/Aug/2008:15:44:49 -0400] "GET /eSpecs/js/main.js HTTP/1.1" 200 9677 "http://www.standardsstore.ca/eSpecs/index.jsp" "Mozilla/5.0 (Windows; U; Windows NT 5.1; en-US; rv:1.8.1.16) Gecko/20080702 Firefox/2.0.0.16"
207.34.219.6 - - [20/Aug/2008:15:44:49 -0400] "GET /eSpecs/js/style.js HTTP/1.1" 200 3774 "http://www.standardsstore.ca/eSpecs/index.jsp" "Mozilla/5.0 (Windows; U; Windows NT 5.1; en-US; rv:1.8.1.16) Gecko/20080702 Firefox/2.0.0.16"
207.34.219.6 - - [20/Aug/2008:15:44:49 -0400] "GET /eSpecs/images/header.gif HTTP/1.1" 200 13254 "http://www.standardsstore.ca/eSpecs/index.jsp" "Mozilla/5.0 (Windows; U; Windows NT 5.1; en-US; rv:1.8.1.16) Gecko/20080702 Firefox/2.0.0.16"
207.34.219.6 - - [20/Aug/2008:15:44:49 -0400] "GET /eSpecs/images/scc_logo.gif HTTP/1.1" 200 4870 "http://www.standardsstore.ca/eSpecs/index.jsp" "Mozilla/5.0 (Windows; U; Windows NT 5.1; en-US; rv:1.8.1.16) Gecko/20080702 Firefox/2.0.0.16"
207.34.219.6 - - [20/Aug/2008:15:44:49 -0400] "GET /eSpecs/images/ihs_logo.gif HTTP/1.1" 200 1947 "http://www.standardsstore.ca/eSpecs/index.jsp" "Mozilla/5.0 (Windows; U; Windows NT 5.1; en-US; rv:1.8.1.16) Gecko/20080702 Firefox/2.0.0.16"
207.34.219.6 - - [20/Aug/2008:15:44:49 -0400] "GET /eSpecs/images/en/iso22000.gif HTTP/1.1" 200 39597 "http://www.standardsstore.ca/eSpecs/index.jsp" "Mozilla/5.0 (Windows; U; Windows NT 5.1; en-US; rv:1.8.1.16) Gecko/20080702 Firefox/2.0.0.16"
207.34.219.6 - - [20/Aug/2008:15:44:49 -0400] "GET /eSpecs/images/en/isoiec17025.gif HTTP/1.1" 200 39008 "http://www.standardsstore.ca/eSpecs/index.jsp" "Mozilla/5.0 (Windows; U; Windows NT 5.1; en-US; rv:1.8.1.16) Gecko/20080702 Firefox/2.0.0.16"
207.34.219.6 - - [20/Aug/2008:15:44:50 -0400] "GET /eSpecs/images/help.jpg HTTP/1.1" 200 389 "http://www.standardsstore.ca/eSpecs/index.jsp" "Mozilla/5.0 (Windows; U; Windows NT 5.1; en-US; rv:1.8.1.16) Gecko/20080702 Firefox/2.0.0.16"
207.34.219.6 - - [20/Aug/2008:15:44:50 -0400] "GET /eSpecs/images/NSS2008.jpg HTTP/1.1" 200 14223 "http://www.standardsstore.ca/eSpecs/index.jsp" "Mozilla/5.0 (Windows; U; Windows NT 5.1; en-US; rv:1.8.1.16) Gecko/20080702 Firefox/2.0.0.16"
207.34.219.6 - - [20/Aug/2008:15:44:50 -0400] "GET /eSpecs/images/iso.gif HTTP/1.1" 200 2457 "http://www.standardsstore.ca/eSpecs/index.jsp" "Mozilla/5.0 (Windows; U; Windows NT 5.1; en-US; rv:1.8.1.16) Gecko/20080702 Firefox/2.0.0.16"
207.34.219.6 - - [20/Aug/2008:15:44:50 -0400] "GET /eSpecs/images/iec.gif HTTP/1.1" 200 696 "http://www.standardsstore.ca/eSpecs/index.jsp" "Mozilla/5.0 (Windows; U; Windows NT 5.1; en-US; rv:1.8.1.16) Gecko/20080702 Firefox/2.0.0.16"
207.34.219.6 - - [20/Aug/2008:15:44:50 -0400] "GET /eSpecs/images/api.gif HTTP/1.1" 200 976 "http://www.standardsstore.ca/eSpecs/index.jsp" "Mozilla/5.0 (Windows; U; Windows NT 5.1; en-US; rv:1.8.1.16) Gecko/20080702 Firefox/2.0.0.16"
207.34.219.6 - - [20/Aug/2008:15:44:50 -0400] "GET /eSpecs/images/asm.gif HTTP/1.1" 200 1711 "http://www.standardsstore.ca/eSpecs/index.jsp" "Mozilla/5.0 (Windows; U; Windows NT 5.1; en-US; rv:1.8.1.16) Gecko/20080702 Firefox/2.0.0.16"
207.34.219.6 - - [20/Aug/2008:15:44:49 -0400] "GET /eSpecs/index.jsp HTTP/1.1" 200 87645 "-" "Mozilla/5.0 (Windows; U; Windows NT 5.1; en-US; rv:1.8.1.16) Gecko/20080702 Firefox/2.0.0.16"
207.34.219.6 - - [20/Aug/2008:15:44:50 -0400] "GET /eSpecs/images/en/standards_alert.jpg HTTP/1.1" 200 14834 "http://www.standardsstore.ca/eSpecs/index.jsp" "Mozilla/5.0 (Windows; U; Windows NT 5.1; en-US; rv:1.8.1.16) Gecko/20080702 Firefox/2.0.0.16"
207.34.219.6 - - [20/Aug/2008:15:44:50 -0400] "GET /eSpecs/images/en/reg.jpg HTTP/1.1" 200 13737 "http://www.standardsstore.ca/eSpecs/index.jsp" "Mozilla/5.0 (Windows; U; Windows NT 5.1; en-US; rv:1.8.1.16) Gecko/20080702 Firefox/2.0.0.16"
207.34.219.6 - - [20/Aug/2008:15:44:50 -0400] "GET /eSpecs/images/en/exportalert.jpg HTTP/1.1" 200 16234 "http://www.standardsstore.ca/eSpecs/index.jsp" "Mozilla/5.0 (Windows; U; Windows NT 5.1; en-US; rv:1.8.1.16) Gecko/20080702 Firefox/2.0.0.16"
207.34.219.6 - - [20/Aug/2008:15:44:50 -0400] "GET /eSpecs/images/afnor.gif HTTP/1.1" 200 811 "http://www.standardsstore.ca/eSpecs/index.jsp" "Mozilla/5.0 (Windows; U; Windows NT 5.1; en-US; rv:1.8.1.16) Gecko/20080702 Firefox/2.0.0.16"
207.34.219.6 - - [20/Aug/2008:15:44:50 -0400] "GET /eSpecs/images/research.jpg HTTP/1.1" 200 12311 "http://www.standardsstore.ca/eSpecs/index.jsp" "Mozilla/5.0 (Windows; U; Windows NT 5.1; en-US; rv:1.8.1.16) Gecko/20080702 Firefox/2.0.0.16"
207.34.219.6 - - [20/Aug/2008:15:44:50 -0400] "GET /eSpecs/images/din_logo.gif HTTP/1.1" 200 486 "http://www.standardsstore.ca/eSpecs/index.jsp" "Mozilla/5.0 (Windows; U; Windows NT 5.1; en-US; rv:1.8.1.16) Gecko/20080702 Firefox/2.0.0.16"
207.34.219.6 - - [20/Aug/2008:15:44:50 -0400] "GET /eSpecs/images/canada.gif HTTP/1.1" 200 1511 "http://www.standardsstore.ca/eSpecs/index.jsp" "Mozilla/5.0 (Windows; U; Windows NT 5.1; en-US; rv:1.8.1.16) Gecko/20080702 Firefox/2.0.0.16"
70.103.41.26 - - [20/Aug/2008:15:45:00 -0400] "GET / HTTP/1.1" 200 121 "-" "Mozilla/5.0 (Windows; U; Windows NT 5.1; en-US; rv:1.9.0.1) Gecko/2008070208 Firefox/3.0.1"
70.103.41.26 - - [20/Aug/2008:15:45:00 -0400] "GET /eSpecs/css/index.css HTTP/1.1" 200 10895 "http://www.standardsstore.ca/eSpecs/index.jsp" "Mozilla/5.0 (Windows; U; Windows NT 5.1; en-US; rv:1.9.0.1) Gecko/2008070208 Firefox/3.0.1"
70.103.41.26 - - [20/Aug/2008:15:45:00 -0400] "GET /eSpecs/js/main.js HTTP/1.1" 200 9677 "http://www.standardsstore.ca/eSpecs/index.jsp" "Mozilla/5.0 (Windows; U; Windows NT 5.1; en-US; rv:1.9.0.1) Gecko/2008070208 Firefox/3.0.1"
70.103.41.26 - - [20/Aug/2008:15:45:01 -0400] "GET /eSpecs/js/style.js HTTP/1.1" 200 3774 "http://www.standardsstore.ca/eSpecs/index.jsp" "Mozilla/5.0 (Windows; U; Windows NT 5.1; en-US; rv:1.9.0.1) Gecko/2008070208 Firefox/3.0.1"
70.103.41.26 - - [20/Aug/2008:15:45:01 -0400] "GET /eSpecs/images/scc_logo.gif HTTP/1.1" 200 4870 "http://www.standardsstore.ca/eSpecs/index.jsp" "Mozilla/5.0 (Windows; U; Windows NT 5.1; en-US; rv:1.9.0.1) Gecko/2008070208 Firefox/3.0.1"
70.103.41.26 - - [20/Aug/2008:15:45:01 -0400] "GET /eSpecs/images/header.gif HTTP/1.1" 200 13254 "http://www.standardsstore.ca/eSpecs/index.jsp" "Mozilla/5.0 (Windows; U; Windows NT 5.1; en-US; rv:1.9.0.1) Gecko/2008070208 Firefox/3.0.1"
70.103.41.26 - - [20/Aug/2008:15:45:01 -0400] "GET /eSpecs/images/ihs_logo.gif HTTP/1.1" 200 1947 "http://www.standardsstore.ca/eSpecs/index.jsp" "Mozilla/5.0 (Windows; U; Windows NT 5.1; en-US; rv:1.9.0.1) Gecko/2008070208 Firefox/3.0.1"
70.103.41.26 - - [20/Aug/2008:15:45:01 -0400] "GET /eSpecs/images/help.jpg HTTP/1.1" 200 389 "http://www.standardsstore.ca/eSpecs/index.jsp" "Mozilla/5.0 (Windows; U; Windows NT 5.1; en-US; rv:1.9.0.1) Gecko/2008070208 Firefox/3.0.1"
70.103.41.26 - - [20/Aug/2008:15:45:01 -0400] "GET /eSpecs/images/iso.gif HTTP/1.1" 200 2457 "http://www.standardsstore.ca/eSpecs/index.jsp" "Mozilla/5.0 (Windows; U; Windows NT 5.1; en-US; rv:1.9.0.1) Gecko/2008070208 Firefox/3.0.1"
70.103.41.26 - - [20/Aug/2008:15:45:01 -0400] "GET /eSpecs/images/NSS2008.jpg HTTP/1.1" 200 14223 "http://www.standardsstore.ca/eSpecs/index.jsp" "Mozilla/5.0 (Windows; U; Windows NT 5.1; en-US; rv:1.9.0.1) Gecko/2008070208 Firefox/3.0.1"
70.103.41.26 - - [20/Aug/2008:15:45:02 -0400] "GET /eSpecs/images/iec.gif HTTP/1.1" 200 696 "http://www.standardsstore.ca/eSpecs/index.jsp" "Mozilla/5.0 (Windows; U; Windows NT 5.1; en-US; rv:1.9.0.1) Gecko/2008070208 Firefox/3.0.1"
70.103.41.26 - - [20/Aug/2008:15:45:02 -0400] "GET /eSpecs/images/api.gif HTTP/1.1" 200 976 "http://www.standardsstore.ca/eSpecs/index.jsp" "Mozilla/5.0 (Windows; U; Windows NT 5.1; en-US; rv:1.9.0.1) Gecko/2008070208 Firefox/3.0.1"
70.103.41.26 - - [20/Aug/2008:15:45:01 -0400] "GET /eSpecs/images/en/isoiec17025.gif HTTP/1.1" 200 39008 "http://www.standardsstore.ca/eSpecs/index.jsp" "Mozilla/5.0 (Windows; U; Windows NT 5.1; en-US; rv:1.9.0.1) Gecko/2008070208 Firefox/3.0.1"
70.103.41.26 - - [20/Aug/2008:15:45:01 -0400] "GET /eSpecs/images/en/iso22000.gif HTTP/1.1" 200 39597 "http://www.standardsstore.ca/eSpecs/index.jsp" "Mozilla/5.0 (Windows; U; Windows NT 5.1; en-US; rv:1.9.0.1) Gecko/2008070208 Firefox/3.0.1"
70.103.41.26 - - [20/Aug/2008:15:45:02 -0400] "GET /eSpecs/images/asm.gif HTTP/1.1" 200 1711 "http://www.standardsstore.ca/eSpecs/index.jsp" "Mozilla/5.0 (Windows; U; Windows NT 5.1; en-US; rv:1.9.0.1) Gecko/2008070208 Firefox/3.0.1"
75.154.100.110 - - [20/Aug/2008:15:45:02 -0400] "GET /SpecsSearch/pages/images/pdf-icon.gif HTTP/1.1" 304 - "http://palcan.scc.ca/SpecsSearch/SpecsSearchAction.do" "Mozilla/4.0 (compatible; MSIE 7.0; Windows NT 5.1; .NET CLR 2.0.50727; .NET CLR 1.1.4322; .NET CLR 3.0.04506.30; .NET CLR 3.0.04506.648)"
70.103.41.26 - - [20/Aug/2008:15:45:02 -0400] "GET /eSpecs/images/en/standards_alert.jpg HTTP/1.1" 200 14834 "http://www.standardsstore.ca/eSpecs/index.jsp" "Mozilla/5.0 (Windows; U; Windows NT 5.1; en-US; rv:1.9.0.1) Gecko/2008070208 Firefox/3.0.1"
70.103.41.26 - - [20/Aug/2008:15:45:02 -0400] "GET /eSpecs/images/en/exportalert.jpg HTTP/1.1" 200 16234 "http://www.standardsstore.ca/eSpecs/index.jsp" "Mozilla/5.0 (Windows; U; Windows NT 5.1; en-US; rv:1.9.0.1) Gecko/2008070208 Firefox/3.0.1"
70.103.41.26 - - [20/Aug/2008:15:45:02 -0400] "GET /eSpecs/images/en/reg.jpg HTTP/1.1" 200 13737 "http://www.standardsstore.ca/eSpecs/index.jsp" "Mozilla/5.0 (Windows; U; Windows NT 5.1; en-US; rv:1.9.0.1) Gecko/2008070208 Firefox/3.0.1"
70.103.41.26 - - [20/Aug/2008:15:45:00 -0400] "GET /eSpecs/index.jsp HTTP/1.1" 200 85885 "-" "Mozilla/5.0 (Windows; U; Windows NT 5.1; en-US; rv:1.9.0.1) Gecko/2008070208 Firefox/3.0.1"
70.103.41.26 - - [20/Aug/2008:15:45:02 -0400] "GET /eSpecs/images/afnor.gif HTTP/1.1" 200 811 "http://www.standardsstore.ca/eSpecs/index.jsp" "Mozilla/5.0 (Windows; U; Windows NT 5.1; en-US; rv:1.9.0.1) Gecko/2008070208 Firefox/3.0.1"
70.103.41.26 - - [20/Aug/2008:15:45:02 -0400] "GET /eSpecs/images/din_logo.gif HTTP/1.1" 200 486 "http://www.standardsstore.ca/eSpecs/index.jsp" "Mozilla/5.0 (Windows; U; Windows NT 5.1; en-US; rv:1.9.0.1) Gecko/2008070208 Firefox/3.0.1"
70.103.41.26 - - [20/Aug/2008:15:45:02 -0400] "GET /eSpecs/images/research.jpg HTTP/1.1" 200 12311 "http://www.standardsstore.ca/eSpecs/index.jsp" "Mozilla/5.0 (Windows; U; Windows NT 5.1; en-US; rv:1.9.0.1) Gecko/2008070208 Firefox/3.0.1"
70.103.41.26 - - [20/Aug/2008:15:45:02 -0400] "GET /eSpecs/images/canada.gif HTTP/1.1" 200 1511 "http://www.standardsstore.ca/eSpecs/index.jsp" "Mozilla/5.0 (Windows; U; Windows NT 5.1; en-US; rv:1.9.0.1) Gecko/2008070208 Firefox/3.0.1"
66.249.66.42 - - [20/Aug/2008:15:44:59 -0400] "GET /eSpecs/DocumentReferenced.do?GID=WDHSABAAAAAAAAAA&page=1&nRecords=10&searchValue=9100&searchKey=DOCNO&organizations=SAE&displayWithdrawn=false¤cy=CAD HTTP/1.1" 200 8192 "-" "Mozilla/5.0 (compatible; Googlebot/2.1; +http://www.google.com/bot.html)"
75.154.100.110 - - [20/Aug/2008:15:45:01 -0400] "GET /SpecsSearch/SpecsSearchAction.do HTTP/1.1" 200 314804 "http://www.scc.ca/en/programs/lab/index.shtml" "Mozilla/4.0 (compatible; MSIE 7.0; Windows NT 5.1; .NET CLR 2.0.50727; .NET CLR 1.1.4322; .NET CLR 3.0.04506.30; .NET CLR 3.0.04506.648)"
70.103.41.26 - - [20/Aug/2008:15:45:09 -0400] "GET /eSpecs/SearchFormAction.do?page=1&searchValue=ENV+50204&searchKey=TITLE&nRecords=10&organizations=¤cy=CAD HTTP/1.1" 200 78327 "http://www.standardsstore.ca/eSpecs/index.jsp" "Mozilla/5.0 (Windows; U; Windows NT 5.1; en-US; rv:1.9.0.1) Gecko/2008070208 Firefox/3.0.1"
70.103.41.26 - - [20/Aug/2008:15:45:16 -0400] "GET /eSpecs/SearchFormAction.do?page=1&searchValue=50204&searchKey=TITLE&nRecords=10&organizations=¤cy=CAD HTTP/1.1" 200 78319 "http://www.standardsstore.ca/eSpecs/SearchFormAction.do?page=1&searchValue=ENV+50204&searchKey=TITLE&nRecords=10&organizations=¤cy=CAD" "Mozilla/5.0 (Windows; U; Windows NT 5.1; en-US; rv:1.9.0.1) Gecko/2008070208 Firefox/3.0.1"
142.46.199.30 - - [20/Aug/2008:15:45:41 -0400] "HEAD / HTTP/1.0" 200 - "-" "Mozilla/4.0 (compatible; ipMonitor 8.5)"
142.46.199.30 - - [20/Aug/2008:15:45:49 -0400] "HEAD / HTTP/1.0" 200 - "-" "Mozilla/4.0 (compatible; ipMonitor 8.5)"
75.154.100.110 - - [20/Aug/2008:15:45:52 -0400] "GET /SpecsSearch/GLSearchForm.do?language=en HTTP/1.1" 200 27296 "http://www.scc.ca/en/programs/lab/calibration.shtml" "Mozilla/4.0 (compatible; MSIE 7.0; Windows NT 5.1; .NET CLR 2.0.50727; .NET CLR 1.1.4322; .NET CLR 3.0.04506.30; .NET CLR 3.0.04506.648)"
209.217.110.121 - - [20/Aug/2008:15:45:53 -0400] "GET /SpecsSearch/pages/images/pdf-icon.gif HTTP/1.1" 200 915 "http://palcan.scc.ca/SpecsSearch/SpecsSearchAction.do?prog_ID=1" "Mozilla/5.0 (Macintosh; U; Intel Mac OS X; en-US; rv:1.8.1.16) Gecko/20080702 Firefox/2.0.0.16"
209.217.110.121 - - [20/Aug/2008:15:45:52 -0400] "GET /SpecsSearch/SpecsSearchAction.do?prog_ID=1 HTTP/1.1" 200 245120 "-" "Mozilla/5.0 (Macintosh; U; Intel Mac OS X; en-US; rv:1.8.1.16) Gecko/20080702 Firefox/2.0.0.16"
209.217.110.121 - - [20/Aug/2008:15:45:53 -0400] "GET /favicon.ico HTTP/1.1" 404 331 "-" "Mozilla/5.0 (Macintosh; U; Intel Mac OS X; en-US; rv:1.8.1.16) Gecko/20080702 Firefox/2.0.0.16"
75.154.100.110 - - [20/Aug/2008:15:46:01 -0400] "POST /SpecsSearch/SpecsSearchAction.do HTTP/1.1" 200 16109 "http://palcan.scc.ca/SpecsSearch/GLSearchForm.do?language=en" "Mozilla/4.0 (compatible; MSIE 7.0; Windows NT 5.1; .NET CLR 2.0.50727; .NET CLR 1.1.4322; .NET CLR 3.0.04506.30; .NET CLR 3.0.04506.648)"
66.249.66.42 - - [20/Aug/2008:15:45:44 -0400] "GET /eSpecs/DocumentReferenced.do?GID=APPPCAAAAAAAAAAA&page=1&nRecords=10&searchValue=60601-1&searchKey=DOCNO&organizations=UL&displayWithdrawn=false¤cy=CAD HTTP/1.1" 200 90112 "-" "Mozilla/5.0 (compatible; Googlebot/2.1; +http://www.google.com/bot.html)"
75.154.100.110 - - [20/Aug/2008:15:46:06 -0400] "GET /SpecsSearch/pages/images/BigCLASLogo.gif HTTP/1.1" 304 - "http://palcan.scc.ca/SpecsSearch/CalibrationSearchForm.do" "Mozilla/4.0 (compatible; MSIE 7.0; Windows NT 5.1; .NET CLR 2.0.50727; .NET CLR 1.1.4322; .NET CLR 3.0.04506.30; .NET CLR 3.0.04506.648)"
75.154.100.110 - - [20/Aug/2008:15:46:06 -0400] "GET /SpecsSearch/CalibrationSearchForm.do HTTP/1.1" 200 28197 "http://palcan.scc.ca/SpecsSearch/SpecsSearchAction.do" "Mozilla/4.0 (compatible; MSIE 7.0; Windows NT 5.1; .NET CLR 2.0.50727; .NET CLR 1.1.4322; .NET CLR 3.0.04506.30; .NET CLR 3.0.04506.648)"
75.154.100.110 - - [20/Aug/2008:15:46:11 -0400] "POST /SpecsSearch/SpecsSearchAction.do HTTP/1.1" 200 16109 "http://palcan.scc.ca/SpecsSearch/CalibrationSearchForm.do" "Mozilla/4.0 (compatible; MSIE 7.0; Windows NT 5.1; .NET CLR 2.0.50727; .NET CLR 1.1.4322; .NET CLR 3.0.04506.30; .NET CLR 3.0.04506.648)"
75.154.100.110 - - [20/Aug/2008:15:46:19 -0400] "GET /SpecsSearch/PTSearchForm.do HTTP/1.1" 200 27580 "http://palcan.scc.ca/SpecsSearch/SpecsSearchAction.do" "Mozilla/4.0 (compatible; MSIE 7.0; Windows NT 5.1; .NET CLR 2.0.50727; .NET CLR 1.1.4322; .NET CLR 3.0.04506.30; .NET CLR 3.0.04506.648)"
75.154.100.110 - - [20/Aug/2008:15:46:24 -0400] "POST /SpecsSearch/SpecsSearchAction.do HTTP/1.1" 200 16109 "http://palcan.scc.ca/SpecsSearch/PTSearchForm.do" "Mozilla/4.0 (compatible; MSIE 7.0; Windows NT 5.1; .NET CLR 2.0.50727; .NET CLR 1.1.4322; .NET CLR 3.0.04506.30; .NET CLR 3.0.04506.648)"
74.6.22.96 - - [20/Aug/2008:15:46:31 -0400] "GET /eSpecs/AddDocumentAction.do?mediaType=ELEC&GID=CDOTACAAAAAAAAAA&page=1&nRecords=10&searchValue=B+221&searchKey=DOCNO&organizations=ASTM&displayWithdrawn=false¤cy=CAD HTTP/1.0" 200 81312 "-" "Mozilla/5.0 (compatible; Yahoo! Slurp; http://help.yahoo.com/help/us/ysearch/slurp)"
66.249.66.42 - - [20/Aug/2008:15:46:29 -0400] "GET /eSpecs/DocumentReferenced.do?GID=JFRQECAAAAAAAAAA&page=1&nRecords=10&searchValue=EIA-606&searchKey=DOCNO&organizations=TIA&displayWithdrawn=false¤cy=CAD HTTP/1.1" 200 138757 "-" "Mozilla/5.0 (compatible; Googlebot/2.1; +http://www.google.com/bot.html)"
74.6.22.96 - - [20/Aug/2008:15:46:51 -0400] "GET /eSpecs/SearchFormAction.do?page=1&searchValue=D1.4&searchKey=DOCNO&organizations=AWS HTTP/1.0" 200 85179 "-" "Mozilla/5.0 (compatible; Yahoo! Slurp; http://help.yahoo.com/help/us/ysearch/slurp)"
142.46.199.30 - - [20/Aug/2008:15:47:05 -0400] "GET /eSpecs/SearchFormAction.do?page=1&searchValue=17025&searchKey=DOCNO&organizations=ISO HTTP/1.0" 200 100727 "-" "Mozilla/4.0 (compatible; ipMonitor 8.5)"
66.249.66.42 - - [20/Aug/2008:15:47:12 -0400] "GET /eSpecs/DocumentReferenced.do?GID=CBGZDAAAAAAAAAAA&page=1&nRecords=10&searchValue=SAE%20AMS%202175&searchKey=DOCNO&organizations=&displayWithdrawn=false¤cy=CAD HTTP/1.1" 200 154427 "-" "Mozilla/5.0 (compatible; Googlebot/2.1; +http://www.google.com/bot.html)"
65.55.210.225 - - [20/Aug/2008:15:47:36 -0400] "GET /eSpecs/SearchFormAction.do?page=1&searchValue=SAE+AS+478&searchKey=DOCNO&organizations= HTTP/1.1" 200 85147 "-" "msnbot/1.1 (+http://search.msn.com/msnbot.htm)"
65.55.210.225 - - [20/Aug/2008:15:47:46 -0400] "GET /eSpecs/SearchFormAction.do?page=1&searchValue=10012&searchKey=DOCNO&organizations=ISO HTTP/1.1" 200 90524 "-" "msnbot/1.1 (+http://search.msn.com/msnbot.htm)"
66.249.66.42 - - [20/Aug/2008:15:47:54 -0400] "GET /eSpecs/DocumentReferenced.do?GID=MDXYCAAAAAAAAAAA&page=1&nRecords=10&searchValue=61010-1&searchKey=DOCNO&organizations=BSI&displayWithdrawn=false¤cy=CAD HTTP/1.1" 200 100565 "-" "Mozilla/5.0 (compatible; Googlebot/2.1; +http://www.google.com/bot.html)"
65.55.210.225 - - [20/Aug/2008:15:47:55 -0400] "GET /eSpecs/SearchFormAction.do?page=1&searchValue=B+633&searchKey=DOCNO&organizations=ASTM HTTP/1.1" 200 85166 "-" "msnbot/1.1 (+http://search.msn.com/msnbot.htm)"
216.26.209.104 - - [20/Aug/2008:15:48:11 -0400] "GET /specs/pdf/122_e.pdf HTTP/1.1" 200 35125 "-" "Mozilla/4.0 (compatible; MSIE 6.0; Windows NT 5.1; SV1; .NET CLR 1.0.3705; .NET CLR 1.1.4322; Media Center PC 4.0)"
74.6.22.96 - - [20/Aug/2008:15:48:19 -0400] "GET /eSpecs/DocumentReferenced.do?GID=VJYLIBAAAAAAAAAA&page=1&nRecords=10&searchValue=70&searchKey=DOCNO&organizations=NFPA&displayWithdrawn=false¤cy=CAD HTTP/1.0" 200 83717 "-" "Mozilla/5.0 (compatible; Yahoo! Slurp; http://help.yahoo.com/help/us/ysearch/slurp)"
204.40.1.129 - - [20/Aug/2008:15:48:30 -0400] "GET /SpecsSearch/TLSearchForm.do HTTP/1.1" 200 29235 "-" "Mozilla/4.0 (compatible; MSIE 6.0; Windows NT 5.1; SV1)"
204.40.1.129 - - [20/Aug/2008:15:48:30 -0400] "GET /SpecsSearch/pages/images/questionMark.gif HTTP/1.1" 200 206 "http://palcan.scc.ca/SpecsSearch/TLSearchForm.do" "Mozilla/4.0 (compatible; MSIE 6.0; Windows NT 5.1; SV1)"
204.40.1.129 - - [20/Aug/2008:15:48:54 -0400] "POST /SpecsSearch/SpecsSearchAction.do HTTP/1.1" 200 22052 "http://palcan.scc.ca/SpecsSearch/TLSearchForm.do" "Mozilla/4.0 (compatible; MSIE 6.0; Windows NT 5.1; SV1)"
204.40.1.129 - - [20/Aug/2008:15:48:54 -0400] "GET /SpecsSearch/pages/images/pdf-icon.gif HTTP/1.1" 200 915 "http://palcan.scc.ca/SpecsSearch/SpecsSearchAction.do" "Mozilla/4.0 (compatible; MSIE 6.0; Windows NT 5.1; SV1)"
66.249.66.42 - - [20/Aug/2008:15:48:33 -0400] "GET /eSpecs/DocumentReferenced.do?GID=KYJBACAAAAAAAAAA&page=1&nRecords=10&searchValue=14000&searchKey=DOCNO&organizations=ISO&displayWithdrawn=false¤cy=CAD HTTP/1.1" 200 328488 "-" "Mozilla/5.0 (compatible; Googlebot/2.1; +http://www.google.com/bot.html)"
74.15.212.172 - - [20/Aug/2008:15:49:07 -0400] "GET /includes/iupload_print.js HTTP/1.1" 404 345 "http://palcan.scc.ca/SpecsSearch/CalibrationSearchForm.do" "Mozilla/4.0 (compatible; MSIE 7.0; Windows NT 6.0; SLCC1; .NET CLR 2.0.50727; Media Center PC 5.0; .NET CLR 3.0.04506)"
74.15.212.172 - - [20/Aug/2008:15:49:07 -0400] "GET /SpecsSearch/pages/images/BigCLASLogo.gif HTTP/1.1" 200 6164 "http://palcan.scc.ca/SpecsSearch/CalibrationSearchForm.do" "Mozilla/4.0 (compatible; MSIE 7.0; Windows NT 6.0; SLCC1; .NET CLR 2.0.50727; Media Center PC 5.0; .NET CLR 3.0.04506)"
74.15.212.172 - - [20/Aug/2008:15:49:07 -0400] "GET /SpecsSearch/CalibrationSearchForm.do HTTP/1.1" 200 28294 "-" "Mozilla/4.0 (compatible; MSIE 7.0; Windows NT 6.0; SLCC1; .NET CLR 2.0.50727; Media Center PC 5.0; .NET CLR 3.0.04506)"
74.15.212.172 - - [20/Aug/2008:15:49:07 -0400] "GET /favicon.ico HTTP/1.1" 404 331 "-" "Mozilla/4.0 (compatible; MSIE 7.0; Windows NT 6.0; SLCC1; .NET CLR 2.0.50727; Media Center PC 5.0; .NET CLR 3.0.04506)"
204.40.1.129 - - [20/Aug/2008:15:49:14 -0400] "GET /specs/pdf/51_e.pdf HTTP/1.1" 200 55889 "http://palcan.scc.ca/SpecsSearch/SpecsSearchAction.do" "Mozilla/4.0 (compatible; MSIE 6.0; Windows NT 5.1; SV1)"
216.26.209.104 - - [20/Aug/2008:15:49:20 -0400] "GET /SpecsSearch/GLSearchForm.do HTTP/1.1" 200 27296 "-" "Mozilla/4.0 (compatible; MSIE 6.0; Windows NT 5.1; SV1; .NET CLR 1.0.3705; .NET CLR 1.1.4322; Media Center PC 4.0)"
66.249.66.42 - - [20/Aug/2008:15:49:23 -0400] "GET /eSpecs/DocumentReferenced.do?GID=NEMSACAAAAAAAAAA&page=1&nRecords=10&searchValue=Z49.1&searchKey=DOCNO&organizations=AWS&displayWithdrawn=false¤cy=CAD HTTP/1.1" 200 137115 "-" "Mozilla/5.0 (compatible; Googlebot/2.1; +http://www.google.com/bot.html)"
204.40.1.129 - - [20/Aug/2008:15:49:15 -0400] "GET /specs/pdf/51_e.pdf HTTP/1.1" 206 47697 "-" "Mozilla/4.0 (compatible; MSIE 6.0; Windows NT 5.1; SV1)"
69.20.237.136 - - [20/Aug/2008:15:49:45 -0400] "GET / HTTP/1.0" 200 118 "-" "gsa-crawler (Enterprise; M2-NEY9DHEKUA2AA; dnajm@scc.ca)"
69.20.237.136 - - [20/Aug/2008:15:49:45 -0400] "GET /SpecsSearch/index.jsp HTTP/1.0" 302 - "-" "gsa-crawler (Enterprise; M2-NEY9DHEKUA2AA; dnajm@scc.ca)"
69.20.237.136 - - [20/Aug/2008:15:49:45 -0400] "GET /SpecsSearch/Welcome.do;jsessionid=770D29415AA5CBB4A67A53DD2E8B7BF1 HTTP/1.0" 302 - "-" "gsa-crawler (Enterprise; M2-NEY9DHEKUA2AA; dnajm@scc.ca)"
69.20.237.136 - - [20/Aug/2008:15:49:45 -0400] "GET /SpecsSearch/GLSearchForm.do HTTP/1.0" 200 27296 "-" "gsa-crawler (Enterprise; M2-NEY9DHEKUA2AA; dnajm@scc.ca)"
74.6.22.96 - - [20/Aug/2008:15:49:58 -0400] "GET /eSpecs/SearchFormAction.do?page=1&searchValue=Z49.1&searchKey=DOCNO&organizations=AWS HTTP/1.0" 200 85153 "-" "Mozilla/5.0 (compatible; Yahoo! Slurp; http://help.yahoo.com/help/us/ysearch/slurp)"
66.249.66.42 - - [20/Aug/2008:15:50:10 -0400] "GET /eSpecs/DocumentReferenced.do?GID=DULJGCAAAAAAAAAA&page=1&nRecords=10&searchValue=9001&searchKey=DOCNO&organizations=ISO&displayWithdrawn=false¤cy=CAD HTTP/1.1" 200 84288 "-" "Mozilla/5.0 (compatible; Googlebot/2.1; +http://www.google.com/bot.html)"
216.26.209.104 - - [20/Aug/2008:15:50:32 -0400] "GET /specs/pdf/122_e.pdf HTTP/1.1" 304 - "-" "Mozilla/4.0 (compatible; MSIE 6.0; Windows NT 5.1; SV1; .NET CLR 1.0.3705; .NET CLR 1.1.4322; Media Center PC 4.0)"
142.46.199.30 - - [20/Aug/2008:15:50:41 -0400] "HEAD / HTTP/1.0" 200 - "-" "Mozilla/4.0 (compatible; ipMonitor 8.5)"
142.46.199.30 - - [20/Aug/2008:15:50:49 -0400] "HEAD / HTTP/1.0" 200 - "-" "Mozilla/4.0 (compatible; ipMonitor 8.5)"
66.249.66.42 - - [20/Aug/2008:15:50:51 -0400] "GET /eSpecs/DocumentReferenced.do?GID=FGVOCAAAAAAAAAAA&page=1&nRecords=10&searchValue=EIA-606&searchKey=DOCNO&organizations=TIA&displayWithdrawn=false¤cy=CAD HTTP/1.1" 200 83852 "-" "Mozilla/5.0 (compatible; Googlebot/2.1; +http://www.google.com/bot.html)"
74.6.22.96 - - [20/Aug/2008:15:51:15 -0400] "GET /eSpecs/AddDocumentAction.do?mediaType=ELEC&GID=DPWFIBAAAAAAAAAA&page=1&nRecords=10&searchValue=1864&searchKey=DOCNO&organizations=ASTM&displayWithdrawn=false¤cy=CAD HTTP/1.0" 200 81310 "-" "Mozilla/5.0 (compatible; Yahoo! Slurp; http://help.yahoo.com/help/us/ysearch/slurp)"
74.15.212.172 - - [20/Aug/2008:15:51:23 -0400] "GET /includes/iupload_print.js HTTP/1.1" 404 345 "http://palcan.scc.ca/SpecsSearch/CalibrationSearchForm.do?language=fr" "Mozilla/4.0 (compatible; MSIE 7.0; Windows NT 6.0; SLCC1; .NET CLR 2.0.50727; Media Center PC 5.0; .NET CLR 3.0.04506)"
74.15.212.172 - - [20/Aug/2008:15:51:23 -0400] "GET /SpecsSearch/pages/images/BigCLASLogo.gif HTTP/1.1" 304 - "http://palcan.scc.ca/SpecsSearch/CalibrationSearchForm.do?language=fr" "Mozilla/4.0 (compatible; MSIE 7.0; Windows NT 6.0; SLCC1; .NET CLR 2.0.50727; Media Center PC 5.0; .NET CLR 3.0.04506)"
74.15.212.172 - - [20/Aug/2008:15:51:23 -0400] "GET /SpecsSearch/CalibrationSearchForm.do?language=fr HTTP/1.1" 200 28294 "http://infoex.nrc-cnrc.gc.ca/inms/search_clas_f.html" "Mozilla/4.0 (compatible; MSIE 7.0; Windows NT 6.0; SLCC1; .NET CLR 2.0.50727; Media Center PC 5.0; .NET CLR 3.0.04506)"
66.249.66.42 - - [20/Aug/2008:15:51:27 -0400] "GET /eSpecs/DocumentReferenced.do?GID=SWQVCAAAAAAAAAAA&page=1&nRecords=10&searchValue=EIA-606&searchKey=DOCNO&organizations=TIA&displayWithdrawn=false¤cy=CAD HTTP/1.1" 200 82870 "-" "Mozilla/5.0 (compatible; Googlebot/2.1; +http://www.google.com/bot.html)"
216.26.209.104 - - [20/Aug/2008:15:51:35 -0400] "GET /favicon.ico HTTP/1.1" 404 331 "-" "Mozilla/4.0 (compatible; MSIE 6.0; Windows NT 5.1; SV1; .NET CLR 1.0.3705; .NET CLR 1.1.4322; Media Center PC 4.0)"
70.74.65.173 - - [20/Aug/2008:15:51:51 -0400] "GET /eSpecs/DocumentDetails.do?GID=JMJSACAAAAAAAAAA¤cy=CAD HTTP/1.1" 200 8056 "http://www.google.ca/search?hl=en&q=Z662-07&meta=cr%3DcountryCA" "Mozilla/4.0 (compatible; MSIE 7.0; Windows NT 5.1; .NET CLR 1.1.4322; .NET CLR 2.0.50727; InfoPath.1)"
70.74.65.173 - - [20/Aug/2008:15:51:54 -0400] "GET /eSpecs/css/index2.css HTTP/1.1" 200 10928 "http://www.standardsstore.ca/eSpecs/DocumentDetails.do?GID=JMJSACAAAAAAAAAA¤cy=CAD" "Mozilla/4.0 (compatible; MSIE 7.0; Windows NT 5.1; .NET CLR 1.1.4322; .NET CLR 2.0.50727; InfoPath.1)"
70.74.65.173 - - [20/Aug/2008:15:51:55 -0400] "GET /favicon.ico HTTP/1.1" 404 339 "-" "Mozilla/4.0 (compatible; MSIE 7.0; Windows NT 5.1; .NET CLR 1.1.4322; .NET CLR 2.0.50727; InfoPath.1)"
204.40.1.129 - - [20/Aug/2008:15:52:20 -0400] "GET /SpecsSearch/TLSearchForm.do HTTP/1.1" 200 29235 "-" "Mozilla/4.0 (compatible; MSIE 6.0; Windows NT 5.1; SV1)"
204.40.1.129 - - [20/Aug/2008:15:52:20 -0400] "GET /SpecsSearch/pages/images/questionMark.gif HTTP/1.1" 200 206 "http://palcan.scc.ca/SpecsSearch/TLSearchForm.do" "Mozilla/4.0 (compatible; MSIE 6.0; Windows NT 5.1; SV1)"
142.46.199.30 - - [20/Aug/2008:15:52:20 -0400] "GET /eSpecs/SearchFormAction.do?page=1&searchValue=17025&searchKey=DOCNO&organizations=ISO HTTP/1.0" 200 100727 "-" "Mozilla/4.0 (compatible; ipMonitor 8.5)"
66.249.66.42 - - [20/Aug/2008:15:52:20 -0400] "GET /eSpecs/DocumentReferenced.do?GID=HLRZJBAAAAAAAAAA&page=1&nRecords=10&searchValue=EIA-606&searchKey=DOCNO&organizations=TIA&displayWithdrawn=false¤cy=CAD HTTP/1.1" 200 124842 "-" "Mozilla/5.0 (compatible; Googlebot/2.1; +http://www.google.com/bot.html)"
204.40.1.129 - - [20/Aug/2008:15:52:37 -0400] "POST /SpecsSearch/SpecsSearchAction.do HTTP/1.1" 200 22052 "http://palcan.scc.ca/SpecsSearch/TLSearchForm.do" "Mozilla/4.0 (compatible; MSIE 6.0; Windows NT 5.1; SV1)"
204.40.1.129 - - [20/Aug/2008:15:52:38 -0400] "GET /SpecsSearch/pages/images/pdf-icon.gif HTTP/1.1" 200 915 "http://palcan.scc.ca/SpecsSearch/SpecsSearchAction.do" "Mozilla/4.0 (compatible; MSIE 6.0; Windows NT 5.1; SV1)"
66.249.66.42 - - [20/Aug/2008:15:52:39 -0400] "GET /eSpecs/DocumentReferenced.do?GID=WRFZIBAAAAAAAAAA&page=1&nRecords=10&searchValue=9100&searchKey=DOCNO&organizations=SAE&displayWithdrawn=false¤cy=CAD HTTP/1.1" 200 156468 "-" "Mozilla/5.0 (compatible; Googlebot/2.1; +http://www.google.com/bot.html)"
65.55.110.146 - - [20/Aug/2008:15:53:10 -0400] "GET /eSpecs/DocumentReferenced.do?GID=UTPIJBAAAAAAAAAA&page=1&nRecords=10&searchValue=D1.6&searchKey=DOCNO&organizations=AWS&displayWithdrawn=false¤cy=CAD HTTP/1.0" 200 8184 "http://search.live.com/results.aspx?q=association" "Mozilla/4.0 (compatible; MSIE 6.0; Windows NT 5.2; SV1; .NET CLR 1.1.4322)"
66.249.66.42 - - [20/Aug/2008:15:53:22 -0400] "GET /eSpecs/DocumentReferenced.do?GID=NJIUCAAAAAAAAAAA&page=1&nRecords=10&searchValue=TIA-569&searchKey=DOCNO&organizations=TIA&displayWithdrawn=false¤cy=CAD HTTP/1.1" 200 184803 "-" "Mozilla/5.0 (compatible; Googlebot/2.1; +http://www.google.com/bot.html)"
70.54.255.18 - - [20/Aug/2008:15:53:41 -0400] "GET /specs/pdf/560_f.pdf HTTP/1.1" 200 28773 "http://www.google.ca/search?hl=en&q=BNQ+bloc+b%C3%A9ton+pr%C3%A9fabriqu%C3%A9&meta=" "Mozilla/4.0 (compatible; MSIE 7.0; Windows NT 5.1; UMA-MIS; .NET CLR 1.1.4322; .NET CLR 2.0.50727; .NET CLR 3.0.04506.30; UMA-MIS; UMA-MIS)"
66.249.66.42 - - [20/Aug/2008:15:54:05 -0400] "GET /eSpecs/DocumentReferenced.do?GID=DXBEHBAAAAAAAAAA&page=1&nRecords=10&searchValue=NAS%201149&searchKey=DOCNO&organizations=&displayWithdrawn=false¤cy=CAD HTTP/1.1" 200 119537 "-" "Mozilla/5.0 (compatible; Googlebot/2.1; +http://www.google.com/bot.html)"
74.6.22.96 - - [20/Aug/2008:15:54:15 -0400] "GET /eSpecs/AddDocumentAction.do?mediaType=ELEC&GID=ALJJFCAAAAAAAAAA&page=1&nRecords=10&searchValue=11801&searchKey=DOCNO&organizations=ISO&displayWithdrawn=false¤cy=CAD HTTP/1.0" 200 81310 "-" "Mozilla/5.0 (compatible; Yahoo! Slurp; http://help.yahoo.com/help/us/ysearch/slurp)"
68.179.120.13 - - [20/Aug/2008:15:55:02 -0400] "GET /specs/pdf/129_e.pdf HTTP/1.1" 200 53961 "http://www.google.ca/search?hl=en&cr=countryCA&q=%22+food+storage+temperature+%22&start=10&sa=N" "Mozilla/4.0 (compatible; MSIE 6.0; Windows NT 5.1; SV1; .NET CLR 1.1.4322; .NET CLR 2.0.50727)"
66.249.66.42 - - [20/Aug/2008:15:54:46 -0400] "GET /eSpecs/DocumentReferenced.do?GID=LIDHCAAAAAAAAAAA&page=1&nRecords=10&searchValue=SAE%20HDBK&searchKey=DOCNO&organizations=&displayWithdrawn=false¤cy=CAD HTTP/1.1" 200 241392 "-" "Mozilla/5.0 (compatible; Googlebot/2.1; +http://www.google.com/bot.html)"
66.249.66.42 - - [20/Aug/2008:15:55:32 -0400] "GET /eSpecs/DocumentReferenced.do?GID=ISKZDAAAAAAAAAAA&page=1&nRecords=10&searchValue=TC-1A&searchKey=DOCNO&organizations=&displayWithdrawn=false¤cy=CAD HTTP/1.1" 200 103792 "-" "Mozilla/5.0 (compatible; Googlebot/2.1; +http://www.google.com/bot.html)"
142.46.199.30 - - [20/Aug/2008:15:55:41 -0400] "HEAD / HTTP/1.0" 200 - "-" "Mozilla/4.0 (compatible; ipMonitor 8.5)"
142.46.199.30 - - [20/Aug/2008:15:55:49 -0400] "HEAD / HTTP/1.0" 200 - "-" "Mozilla/4.0 (compatible; ipMonitor 8.5)"
66.249.66.42 - - [20/Aug/2008:15:56:13 -0400] "GET /eSpecs/DocumentReferenced.do?GID=VBKTDBAAAAAAAAAA&page=1&nRecords=10&searchValue=ANSI%20A92.2&searchKey=DOCNO&organizations=ANSI&displayWithdrawn=false¤cy=CAD HTTP/1.1" 200 94298 "-" "Mozilla/5.0 (compatible; Googlebot/2.1; +http://www.google.com/bot.html)"
65.55.210.235 - - [20/Aug/2008:15:56:18 -0400] "GET /eSpecs/AddDocumentAction.do?mediaType=HC&GID=HWKXYBAAAAAAAAAA&page=1&nRecords=10&searchValue=9001&searchKey=DOCNO&organizations=ISO&displayWithdrawn=false¤cy=CAD HTTP/1.1" 200 81304 "-" "msnbot/1.1 (+http://search.msn.com/msnbot.htm)"
74.6.22.96 - - [20/Aug/2008:15:56:25 -0400] "GET /eSpecs/ HTTP/1.0" 200 87645 "-" "Mozilla/5.0 (compatible; Yahoo! Slurp; http://help.yahoo.com/help/us/ysearch/slurp)"
65.117.17.29 - - [20/Aug/2008:15:56:42 -0400] "GET /specs/pdf/23_e.pdf HTTP/1.0" 200 42421 "http://www.google.com/search?client=safari&rls=en&q=CSA%20vinyl%20flooring&ie=UTF-8&oe=UTF-8" "Mozilla/5.0 (Windows; U; Windows NT 5.1; en-US) AppleWebKit/525.19 (KHTML, like Gecko) Version/3.1.2 Safari/525.21"
65.117.17.29 - - [20/Aug/2008:15:56:42 -0400] "GET /favicon.ico HTTP/1.0" 404 331 "http://palcan.scc.ca/specs/pdf/23_e.pdf" "Mozilla/5.0 (Windows; U; Windows NT 5.1; en-US) AppleWebKit/525.19 (KHTML, like Gecko) Version/3.1.2 Safari/525.21"
66.249.66.42 - - [20/Aug/2008:15:56:49 -0400] "GET /eSpecs/DocumentReferenced.do?GID=BWVRCAAAAAAAAAAA&page=1&nRecords=10&searchValue=9100&searchKey=DOCNO&organizations=SAE&displayWithdrawn=false¤cy=CAD HTTP/1.1" 200 87373 "-" "Mozilla/5.0 (compatible; Googlebot/2.1; +http://www.google.com/bot.html)"
76.66.0.158 - - [20/Aug/2008:15:56:51 -0400] "GET /SpecsSearch/pages/images/pdf-icon.gif HTTP/1.1" 200 915 "http://palcan.scc.ca/SpecsSearch/SpecsSearchAction.do" "Mozilla/4.0 (compatible; MSIE 6.0; Windows NT 5.1; SV1; .NET CLR 1.1.4322)"
76.66.0.158 - - [20/Aug/2008:15:56:51 -0400] "GET /SpecsSearch/SpecsSearchAction.do HTTP/1.1" 200 314804 "http://www.google.ca/search?hl=en&q=food+labs+toronto&btnG=Google+Search&meta=" "Mozilla/4.0 (compatible; MSIE 6.0; Windows NT 5.1; SV1; .NET CLR 1.1.4322)"
209.52.148.149 - - [20/Aug/2008:15:56:55 -0400] "GET /specs/pdf/76_e.pdf HTTP/1.1" 200 38881 "http://www.google.ca/hws/search?hl=en&client=dell-row-rel&channel=ca-psp&ibd=6080324&q=CSA+C22.2+No.3+FT-4" "Mozilla/4.0 (compatible; MSIE 6.0; Windows NT 5.1; SV1; .NET CLR 1.1.4322; .NET CLR 2.0.50727)"
67.195.37.89 - - [20/Aug/2008:15:57:03 -0400] "GET /specs/pdf/803_e.pdf HTTP/1.0" 200 26625 "-" "Mozilla/5.0 (compatible; Yahoo! Slurp; http://help.yahoo.com/help/us/ysearch/slurp)"
12.159.142.2 - - [20/Aug/2008:15:57:13 -0400] "GET /specs/pdf/99_e.pdf HTTP/1.1" 200 37041 "http://www.google.com/search?hl=en&q=CSA+C22.2+108" "Mozilla/4.0 (compatible; MSIE 6.0; Windows NT 5.1; SV1; InfoPath.1; .NET CLR 2.0.50727)"
142.46.199.30 - - [20/Aug/2008:15:57:22 -0400] "GET /eSpecs/SearchFormAction.do?page=1&searchValue=17025&searchKey=DOCNO&organizations=ISO HTTP/1.0" 200 100727 "-" "Mozilla/4.0 (compatible; ipMonitor 8.5)"
66.249.66.42 - - [20/Aug/2008:15:57:20 -0400] "GET /eSpecs/DocumentReferenced.do?GID=AKGRACAAAAAAAAAA&page=1&nRecords=10&searchValue=101&searchKey=DOCNO&organizations=NFPA&displayWithdrawn=false¤cy=CAD HTTP/1.1" 200 89645 "-" "Mozilla/5.0 (compatible; Googlebot/2.1; +http://www.google.com/bot.html)"
74.6.22.96 - - [20/Aug/2008:15:57:26 -0400] "GET /eSpecs/SearchFormAction.do?page=1&searchValue=D17.1&searchKey=DOCNO&organizations=AWS HTTP/1.0" 200 85203 "-" "Mozilla/5.0 (compatible; Yahoo! Slurp; http://help.yahoo.com/help/us/ysearch/slurp)"
65.55.210.235 - - [20/Aug/2008:15:57:44 -0400] "GET /eSpecs/AddDocumentAction.do?mediaType=ELEC&GID=MDJPJBAAAAAAAAAA&page=1&nRecords=10&searchValue=A3.0&searchKey=DOCNO&organizations=AWS&displayWithdrawn=false¤cy=CAD HTTP/1.1" 200 81308 "-" "msnbot/1.1 (+http://search.msn.com/msnbot.htm)"
66.249.66.42 - - [20/Aug/2008:15:57:49 -0400] "GET /eSpecs/DocumentReferenced.do?GID=LQSJGBAAAAAAAAAA&page=1&nRecords=10&searchValue=90A&searchKey=DOCNO&organizations=NFPA&displayWithdrawn=false¤cy=CAD HTTP/1.1" 200 153763 "-" "Mozilla/5.0 (compatible; Googlebot/2.1; +http://www.google.com/bot.html)"
199.46.200.232 - - [20/Aug/2008:15:58:07 -0400] "GET /specs/pdf/71_e.pdf HTTP/1.1" 200 30110 "http://www.google.com/search?hl=en&q=ASTM+e1019&btnG=Google+Search" "Mozilla/4.0 (compatible; MSIE 6.0; Windows NT 5.1; SV1; .NET CLR 1.0.3705; .NET CLR 2.0.50727; .NET CLR 3.0.04506.30)"
66.249.66.42 - - [20/Aug/2008:15:58:20 -0400] "GET /eSpecs/DocumentReferenced.do?GID=IJUBDBAAAAAAAAAA&page=1&nRecords=10&searchValue=A5.12/A5.12M&searchKey=DOCNO&organizations=AWS&displayWithdrawn=false¤cy=CAD HTTP/1.1" 200 94345 "-" "Mozilla/5.0 (compatible; Googlebot/2.1; +http://www.google.com/bot.html)"
134.253.26.11 - - [20/Aug/2008:15:58:54 -0400] "GET /eSpecs/css/index.css HTTP/1.0" 200 10895 "http://www.standardsstore.ca/eSpecs/DocumentReferenced.do?GID=FCGSXBAAAAAAAAAA&page=1&nRecords=10&searchValue=NASM21209&searchKey=DOCNO&organizations=&displayWithdrawn=false¤cy=CAD" "Mozilla/4.0 (compatible; MSIE 6.0; Windows NT 5.1; SV1; .NET CLR 1.1.4322; .NET CLR 2.0.50727; .NET CLR 3.0.04506.30; .NET CLR 3.0.04506.648)"
66.249.66.42 - - [20/Aug/2008:15:58:50 -0400] "GET /eSpecs/DocumentReferenced.do?GID=WDHSABAAAAAAAAAA&page=1&nRecords=10&searchValue=9100&searchKey=DOCNO&organizations=SAE&displayWithdrawn=false¤cy=CAD HTTP/1.1" 200 116549 "-" "Mozilla/5.0 (compatible; Googlebot/2.1; +http://www.google.com/bot.html)"
134.253.26.11 - - [20/Aug/2008:15:58:56 -0400] "GET /eSpecs/js/main.js HTTP/1.0" 200 9677 "http://www.standardsstore.ca/eSpecs/DocumentReferenced.do?GID=FCGSXBAAAAAAAAAA&page=1&nRecords=10&searchValue=NASM21209&searchKey=DOCNO&organizations=&displayWithdrawn=false¤cy=CAD" "Mozilla/4.0 (compatible; MSIE 6.0; Windows NT 5.1; SV1; .NET CLR 1.1.4322; .NET CLR 2.0.50727; .NET CLR 3.0.04506.30; .NET CLR 3.0.04506.648)"
