66.110.7.180 - - [20/Aug/2008:15:01:25 -0400] "GET /eSpecs/images/en/isoiec17025.gif HTTP/1.1" 200 39008 "http://www.standardsstore.ca/eSpecs/index.jsp" "Mozilla/4.0 (compatible; MSIE 6.0; Windows NT 5.1; SV1; Mozilla/4.0 (compatible; MSIE 6.0; Windows NT 5.1; SV1) ; .NET CLR 1.1.4322; InfoPath.1; .NET CLR 2.0.50727; .NET CLR 3.0.04506.30)"
66.110.7.180 - - [20/Aug/2008:15:01:26 -0400] "GET /eSpecs/images/header.gif HTTP/1.1" 200 13254 "http://www.standardsstore.ca/eSpecs/index.jsp" "Mozilla/4.0 (compatible; MSIE 6.0; Windows NT 5.1; SV1; Mozilla/4.0 (compatible; MSIE 6.0; Windows NT 5.1; SV1) ; .NET CLR 1.1.4322; InfoPath.1; .NET CLR 2.0.50727; .NET CLR 3.0.04506.30)"
66.110.7.180 - - [20/Aug/2008:15:01:26 -0400] "GET /eSpecs/images/NSS2008.jpg HTTP/1.1" 200 14223 "http://www.standardsstore.ca/eSpecs/index.jsp" "Mozilla/4.0 (compatible; MSIE 6.0; Windows NT 5.1; SV1; Mozilla/4.0 (compatible; MSIE 6.0; Windows NT 5.1; SV1) ; .NET CLR 1.1.4322; InfoPath.1; .NET CLR 2.0.50727; .NET CLR 3.0.04506.30)"
66.110.7.180 - - [20/Aug/2008:15:01:26 -0400] "GET /eSpecs/images/help.jpg HTTP/1.1" 200 389 "http://www.standardsstore.ca/eSpecs/index.jsp" "Mozilla/4.0 (compatible; MSIE 6.0; Windows NT 5.1; SV1; Mozilla/4.0 (compatible; MSIE 6.0; Windows NT 5.1; SV1) ; .NET CLR 1.1.4322; InfoPath.1; .NET CLR 2.0.50727; .NET CLR 3.0.04506.30)"
66.110.7.180 - - [20/Aug/2008:15:01:27 -0400] "GET /eSpecs/images/iso.gif HTTP/1.1" 200 2457 "http://www.standardsstore.ca/eSpecs/index.jsp" "Mozilla/4.0 (compatible; MSIE 6.0; Windows NT 5.1; SV1; Mozilla/4.0 (compatible; MSIE 6.0; Windows NT 5.1; SV1) ; .NET CLR 1.1.4322; InfoPath.1; .NET CLR 2.0.50727; .NET CLR 3.0.04506.30)"
66.110.7.180 - - [20/Aug/2008:15:01:27 -0400] "GET /eSpecs/images/api.gif HTTP/1.1" 200 976 "http://www.standardsstore.ca/eSpecs/index.jsp" "Mozilla/4.0 (compatible; MSIE 6.0; Windows NT 5.1; SV1; Mozilla/4.0 (compatible; MSIE 6.0; Windows NT 5.1; SV1) ; .NET CLR 1.1.4322; InfoPath.1; .NET CLR 2.0.50727; .NET CLR 3.0.04506.30)"
66.110.7.180 - - [20/Aug/2008:15:01:27 -0400] "GET /eSpecs/images/asm.gif HTTP/1.1" 200 1711 "http://www.standardsstore.ca/eSpecs/index.jsp" "Mozilla/4.0 (compatible; MSIE 6.0; Windows NT 5.1; SV1; Mozilla/4.0 (compatible; MSIE 6.0; Windows NT 5.1; SV1) ; .NET CLR 1.1.4322; InfoPath.1; .NET CLR 2.0.50727; .NET CLR 3.0.04506.30)"
66.110.7.180 - - [20/Aug/2008:15:01:27 -0400] "GET /eSpecs/images/en/standards_alert.jpg HTTP/1.1" 200 14834 "http://www.standardsstore.ca/eSpecs/index.jsp" "Mozilla/4.0 (compatible; MSIE 6.0; Windows NT 5.1; SV1; Mozilla/4.0 (compatible; MSIE 6.0; Windows NT 5.1; SV1) ; .NET CLR 1.1.4322; InfoPath.1; .NET CLR 2.0.50727; .NET CLR 3.0.04506.30)"
66.110.7.180 - - [20/Aug/2008:15:01:27 -0400] "GET /eSpecs/images/en/exportalert.jpg HTTP/1.1" 200 16234 "http://www.standardsstore.ca/eSpecs/index.jsp" "Mozilla/4.0 (compatible; MSIE 6.0; Windows NT 5.1; SV1; Mozilla/4.0 (compatible; MSIE 6.0; Windows NT 5.1; SV1) ; .NET CLR 1.1.4322; InfoPath.1; .NET CLR 2.0.50727; .NET CLR 3.0.04506.30)"
66.110.7.180 - - [20/Aug/2008:15:01:27 -0400] "GET /eSpecs/images/iec.gif HTTP/1.1" 200 696 "http://www.standardsstore.ca/eSpecs/index.jsp" "Mozilla/4.0 (compatible; MSIE 6.0; Windows NT 5.1; SV1; Mozilla/4.0 (compatible; MSIE 6.0; Windows NT 5.1; SV1) ; .NET CLR 1.1.4322; InfoPath.1; .NET CLR 2.0.50727; .NET CLR 3.0.04506.30)"
66.110.7.180 - - [20/Aug/2008:15:01:27 -0400] "GET /eSpecs/images/en/reg.jpg HTTP/1.1" 200 13737 "http://www.standardsstore.ca/eSpecs/index.jsp" "Mozilla/4.0 (compatible; MSIE 6.0; Windows NT 5.1; SV1; Mozilla/4.0 (compatible; MSIE 6.0; Windows NT 5.1; SV1) ; .NET CLR 1.1.4322; InfoPath.1; .NET CLR 2.0.50727; .NET CLR 3.0.04506.30)"
66.110.7.180 - - [20/Aug/2008:15:01:27 -0400] "GET /eSpecs/images/research.jpg HTTP/1.1" 200 12311 "http://www.standardsstore.ca/eSpecs/index.jsp" "Mozilla/4.0 (compatible; MSIE 6.0; Windows NT 5.1; SV1; Mozilla/4.0 (compatible; MSIE 6.0; Windows NT 5.1; SV1) ; .NET CLR 1.1.4322; InfoPath.1; .NET CLR 2.0.50727; .NET CLR 3.0.04506.30)"
66.110.7.180 - - [20/Aug/2008:15:01:27 -0400] "GET /eSpecs/images/afnor.gif HTTP/1.1" 200 811 "http://www.standardsstore.ca/eSpecs/index.jsp" "Mozilla/4.0 (compatible; MSIE 6.0; Windows NT 5.1; SV1; Mozilla/4.0 (compatible; MSIE 6.0; Windows NT 5.1; SV1) ; .NET CLR 1.1.4322; InfoPath.1; .NET CLR 2.0.50727; .NET CLR 3.0.04506.30)"
66.110.7.180 - - [20/Aug/2008:15:01:27 -0400] "GET /eSpecs/images/din_logo.gif HTTP/1.1" 200 486 "http://www.standardsstore.ca/eSpecs/index.jsp" "Mozilla/4.0 (compatible; MSIE 6.0; Windows NT 5.1; SV1; Mozilla/4.0 (compatible; MSIE 6.0; Windows NT 5.1; SV1) ; .NET CLR 1.1.4322; InfoPath.1; .NET CLR 2.0.50727; .NET CLR 3.0.04506.30)"
66.110.7.180 - - [20/Aug/2008:15:01:27 -0400] "GET /eSpecs/images/canada.gif HTTP/1.1" 200 1511 "http://www.standardsstore.ca/eSpecs/index.jsp" "Mozilla/4.0 (compatible; MSIE 6.0; Windows NT 5.1; SV1; Mozilla/4.0 (compatible; MSIE 6.0; Windows NT 5.1; SV1) ; .NET CLR 1.1.4322; InfoPath.1; .NET CLR 2.0.50727; .NET CLR 3.0.04506.30)"
142.46.199.30 - - [20/Aug/2008:15:01:27 -0400] "GET /eSpecs/SearchFormAction.do?page=1&searchValue=17025&searchKey=DOCNO&organizations=ISO HTTP/1.0" 200 100727 "-" "Mozilla/4.0 (compatible; ipMonitor 8.5)"
66.249.66.42 - - [20/Aug/2008:15:01:17 -0400] "GET /eSpecs/DocumentReferenced.do?GID=ZNDZHBAAAAAAAAAA&page=1&nRecords=10&searchValue=EIA-606&searchKey=DOCNO&organizations=TIA&displayWithdrawn=false¤cy=CAD HTTP/1.1" 200 8192 "-" "Mozilla/5.0 (compatible; Googlebot/2.1; +http://www.google.com/bot.html)"
66.249.66.42 - - [20/Aug/2008:15:02:37 -0400] "GET /eSpecs/DocumentReferenced.do?GID=KEFVCAAAAAAAAAAA&page=1&nRecords=10&searchValue=AWS%20D17.1&searchKey=DOCNO&organizations=&displayWithdrawn=false¤cy=CAD HTTP/1.1" 200 84638 "-" "Mozilla/5.0 (compatible; Googlebot/2.1; +http://www.google.com/bot.html)"
66.249.66.42 - - [20/Aug/2008:15:01:57 -0400] "GET /eSpecs/DocumentReferenced.do?GID=PCUPJBAAAAAAAAAA&page=1&nRecords=10&searchValue=ASTM%20E%20399&searchKey=DOCNO&organizations=&displayWithdrawn=false¤cy=CAD HTTP/1.1" 200 8192 "-" "Mozilla/5.0 (compatible; Googlebot/2.1; +http://www.google.com/bot.html)"
66.249.66.42 - - [20/Aug/2008:15:03:11 -0400] "GET /eSpecs/DocumentReferenced.do?GID=QBOABCAAAAAAAAAA&page=1&nRecords=10&searchValue=B%20633&searchKey=DOCNO&organizations=ASTM&displayWithdrawn=false¤cy=CAD HTTP/1.1" 200 124920 "-" "Mozilla/5.0 (compatible; Googlebot/2.1; +http://www.google.com/bot.html)"
142.46.199.30 - - [20/Aug/2008:15:03:31 -0400] "GET / HTTP/1.1" 200 121 "http://www.scc.ca/en/search/index.php" "Mozilla/4.0 (compatible; MSIE 7.0; Windows NT 5.1; .NET CLR 1.1.4322; .NET CLR 2.0.50727; .NET CLR 3.0.04506.30; InfoPath.1)"
142.46.199.30 - - [20/Aug/2008:15:03:31 -0400] "GET /favicon.ico HTTP/1.1" 404 339 "-" "Mozilla/4.0 (compatible; MSIE 7.0; Windows NT 5.1; .NET CLR 1.1.4322; .NET CLR 2.0.50727; .NET CLR 3.0.04506.30; InfoPath.1)"
142.46.199.30 - - [20/Aug/2008:15:03:31 -0400] "GET /favicon.ico HTTP/1.1" 404 339 "-" "Mozilla/4.0 (compatible; MSIE 7.0; Windows NT 5.1; .NET CLR 1.1.4322; .NET CLR 2.0.50727; .NET CLR 3.0.04506.30; InfoPath.1)"
142.46.199.30 - - [20/Aug/2008:15:03:31 -0400] "GET /eSpecs/css/index.css HTTP/1.1" 200 10895 "http://www.standardsstore.ca/eSpecs/index.jsp" "Mozilla/4.0 (compatible; MSIE 7.0; Windows NT 5.1; .NET CLR 1.1.4322; .NET CLR 2.0.50727; .NET CLR 3.0.04506.30; InfoPath.1)"
142.46.199.30 - - [20/Aug/2008:15:03:31 -0400] "GET /eSpecs/js/main.js HTTP/1.1" 200 9677 "http://www.standardsstore.ca/eSpecs/index.jsp" "Mozilla/4.0 (compatible; MSIE 7.0; Windows NT 5.1; .NET CLR 1.1.4322; .NET CLR 2.0.50727; .NET CLR 3.0.04506.30; InfoPath.1)"
142.46.199.30 - - [20/Aug/2008:15:03:31 -0400] "GET /eSpecs/index.jsp HTTP/1.1" 200 87645 "-" "Mozilla/4.0 (compatible; MSIE 7.0; Windows NT 5.1; .NET CLR 1.1.4322; .NET CLR 2.0.50727; .NET CLR 3.0.04506.30; InfoPath.1)"
142.46.199.30 - - [20/Aug/2008:15:03:31 -0400] "GET /eSpecs/js/style.js HTTP/1.1" 200 3774 "http://www.standardsstore.ca/eSpecs/index.jsp" "Mozilla/4.0 (compatible; MSIE 7.0; Windows NT 5.1; .NET CLR 1.1.4322; .NET CLR 2.0.50727; .NET CLR 3.0.04506.30; InfoPath.1)"
142.46.199.30 - - [20/Aug/2008:15:03:31 -0400] "GET /eSpecs/images/scc_logo.gif HTTP/1.1" 200 4870 "http://www.standardsstore.ca/eSpecs/index.jsp" "Mozilla/4.0 (compatible; MSIE 7.0; Windows NT 5.1; .NET CLR 1.1.4322; .NET CLR 2.0.50727; .NET CLR 3.0.04506.30; InfoPath.1)"
142.46.199.30 - - [20/Aug/2008:15:03:31 -0400] "GET /eSpecs/images/header.gif HTTP/1.1" 200 13254 "http://www.standardsstore.ca/eSpecs/index.jsp" "Mozilla/4.0 (compatible; MSIE 7.0; Windows NT 5.1; .NET CLR 1.1.4322; .NET CLR 2.0.50727; .NET CLR 3.0.04506.30; InfoPath.1)"
142.46.199.30 - - [20/Aug/2008:15:03:31 -0400] "GET /eSpecs/images/ihs_logo.gif HTTP/1.1" 200 1947 "http://www.standardsstore.ca/eSpecs/index.jsp" "Mozilla/4.0 (compatible; MSIE 7.0; Windows NT 5.1; .NET CLR 1.1.4322; .NET CLR 2.0.50727; .NET CLR 3.0.04506.30; InfoPath.1)"
142.46.199.30 - - [20/Aug/2008:15:03:31 -0400] "GET /eSpecs/images/en/iso22000.gif HTTP/1.1" 200 39597 "http://www.standardsstore.ca/eSpecs/index.jsp" "Mozilla/4.0 (compatible; MSIE 7.0; Windows NT 5.1; .NET CLR 1.1.4322; .NET CLR 2.0.50727; .NET CLR 3.0.04506.30; InfoPath.1)"
142.46.199.30 - - [20/Aug/2008:15:03:31 -0400] "GET /eSpecs/images/en/isoiec17025.gif HTTP/1.1" 200 39008 "http://www.standardsstore.ca/eSpecs/index.jsp" "Mozilla/4.0 (compatible; MSIE 7.0; Windows NT 5.1; .NET CLR 1.1.4322; .NET CLR 2.0.50727; .NET CLR 3.0.04506.30; InfoPath.1)"
142.46.199.30 - - [20/Aug/2008:15:03:31 -0400] "GET /eSpecs/images/help.jpg HTTP/1.1" 200 389 "http://www.standardsstore.ca/eSpecs/index.jsp" "Mozilla/4.0 (compatible; MSIE 7.0; Windows NT 5.1; .NET CLR 1.1.4322; .NET CLR 2.0.50727; .NET CLR 3.0.04506.30; InfoPath.1)"
142.46.199.30 - - [20/Aug/2008:15:03:31 -0400] "GET /eSpecs/images/NSS2008.jpg HTTP/1.1" 200 14223 "http://www.standardsstore.ca/eSpecs/index.jsp" "Mozilla/4.0 (compatible; MSIE 7.0; Windows NT 5.1; .NET CLR 1.1.4322; .NET CLR 2.0.50727; .NET CLR 3.0.04506.30; InfoPath.1)"
142.46.199.30 - - [20/Aug/2008:15:03:31 -0400] "GET /eSpecs/images/iso.gif HTTP/1.1" 200 2457 "http://www.standardsstore.ca/eSpecs/index.jsp" "Mozilla/4.0 (compatible; MSIE 7.0; Windows NT 5.1; .NET CLR 1.1.4322; .NET CLR 2.0.50727; .NET CLR 3.0.04506.30; InfoPath.1)"
142.46.199.30 - - [20/Aug/2008:15:03:31 -0400] "GET /eSpecs/images/iec.gif HTTP/1.1" 200 696 "http://www.standardsstore.ca/eSpecs/index.jsp" "Mozilla/4.0 (compatible; MSIE 7.0; Windows NT 5.1; .NET CLR 1.1.4322; .NET CLR 2.0.50727; .NET CLR 3.0.04506.30; InfoPath.1)"
142.46.199.30 - - [20/Aug/2008:15:03:31 -0400] "GET /eSpecs/images/api.gif HTTP/1.1" 200 976 "http://www.standardsstore.ca/eSpecs/index.jsp" "Mozilla/4.0 (compatible; MSIE 7.0; Windows NT 5.1; .NET CLR 1.1.4322; .NET CLR 2.0.50727; .NET CLR 3.0.04506.30; InfoPath.1)"
142.46.199.30 - - [20/Aug/2008:15:03:31 -0400] "GET /eSpecs/images/asm.gif HTTP/1.1" 200 1711 "http://www.standardsstore.ca/eSpecs/index.jsp" "Mozilla/4.0 (compatible; MSIE 7.0; Windows NT 5.1; .NET CLR 1.1.4322; .NET CLR 2.0.50727; .NET CLR 3.0.04506.30; InfoPath.1)"
142.46.199.30 - - [20/Aug/2008:15:03:31 -0400] "GET /eSpecs/images/en/standards_alert.jpg HTTP/1.1" 200 14834 "http://www.standardsstore.ca/eSpecs/index.jsp" "Mozilla/4.0 (compatible; MSIE 7.0; Windows NT 5.1; .NET CLR 1.1.4322; .NET CLR 2.0.50727; .NET CLR 3.0.04506.30; InfoPath.1)"
142.46.199.30 - - [20/Aug/2008:15:03:31 -0400] "GET /eSpecs/images/en/exportalert.jpg HTTP/1.1" 200 16234 "http://www.standardsstore.ca/eSpecs/index.jsp" "Mozilla/4.0 (compatible; MSIE 7.0; Windows NT 5.1; .NET CLR 1.1.4322; .NET CLR 2.0.50727; .NET CLR 3.0.04506.30; InfoPath.1)"
142.46.199.30 - - [20/Aug/2008:15:03:31 -0400] "GET /eSpecs/images/en/reg.jpg HTTP/1.1" 200 13737 "http://www.standardsstore.ca/eSpecs/index.jsp" "Mozilla/4.0 (compatible; MSIE 7.0; Windows NT 5.1; .NET CLR 1.1.4322; .NET CLR 2.0.50727; .NET CLR 3.0.04506.30; InfoPath.1)"
142.46.199.30 - - [20/Aug/2008:15:03:31 -0400] "GET /eSpecs/images/research.jpg HTTP/1.1" 200 12311 "http://www.standardsstore.ca/eSpecs/index.jsp" "Mozilla/4.0 (compatible; MSIE 7.0; Windows NT 5.1; .NET CLR 1.1.4322; .NET CLR 2.0.50727; .NET CLR 3.0.04506.30; InfoPath.1)"
142.46.199.30 - - [20/Aug/2008:15:03:31 -0400] "GET /eSpecs/images/afnor.gif HTTP/1.1" 200 811 "http://www.standardsstore.ca/eSpecs/index.jsp" "Mozilla/4.0 (compatible; MSIE 7.0; Windows NT 5.1; .NET CLR 1.1.4322; .NET CLR 2.0.50727; .NET CLR 3.0.04506.30; InfoPath.1)"
142.46.199.30 - - [20/Aug/2008:15:03:31 -0400] "GET /eSpecs/images/din_logo.gif HTTP/1.1" 200 486 "http://www.standardsstore.ca/eSpecs/index.jsp" "Mozilla/4.0 (compatible; MSIE 7.0; Windows NT 5.1; .NET CLR 1.1.4322; .NET CLR 2.0.50727; .NET CLR 3.0.04506.30; InfoPath.1)"
142.46.199.30 - - [20/Aug/2008:15:03:31 -0400] "GET /eSpecs/images/canada.gif HTTP/1.1" 200 1511 "http://www.standardsstore.ca/eSpecs/index.jsp" "Mozilla/4.0 (compatible; MSIE 7.0; Windows NT 5.1; .NET CLR 1.1.4322; .NET CLR 2.0.50727; .NET CLR 3.0.04506.30; InfoPath.1)"
74.6.22.96 - - [20/Aug/2008:15:03:46 -0400] "GET /eSpecs/DocumentReferenced.do?GID=YSCSZAAAAAAAAAAA&page=1&nRecords=10&searchValue=1864&searchKey=DOCNO&organizations=ASTM&displayWithdrawn=false¤cy=CAD HTTP/1.0" 200 88907 "-" "Mozilla/5.0 (compatible; Yahoo! Slurp; http://help.yahoo.com/help/us/ysearch/slurp)"
142.46.199.30 - - [20/Aug/2008:15:03:55 -0400] "GET /eSpecs/SearchFormAction.do;jsessionid=F92AF33BD88CF51E57A195CF16EB42FC?page=1&searchValue=b56.1&searchKey=TITLE&nRecords=10&organizations=ASME¤cy=CAD HTTP/1.1" 200 91914 "http://www.standardsstore.ca/eSpecs/index.jsp" "Mozilla/4.0 (compatible; MSIE 7.0; Windows NT 5.1; .NET CLR 1.1.4322; .NET CLR 2.0.50727; .NET CLR 3.0.04506.30; InfoPath.1)"
142.46.199.30 - - [20/Aug/2008:15:03:59 -0400] "GET /eSpecs/images/cart_button.gif HTTP/1.1" 200 761 "http://www.standardsstore.ca/eSpecs/SearchFormAction.do;jsessionid=F92AF33BD88CF51E57A195CF16EB42FC?page=1&searchValue=b56.1&searchKey=TITLE&nRecords=10&organizations=ASME¤cy=CAD" "Mozilla/4.0 (compatible; MSIE 7.0; Windows NT 5.1; .NET CLR 1.1.4322; .NET CLR 2.0.50727; .NET CLR 3.0.04506.30; InfoPath.1)"
142.46.199.30 - - [20/Aug/2008:15:03:59 -0400] "GET /eSpecs/images/spacer.gif HTTP/1.1" 200 43 "http://www.standardsstore.ca/eSpecs/SearchFormAction.do;jsessionid=F92AF33BD88CF51E57A195CF16EB42FC?page=1&searchValue=b56.1&searchKey=TITLE&nRecords=10&organizations=ASME¤cy=CAD" "Mozilla/4.0 (compatible; MSIE 7.0; Windows NT 5.1; .NET CLR 1.1.4322; .NET CLR 2.0.50727; .NET CLR 3.0.04506.30; InfoPath.1)"
66.249.66.42 - - [20/Aug/2008:15:03:48 -0400] "GET /eSpecs/DocumentReferenced.do?GID=HRKUHAAAAAAAAAAA&page=1&nRecords=10&searchValue=15223&searchKey=DOCNO&organizations=ISO&displayWithdrawn=false¤cy=CAD HTTP/1.1" 200 8192 "-" "Mozilla/5.0 (compatible; Googlebot/2.1; +http://www.google.com/bot.html)"
142.46.199.30 - - [20/Aug/2008:15:04:04 -0400] "GET /eSpecs/SearchFormAction.do?page=1&searchValue=b56.1&searchKey=DOCNO&nRecords=10&organizations=ASME¤cy=CAD HTTP/1.1" 200 78379 "http://www.standardsstore.ca/eSpecs/SearchFormAction.do;jsessionid=F92AF33BD88CF51E57A195CF16EB42FC?page=1&searchValue=b56.1&searchKey=TITLE&nRecords=10&organizations=ASME¤cy=CAD" "Mozilla/4.0 (compatible; MSIE 7.0; Windows NT 5.1; .NET CLR 1.1.4322; .NET CLR 2.0.50727; .NET CLR 3.0.04506.30; InfoPath.1)"
142.46.199.30 - - [20/Aug/2008:15:04:18 -0400] "GET /eSpecs/SearchFormAction.do?page=1&searchValue=b56&searchKey=DOCNO&nRecords=10&organizations=ASME¤cy=CAD HTTP/1.1" 200 78375 "http://www.standardsstore.ca/eSpecs/SearchFormAction.do?page=1&searchValue=b56.1&searchKey=DOCNO&nRecords=10&organizations=ASME¤cy=CAD" "Mozilla/4.0 (compatible; MSIE 7.0; Windows NT 5.1; .NET CLR 1.1.4322; .NET CLR 2.0.50727; .NET CLR 3.0.04506.30; InfoPath.1)"
207.236.151.230 - - [20/Aug/2008:15:04:29 -0400] "GET /eSpecs/Index.do?Lang=fr/ HTTP/1.0" 200 87645 "http://www.scc.ca/fr/publications/standards/index.shtml" "Mozilla/4.0 (compatible; MSIE 6.0; Windows NT 5.1; SV1; InfoPath.2)"
207.236.151.230 - - [20/Aug/2008:15:04:29 -0400] "GET /eSpecs/css/index.css HTTP/1.0" 200 10895 "http://www.standardsstore.ca/eSpecs/Index.do?Lang=fr/" "Mozilla/4.0 (compatible; MSIE 6.0; Windows NT 5.1; SV1; InfoPath.2)"
207.236.151.230 - - [20/Aug/2008:15:04:29 -0400] "GET /eSpecs/js/main.js HTTP/1.0" 200 9677 "http://www.standardsstore.ca/eSpecs/Index.do?Lang=fr/" "Mozilla/4.0 (compatible; MSIE 6.0; Windows NT 5.1; SV1; InfoPath.2)"
207.236.151.230 - - [20/Aug/2008:15:04:32 -0400] "GET /eSpecs/js/style.js HTTP/1.0" 200 3774 "http://www.standardsstore.ca/eSpecs/Index.do?Lang=fr/" "Mozilla/4.0 (compatible; MSIE 6.0; Windows NT 5.1; SV1; InfoPath.2)"
207.236.151.230 - - [20/Aug/2008:15:04:32 -0400] "GET /eSpecs/images/scc_logo.gif HTTP/1.0" 200 4870 "http://www.standardsstore.ca/eSpecs/Index.do?Lang=fr/" "Mozilla/4.0 (compatible; MSIE 6.0; Windows NT 5.1; SV1; InfoPath.2)"
207.236.151.230 - - [20/Aug/2008:15:04:32 -0400] "GET /eSpecs/images/ihs_logo.gif HTTP/1.0" 200 1947 "http://www.standardsstore.ca/eSpecs/Index.do?Lang=fr/" "Mozilla/4.0 (compatible; MSIE 6.0; Windows NT 5.1; SV1; InfoPath.2)"
207.236.151.230 - - [20/Aug/2008:15:04:32 -0400] "GET /eSpecs/images/en/iso22000.gif HTTP/1.0" 200 39597 "http://www.standardsstore.ca/eSpecs/Index.do?Lang=fr/" "Mozilla/4.0 (compatible; MSIE 6.0; Windows NT 5.1; SV1; InfoPath.2)"
207.236.151.230 - - [20/Aug/2008:15:04:34 -0400] "GET /eSpecs/images/help.jpg HTTP/1.0" 200 389 "http://www.standardsstore.ca/eSpecs/Index.do?Lang=fr/" "Mozilla/4.0 (compatible; MSIE 6.0; Windows NT 5.1; SV1; InfoPath.2)"
207.236.151.230 - - [20/Aug/2008:15:04:34 -0400] "GET /eSpecs/images/iso.gif HTTP/1.0" 200 2457 "http://www.standardsstore.ca/eSpecs/Index.do?Lang=fr/" "Mozilla/4.0 (compatible; MSIE 6.0; Windows NT 5.1; SV1; InfoPath.2)"
207.236.151.230 - - [20/Aug/2008:15:04:34 -0400] "GET /eSpecs/images/iec.gif HTTP/1.0" 200 696 "http://www.standardsstore.ca/eSpecs/Index.do?Lang=fr/" "Mozilla/4.0 (compatible; MSIE 6.0; Windows NT 5.1; SV1; InfoPath.2)"
207.236.151.230 - - [20/Aug/2008:15:04:34 -0400] "GET /eSpecs/images/api.gif HTTP/1.0" 200 976 "http://www.standardsstore.ca/eSpecs/Index.do?Lang=fr/" "Mozilla/4.0 (compatible; MSIE 6.0; Windows NT 5.1; SV1; InfoPath.2)"
207.236.151.230 - - [20/Aug/2008:15:04:34 -0400] "GET /eSpecs/images/asm.gif HTTP/1.0" 200 1711 "http://www.standardsstore.ca/eSpecs/Index.do?Lang=fr/" "Mozilla/4.0 (compatible; MSIE 6.0; Windows NT 5.1; SV1; InfoPath.2)"
207.236.151.230 - - [20/Aug/2008:15:04:34 -0400] "GET /eSpecs/images/NSS2008.jpg HTTP/1.0" 200 14223 "http://www.standardsstore.ca/eSpecs/Index.do?Lang=fr/" "Mozilla/4.0 (compatible; MSIE 6.0; Windows NT 5.1; SV1; InfoPath.2)"
207.236.151.230 - - [20/Aug/2008:15:04:34 -0400] "GET /eSpecs/images/en/standards_alert.jpg HTTP/1.0" 200 14834 "http://www.standardsstore.ca/eSpecs/Index.do?Lang=fr/" "Mozilla/4.0 (compatible; MSIE 6.0; Windows NT 5.1; SV1; InfoPath.2)"
207.236.151.230 - - [20/Aug/2008:15:04:34 -0400] "GET /eSpecs/images/en/reg.jpg HTTP/1.0" 200 13737 "http://www.standardsstore.ca/eSpecs/Index.do?Lang=fr/" "Mozilla/4.0 (compatible; MSIE 6.0; Windows NT 5.1; SV1; InfoPath.2)"
207.236.151.230 - - [20/Aug/2008:15:04:35 -0400] "GET /eSpecs/images/afnor.gif HTTP/1.0" 200 811 "http://www.standardsstore.ca/eSpecs/Index.do?Lang=fr/" "Mozilla/4.0 (compatible; MSIE 6.0; Windows NT 5.1; SV1; InfoPath.2)"
207.236.151.230 - - [20/Aug/2008:15:04:35 -0400] "GET /eSpecs/images/canada.gif HTTP/1.0" 200 1511 "http://www.standardsstore.ca/eSpecs/Index.do?Lang=fr/" "Mozilla/4.0 (compatible; MSIE 6.0; Windows NT 5.1; SV1; InfoPath.2)"
207.236.151.230 - - [20/Aug/2008:15:04:35 -0400] "GET /eSpecs/images/din_logo.gif HTTP/1.0" 200 486 "http://www.standardsstore.ca/eSpecs/Index.do?Lang=fr/" "Mozilla/4.0 (compatible; MSIE 6.0; Windows NT 5.1; SV1; InfoPath.2)"
207.236.151.230 - - [20/Aug/2008:15:04:35 -0400] "GET /eSpecs/images/research.jpg HTTP/1.0" 200 12311 "http://www.standardsstore.ca/eSpecs/Index.do?Lang=fr/" "Mozilla/4.0 (compatible; MSIE 6.0; Windows NT 5.1; SV1; InfoPath.2)"
207.236.151.230 - - [20/Aug/2008:15:04:35 -0400] "GET /eSpecs/images/en/exportalert.jpg HTTP/1.0" 200 16234 "http://www.standardsstore.ca/eSpecs/Index.do?Lang=fr/" "Mozilla/4.0 (compatible; MSIE 6.0; Windows NT 5.1; SV1; InfoPath.2)"
207.236.151.230 - - [20/Aug/2008:15:04:32 -0400] "GET /eSpecs/images/en/isoiec17025.gif HTTP/1.0" 200 39008 "http://www.standardsstore.ca/eSpecs/Index.do?Lang=fr/" "Mozilla/4.0 (compatible; MSIE 6.0; Windows NT 5.1; SV1; InfoPath.2)"
207.236.151.230 - - [20/Aug/2008:15:04:32 -0400] "GET /eSpecs/images/header.gif HTTP/1.0" 200 13254 "http://www.standardsstore.ca/eSpecs/Index.do?Lang=fr/" "Mozilla/4.0 (compatible; MSIE 6.0; Windows NT 5.1; SV1; InfoPath.2)"
65.55.108.186 - - [20/Aug/2008:15:04:12 -0400] "GET /eSpecs/DocumentReferenced.do?GID=RETCACAAAAAAAAAA&page=1&nRecords=10&searchValue=2.9&searchKey=DOCNO&organizations=AWS&displayWithdrawn=false¤cy=CAD HTTP/1.1" 200 162903 "-" "msnbot-media/1.1 (+http://search.msn.com/msnbot.htm)"
66.249.66.42 - - [20/Aug/2008:15:04:23 -0400] "GET /eSpecs/DocumentReferenced.do?GID=NEIUACAAAAAAAAAA&page=1&nRecords=10&searchValue=H35.1&searchKey=DOCNO&organizations=ANSI&displayWithdrawn=false¤cy=CAD HTTP/1.1" 200 8192 "-" "Mozilla/5.0 (compatible; Googlebot/2.1; +http://www.google.com/bot.html)"
207.236.151.230 - - [20/Aug/2008:15:04:45 -0400] "GET /eSpecs/images/cart_button.gif HTTP/1.0" 200 761 "http://www.standardsstore.ca/eSpecs/SearchFormAction.do?page=1&searchValue=9001&searchKey=DOCNO&organizations=ISO" "Mozilla/4.0 (compatible; MSIE 6.0; Windows NT 5.1; SV1; InfoPath.2)"
207.236.151.230 - - [20/Aug/2008:15:04:45 -0400] "GET /eSpecs/images/spacer.gif HTTP/1.0" 200 43 "http://www.standardsstore.ca/eSpecs/SearchFormAction.do?page=1&searchValue=9001&searchKey=DOCNO&organizations=ISO" "Mozilla/4.0 (compatible; MSIE 6.0; Windows NT 5.1; SV1; InfoPath.2)"
207.236.151.230 - - [20/Aug/2008:15:04:40 -0400] "GET /eSpecs/SearchFormAction.do?page=1&searchValue=9001&searchKey=DOCNO&organizations=ISO HTTP/1.0" 200 98087 "http://www.standardsstore.ca/eSpecs/Index.do?Lang=fr/" "Mozilla/4.0 (compatible; MSIE 6.0; Windows NT 5.1; SV1; InfoPath.2)"
142.46.199.30 - - [20/Aug/2008:15:04:48 -0400] "GET /eSpecs/SearchFormAction.do?page=1&searchValue=B56.1&searchKey=DOCNO&organizations=ASME HTTP/1.1" 200 78379 "http://www.google.ca/search?hl=en&q=asme+b56.1&btnG=Google+Search&meta=cr%3DcountryCA" "Mozilla/4.0 (compatible; MSIE 7.0; Windows NT 5.1; .NET CLR 1.1.4322; .NET CLR 2.0.50727; .NET CLR 3.0.04506.30; InfoPath.1)"
66.249.66.42 - - [20/Aug/2008:15:04:57 -0400] "GET /eSpecs/DocumentReferenced.do?GID=KQWZXBAAAAAAAAAA&page=1&nRecords=10&searchValue=14971&searchKey=DOCNO&organizations=ISO&displayWithdrawn=false¤cy=CAD HTTP/1.1" 200 88976 "-" "Mozilla/5.0 (compatible; Googlebot/2.1; +http://www.google.com/bot.html)"
66.249.66.42 - - [20/Aug/2008:15:05:28 -0400] "GET /eSpecs/DocumentReferenced.do?GID=IEYYJAAAAAAAAAAA&page=1&nRecords=10&searchValue=9100&searchKey=DOCNO&organizations=SAE&displayWithdrawn=false¤cy=CAD HTTP/1.1" 200 128981 "-" "Mozilla/5.0 (compatible; Googlebot/2.1; +http://www.google.com/bot.html)"
142.46.199.30 - - [20/Aug/2008:15:05:42 -0400] "HEAD / HTTP/1.0" 200 - "-" "Mozilla/4.0 (compatible; ipMonitor 8.5)"
142.46.199.30 - - [20/Aug/2008:15:05:49 -0400] "HEAD / HTTP/1.0" 200 - "-" "Mozilla/4.0 (compatible; ipMonitor 8.5)"
66.249.66.42 - - [20/Aug/2008:15:05:58 -0400] "GET /eSpecs/DocumentReferenced.do?GID=TJDCBCAAAAAAAAAA&page=1&nRecords=10&searchValue=D1.2/D1.2M&searchKey=DOCNO&organizations=AWS&displayWithdrawn=false¤cy=CAD HTTP/1.1" 200 109740 "-" "Mozilla/5.0 (compatible; Googlebot/2.1; +http://www.google.com/bot.html)"
207.140.180.2 - - [20/Aug/2008:15:06:10 -0400] "GET /specs/pdf/23_e.pdf HTTP/1.1" 304 - "http://palcan.scc.ca/SpecsSearch/SpecsSearchAction.do" "Mozilla/4.0 (compatible; MSIE 6.0; Windows NT 5.1; SV1; .NET CLR 2.0.50727; InfoPath.1)"
74.6.22.96 - - [20/Aug/2008:15:06:09 -0400] "GET /eSpecs/News.do?newsId=news8 HTTP/1.0" 200 87712 "-" "Mozilla/5.0 (compatible; Yahoo! Slurp; http://help.yahoo.com/help/us/ysearch/slurp)"
131.107.65.41 - - [20/Aug/2008:15:06:27 -0400] "GET /robots.txt HTTP/1.1" 404 338 "-" "MSR-ISRCCrawler"
131.107.65.41 - - [20/Aug/2008:15:06:28 -0400] "GET /especs/searchformaction.do?page=1&searchvalue=60417&searchkey=docno&organizations=iec HTTP/1.1" 404 354 "-" "MSR-ISRCCrawler"
142.46.199.30 - - [20/Aug/2008:15:06:32 -0400] "GET /eSpecs/SearchFormAction.do?page=1&searchValue=17025&searchKey=DOCNO&organizations=ISO HTTP/1.0" 200 100727 "-" "Mozilla/4.0 (compatible; ipMonitor 8.5)"
131.107.65.41 - - [20/Aug/2008:15:06:39 -0400] "GET /especs/index.jsp?language=fr HTTP/1.1" 404 344 "-" "MSR-ISRCCrawler"
66.249.66.42 - - [20/Aug/2008:15:06:29 -0400] "GET /eSpecs/DocumentReferenced.do?GID=LCCMIBAAAAAAAAAA&page=1&nRecords=10&searchValue=IEEE%20C2&searchKey=DOCNO&organizations=IEEE&displayWithdrawn=false¤cy=CAD HTTP/1.1" 200 134355 "-" "Mozilla/5.0 (compatible; Googlebot/2.1; +http://www.google.com/bot.html)"
205.153.56.10 - - [20/Aug/2008:15:06:39 -0400] "GET /eSpecs/DocumentDetails.do?GID=FNATSAAAAAAAAAAA¤cy=CAD HTTP/1.1" 200 3494 "http://www.google.com/search?hl=en&q=MIL-PRF-87937D&btnG=Google+Search" "Mozilla/4.0 (compatible; MSIE 6.0; Windows NT 5.1; SV1; .NET CLR 1.1.4322; InfoPath.1; .NET CLR 2.0.50727)"
205.153.56.10 - - [20/Aug/2008:15:06:41 -0400] "GET /eSpecs/css/index2.css HTTP/1.1" 200 10928 "http://www.standardsstore.ca/eSpecs/DocumentDetails.do?GID=FNATSAAAAAAAAAAA¤cy=CAD" "Mozilla/4.0 (compatible; MSIE 6.0; Windows NT 5.1; SV1; .NET CLR 1.1.4322; InfoPath.1; .NET CLR 2.0.50727)"
131.107.65.41 - - [20/Aug/2008:15:06:44 -0400] "GET /especs/searchformaction.do?page=1&searchvalue=iso+compendium&searchkey=title&organizations=iso HTTP/1.1" 404 354 "-" "MSR-ISRCCrawler"
131.107.65.41 - - [20/Aug/2008:15:06:46 -0400] "GET /especs/notice.do HTTP/1.1" 404 344 "-" "MSR-ISRCCrawler"
131.107.65.41 - - [20/Aug/2008:15:06:58 -0400] "GET /especs/news.do?newsid=news7 HTTP/1.1" 404 342 "-" "MSR-ISRCCrawler"
142.46.199.30 - - [20/Aug/2008:15:07:03 -0400] "GET /eSpecs/SearchFormAction.do?page=1&searchValue=B56.1&searchKey=DOCNO&organizations=ASME HTTP/1.1" 200 78379 "http://www.google.ca/search?hl=en&q=asme+b56.1&btnG=Google+Search&meta=cr%3DcountryCA" "Mozilla/4.0 (compatible; MSIE 7.0; Windows NT 5.1; .NET CLR 1.1.4322; .NET CLR 2.0.50727; .NET CLR 3.0.04506.30; InfoPath.1)"
66.249.66.42 - - [20/Aug/2008:15:07:01 -0400] "GET /eSpecs/DocumentReferenced.do?GID=YMYGACAAAAAAAAAA&page=1&nRecords=10&searchValue=API%20SPEC%20Q1&searchKey=DOCNO&organizations=API&displayWithdrawn=false¤cy=CAD HTTP/1.1" 200 118432 "-" "Mozilla/5.0 (compatible; Googlebot/2.1; +http://www.google.com/bot.html)"
204.246.129.196 - - [20/Aug/2008:15:06:36 -0400] "GET /eSpecs/DocumentDetails.do HTTP/1.1" 200 8192 "-" "Mozilla/4.0"
142.46.199.30 - - [20/Aug/2008:15:07:33 -0400] "GET /eSpecs/SearchFormAction.do?page=1&searchValue=B56.1%25&searchKey=DOCNO&nRecords=10&organizations=ASME¤cy=CAD HTTP/1.1" 200 78381 "http://www.standardsstore.ca/eSpecs/SearchFormAction.do?page=1&searchValue=B56.1&searchKey=DOCNO&organizations=ASME" "Mozilla/4.0 (compatible; MSIE 7.0; Windows NT 5.1; .NET CLR 1.1.4322; .NET CLR 2.0.50727; .NET CLR 3.0.04506.30; InfoPath.1)"
142.46.199.30 - - [20/Aug/2008:15:07:40 -0400] "GET /eSpecs/SearchFormAction.do?page=1&searchValue=B56%25&searchKey=DOCNO&nRecords=10&organizations=ASME¤cy=CAD HTTP/1.1" 200 78377 "http://www.standardsstore.ca/eSpecs/SearchFormAction.do?page=1&searchValue=B56.1%25&searchKey=DOCNO&nRecords=10&organizations=ASME¤cy=CAD" "Mozilla/4.0 (compatible; MSIE 7.0; Windows NT 5.1; .NET CLR 1.1.4322; .NET CLR 2.0.50727; .NET CLR 3.0.04506.30; InfoPath.1)"
66.249.66.42 - - [20/Aug/2008:15:07:38 -0400] "GET /eSpecs/DocumentReferenced.do?GID=GREBIBAAAAAAAAAA&page=1&nRecords=10&searchValue=TC-1A&searchKey=DOCNO&organizations=&displayWithdrawn=false¤cy=CAD HTTP/1.1" 200 123629 "-" "Mozilla/5.0 (compatible; Googlebot/2.1; +http://www.google.com/bot.html)"
66.249.66.42 - - [20/Aug/2008:15:08:17 -0400] "GET /eSpecs/DocumentReferenced.do?GID=EMHRACAAAAAAAAAA&page=1&nRecords=10&searchValue=60417&searchKey=DOCNO&organizations=IEC&displayWithdrawn=false¤cy=CAD HTTP/1.1" 200 133028 "-" "Mozilla/5.0 (compatible; Googlebot/2.1; +http://www.google.com/bot.html)"
65.243.151.121 - - [20/Aug/2008:15:08:56 -0400] "GET /specs/pdf/360_e.pdf HTTP/1.1" 200 57280 "http://www.google.com/search?hl=en&rlz=1T4DMUS_enUS262US263&q=Textured+geomembrane+vinyl+chloride+plastic" "Mozilla/4.0 (compatible; MSIE 6.0; Windows NT 5.1; SV1; .NET CLR 1.1.4322; .NET CLR 2.0.50727)"
66.135.100.194 - - [20/Aug/2008:15:09:05 -0400] "GET /SpecsSearch/GLSearchForm.do?language=en HTTP/1.0" 200 27296 "http://www.scc.ca/en/programs/lab/index.shtml" "Mozilla/4.0 (compatible; MSIE 6.0; Windows NT 5.0)"
66.249.66.42 - - [20/Aug/2008:15:08:54 -0400] "GET /eSpecs/DocumentReferenced.do?GID=CIDMPAAAAAAAAAAA&page=1&nRecords=10&searchValue=1417&searchKey=DOCNO&organizations=ASTM&displayWithdrawn=false¤cy=CAD HTTP/1.1" 200 165553 "-" "Mozilla/5.0 (compatible; Googlebot/2.1; +http://www.google.com/bot.html)"
66.135.100.194 - - [20/Aug/2008:15:09:06 -0400] "GET /SpecsSearch/CalibrationSearchForm.do HTTP/1.0" 200 28197 "http://palcan.scc.ca/SpecsSearch/GLSearchForm.do?language=en" "Mozilla/4.0 (compatible; MSIE 6.0; Windows NT 5.0)"
66.135.100.194 - - [20/Aug/2008:15:09:06 -0400] "GET /SpecsSearch/pages/images/BigCLASLogo.gif HTTP/1.0" 200 6164 "http://palcan.scc.ca/SpecsSearch/CalibrationSearchForm.do" "Mozilla/4.0 (compatible; MSIE 6.0; Windows NT 5.0)"
66.249.66.42 - - [20/Aug/2008:15:09:33 -0400] "GET /eSpecs/DocumentReferenced.do?GID=TEDGEBAAAAAAAAAA&page=1&nRecords=10&searchValue=14971&searchKey=DOCNO&organizations=ISO&displayWithdrawn=false¤cy=CAD HTTP/1.1" 200 87360 "-" "Mozilla/5.0 (compatible; Googlebot/2.1; +http://www.google.com/bot.html)"
198.103.104.11 - - [20/Aug/2008:15:10:09 -0400] "GET / HTTP/1.0" 200 121 "http://www.international.gc.ca/canadexport/articles/385842.aspx?lang=eng" "Mozilla/4.0 (compatible; MSIE 6.0; Windows NT 5.1; SV1; DFAIT; .NET CLR 1.1.4322; .NET CLR 2.0.50727)"
66.249.66.42 - - [20/Aug/2008:15:10:07 -0400] "GET /eSpecs/DocumentReferenced.do?GID=BKUECAAAAAAAAAAA&page=1&nRecords=10&searchValue=WI&searchKey=DOCNO&organizations=AWS&displayWithdrawn=false¤cy=CAD HTTP/1.1" 200 91970 "-" "Mozilla/5.0 (compatible; Googlebot/2.1; +http://www.google.com/bot.html)"
198.103.104.11 - - [20/Aug/2008:15:10:12 -0400] "GET /eSpecs/index.jsp HTTP/1.0" 200 87645 "-" "Mozilla/4.0 (compatible; MSIE 6.0; Windows NT 5.1; SV1; DFAIT; .NET CLR 1.1.4322; .NET CLR 2.0.50727)"
198.103.104.11 - - [20/Aug/2008:15:10:15 -0400] "GET /eSpecs/css/index.css HTTP/1.0" 200 10895 "http://www.standardsstore.ca/eSpecs/index.jsp" "Mozilla/4.0 (compatible; MSIE 6.0; Windows NT 5.1; SV1; DFAIT; .NET CLR 1.1.4322; .NET CLR 2.0.50727)"
198.103.104.11 - - [20/Aug/2008:15:10:16 -0400] "GET /eSpecs/js/main.js HTTP/1.0" 200 9677 "http://www.standardsstore.ca/eSpecs/index.jsp" "Mozilla/4.0 (compatible; MSIE 6.0; Windows NT 5.1; SV1; DFAIT; .NET CLR 1.1.4322; .NET CLR 2.0.50727)"
198.103.104.11 - - [20/Aug/2008:15:10:16 -0400] "GET /eSpecs/js/style.js HTTP/1.0" 200 3774 "http://www.standardsstore.ca/eSpecs/index.jsp" "Mozilla/4.0 (compatible; MSIE 6.0; Windows NT 5.1; SV1; DFAIT; .NET CLR 1.1.4322; .NET CLR 2.0.50727)"
198.103.104.11 - - [20/Aug/2008:15:10:16 -0400] "GET /eSpecs/images/scc_logo.gif HTTP/1.0" 200 4870 "http://www.standardsstore.ca/eSpecs/index.jsp" "Mozilla/4.0 (compatible; MSIE 6.0; Windows NT 5.1; SV1; DFAIT; .NET CLR 1.1.4322; .NET CLR 2.0.50727)"
198.103.104.11 - - [20/Aug/2008:15:10:16 -0400] "GET /eSpecs/images/ihs_logo.gif HTTP/1.0" 200 1947 "http://www.standardsstore.ca/eSpecs/index.jsp" "Mozilla/4.0 (compatible; MSIE 6.0; Windows NT 5.1; SV1; DFAIT; .NET CLR 1.1.4322; .NET CLR 2.0.50727)"
198.103.104.11 - - [20/Aug/2008:15:10:16 -0400] "GET /eSpecs/images/header.gif HTTP/1.0" 200 13254 "http://www.standardsstore.ca/eSpecs/index.jsp" "Mozilla/4.0 (compatible; MSIE 6.0; Windows NT 5.1; SV1; DFAIT; .NET CLR 1.1.4322; .NET CLR 2.0.50727)"
198.103.104.11 - - [20/Aug/2008:15:10:16 -0400] "GET /eSpecs/images/en/iso22000.gif HTTP/1.0" 200 39597 "http://www.standardsstore.ca/eSpecs/index.jsp" "Mozilla/4.0 (compatible; MSIE 6.0; Windows NT 5.1; SV1; DFAIT; .NET CLR 1.1.4322; .NET CLR 2.0.50727)"
198.103.104.11 - - [20/Aug/2008:15:10:18 -0400] "GET /eSpecs/images/help.jpg HTTP/1.0" 200 389 "http://www.standardsstore.ca/eSpecs/index.jsp" "Mozilla/4.0 (compatible; MSIE 6.0; Windows NT 5.1; SV1; DFAIT; .NET CLR 1.1.4322; .NET CLR 2.0.50727)"
198.103.104.11 - - [20/Aug/2008:15:10:17 -0400] "GET /eSpecs/images/en/isoiec17025.gif HTTP/1.0" 200 39008 "http://www.standardsstore.ca/eSpecs/index.jsp" "Mozilla/4.0 (compatible; MSIE 6.0; Windows NT 5.1; SV1; DFAIT; .NET CLR 1.1.4322; .NET CLR 2.0.50727)"
198.103.104.11 - - [20/Aug/2008:15:10:18 -0400] "GET /eSpecs/images/iso.gif HTTP/1.0" 200 2457 "http://www.standardsstore.ca/eSpecs/index.jsp" "Mozilla/4.0 (compatible; MSIE 6.0; Windows NT 5.1; SV1; DFAIT; .NET CLR 1.1.4322; .NET CLR 2.0.50727)"
198.103.104.11 - - [20/Aug/2008:15:10:18 -0400] "GET /eSpecs/images/iec.gif HTTP/1.0" 200 696 "http://www.standardsstore.ca/eSpecs/index.jsp" "Mozilla/4.0 (compatible; MSIE 6.0; Windows NT 5.1; SV1; DFAIT; .NET CLR 1.1.4322; .NET CLR 2.0.50727)"
198.103.104.11 - - [20/Aug/2008:15:10:18 -0400] "GET /eSpecs/images/NSS2008.jpg HTTP/1.0" 200 14223 "http://www.standardsstore.ca/eSpecs/index.jsp" "Mozilla/4.0 (compatible; MSIE 6.0; Windows NT 5.1; SV1; DFAIT; .NET CLR 1.1.4322; .NET CLR 2.0.50727)"
198.103.104.11 - - [20/Aug/2008:15:10:18 -0400] "GET /eSpecs/images/api.gif HTTP/1.0" 200 976 "http://www.standardsstore.ca/eSpecs/index.jsp" "Mozilla/4.0 (compatible; MSIE 6.0; Windows NT 5.1; SV1; DFAIT; .NET CLR 1.1.4322; .NET CLR 2.0.50727)"
198.103.104.11 - - [20/Aug/2008:15:10:18 -0400] "GET /eSpecs/images/asm.gif HTTP/1.0" 200 1711 "http://www.standardsstore.ca/eSpecs/index.jsp" "Mozilla/4.0 (compatible; MSIE 6.0; Windows NT 5.1; SV1; DFAIT; .NET CLR 1.1.4322; .NET CLR 2.0.50727)"
198.103.104.11 - - [20/Aug/2008:15:10:18 -0400] "GET /eSpecs/images/en/standards_alert.jpg HTTP/1.0" 200 14834 "http://www.standardsstore.ca/eSpecs/index.jsp" "Mozilla/4.0 (compatible; MSIE 6.0; Windows NT 5.1; SV1; DFAIT; .NET CLR 1.1.4322; .NET CLR 2.0.50727)"
198.103.104.11 - - [20/Aug/2008:15:10:18 -0400] "GET /eSpecs/images/en/exportalert.jpg HTTP/1.0" 200 16234 "http://www.standardsstore.ca/eSpecs/index.jsp" "Mozilla/4.0 (compatible; MSIE 6.0; Windows NT 5.1; SV1; DFAIT; .NET CLR 1.1.4322; .NET CLR 2.0.50727)"
198.103.104.11 - - [20/Aug/2008:15:10:18 -0400] "GET /eSpecs/images/en/reg.jpg HTTP/1.0" 200 13737 "http://www.standardsstore.ca/eSpecs/index.jsp" "Mozilla/4.0 (compatible; MSIE 6.0; Windows NT 5.1; SV1; DFAIT; .NET CLR 1.1.4322; .NET CLR 2.0.50727)"
198.103.104.11 - - [20/Aug/2008:15:10:19 -0400] "GET /eSpecs/images/research.jpg HTTP/1.0" 200 12311 "http://www.standardsstore.ca/eSpecs/index.jsp" "Mozilla/4.0 (compatible; MSIE 6.0; Windows NT 5.1; SV1; DFAIT; .NET CLR 1.1.4322; .NET CLR 2.0.50727)"
198.103.104.11 - - [20/Aug/2008:15:10:19 -0400] "GET /eSpecs/images/afnor.gif HTTP/1.0" 200 811 "http://www.standardsstore.ca/eSpecs/index.jsp" "Mozilla/4.0 (compatible; MSIE 6.0; Windows NT 5.1; SV1; DFAIT; .NET CLR 1.1.4322; .NET CLR 2.0.50727)"
198.103.104.11 - - [20/Aug/2008:15:10:19 -0400] "GET /eSpecs/images/din_logo.gif HTTP/1.0" 200 486 "http://www.standardsstore.ca/eSpecs/index.jsp" "Mozilla/4.0 (compatible; MSIE 6.0; Windows NT 5.1; SV1; DFAIT; .NET CLR 1.1.4322; .NET CLR 2.0.50727)"
198.103.104.11 - - [20/Aug/2008:15:10:19 -0400] "GET /eSpecs/images/canada.gif HTTP/1.0" 200 1511 "http://www.standardsstore.ca/eSpecs/index.jsp" "Mozilla/4.0 (compatible; MSIE 6.0; Windows NT 5.1; SV1; DFAIT; .NET CLR 1.1.4322; .NET CLR 2.0.50727)"
142.46.199.30 - - [20/Aug/2008:15:10:41 -0400] "HEAD / HTTP/1.0" 200 - "-" "Mozilla/4.0 (compatible; ipMonitor 8.5)"
142.46.199.30 - - [20/Aug/2008:15:10:49 -0400] "HEAD / HTTP/1.0" 200 - "-" "Mozilla/4.0 (compatible; ipMonitor 8.5)"
142.46.199.30 - - [20/Aug/2008:15:10:54 -0400] "GET /SpecsSearch/pages/images/pdf-icon.gif HTTP/1.1" 200 915 "http://palcan.scc.ca/SpecsSearch/SpecsSearchAction.do" "Mozilla/4.0 (compatible; MSIE 7.0; Windows NT 5.1; .NET CLR 2.0.50727; InfoPath.1; .NET CLR 3.0.04506.30; .NET CLR 3.0.04506.648)"
142.46.199.30 - - [20/Aug/2008:15:10:54 -0400] "GET /SpecsSearch/SpecsSearchAction.do HTTP/1.1" 200 314804 "http://www.scc.ca/en/programs/lab/index.shtml" "Mozilla/4.0 (compatible; MSIE 7.0; Windows NT 5.1; .NET CLR 2.0.50727; InfoPath.1; .NET CLR 3.0.04506.30; .NET CLR 3.0.04506.648)"
142.46.199.30 - - [20/Aug/2008:15:10:58 -0400] "GET /SpecsSearch/GLSearchForm.do?language=en HTTP/1.1" 200 27296 "http://www.scc.ca/en/programs/lab/index.shtml" "Mozilla/4.0 (compatible; MSIE 7.0; Windows NT 5.1; .NET CLR 2.0.50727; InfoPath.1; .NET CLR 3.0.04506.30; .NET CLR 3.0.04506.648)"
66.249.66.42 - - [20/Aug/2008:15:10:38 -0400] "GET /eSpecs/DocumentReferenced.do?GID=PTBGCAAAAAAAAAAA&page=1&nRecords=10&searchValue=15223&searchKey=DOCNO&organizations=ISO&displayWithdrawn=false¤cy=CAD HTTP/1.1" 200 409814 "-" "Mozilla/5.0 (compatible; Googlebot/2.1; +http://www.google.com/bot.html)"
142.46.199.30 - - [20/Aug/2008:15:11:37 -0400] "GET /eSpecs/SearchFormAction.do?page=1&searchValue=17025&searchKey=DOCNO&organizations=ISO HTTP/1.0" 200 100727 "-" "Mozilla/4.0 (compatible; ipMonitor 8.5)"
66.249.66.42 - - [20/Aug/2008:15:11:20 -0400] "GET /eSpecs/DocumentReferenced.do?GID=MCWABCAAAAAAAAAA&page=1&nRecords=10&searchValue=60417&searchKey=DOCNO&organizations=IEC&displayWithdrawn=false¤cy=CAD HTTP/1.1" 200 419054 "-" "Mozilla/5.0 (compatible; Googlebot/2.1; +http://www.google.com/bot.html)"
74.6.22.96 - - [20/Aug/2008:15:12:05 -0400] "GET /eSpecs/SearchFormAction.do?page=1&searchValue=H35.2&searchKey=DOCNO&organizations=ANSI HTTP/1.0" 200 90406 "-" "Mozilla/5.0 (compatible; Yahoo! Slurp; http://help.yahoo.com/help/us/ysearch/slurp)"
66.249.66.42 - - [20/Aug/2008:15:12:18 -0400] "GET /eSpecs/DocumentReferenced.do?GID=CDBYCAAAAAAAAAAA&page=1&nRecords=10&searchValue=10993-4&searchKey=DOCNO&organizations=ISO&displayWithdrawn=false¤cy=CAD HTTP/1.1" 200 83832 "-" "Mozilla/5.0 (compatible; Googlebot/2.1; +http://www.google.com/bot.html)"
74.6.22.105 - - [20/Aug/2008:15:12:49 -0400] "GET /specs/pdf/500_e.pdf HTTP/1.0" 404 339 "-" "Mozilla/5.0 (compatible; Yahoo! Slurp; http://help.yahoo.com/help/us/ysearch/slurp)"
131.107.65.41 - - [20/Aug/2008:15:13:28 -0400] "GET /robots.txt HTTP/1.1" 404 338 "-" "MSR-ISRCCrawler"
66.249.66.42 - - [20/Aug/2008:15:13:09 -0400] "GET /eSpecs/DocumentReferenced.do?GID=DRSRBCAAAAAAAAAA&page=1&nRecords=10&searchValue=1417&searchKey=DOCNO&organizations=ASTM&displayWithdrawn=false¤cy=CAD HTTP/1.1" 200 193199 "-" "Mozilla/5.0 (compatible; Googlebot/2.1; +http://www.google.com/bot.html)"
131.104.183.22 - - [20/Aug/2008:15:13:52 -0400] "GET /SpecsSearch/pages/images/pdf-icon.gif HTTP/1.1" 200 915 "http://palcan.scc.ca/SpecsSearch/SpecsSearchAction.do" "Mozilla/4.0 (compatible; MSIE 7.0; Windows NT 5.1)"
131.104.183.22 - - [20/Aug/2008:15:13:51 -0400] "GET /SpecsSearch/SpecsSearchAction.do HTTP/1.1" 200 314804 "-" "Mozilla/4.0 (compatible; MSIE 7.0; Windows NT 5.1)"
131.104.183.22 - - [20/Aug/2008:15:13:57 -0400] "GET /SpecsSearch/TLSearchForm.do HTTP/1.1" 200 29235 "http://palcan.scc.ca/SpecsSearch/SpecsSearchAction.do" "Mozilla/4.0 (compatible; MSIE 7.0; Windows NT 5.1)"
131.104.183.22 - - [20/Aug/2008:15:13:57 -0400] "GET /SpecsSearch/pages/images/questionMark.gif HTTP/1.1" 200 206 "http://palcan.scc.ca/SpecsSearch/TLSearchForm.do" "Mozilla/4.0 (compatible; MSIE 7.0; Windows NT 5.1)"
131.104.183.22 - - [20/Aug/2008:15:14:15 -0400] "POST /SpecsSearch/SpecsSearchAction.do HTTP/1.1" 200 21951 "http://palcan.scc.ca/SpecsSearch/TLSearchForm.do" "Mozilla/4.0 (compatible; MSIE 7.0; Windows NT 5.1)"
65.55.110.147 - - [20/Aug/2008:15:13:55 -0400] "GET /eSpecs/DocumentReferenced.do?GID=RARGCCAAAAAAAAAA&page=1&nRecords=10&searchValue=1417&searchKey=DOCNO&organizations=ASTM&displayWithdrawn=false¤cy=CAD HTTP/1.0" 200 8184 "http://search.live.com/results.aspx?q=association" "Mozilla/4.0 (compatible; MSIE 6.0; Windows NT 5.2; SV1; .NET CLR 1.1.4322)"
66.249.66.42 - - [20/Aug/2008:15:14:05 -0400] "GET /eSpecs/DocumentReferenced.do?GID=BIVWEBAAAAAAAAAA&page=1&nRecords=10&searchValue=D1.3&searchKey=DOCNO&organizations=AWS&displayWithdrawn=false¤cy=CAD HTTP/1.1" 200 183025 "-" "Mozilla/5.0 (compatible; Googlebot/2.1; +http://www.google.com/bot.html)"
131.104.183.22 - - [20/Aug/2008:15:14:22 -0400] "GET /specs/pdf/826_e.pdf HTTP/1.1" 304 - "http://palcan.scc.ca/SpecsSearch/SpecsSearchAction.do" "Mozilla/4.0 (compatible; MSIE 7.0; Windows NT 5.1)"
142.176.185.70 - - [20/Aug/2008:15:14:28 -0400] "GET /SpecsSearch/pages/images/pdf-icon.gif HTTP/1.1" 200 915 "http://palcan.scc.ca/SpecsSearch/SpecsSearchAction.do" "Mozilla/4.0 (compatible; MSIE 6.0; Windows NT 5.2; .NET CLR 1.1.4322)"
131.104.183.22 - - [20/Aug/2008:15:14:45 -0400] "GET /specs/pdf/826_e.pdf HTTP/1.1" 304 - "http://palcan.scc.ca/SpecsSearch/SpecsSearchAction.do" "Mozilla/4.0 (compatible; MSIE 7.0; Windows NT 5.1)"
142.176.185.70 - - [20/Aug/2008:15:14:26 -0400] "GET /SpecsSearch/SpecsSearchAction.do HTTP/1.1" 200 314804 "http://www.google.ca/search?hl=en&sa=X&oi=spell&resnum=0&ct=result&cd=1&q=usa+accredited+labs&spell=1" "Mozilla/4.0 (compatible; MSIE 6.0; Windows NT 5.2; .NET CLR 1.1.4322)"
66.249.66.42 - - [20/Aug/2008:15:15:00 -0400] "GET /eSpecs/DocumentReferenced.do?GID=GTNUOAAAAAAAAAAA&page=1&nRecords=10&searchValue=SAE%20AS%209100&searchKey=DOCNO&organizations=&displayWithdrawn=false¤cy=CAD HTTP/1.1" 200 91912 "-" "Mozilla/5.0 (compatible; Googlebot/2.1; +http://www.google.com/bot.html)"
203.209.252.70 - - [20/Aug/2008:15:15:14 -0400] "GET /robots.txt HTTP/1.0" 404 338 "-" "Mozilla/5.0 (compatible; Yahoo! Slurp China; http://misc.yahoo.com.cn/help.html)"
142.176.185.70 - - [20/Aug/2008:15:15:17 -0400] "GET /specs/pdf/130_e.pdf HTTP/1.1" 200 25991 "http://palcan.scc.ca/SpecsSearch/SpecsSearchAction.do" "Mozilla/4.0 (compatible; MSIE 6.0; Windows NT 5.2; .NET CLR 1.1.4322)"
202.160.178.135 - - [20/Aug/2008:15:15:15 -0400] "GET /eSpecs/index.jsp?language=en HTTP/1.0" 200 87645 "-" "Mozilla/5.0 (compatible; Yahoo! Slurp China; http://misc.yahoo.com.cn/help.html)"
74.6.22.105 - - [20/Aug/2008:15:15:25 -0400] "GET /specs/pdf/215_e.pdf HTTP/1.0" 200 26676 "-" "Mozilla/5.0 (compatible; Yahoo! Slurp; http://help.yahoo.com/help/us/ysearch/slurp)"
142.46.199.30 - - [20/Aug/2008:15:15:41 -0400] "HEAD / HTTP/1.0" 200 - "-" "Mozilla/4.0 (compatible; ipMonitor 8.5)"
142.46.199.30 - - [20/Aug/2008:15:15:49 -0400] "HEAD / HTTP/1.0" 200 - "-" "Mozilla/4.0 (compatible; ipMonitor 8.5)"
66.249.66.42 - - [20/Aug/2008:15:15:49 -0400] "GET /eSpecs/DocumentReferenced.do?GID=JPBCBCAAAAAAAAAA&page=1&nRecords=10&searchValue=D1.1/D1.1M&searchKey=DOCNO&organizations=AWS&displayWithdrawn=false¤cy=CAD HTTP/1.1" 200 154841 "-" "Mozilla/5.0 (compatible; Googlebot/2.1; +http://www.google.com/bot.html)"
220.181.32.22 - - [20/Aug/2008:15:16:24 -0400] "GET / HTTP/1.1" 200 121 "-" "Baiduspider+(+http://www.baidu.com/search/spider.htm)"
66.249.66.42 - - [20/Aug/2008:15:16:35 -0400] "GET /eSpecs/DocumentReferenced.do?GID=XZBFGBAAAAAAAAAA&page=1&nRecords=10&searchValue=TIA-570&searchKey=DOCNO&organizations=TIA&displayWithdrawn=false¤cy=CAD HTTP/1.1" 200 104161 "-" "Mozilla/5.0 (compatible; Googlebot/2.1; +http://www.google.com/bot.html)"
61.135.168.39 - - [20/Aug/2008:15:16:41 -0400] "GET / HTTP/1.1" 200 121 "-" "Baiduspider+(+http://www.baidu.com/search/spider.htm)"
142.46.199.30 - - [20/Aug/2008:15:16:39 -0400] "GET /eSpecs/SearchFormAction.do?page=1&searchValue=17025&searchKey=DOCNO&organizations=ISO HTTP/1.0" 200 100727 "-" "Mozilla/4.0 (compatible; ipMonitor 8.5)"
66.249.66.42 - - [20/Aug/2008:15:17:17 -0400] "GET /eSpecs/DocumentReferenced.do?GID=FHCUJBAAAAAAAAAA&page=1&nRecords=10&searchValue=1041&searchKey=DOCNO&organizations=BSI&displayWithdrawn=false¤cy=CAD HTTP/1.1" 200 93966 "-" "Mozilla/5.0 (compatible; Googlebot/2.1; +http://www.google.com/bot.html)"
131.107.65.41 - - [20/Aug/2008:15:17:35 -0400] "GET /especs/searchformaction.do?page=1&searchvalue=9001&searchkey=docno&organizations=iso HTTP/1.1" 404 354 "-" "MSR-ISRCCrawler"
67.195.37.182 - - [20/Aug/2008:15:17:38 -0400] "GET /eSpecs/PopularStandards.do?std=medical HTTP/1.0" 200 90240 "-" "Mozilla/5.0 (X11; U; Linux i686 (x86_64); en-US; rv:1.8.1.4) Gecko/20080721 BonEcho/2.0.0.4"
74.6.22.96 - - [20/Aug/2008:15:17:53 -0400] "GET /eSpecs/AddDocumentAction.do?mediaType=ELEC&GID=CSGOPAAAAAAAAAAA&page=1&nRecords=10&searchValue=EIA-455&searchKey=DOCNO&organizations=TIA&displayWithdrawn=false¤cy=CAD HTTP/1.0" 200 81314 "-" "Mozilla/5.0 (compatible; Yahoo! Slurp; http://help.yahoo.com/help/us/ysearch/slurp)"
66.249.66.42 - - [20/Aug/2008:15:17:55 -0400] "GET /eSpecs/DocumentReferenced.do?GID=PZNYCAAAAAAAAAAA&page=1&nRecords=10&searchValue=SAE%20AS%20478&searchKey=DOCNO&organizations=&displayWithdrawn=false¤cy=CAD HTTP/1.1" 200 113644 "-" "Mozilla/5.0 (compatible; Googlebot/2.1; +http://www.google.com/bot.html)"
131.107.65.41 - - [20/Aug/2008:15:18:08 -0400] "GET /especs/searchformaction.do?page=1&searchvalue=rp-7&searchkey=docno&organizations=iesna HTTP/1.1" 404 354 "-" "MSR-ISRCCrawler"
66.249.66.42 - - [20/Aug/2008:15:18:30 -0400] "GET / HTTP/1.1" 304 - "-" "Mozilla/5.0 (compatible; Googlebot/2.1; +http://www.google.com/bot.html)"
131.107.65.41 - - [20/Aug/2008:15:18:35 -0400] "GET /especs/searchformaction.do?page=1&searchvalue=rp-7&searchkey=docno&organizations=iesna HTTP/1.1" 404 354 "-" "MSR-ISRCCrawler"
66.249.66.42 - - [20/Aug/2008:15:18:58 -0400] "GET /eSpecs/index.jsp HTTP/1.1" 200 87645 "-" "Mozilla/5.0 (compatible; Googlebot/2.1; +http://www.google.com/bot.html)"
74.6.22.105 - - [20/Aug/2008:15:19:04 -0400] "GET /specs/pdf/69_e.pdf HTTP/1.0" 200 63379 "-" "Mozilla/5.0 (compatible; Yahoo! Slurp; http://help.yahoo.com/help/us/ysearch/slurp)"
69.20.237.136 - - [20/Aug/2008:15:19:45 -0400] "GET / HTTP/1.0" 200 118 "-" "gsa-crawler (Enterprise; M2-NEY9DHEKUA2AA; dnajm@scc.ca)"
69.20.237.136 - - [20/Aug/2008:15:19:45 -0400] "GET /SpecsSearch/index.jsp HTTP/1.0" 302 - "-" "gsa-crawler (Enterprise; M2-NEY9DHEKUA2AA; dnajm@scc.ca)"
69.20.237.136 - - [20/Aug/2008:15:19:45 -0400] "GET /SpecsSearch/Welcome.do;jsessionid=00907BC83BB10F3F5473822101C6E67B HTTP/1.0" 302 - "-" "gsa-crawler (Enterprise; M2-NEY9DHEKUA2AA; dnajm@scc.ca)"
69.20.237.136 - - [20/Aug/2008:15:19:45 -0400] "GET /SpecsSearch/GLSearchForm.do HTTP/1.0" 200 27296 "-" "gsa-crawler (Enterprise; M2-NEY9DHEKUA2AA; dnajm@scc.ca)"
74.6.22.105 - - [20/Aug/2008:15:19:33 -0400] "GET /SpecsSearch/SpecsSearchAction.do?language=fr HTTP/1.0" 200 315242 "-" "Mozilla/5.0 (compatible; Yahoo! Slurp; http://help.yahoo.com/help/us/ysearch/slurp)"
66.249.66.42 - - [20/Aug/2008:15:19:27 -0400] "GET /eSpecs/DocumentReferenced.do?GID=AEEYACAAAAAAAAAA&page=1&nRecords=10&searchValue=TC%203&searchKey=DOCNO&organizations=NEMA&displayWithdrawn=false¤cy=CAD HTTP/1.1" 200 8192 "-" "Mozilla/5.0 (compatible; Googlebot/2.1; +http://www.google.com/bot.html)"
66.249.66.42 - - [20/Aug/2008:15:19:56 -0400] "GET /eSpecs/DocumentReferenced.do?GID=ZNDZHBAAAAAAAAAA&page=1&nRecords=10&searchValue=EIA-606&searchKey=DOCNO&organizations=TIA&displayWithdrawn=false¤cy=CAD HTTP/1.1" 200 8192 "-" "Mozilla/5.0 (compatible; Googlebot/2.1; +http://www.google.com/bot.html)"
199.22.61.2 - - [20/Aug/2008:15:20:22 -0400] "GET /eSpecs/css/index.css HTTP/1.0" 200 10895 "http://www.standardsstore.ca/eSpecs/Index.do?Lang=fr/" "Mozilla/4.0 (compatible; MSIE 6.0; Windows NT 5.1; SV1; .NET CLR 1.1.4322; .NET CLR 2.0.50727; .NET CLR 3.0.04506.30)"
199.22.61.2 - - [20/Aug/2008:15:20:22 -0400] "GET /eSpecs/js/main.js HTTP/1.0" 200 9677 "http://www.standardsstore.ca/eSpecs/Index.do?Lang=fr/" "Mozilla/4.0 (compatible; MSIE 6.0; Windows NT 5.1; SV1; .NET CLR 1.1.4322; .NET CLR 2.0.50727; .NET CLR 3.0.04506.30)"
199.22.61.2 - - [20/Aug/2008:15:20:23 -0400] "GET /eSpecs/js/style.js HTTP/1.0" 200 3774 "http://www.standardsstore.ca/eSpecs/Index.do?Lang=fr/" "Mozilla/4.0 (compatible; MSIE 6.0; Windows NT 5.1; SV1; .NET CLR 1.1.4322; .NET CLR 2.0.50727; .NET CLR 3.0.04506.30)"
199.22.61.2 - - [20/Aug/2008:15:20:23 -0400] "GET /eSpecs/images/ihs_logo.gif HTTP/1.0" 200 1947 "http://www.standardsstore.ca/eSpecs/Index.do?Lang=fr/" "Mozilla/4.0 (compatible; MSIE 6.0; Windows NT 5.1; SV1; .NET CLR 1.1.4322; .NET CLR 2.0.50727; .NET CLR 3.0.04506.30)"
199.22.61.2 - - [20/Aug/2008:15:20:23 -0400] "GET /eSpecs/images/scc_logo.gif HTTP/1.0" 200 4870 "http://www.standardsstore.ca/eSpecs/Index.do?Lang=fr/" "Mozilla/4.0 (compatible; MSIE 6.0; Windows NT 5.1; SV1; .NET CLR 1.1.4322; .NET CLR 2.0.50727; .NET CLR 3.0.04506.30)"
199.22.61.2 - - [20/Aug/2008:15:20:23 -0400] "GET /eSpecs/images/en/iso22000.gif HTTP/1.0" 200 39597 "http://www.standardsstore.ca/eSpecs/Index.do?Lang=fr/" "Mozilla/4.0 (compatible; MSIE 6.0; Windows NT 5.1; SV1; .NET CLR 1.1.4322; .NET CLR 2.0.50727; .NET CLR 3.0.04506.30)"
199.22.61.2 - - [20/Aug/2008:15:20:23 -0400] "GET /eSpecs/images/header.gif HTTP/1.0" 200 13254 "http://www.standardsstore.ca/eSpecs/Index.do?Lang=fr/" "Mozilla/4.0 (compatible; MSIE 6.0; Windows NT 5.1; SV1; .NET CLR 1.1.4322; .NET CLR 2.0.50727; .NET CLR 3.0.04506.30)"
199.22.61.2 - - [20/Aug/2008:15:20:23 -0400] "GET /eSpecs/images/en/isoiec17025.gif HTTP/1.0" 200 39008 "http://www.standardsstore.ca/eSpecs/Index.do?Lang=fr/" "Mozilla/4.0 (compatible; MSIE 6.0; Windows NT 5.1; SV1; .NET CLR 1.1.4322; .NET CLR 2.0.50727; .NET CLR 3.0.04506.30)"
