66.249.66.42 - - [20/Aug/2008:14:14:35 -0400] "GET /eSpecs/DocumentReferenced.do?GID=PTBOOAAAAAAAAAAA&page=1&nRecords=10&searchValue=14644-2&searchKey=DOCNO&organizations=ISO&displayWithdrawn=false¤cy=CAD HTTP/1.1" 404 1039 "-" "Mozilla/5.0 (compatible; Googlebot/2.1; +http://www.google.com/bot.html)"
66.249.66.42 - - [20/Aug/2008:14:14:36 -0400] "GET /eSpecs/DocumentReferenced.do?GID=RTRTZAAAAAAAAAAA&page=1&nRecords=10&searchValue=9000%20Compendium&searchKey=DOCNO&organizations=ISO&displayWithdrawn=false¤cy=CAD HTTP/1.1" 404 1039 "-" "Mozilla/5.0 (compatible; Googlebot/2.1; +http://www.google.com/bot.html)"
66.249.66.42 - - [20/Aug/2008:14:14:36 -0400] "GET /eSpecs/DocumentReferenced.do?GID=SONZMAAAAAAAAAAA&page=1&nRecords=10&searchValue=9001&searchKey=DOCNO&organizations=ISO&displayWithdrawn=false¤cy=CAD HTTP/1.1" 404 1039 "-" "Mozilla/5.0 (compatible; Googlebot/2.1; +http://www.google.com/bot.html)"
66.249.66.42 - - [20/Aug/2008:14:14:37 -0400] "GET /eSpecs/DocumentReferenced.do?GID=CGBYNAAAAAAAAAAA&page=1&nRecords=10&searchValue=1041&searchKey=DOCNO&organizations=BSI&displayWithdrawn=false¤cy=CAD HTTP/1.1" 404 1039 "-" "Mozilla/5.0 (compatible; Googlebot/2.1; +http://www.google.com/bot.html)"
66.249.66.42 - - [20/Aug/2008:14:14:38 -0400] "GET /eSpecs/DocumentReferenced.do?GID=UJSDQAAAAAAAAAAA&page=1&nRecords=10&searchValue=NEMA%20BU%201.1&searchKey=DOCNO&organizations=NEMA&displayWithdrawn=false¤cy=CAD HTTP/1.1" 404 1039 "-" "Mozilla/5.0 (compatible; Googlebot/2.1; +http://www.google.com/bot.html)"
66.249.66.42 - - [20/Aug/2008:14:14:38 -0400] "GET /eSpecs/DocumentReferenced.do?GID=TTJQJBAAAAAAAAAA&page=1&nRecords=10&searchValue=Standard%20for%20Hypobaric%20Facilities&searchKey=TITLE&organizations=NFPA&displayWithdrawn=false¤cy=CAD HTTP/1.1" 404 1039 "-" "Mozilla/5.0 (compatible; Googlebot/2.1; +http://www.google.com/bot.html)"
66.249.66.42 - - [20/Aug/2008:14:14:39 -0400] "GET /eSpecs/DocumentReferenced.do?GID=GWKKCAAAAAAAAAAA&page=1&nRecords=10&searchValue=9100&searchKey=DOCNO&organizations=SAE&displayWithdrawn=false¤cy=CAD HTTP/1.1" 404 1039 "-" "Mozilla/5.0 (compatible; Googlebot/2.1; +http://www.google.com/bot.html)"
66.249.66.42 - - [20/Aug/2008:14:14:40 -0400] "GET /eSpecs/DocumentReferenced.do?GID=PGNNEBAAAAAAAAAA&page=1&nRecords=10&searchValue=IEEE%20C63.4&searchKey=DOCNO&organizations=&displayWithdrawn=false¤cy=CAD HTTP/1.1" 404 1039 "-" "Mozilla/5.0 (compatible; Googlebot/2.1; +http://www.google.com/bot.html)"
66.249.66.42 - - [20/Aug/2008:14:14:40 -0400] "GET /eSpecs/DocumentReferenced.do?GID=GGBQJBAAAAAAAAAA&page=1&nRecords=10&searchValue=D1.3&searchKey=DOCNO&organizations=AWS&displayWithdrawn=false¤cy=CAD HTTP/1.1" 404 1039 "-" "Mozilla/5.0 (compatible; Googlebot/2.1; +http://www.google.com/bot.html)"
66.249.66.42 - - [20/Aug/2008:14:14:41 -0400] "GET /eSpecs/DocumentReferenced.do?GID=GULJGCAAAAAAAAAA&page=1&nRecords=10&searchValue=D1.3&searchKey=DOCNO&organizations=AWS&displayWithdrawn=false¤cy=CAD HTTP/1.1" 404 1039 "-" "Mozilla/5.0 (compatible; Googlebot/2.1; +http://www.google.com/bot.html)"
66.249.66.42 - - [20/Aug/2008:14:14:41 -0400] "GET /eSpecs/DocumentReferenced.do?GID=NRDKCCAAAAAAAAAA&page=1&nRecords=10&searchValue=15223&searchKey=DOCNO&organizations=ISO&displayWithdrawn=false¤cy=CAD HTTP/1.1" 404 1039 "-" "Mozilla/5.0 (compatible; Googlebot/2.1; +http://www.google.com/bot.html)"
66.249.66.42 - - [20/Aug/2008:14:14:42 -0400] "GET /eSpecs/DocumentReferenced.do?GID=VGIUCBAAAAAAAAAA&page=1&nRecords=10&searchValue=API%20SPEC%20Q1&searchKey=DOCNO&organizations=API&displayWithdrawn=false¤cy=CAD HTTP/1.1" 404 1039 "-" "Mozilla/5.0 (compatible; Googlebot/2.1; +http://www.google.com/bot.html)"
66.249.66.42 - - [20/Aug/2008:14:14:43 -0400] "GET /eSpecs/DocumentReferenced.do?GID=RIMRJBAAAAAAAAAA&page=1&nRecords=10&searchValue=1041&searchKey=DOCNO&organizations=BSI&displayWithdrawn=false¤cy=CAD HTTP/1.1" 404 1039 "-" "Mozilla/5.0 (compatible; Googlebot/2.1; +http://www.google.com/bot.html)"
66.249.66.42 - - [20/Aug/2008:14:14:43 -0400] "GET /eSpecs/DocumentReferenced.do?GID=MUORCCAAAAAAAAAA&page=1&nRecords=10&searchValue=C2&searchKey=DOCNO&organizations=IEEE&displayWithdrawn=false¤cy=CAD HTTP/1.1" 404 1039 "-" "Mozilla/5.0 (compatible; Googlebot/2.1; +http://www.google.com/bot.html)"
66.249.66.42 - - [20/Aug/2008:14:14:44 -0400] "GET /eSpecs/DocumentReferenced.do?GID=CTVDCAAAAAAAAAAA&page=1&nRecords=10&searchValue=61000-6-2&searchKey=DOCNO&organizations=BSI&displayWithdrawn=false¤cy=CAD HTTP/1.1" 404 1039 "-" "Mozilla/5.0 (compatible; Googlebot/2.1; +http://www.google.com/bot.html)"
66.249.66.42 - - [20/Aug/2008:14:14:44 -0400] "GET /eSpecs/DocumentReferenced.do?GID=GBPCKAAAAAAAAAAA&page=1&nRecords=10&searchValue=API%20SPEC%20Q1&searchKey=DOCNO&organizations=API&displayWithdrawn=false¤cy=CAD HTTP/1.1" 404 1039 "-" "Mozilla/5.0 (compatible; Googlebot/2.1; +http://www.google.com/bot.html)"
66.249.66.42 - - [20/Aug/2008:14:14:45 -0400] "GET /eSpecs/DocumentReferenced.do?GID=LUHMCCAAAAAAAAAA&page=1&nRecords=10&searchValue=TC-1A&searchKey=DOCNO&organizations=&displayWithdrawn=false¤cy=CAD HTTP/1.1" 404 1039 "-" "Mozilla/5.0 (compatible; Googlebot/2.1; +http://www.google.com/bot.html)"
66.249.66.42 - - [20/Aug/2008:14:14:46 -0400] "GET /eSpecs/DocumentReferenced.do?GID=KHZRBCAAAAAAAAAA&page=1&nRecords=10&searchValue=EW%201&searchKey=DOCNO&organizations=NEMA&displayWithdrawn=false¤cy=CAD HTTP/1.1" 404 1039 "-" "Mozilla/5.0 (compatible; Googlebot/2.1; +http://www.google.com/bot.html)"
66.249.66.42 - - [20/Aug/2008:14:14:46 -0400] "GET /eSpecs/DocumentReferenced.do?GID=LWOMACAAAAAAAAAA&page=1&nRecords=10&searchValue=API%20RP%20500&searchKey=DOCNO&organizations=API&displayWithdrawn=false¤cy=CAD HTTP/1.1" 404 1039 "-" "Mozilla/5.0 (compatible; Googlebot/2.1; +http://www.google.com/bot.html)"
66.249.66.42 - - [20/Aug/2008:14:14:47 -0400] "GET /eSpecs/DocumentReferenced.do?GID=MYOOBBAAAAAAAAAA&page=1&nRecords=10&searchValue=J-STD-607&searchKey=DOCNO&organizations=&displayWithdrawn=false¤cy=CAD HTTP/1.1" 404 1039 "-" "Mozilla/5.0 (compatible; Googlebot/2.1; +http://www.google.com/bot.html)"
66.249.66.42 - - [20/Aug/2008:14:14:47 -0400] "GET /eSpecs/DocumentReferenced.do?GID=WANLKAAAAAAAAAAA&page=1&nRecords=10&searchValue=17025&searchKey=DOCNO&organizations=ISO&displayWithdrawn=false¤cy=CAD HTTP/1.1" 404 1039 "-" "Mozilla/5.0 (compatible; Googlebot/2.1; +http://www.google.com/bot.html)"
66.249.66.42 - - [20/Aug/2008:14:14:48 -0400] "GET /eSpecs/DocumentReferenced.do?GID=ZKHGCCAAAAAAAAAA&page=1&nRecords=10&searchValue=17025&searchKey=DOCNO&organizations=ISO&displayWithdrawn=false¤cy=CAD HTTP/1.1" 404 1039 "-" "Mozilla/5.0 (compatible; Googlebot/2.1; +http://www.google.com/bot.html)"
66.249.66.42 - - [20/Aug/2008:14:14:49 -0400] "GET /eSpecs/DocumentReferenced.do?GID=JWOVCAAAAAAAAAAA&page=1&nRecords=10&searchValue=IEEE%20C2&searchKey=DOCNO&organizations=IEEE&displayWithdrawn=false¤cy=CAD HTTP/1.1" 404 1039 "-" "Mozilla/5.0 (compatible; Googlebot/2.1; +http://www.google.com/bot.html)"
66.249.66.42 - - [20/Aug/2008:14:14:49 -0400] "GET /eSpecs/DocumentReferenced.do?GID=KSVFCAAAAAAAAAAA&page=1&nRecords=10&searchValue=10006&searchKey=DOCNO&organizations=ISO&displayWithdrawn=false¤cy=CAD HTTP/1.1" 404 1039 "-" "Mozilla/5.0 (compatible; Googlebot/2.1; +http://www.google.com/bot.html)"
66.249.66.42 - - [20/Aug/2008:14:14:50 -0400] "GET /eSpecs/DocumentReferenced.do?GID=YQXUCAAAAAAAAAAA&page=1&nRecords=10&searchValue=ANSI%20C119.1&searchKey=DOCNO&organizations=ANSI&displayWithdrawn=false¤cy=CAD HTTP/1.1" 404 1039 "-" "Mozilla/5.0 (compatible; Googlebot/2.1; +http://www.google.com/bot.html)"
66.249.66.42 - - [20/Aug/2008:14:14:50 -0400] "GET /eSpecs/DocumentReferenced.do?GID=FQHXGCAAAAAAAAAA&page=1&nRecords=10&searchValue=J-STD-607&searchKey=DOCNO&organizations=&displayWithdrawn=false¤cy=CAD HTTP/1.1" 404 1039 "-" "Mozilla/5.0 (compatible; Googlebot/2.1; +http://www.google.com/bot.html)"
66.249.66.42 - - [20/Aug/2008:14:14:51 -0400] "GET /eSpecs/DocumentReferenced.do?GID=NRHHIBAAAAAAAAAA&page=1&nRecords=10&searchValue=EW%201&searchKey=DOCNO&organizations=NEMA&displayWithdrawn=false¤cy=CAD HTTP/1.1" 404 1039 "-" "Mozilla/5.0 (compatible; Googlebot/2.1; +http://www.google.com/bot.html)"
66.249.66.42 - - [20/Aug/2008:14:14:52 -0400] "GET /eSpecs/DocumentReferenced.do?GID=QROYGBAAAAAAAAAA&page=1&nRecords=10&searchValue=HE74&searchKey=DOCNO&organizations=AAMI&displayWithdrawn=false¤cy=CAD HTTP/1.1" 404 1039 "-" "Mozilla/5.0 (compatible; Googlebot/2.1; +http://www.google.com/bot.html)"
66.249.66.42 - - [20/Aug/2008:14:14:52 -0400] "GET /eSpecs/DocumentReferenced.do?GID=NOQFHBAAAAAAAAAA&page=1&nRecords=10&searchValue=9001&searchKey=DOCNO&organizations=ISO&displayWithdrawn=false¤cy=CAD HTTP/1.1" 404 1039 "-" "Mozilla/5.0 (compatible; Googlebot/2.1; +http://www.google.com/bot.html)"
66.249.66.42 - - [20/Aug/2008:14:14:53 -0400] "GET /eSpecs/DocumentReferenced.do?GID=WYAMCAAAAAAAAAAA&page=1&nRecords=10&searchValue=60417&searchKey=DOCNO&organizations=IEC&displayWithdrawn=false¤cy=CAD HTTP/1.1" 404 1039 "-" "Mozilla/5.0 (compatible; Googlebot/2.1; +http://www.google.com/bot.html)"
66.249.66.42 - - [20/Aug/2008:14:14:53 -0400] "GET /eSpecs/DocumentReferenced.do?GID=JEHRCBAAAAAAAAAA&page=1&nRecords=10&searchValue=60601-1&searchKey=DOCNO&organizations=IEC&displayWithdrawn=false¤cy=CAD HTTP/1.1" 404 1039 "-" "Mozilla/5.0 (compatible; Googlebot/2.1; +http://www.google.com/bot.html)"
66.249.66.42 - - [20/Aug/2008:14:14:54 -0400] "GET /eSpecs/DocumentReferenced.do?GID=UNPICAAAAAAAAAAA&page=1&nRecords=10&searchValue=API%20STD%201529&searchKey=DOCNO&organizations=API&displayWithdrawn=false¤cy=CAD HTTP/1.1" 404 1039 "-" "Mozilla/5.0 (compatible; Googlebot/2.1; +http://www.google.com/bot.html)"
66.249.66.42 - - [20/Aug/2008:14:14:55 -0400] "GET /eSpecs/DocumentReferenced.do?GID=IPUNACAAAAAAAAAA&page=1&nRecords=10&searchValue=TC-1A&searchKey=DOCNO&organizations=&displayWithdrawn=false¤cy=CAD HTTP/1.1" 404 1039 "-" "Mozilla/5.0 (compatible; Googlebot/2.1; +http://www.google.com/bot.html)"
66.249.66.42 - - [20/Aug/2008:14:14:55 -0400] "GET /eSpecs/DocumentReferenced.do?GID=RBHXCAAAAAAAAAAA&page=1&nRecords=10&searchValue=60529&searchKey=DOCNO&organizations=IEC&displayWithdrawn=false¤cy=CAD HTTP/1.1" 404 1039 "-" "Mozilla/5.0 (compatible; Googlebot/2.1; +http://www.google.com/bot.html)"
66.249.66.42 - - [20/Aug/2008:14:14:56 -0400] "GET /eSpecs/DocumentReferenced.do?GID=DBUPJBAAAAAAAAAA&page=1&nRecords=10&searchValue=C2&searchKey=DOCNO&organizations=IEEE&displayWithdrawn=false¤cy=CAD HTTP/1.1" 404 1039 "-" "Mozilla/5.0 (compatible; Googlebot/2.1; +http://www.google.com/bot.html)"
66.249.66.42 - - [20/Aug/2008:14:14:56 -0400] "GET /eSpecs/DocumentReferenced.do?GID=KVLOPAAAAAAAAAAA&page=1&nRecords=10&searchValue=60601-1-2&searchKey=DOCNO&organizations=BSI&displayWithdrawn=false¤cy=CAD HTTP/1.1" 404 1039 "-" "Mozilla/5.0 (compatible; Googlebot/2.1; +http://www.google.com/bot.html)"
66.249.66.42 - - [20/Aug/2008:14:14:57 -0400] "GET /eSpecs/DocumentReferenced.do?GID=OZIFGBAAAAAAAAAA&page=1&nRecords=10&searchValue=AASHTO%20HB&searchKey=DOCNO&organizations=AASHTO&displayWithdrawn=false¤cy=CAD HTTP/1.1" 404 1039 "-" "Mozilla/5.0 (compatible; Googlebot/2.1; +http://www.google.com/bot.html)"
66.249.66.42 - - [20/Aug/2008:14:14:58 -0400] "GET /eSpecs/DocumentReferenced.do?GID=XOEIJBAAAAAAAAAA&page=1&nRecords=10&searchValue=1041&searchKey=DOCNO&organizations=BSI&displayWithdrawn=false¤cy=CAD HTTP/1.1" 404 1039 "-" "Mozilla/5.0 (compatible; Googlebot/2.1; +http://www.google.com/bot.html)"
66.249.66.42 - - [20/Aug/2008:14:14:58 -0400] "GET /eSpecs/DocumentReferenced.do?GID=LGKNBBAAAAAAAAAA&page=1&nRecords=10&searchValue=72&searchKey=DOCNO&organizations=NFPA&displayWithdrawn=false¤cy=CAD HTTP/1.1" 404 1039 "-" "Mozilla/5.0 (compatible; Googlebot/2.1; +http://www.google.com/bot.html)"
66.249.66.42 - - [20/Aug/2008:14:14:59 -0400] "GET /eSpecs/DocumentReferenced.do?GID=WUNGCAAAAAAAAAAA&page=1&nRecords=10&searchValue=15223&searchKey=DOCNO&organizations=ISO&displayWithdrawn=false¤cy=CAD HTTP/1.1" 404 1039 "-" "Mozilla/5.0 (compatible; Googlebot/2.1; +http://www.google.com/bot.html)"
66.249.66.42 - - [20/Aug/2008:14:15:00 -0400] "GET /eSpecs/DocumentReferenced.do?GID=HSQADAAAAAAAAAAA&page=1&nRecords=10&searchValue=D17.1&searchKey=DOCNO&organizations=AWS&displayWithdrawn=false¤cy=CAD HTTP/1.1" 404 1039 "-" "Mozilla/5.0 (compatible; Googlebot/2.1; +http://www.google.com/bot.html)"
66.249.66.42 - - [20/Aug/2008:14:15:00 -0400] "GET /eSpecs/DocumentReferenced.do?GID=VVVNBCAAAAAAAAAA&page=1&nRecords=10&searchValue=D1.6&searchKey=DOCNO&organizations=AWS&displayWithdrawn=false¤cy=CAD HTTP/1.1" 404 1039 "-" "Mozilla/5.0 (compatible; Googlebot/2.1; +http://www.google.com/bot.html)"
66.249.66.42 - - [20/Aug/2008:14:15:01 -0400] "GET /eSpecs/DocumentReferenced.do?GID=ALZTIBAAAAAAAAAA&page=1&nRecords=10&searchValue=A5.8/A5.8M&searchKey=DOCNO&organizations=AWS&displayWithdrawn=false¤cy=CAD HTTP/1.1" 404 1039 "-" "Mozilla/5.0 (compatible; Googlebot/2.1; +http://www.google.com/bot.html)"
66.249.66.42 - - [20/Aug/2008:14:15:01 -0400] "GET /eSpecs/DocumentReferenced.do?GID=BSPGJBAAAAAAAAAA&page=1&nRecords=10&searchValue=C2&searchKey=DOCNO&organizations=IEEE&displayWithdrawn=false¤cy=CAD HTTP/1.1" 404 1039 "-" "Mozilla/5.0 (compatible; Googlebot/2.1; +http://www.google.com/bot.html)"
66.249.66.42 - - [20/Aug/2008:14:15:02 -0400] "GET /eSpecs/DocumentReferenced.do?GID=JHXLJAAAAAAAAAAA&page=1&nRecords=10&searchValue=ASME%20PALD&searchKey=DOCNO&organizations=ASME&displayWithdrawn=false¤cy=CAD HTTP/1.1" 404 1039 "-" "Mozilla/5.0 (compatible; Googlebot/2.1; +http://www.google.com/bot.html)"
66.249.66.42 - - [20/Aug/2008:14:15:03 -0400] "GET /eSpecs/DocumentReferenced.do?GID=USTSCAAAAAAAAAAA&page=1&nRecords=10&searchValue=9001&searchKey=DOCNO&organizations=ISO&displayWithdrawn=false¤cy=CAD HTTP/1.1" 404 1039 "-" "Mozilla/5.0 (compatible; Googlebot/2.1; +http://www.google.com/bot.html)"
66.249.66.42 - - [20/Aug/2008:14:15:03 -0400] "GET /eSpecs/DocumentReferenced.do?GID=LNXSFBAAAAAAAAAA&page=1&nRecords=10&searchValue=60601-1-2&searchKey=DOCNO&organizations=BSI&displayWithdrawn=false¤cy=CAD HTTP/1.1" 404 1039 "-" "Mozilla/5.0 (compatible; Googlebot/2.1; +http://www.google.com/bot.html)"
66.249.66.42 - - [20/Aug/2008:14:15:04 -0400] "GET /eSpecs/DocumentReferenced.do?GID=MHUYEBAAAAAAAAAA&page=1&nRecords=10&searchValue=NEMA%20TC%209&searchKey=DOCNO&organizations=NEMA&displayWithdrawn=false¤cy=CAD HTTP/1.1" 404 1039 "-" "Mozilla/5.0 (compatible; Googlebot/2.1; +http://www.google.com/bot.html)"
66.249.66.42 - - [20/Aug/2008:14:15:04 -0400] "GET /eSpecs/DocumentReferenced.do?GID=FLQOCAAAAAAAAAAA&page=1&nRecords=10&searchValue=D1.6&searchKey=DOCNO&organizations=AWS&displayWithdrawn=false¤cy=CAD HTTP/1.1" 404 1039 "-" "Mozilla/5.0 (compatible; Googlebot/2.1; +http://www.google.com/bot.html)"
66.249.66.42 - - [20/Aug/2008:14:15:05 -0400] "GET /eSpecs/DocumentReferenced.do?GID=ENLFACAAAAAAAAAA&page=1&nRecords=10&searchValue=TC-1A&searchKey=DOCNO&organizations=&displayWithdrawn=false¤cy=CAD HTTP/1.1" 404 1039 "-" "Mozilla/5.0 (compatible; Googlebot/2.1; +http://www.google.com/bot.html)"
66.249.66.42 - - [20/Aug/2008:14:15:06 -0400] "GET /eSpecs/DocumentReferenced.do?GID=VGIUCBAAAAAAAAAA&page=1&nRecords=10&searchValue=16949&searchKey=DOCNO&organizations=ISO&displayWithdrawn=false¤cy=CAD HTTP/1.1" 404 1039 "-" "Mozilla/5.0 (compatible; Googlebot/2.1; +http://www.google.com/bot.html)"
119.63.193.55 - - [20/Aug/2008:14:15:06 -0400] "GET / HTTP/1.1" 200 118 "-" "Baiduspider+(+http://www.baidu.com/search/spider_jp.html)"
190.25.48.157 - - [20/Aug/2008:14:15:06 -0400] "GET /eSpecs/DocumentDetails.do?GID=SRJSJBAAAAAAAAAA¤cy=CAD HTTP/1.1" 404 1030 "http://www.google.com/search?hl=en&q=%22b31.4%22&start=70&sa=N" "Mozilla/5.0 (Windows; U; Windows NT 5.1; es-ES; rv:1.8.1.16) Gecko/20080702 Firefox/2.0.0.16"
190.25.48.157 - - [20/Aug/2008:14:15:06 -0400] "GET /favicon.ico HTTP/1.1" 404 339 "-" "Mozilla/5.0 (Windows; U; Windows NT 5.1; es-ES; rv:1.8.1.16) Gecko/20080702 Firefox/2.0.0.16"
190.25.48.157 - - [20/Aug/2008:14:15:06 -0400] "GET /favicon.ico HTTP/1.1" 404 339 "-" "Mozilla/5.0 (Windows; U; Windows NT 5.1; es-ES; rv:1.8.1.16) Gecko/20080702 Firefox/2.0.0.16"
66.249.66.42 - - [20/Aug/2008:14:15:06 -0400] "GET /eSpecs/DocumentReferenced.do?GID=NWQOCAAAAAAAAAAA&page=1&nRecords=10&searchValue=NEMA%20TC%209&searchKey=DOCNO&organizations=NEMA&displayWithdrawn=false¤cy=CAD HTTP/1.1" 404 1039 "-" "Mozilla/5.0 (compatible; Googlebot/2.1; +http://www.google.com/bot.html)"
66.249.66.42 - - [20/Aug/2008:14:15:07 -0400] "GET /eSpecs/DocumentReferenced.do?GID=WZHMZBAAAAAAAAAA&page=1&nRecords=10&searchValue=13485&searchKey=DOCNO&organizations=ISO&displayWithdrawn=false¤cy=CAD HTTP/1.1" 404 1039 "-" "Mozilla/5.0 (compatible; Googlebot/2.1; +http://www.google.com/bot.html)"
66.249.66.42 - - [20/Aug/2008:14:15:07 -0400] "GET /eSpecs/DocumentReferenced.do?GID=VCIGCAAAAAAAAAAA&page=1&nRecords=10&searchValue=IS-707&searchKey=DOCNO&organizations=TIA&displayWithdrawn=false¤cy=CAD HTTP/1.1" 404 1039 "-" "Mozilla/5.0 (compatible; Googlebot/2.1; +http://www.google.com/bot.html)"
66.249.66.42 - - [20/Aug/2008:14:15:08 -0400] "GET /eSpecs/DocumentReferenced.do?GID=MAQWHBAAAAAAAAAA&page=1&nRecords=10&searchValue=14001&searchKey=DOCNO&organizations=ISO&displayWithdrawn=false¤cy=CAD HTTP/1.1" 404 1039 "-" "Mozilla/5.0 (compatible; Googlebot/2.1; +http://www.google.com/bot.html)"
66.249.66.42 - - [20/Aug/2008:14:15:09 -0400] "GET /eSpecs/DocumentReferenced.do?GID=AUVMABAAAAAAAAAA&page=1&nRecords=10&searchValue=NEMA%20250&searchKey=DOCNO&organizations=NEMA&displayWithdrawn=false¤cy=CAD HTTP/1.1" 404 1039 "-" "Mozilla/5.0 (compatible; Googlebot/2.1; +http://www.google.com/bot.html)"
66.249.66.42 - - [20/Aug/2008:14:15:09 -0400] "GET /eSpecs/DocumentReferenced.do?GID=LKXOPAAAAAAAAAAA&page=1&nRecords=10&searchValue=15223&searchKey=DOCNO&organizations=ISO&displayWithdrawn=false¤cy=CAD HTTP/1.1" 404 1039 "-" "Mozilla/5.0 (compatible; Googlebot/2.1; +http://www.google.com/bot.html)"
66.249.66.42 - - [20/Aug/2008:14:15:10 -0400] "GET /eSpecs/DocumentReferenced.do?GID=JMJSACAAAAAAAAAA&page=1&nRecords=10&searchValue=NASM21209&searchKey=DOCNO&organizations=&displayWithdrawn=false¤cy=CAD HTTP/1.1" 404 1039 "-" "Mozilla/5.0 (compatible; Googlebot/2.1; +http://www.google.com/bot.html)"
66.249.66.42 - - [20/Aug/2008:14:15:10 -0400] "GET /eSpecs/DocumentReferenced.do?GID=JROKBBAAAAAAAAAA&page=1&nRecords=10&searchValue=14001&searchKey=DOCNO&organizations=ISO&displayWithdrawn=false¤cy=CAD HTTP/1.1" 404 1039 "-" "Mozilla/5.0 (compatible; Googlebot/2.1; +http://www.google.com/bot.html)"
66.249.66.42 - - [20/Aug/2008:14:15:11 -0400] "GET /eSpecs/DocumentReferenced.do?GID=ZYCSHBAAAAAAAAAA&page=1&nRecords=10&searchValue=9001&searchKey=DOCNO&organizations=ISO&displayWithdrawn=false¤cy=CAD HTTP/1.1" 404 1039 "-" "Mozilla/5.0 (compatible; Googlebot/2.1; +http://www.google.com/bot.html)"
66.249.66.42 - - [20/Aug/2008:14:15:12 -0400] "GET /eSpecs/DocumentReferenced.do?GID=INDFCAAAAAAAAAAA&page=1&nRecords=10&searchValue=J-STD-001&searchKey=DOCNO&organizations=&displayWithdrawn=false¤cy=CAD HTTP/1.1" 404 1039 "-" "Mozilla/5.0 (compatible; Googlebot/2.1; +http://www.google.com/bot.html)"
66.249.66.42 - - [20/Aug/2008:14:15:12 -0400] "GET /eSpecs/DocumentReferenced.do?GID=KXMHKAAAAAAAAAAA&page=1&nRecords=10&searchValue=14971&searchKey=DOCNO&organizations=ISO&displayWithdrawn=false¤cy=CAD HTTP/1.1" 404 1039 "-" "Mozilla/5.0 (compatible; Googlebot/2.1; +http://www.google.com/bot.html)"
66.249.66.42 - - [20/Aug/2008:14:15:13 -0400] "GET /eSpecs/DocumentReferenced.do?GID=MCUPJBAAAAAAAAAA&page=1&nRecords=10&searchValue=Standard%20for%20Hypobaric%20Facilities&searchKey=TITLE&organizations=NFPA&displayWithdrawn=false¤cy=CAD HTTP/1.1" 404 1039 "-" "Mozilla/5.0 (compatible; Googlebot/2.1; +http://www.google.com/bot.html)"
66.249.66.42 - - [20/Aug/2008:14:15:13 -0400] "GET /eSpecs/DocumentReferenced.do?GID=DYIGBBAAAAAAAAAA&page=1&nRecords=10&searchValue=17025&searchKey=DOCNO&organizations=ISO&displayWithdrawn=false¤cy=CAD HTTP/1.1" 404 1039 "-" "Mozilla/5.0 (compatible; Googlebot/2.1; +http://www.google.com/bot.html)"
66.249.66.42 - - [20/Aug/2008:14:15:14 -0400] "GET /eSpecs/DocumentReferenced.do?GID=SLYXHBAAAAAAAAAA&page=1&nRecords=10&searchValue=A5.12/A5.12M&searchKey=DOCNO&organizations=AWS&displayWithdrawn=false¤cy=CAD HTTP/1.1" 404 1039 "-" "Mozilla/5.0 (compatible; Googlebot/2.1; +http://www.google.com/bot.html)"
66.249.66.42 - - [20/Aug/2008:14:15:15 -0400] "GET /eSpecs/DocumentReferenced.do?GID=LSANZBAAAAAAAAAA&page=1&nRecords=10&searchValue=MW%201000&searchKey=DOCNO&organizations=NEMA&displayWithdrawn=false¤cy=CAD HTTP/1.1" 404 1039 "-" "Mozilla/5.0 (compatible; Googlebot/2.1; +http://www.google.com/bot.html)"
66.249.66.42 - - [20/Aug/2008:14:15:15 -0400] "GET /eSpecs/DocumentReferenced.do?GID=PISFBCAAAAAAAAAA&page=1&nRecords=10&searchValue=15223&searchKey=DOCNO&organizations=ISO&displayWithdrawn=false¤cy=CAD HTTP/1.1" 404 1039 "-" "Mozilla/5.0 (compatible; Googlebot/2.1; +http://www.google.com/bot.html)"
66.249.66.42 - - [20/Aug/2008:14:15:16 -0400] "GET /eSpecs/DocumentReferenced.do?GID=FSXXCBAAAAAAAAAA&page=1&nRecords=10&searchValue=SAE%20AMS%202644&searchKey=DOCNO&organizations=&displayWithdrawn=false¤cy=CAD HTTP/1.1" 404 1039 "-" "Mozilla/5.0 (compatible; Googlebot/2.1; +http://www.google.com/bot.html)"
66.249.66.42 - - [20/Aug/2008:14:15:16 -0400] "GET /eSpecs/DocumentReferenced.do?GID=RRHSCAAAAAAAAAAA&page=1&nRecords=10&searchValue=60601-1-1&searchKey=DOCNO&organizations=IEC&displayWithdrawn=false¤cy=CAD HTTP/1.1" 404 1039 "-" "Mozilla/5.0 (compatible; Googlebot/2.1; +http://www.google.com/bot.html)"
66.249.66.42 - - [20/Aug/2008:14:15:17 -0400] "GET /eSpecs/DocumentReferenced.do?GID=AUEEPAAAAAAAAAAA&page=1&nRecords=10&searchValue=D1.1/D1.1M&searchKey=DOCNO&organizations=AWS&displayWithdrawn=false¤cy=CAD HTTP/1.1" 404 1039 "-" "Mozilla/5.0 (compatible; Googlebot/2.1; +http://www.google.com/bot.html)"
66.249.66.42 - - [20/Aug/2008:14:15:18 -0400] "GET /eSpecs/DocumentReferenced.do?GID=QRGUGCAAAAAAAAAA&page=1&nRecords=10&searchValue=70&searchKey=DOCNO&organizations=NFPA&displayWithdrawn=false¤cy=CAD HTTP/1.1" 404 1039 "-" "Mozilla/5.0 (compatible; Googlebot/2.1; +http://www.google.com/bot.html)"
206.172.4.2 - - [20/Aug/2008:14:15:17 -0400] "GET /specs/pdf/266_f.pdf HTTP/1.1" 200 27644 "-" "Mozilla/4.0 (compatible; MSIE 7.0; Windows NT 5.1)"
66.249.66.42 - - [20/Aug/2008:14:15:18 -0400] "GET /eSpecs/DocumentReferenced.do?GID=PBARXBAAAAAAAAAA&page=1&nRecords=10&searchValue=HE74&searchKey=DOCNO&organizations=AAMI&displayWithdrawn=false¤cy=CAD HTTP/1.1" 404 1039 "-" "Mozilla/5.0 (compatible; Googlebot/2.1; +http://www.google.com/bot.html)"
66.249.66.42 - - [20/Aug/2008:14:15:19 -0400] "GET /eSpecs/DocumentReferenced.do?GID=OWECACAAAAAAAAAA&page=1&nRecords=10&searchValue=ASTM%20D%20471&searchKey=DOCNO&organizations=&displayWithdrawn=false¤cy=CAD HTTP/1.1" 404 1039 "-" "Mozilla/5.0 (compatible; Googlebot/2.1; +http://www.google.com/bot.html)"
66.249.66.42 - - [20/Aug/2008:14:15:20 -0400] "GET /eSpecs/DocumentReferenced.do?GID=XJWDGBAAAAAAAAAA&page=1&nRecords=10&searchValue=WI&searchKey=DOCNO&organizations=AWS&displayWithdrawn=false¤cy=CAD HTTP/1.1" 404 1039 "-" "Mozilla/5.0 (compatible; Googlebot/2.1; +http://www.google.com/bot.html)"
85.31.90.110 - - [20/Aug/2008:14:15:18 -0400] "GET /specs/pdf/97_e.pdf HTTP/1.1" 200 30372 "http://www.google.com.sa/search?as_q=THE+MICROBIOLOGICAL+content+of+milk+powder&hl=ar&num=10&btnG=%D8%A8%D8%AD%D8%AB+Google%E2%80%8F&as_epq=&as_oq=&as_eq=&lr=lang_en&cr=&as_ft=i&as_filetype=pdf&as_qdr=all&as_occt=any&as_dt=i&as_sitesearch=&as_rights=" "Mozilla/4.0 (compatible; MSIE 6.0; Windows NT 5.1; SV1)"
66.249.66.42 - - [20/Aug/2008:14:15:20 -0400] "GET /eSpecs/DocumentReferenced.do?GID=YQQEABAAAAAAAAAA&page=1&nRecords=10&searchValue=90A&searchKey=DOCNO&organizations=NFPA&displayWithdrawn=false¤cy=CAD HTTP/1.1" 404 1039 "-" "Mozilla/5.0 (compatible; Googlebot/2.1; +http://www.google.com/bot.html)"
66.249.66.42 - - [20/Aug/2008:14:15:21 -0400] "GET /eSpecs/DocumentReferenced.do?GID=NERRACAAAAAAAAAA&page=1&nRecords=10&searchValue=NASM21209&searchKey=DOCNO&organizations=&displayWithdrawn=false¤cy=CAD HTTP/1.1" 404 1039 "-" "Mozilla/5.0 (compatible; Googlebot/2.1; +http://www.google.com/bot.html)"
66.249.66.42 - - [20/Aug/2008:14:15:21 -0400] "GET /eSpecs/DocumentReferenced.do?GID=XILHIBAAAAAAAAAA&page=1&nRecords=10&searchValue=13.01&searchKey=DOCNO&organizations=ASTM&displayWithdrawn=false¤cy=CAD HTTP/1.1" 404 1039 "-" "Mozilla/5.0 (compatible; Googlebot/2.1; +http://www.google.com/bot.html)"
66.249.66.42 - - [20/Aug/2008:14:15:22 -0400] "GET /eSpecs/DocumentReferenced.do?GID=GSIHJBAAAAAAAAAA&page=1&nRecords=10&searchValue=MW%201000&searchKey=DOCNO&organizations=NEMA&displayWithdrawn=false¤cy=CAD HTTP/1.1" 404 1039 "-" "Mozilla/5.0 (compatible; Googlebot/2.1; +http://www.google.com/bot.html)"
66.249.66.42 - - [20/Aug/2008:14:15:23 -0400] "GET /eSpecs/DocumentReferenced.do?GID=FFQNCAAAAAAAAAAA&page=1&nRecords=10&searchValue=A8402&searchKey=DOCNO&organizations=ASQ&displayWithdrawn=false¤cy=CAD HTTP/1.1" 404 1039 "-" "Mozilla/5.0 (compatible; Googlebot/2.1; +http://www.google.com/bot.html)"
190.25.48.157 - - [20/Aug/2008:14:15:23 -0400] "GET /favicon.ico HTTP/1.1" 404 339 "-" "Mozilla/5.0 (Windows; U; Windows NT 5.1; es-ES; rv:1.8.1.16) Gecko/20080702 Firefox/2.0.0.16"
66.249.66.42 - - [20/Aug/2008:14:15:23 -0400] "GET /eSpecs/DocumentReferenced.do?GID=SUJGEBAAAAAAAAAA&page=1&nRecords=10&searchValue=D1.4&searchKey=DOCNO&organizations=AWS&displayWithdrawn=false¤cy=CAD HTTP/1.1" 404 1039 "-" "Mozilla/5.0 (compatible; Googlebot/2.1; +http://www.google.com/bot.html)"
66.249.66.42 - - [20/Aug/2008:14:15:24 -0400] "GET /eSpecs/DocumentReferenced.do?GID=ZZKCPAAAAAAAAAAA&page=1&nRecords=10&searchValue=D1.2/D1.2M&searchKey=DOCNO&organizations=AWS&displayWithdrawn=false¤cy=CAD HTTP/1.1" 404 1039 "-" "Mozilla/5.0 (compatible; Googlebot/2.1; +http://www.google.com/bot.html)"
66.249.66.42 - - [20/Aug/2008:14:15:24 -0400] "GET /eSpecs/DocumentReferenced.do?GID=OSVJABAAAAAAAAAA&page=1&nRecords=10&searchValue=NEMA%20WC%2027500&searchKey=DOCNO&organizations=&displayWithdrawn=false¤cy=CAD HTTP/1.1" 404 1039 "-" "Mozilla/5.0 (compatible; Googlebot/2.1; +http://www.google.com/bot.html)"
206.172.4.2 - - [20/Aug/2008:14:15:25 -0400] "GET /specs/pdf/266_f.pdf HTTP/1.1" 304 - "-" "Mozilla/4.0 (compatible; MSIE 7.0; Windows NT 5.1)"
66.249.66.42 - - [20/Aug/2008:14:15:25 -0400] "GET /eSpecs/DocumentReferenced.do?GID=PQRUIBAAAAAAAAAA&page=1&nRecords=10&searchValue=J-STD-001&searchKey=DOCNO&organizations=&displayWithdrawn=false¤cy=CAD HTTP/1.1" 404 1039 "-" "Mozilla/5.0 (compatible; Googlebot/2.1; +http://www.google.com/bot.html)"
66.249.66.42 - - [20/Aug/2008:14:15:26 -0400] "GET /eSpecs/DocumentReferenced.do?GID=PIFCCCAAAAAAAAAA&page=1&nRecords=10&searchValue=1041&searchKey=DOCNO&organizations=BSI&displayWithdrawn=false¤cy=CAD HTTP/1.1" 404 1039 "-" "Mozilla/5.0 (compatible; Googlebot/2.1; +http://www.google.com/bot.html)"
66.249.66.42 - - [20/Aug/2008:14:15:26 -0400] "GET /eSpecs/DocumentReferenced.do?GID=TEZCGBAAAAAAAAAA&page=1&nRecords=10&searchValue=TC-1A&searchKey=DOCNO&organizations=&displayWithdrawn=false¤cy=CAD HTTP/1.1" 404 1039 "-" "Mozilla/5.0 (compatible; Googlebot/2.1; +http://www.google.com/bot.html)"
66.249.66.42 - - [20/Aug/2008:14:15:27 -0400] "GET /eSpecs/DocumentReferenced.do?GID=EEIZIBAAAAAAAAAA&page=1&nRecords=10&searchValue=API%20RP%20500&searchKey=DOCNO&organizations=API&displayWithdrawn=false¤cy=CAD HTTP/1.1" 404 1039 "-" "Mozilla/5.0 (compatible; Googlebot/2.1; +http://www.google.com/bot.html)"
66.249.66.42 - - [20/Aug/2008:14:15:27 -0400] "GET /eSpecs/DocumentReferenced.do?GID=IVJOSAAAAAAAAAAA&page=1&nRecords=10&searchValue=NEMA%20BU%201.1&searchKey=DOCNO&organizations=NEMA&displayWithdrawn=false¤cy=CAD HTTP/1.1" 404 1039 "-" "Mozilla/5.0 (compatible; Googlebot/2.1; +http://www.google.com/bot.html)"
66.249.66.42 - - [20/Aug/2008:14:15:28 -0400] "GET /eSpecs/DocumentReferenced.do?GID=XGURBCAAAAAAAAAA&page=1&nRecords=10&searchValue=NEMA%20250&searchKey=DOCNO&organizations=NEMA&displayWithdrawn=false¤cy=CAD HTTP/1.1" 404 1039 "-" "Mozilla/5.0 (compatible; Googlebot/2.1; +http://www.google.com/bot.html)"
66.249.66.42 - - [20/Aug/2008:14:15:29 -0400] "GET /eSpecs/DocumentReferenced.do?GID=AGIJKAAAAAAAAAAA&page=1&nRecords=10&searchValue=61000-4-2&searchKey=DOCNO&organizations=IEC&displayWithdrawn=false¤cy=CAD HTTP/1.1" 404 1039 "-" "Mozilla/5.0 (compatible; Googlebot/2.1; +http://www.google.com/bot.html)"
66.249.66.42 - - [20/Aug/2008:14:15:29 -0400] "GET /eSpecs/DocumentReferenced.do?GID=KUXADBAAAAAAAAAA&page=1&nRecords=10&searchValue=72&searchKey=DOCNO&organizations=NFPA&displayWithdrawn=false¤cy=CAD HTTP/1.1" 404 1039 "-" "Mozilla/5.0 (compatible; Googlebot/2.1; +http://www.google.com/bot.html)"
66.249.66.42 - - [20/Aug/2008:14:15:30 -0400] "GET /eSpecs/DocumentReferenced.do?GID=ETVJGCAAAAAAAAAA&page=1&nRecords=10&searchValue=NEMA%20250&searchKey=DOCNO&organizations=NEMA&displayWithdrawn=false¤cy=CAD HTTP/1.1" 404 1039 "-" "Mozilla/5.0 (compatible; Googlebot/2.1; +http://www.google.com/bot.html)"
66.249.66.42 - - [20/Aug/2008:14:15:30 -0400] "GET /eSpecs/DocumentReferenced.do?GID=NHIFABAAAAAAAAAA&page=1&nRecords=10&searchValue=10993-4&searchKey=DOCNO&organizations=ISO&displayWithdrawn=false¤cy=CAD HTTP/1.1" 404 1039 "-" "Mozilla/5.0 (compatible; Googlebot/2.1; +http://www.google.com/bot.html)"
66.249.66.42 - - [20/Aug/2008:14:15:31 -0400] "GET /eSpecs/DocumentReferenced.do?GID=DBUPJBAAAAAAAAAA&page=1&nRecords=10&searchValue=Standard%20for%20Hypobaric%20Facilities&searchKey=TITLE&organizations=NFPA&displayWithdrawn=false¤cy=CAD HTTP/1.1" 404 1039 "-" "Mozilla/5.0 (compatible; Googlebot/2.1; +http://www.google.com/bot.html)"
66.249.66.42 - - [20/Aug/2008:14:15:32 -0400] "GET /eSpecs/DocumentReferenced.do?GID=YZMVWAAAAAAAAAAA&page=1&nRecords=10&searchValue=J-STD-607&searchKey=DOCNO&organizations=&displayWithdrawn=false¤cy=CAD HTTP/1.1" 404 1039 "-" "Mozilla/5.0 (compatible; Googlebot/2.1; +http://www.google.com/bot.html)"
66.249.66.42 - - [20/Aug/2008:14:15:32 -0400] "GET /eSpecs/DocumentReferenced.do?GID=EASOBCAAAAAAAAAA&page=1&nRecords=10&searchValue=Standard%20for%20Hypobaric%20Facilities&searchKey=TITLE&organizations=NFPA&displayWithdrawn=false¤cy=CAD HTTP/1.1" 404 1039 "-" "Mozilla/5.0 (compatible; Googlebot/2.1; +http://www.google.com/bot.html)"
66.249.66.42 - - [20/Aug/2008:14:15:33 -0400] "GET /eSpecs/DocumentReferenced.do?GID=BLHDHBAAAAAAAAAA&page=1&nRecords=10&searchValue=90A&searchKey=DOCNO&organizations=NFPA&displayWithdrawn=false¤cy=CAD HTTP/1.1" 404 1039 "-" "Mozilla/5.0 (compatible; Googlebot/2.1; +http://www.google.com/bot.html)"
66.249.66.42 - - [20/Aug/2008:14:15:33 -0400] "GET /eSpecs/DocumentReferenced.do?GID=PGNNEBAAAAAAAAAA&page=1&nRecords=10&searchValue=18001&searchKey=DOCNO&organizations=BSI&displayWithdrawn=false¤cy=CAD HTTP/1.1" 404 1039 "-" "Mozilla/5.0 (compatible; Googlebot/2.1; +http://www.google.com/bot.html)"
66.249.66.42 - - [20/Aug/2008:14:15:34 -0400] "GET /eSpecs/DocumentReferenced.do?GID=MFEECCAAAAAAAAAA&page=1&nRecords=10&searchValue=72&searchKey=DOCNO&organizations=NFPA&displayWithdrawn=false¤cy=CAD HTTP/1.1" 404 1039 "-" "Mozilla/5.0 (compatible; Googlebot/2.1; +http://www.google.com/bot.html)"
66.249.66.42 - - [20/Aug/2008:14:15:35 -0400] "GET /eSpecs/DocumentReferenced.do?GID=AQJEKAAAAAAAAAAA&page=1&nRecords=10&searchValue=J-STD-607&searchKey=DOCNO&organizations=&displayWithdrawn=false¤cy=CAD HTTP/1.1" 404 1039 "-" "Mozilla/5.0 (compatible; Googlebot/2.1; +http://www.google.com/bot.html)"
65.55.210.235 - - [20/Aug/2008:14:15:35 -0400] "GET /eSpecs/AddDocumentAction.do?mediaType=HC&GID=YIYTACAAAAAAAAAA&page=1&nRecords=10&searchValue=A5.8/A5.8M&searchKey=DOCNO&organizations=AWS&displayWithdrawn=false¤cy=CAD HTTP/1.1" 404 1036 "-" "msnbot/1.1 (+http://search.msn.com/msnbot.htm)"
66.249.66.42 - - [20/Aug/2008:14:15:35 -0400] "GET /eSpecs/DocumentReferenced.do?GID=MNIKCAAAAAAAAAAA&page=1&nRecords=10&searchValue=13&searchKey=DOCNO&organizations=NFPA&displayWithdrawn=false¤cy=CAD HTTP/1.1" 404 1039 "-" "Mozilla/5.0 (compatible; Googlebot/2.1; +http://www.google.com/bot.html)"
66.249.66.42 - - [20/Aug/2008:14:15:36 -0400] "GET /eSpecs/DocumentReferenced.do?GID=XVTSXBAAAAAAAAAA&page=1&nRecords=10&searchValue=NEMA%20250&searchKey=DOCNO&organizations=NEMA&displayWithdrawn=false¤cy=CAD HTTP/1.1" 404 1039 "-" "Mozilla/5.0 (compatible; Googlebot/2.1; +http://www.google.com/bot.html)"
66.249.66.42 - - [20/Aug/2008:14:15:36 -0400] "GET /eSpecs/DocumentReferenced.do?GID=GAAZDAAAAAAAAAAA&page=1&nRecords=10&searchValue=NASM21209&searchKey=DOCNO&organizations=&displayWithdrawn=false¤cy=CAD HTTP/1.1" 404 1039 "-" "Mozilla/5.0 (compatible; Googlebot/2.1; +http://www.google.com/bot.html)"
66.249.66.42 - - [20/Aug/2008:14:15:37 -0400] "GET /eSpecs/DocumentReferenced.do?GID=BDTICAAAAAAAAAAA&page=1&nRecords=10&searchValue=61000-4-2&searchKey=DOCNO&organizations=IEC&displayWithdrawn=false¤cy=CAD HTTP/1.1" 404 1039 "-" "Mozilla/5.0 (compatible; Googlebot/2.1; +http://www.google.com/bot.html)"
66.249.66.42 - - [20/Aug/2008:14:15:38 -0400] "GET /eSpecs/DocumentReferenced.do?GID=QIIXCAAAAAAAAAAA&page=1&nRecords=10&searchValue=72&searchKey=DOCNO&organizations=NFPA&displayWithdrawn=false¤cy=CAD HTTP/1.1" 404 1039 "-" "Mozilla/5.0 (compatible; Googlebot/2.1; +http://www.google.com/bot.html)"
66.249.66.42 - - [20/Aug/2008:14:15:38 -0400] "GET /eSpecs/DocumentReferenced.do?GID=HKKRCAAAAAAAAAAA&page=1&nRecords=10&searchValue=API%20STD%201529&searchKey=DOCNO&organizations=API&displayWithdrawn=false¤cy=CAD HTTP/1.1" 404 1039 "-" "Mozilla/5.0 (compatible; Googlebot/2.1; +http://www.google.com/bot.html)"
66.249.66.42 - - [20/Aug/2008:14:15:39 -0400] "GET /eSpecs/DocumentReferenced.do?GID=ALXSACAAAAAAAAAA&page=1&nRecords=10&searchValue=TC-1A&searchKey=DOCNO&organizations=&displayWithdrawn=false¤cy=CAD HTTP/1.1" 404 1039 "-" "Mozilla/5.0 (compatible; Googlebot/2.1; +http://www.google.com/bot.html)"
68.179.15.163 - - [20/Aug/2008:14:15:39 -0400] "GET / HTTP/1.1" 304 - "http://www.scc.ca/en/news_events/subscriptions/MS_bulletin.shtml" "Mozilla/4.0 (compatible; MSIE 6.0; Windows NT 5.0)"
66.249.66.42 - - [20/Aug/2008:14:15:40 -0400] "GET /eSpecs/DocumentReferenced.do?GID=JTUHGCAAAAAAAAAA&page=1&nRecords=10&searchValue=D1.1/D1.1M&searchKey=DOCNO&organizations=AWS&displayWithdrawn=false¤cy=CAD HTTP/1.1" 404 1039 "-" "Mozilla/5.0 (compatible; Googlebot/2.1; +http://www.google.com/bot.html)"
68.179.15.163 - - [20/Aug/2008:14:15:40 -0400] "GET /eSpecs/index.jsp HTTP/1.1" 404 982 "-" "Mozilla/4.0 (compatible; MSIE 6.0; Windows NT 5.0)"
66.249.66.42 - - [20/Aug/2008:14:15:40 -0400] "GET /eSpecs/DocumentReferenced.do?GID=LFUSCAAAAAAAAAAA&page=1&nRecords=10&searchValue=9001&searchKey=DOCNO&organizations=ISO&displayWithdrawn=false¤cy=CAD HTTP/1.1" 404 1039 "-" "Mozilla/5.0 (compatible; Googlebot/2.1; +http://www.google.com/bot.html)"
66.249.66.42 - - [20/Aug/2008:14:15:41 -0400] "GET /eSpecs/DocumentReferenced.do?GID=FDNPACAAAAAAAAAA&page=1&nRecords=10&searchValue=9120&searchKey=DOCNO&organizations=SAE&displayWithdrawn=false¤cy=CAD HTTP/1.1" 404 1039 "-" "Mozilla/5.0 (compatible; Googlebot/2.1; +http://www.google.com/bot.html)"
142.46.199.30 - - [20/Aug/2008:14:15:41 -0400] "HEAD / HTTP/1.0" 200 - "-" "Mozilla/4.0 (compatible; ipMonitor 8.5)"
74.6.22.96 - - [20/Aug/2008:14:15:41 -0400] "GET /eSpecs/AddDocumentAction.do?mediaType=ELEC&GID=LVUNACAAAAAAAAAA&page=1&nRecords=10&searchValue=41&searchKey=DOCNO&organizations=TIA&displayWithdrawn=false¤cy=CAD HTTP/1.0" 404 1036 "-" "Mozilla/5.0 (compatible; Yahoo! Slurp; http://help.yahoo.com/help/us/ysearch/slurp)"
66.249.66.42 - - [20/Aug/2008:14:15:41 -0400] "GET /eSpecs/DocumentReferenced.do?GID=ZNAIFBAAAAAAAAAA&page=1&nRecords=10&searchValue=1041&searchKey=DOCNO&organizations=BSI&displayWithdrawn=false¤cy=CAD HTTP/1.1" 404 1039 "-" "Mozilla/5.0 (compatible; Googlebot/2.1; +http://www.google.com/bot.html)"
66.249.66.42 - - [20/Aug/2008:14:15:42 -0400] "GET /eSpecs/DocumentReferenced.do?GID=ERYUACAAAAAAAAAA&page=1&nRecords=10&searchValue=B1.10&searchKey=DOCNO&organizations=AWS&displayWithdrawn=false¤cy=CAD HTTP/1.1" 404 1039 "-" "Mozilla/5.0 (compatible; Googlebot/2.1; +http://www.google.com/bot.html)"
66.249.66.42 - - [20/Aug/2008:14:15:43 -0400] "GET /eSpecs/DocumentReferenced.do?GID=CWOFFBAAAAAAAAAA&page=1&nRecords=10&searchValue=13&searchKey=DOCNO&organizations=NFPA&displayWithdrawn=false¤cy=CAD HTTP/1.1" 404 1039 "-" "Mozilla/5.0 (compatible; Googlebot/2.1; +http://www.google.com/bot.html)"
66.249.66.42 - - [20/Aug/2008:14:15:43 -0400] "GET /eSpecs/DocumentReferenced.do?GID=KDGYPAAAAAAAAAAA&page=1&nRecords=10&searchValue=9120&searchKey=DOCNO&organizations=SAE&displayWithdrawn=false¤cy=CAD HTTP/1.1" 404 1039 "-" "Mozilla/5.0 (compatible; Googlebot/2.1; +http://www.google.com/bot.html)"
66.249.66.42 - - [20/Aug/2008:14:15:44 -0400] "GET /eSpecs/DocumentReferenced.do?GID=CFNZXBAAAAAAAAAA&page=1&nRecords=10&searchValue=A5.12/A5.12M&searchKey=DOCNO&organizations=AWS&displayWithdrawn=false¤cy=CAD HTTP/1.1" 404 1039 "-" "Mozilla/5.0 (compatible; Googlebot/2.1; +http://www.google.com/bot.html)"
66.249.66.42 - - [20/Aug/2008:14:15:44 -0400] "GET /eSpecs/DocumentReferenced.do?GID=ORLSHBAAAAAAAAAA&page=1&nRecords=10&searchValue=60417&searchKey=DOCNO&organizations=IEC&displayWithdrawn=false¤cy=CAD HTTP/1.1" 404 1039 "-" "Mozilla/5.0 (compatible; Googlebot/2.1; +http://www.google.com/bot.html)"
66.249.66.42 - - [20/Aug/2008:14:15:45 -0400] "GET /eSpecs/DocumentReferenced.do?GID=OEMADBAAAAAAAAAA&page=1&nRecords=10&searchValue=WI&searchKey=DOCNO&organizations=AWS&displayWithdrawn=false¤cy=CAD HTTP/1.1" 404 1039 "-" "Mozilla/5.0 (compatible; Googlebot/2.1; +http://www.google.com/bot.html)"
66.249.66.42 - - [20/Aug/2008:14:15:46 -0400] "GET /eSpecs/DocumentReferenced.do?GID=MNYYEBAAAAAAAAAA&page=1&nRecords=10&searchValue=9120&searchKey=DOCNO&organizations=SAE&displayWithdrawn=false¤cy=CAD HTTP/1.1" 404 1039 "-" "Mozilla/5.0 (compatible; Googlebot/2.1; +http://www.google.com/bot.html)"
66.249.66.42 - - [20/Aug/2008:14:15:46 -0400] "GET /eSpecs/DocumentReferenced.do?GID=HEWXHBAAAAAAAAAA&page=1&nRecords=10&searchValue=70&searchKey=DOCNO&organizations=NFPA&displayWithdrawn=false¤cy=CAD HTTP/1.1" 404 1039 "-" "Mozilla/5.0 (compatible; Googlebot/2.1; +http://www.google.com/bot.html)"
66.249.66.42 - - [20/Aug/2008:14:15:47 -0400] "GET /eSpecs/DocumentReferenced.do?GID=WVAWGCAAAAAAAAAA&page=1&nRecords=10&searchValue=AASHTO%20HB&searchKey=DOCNO&organizations=AASHTO&displayWithdrawn=false¤cy=CAD HTTP/1.1" 404 1039 "-" "Mozilla/5.0 (compatible; Googlebot/2.1; +http://www.google.com/bot.html)"
142.46.199.30 - - [20/Aug/2008:14:15:47 -0400] "HEAD / HTTP/1.0" 200 - "-" "Mozilla/4.0 (compatible; ipMonitor 8.5)"
66.249.66.42 - - [20/Aug/2008:14:15:47 -0400] "GET /eSpecs/DocumentReferenced.do?GID=AUOWCAAAAAAAAAAA&page=1&nRecords=10&searchValue=60417&searchKey=DOCNO&organizations=IEC&displayWithdrawn=false¤cy=CAD HTTP/1.1" 404 1039 "-" "Mozilla/5.0 (compatible; Googlebot/2.1; +http://www.google.com/bot.html)"
66.249.66.42 - - [20/Aug/2008:14:15:48 -0400] "GET /eSpecs/DocumentReferenced.do?GID=UJIAFBAAAAAAAAAA&page=1&nRecords=10&searchValue=9120&searchKey=DOCNO&organizations=SAE&displayWithdrawn=false¤cy=CAD HTTP/1.1" 404 1039 "-" "Mozilla/5.0 (compatible; Googlebot/2.1; +http://www.google.com/bot.html)"
66.249.66.42 - - [20/Aug/2008:14:15:49 -0400] "GET /eSpecs/DocumentReferenced.do?GID=OZWVYBAAAAAAAAAA&page=1&nRecords=10&searchValue=NEMA%20250&searchKey=DOCNO&organizations=NEMA&displayWithdrawn=false¤cy=CAD HTTP/1.1" 404 1039 "-" "Mozilla/5.0 (compatible; Googlebot/2.1; +http://www.google.com/bot.html)"
66.249.66.42 - - [20/Aug/2008:14:15:49 -0400] "GET /eSpecs/DocumentReferenced.do?GID=DIJMSAAAAAAAAAAA&page=1&nRecords=10&searchValue=60529&searchKey=DOCNO&organizations=IEC&displayWithdrawn=false¤cy=CAD HTTP/1.1" 404 1039 "-" "Mozilla/5.0 (compatible; Googlebot/2.1; +http://www.google.com/bot.html)"
66.249.66.42 - - [20/Aug/2008:14:15:50 -0400] "GET /eSpecs/DocumentReferenced.do?GID=SFEMCAAAAAAAAAAA&page=1&nRecords=10&searchValue=9100&searchKey=DOCNO&organizations=SAE&displayWithdrawn=false¤cy=CAD HTTP/1.1" 404 1039 "-" "Mozilla/5.0 (compatible; Googlebot/2.1; +http://www.google.com/bot.html)"
66.249.66.42 - - [20/Aug/2008:14:15:50 -0400] "GET /eSpecs/DocumentReferenced.do?GID=KNIJJBAAAAAAAAAA&page=1&nRecords=10&searchValue=1041&searchKey=DOCNO&organizations=BSI&displayWithdrawn=false¤cy=CAD HTTP/1.1" 404 1039 "-" "Mozilla/5.0 (compatible; Googlebot/2.1; +http://www.google.com/bot.html)"
66.249.66.42 - - [20/Aug/2008:14:15:51 -0400] "GET /eSpecs/DocumentReferenced.do?GID=ZQOWCAAAAAAAAAAA&page=1&nRecords=10&searchValue=HE74&searchKey=DOCNO&organizations=AAMI&displayWithdrawn=false¤cy=CAD HTTP/1.1" 404 1039 "-" "Mozilla/5.0 (compatible; Googlebot/2.1; +http://www.google.com/bot.html)"
66.249.66.42 - - [20/Aug/2008:14:15:52 -0400] "GET /eSpecs/DocumentReferenced.do?GID=CWOQCAAAAAAAAAAA&page=1&nRecords=10&searchValue=1463&searchKey=DOCNO&organizations=ISO&displayWithdrawn=false¤cy=CAD HTTP/1.1" 404 1039 "-" "Mozilla/5.0 (compatible; Googlebot/2.1; +http://www.google.com/bot.html)"
66.249.66.42 - - [20/Aug/2008:14:15:52 -0400] "GET /eSpecs/DocumentReferenced.do?GID=MDYSCAAAAAAAAAAA&page=1&nRecords=10&searchValue=ASTM%20D%202000&searchKey=DOCNO&organizations=ASTM&displayWithdrawn=false¤cy=CAD HTTP/1.1" 404 1039 "-" "Mozilla/5.0 (compatible; Googlebot/2.1; +http://www.google.com/bot.html)"
66.249.66.42 - - [20/Aug/2008:14:15:53 -0400] "GET /eSpecs/DocumentReferenced.do?GID=KVLOPAAAAAAAAAAA&page=1&nRecords=10&searchValue=ANSI%20Z535&searchKey=DOCNO&organizations=ANSI&displayWithdrawn=false¤cy=CAD HTTP/1.1" 404 1039 "-" "Mozilla/5.0 (compatible; Googlebot/2.1; +http://www.google.com/bot.html)"
66.249.66.42 - - [20/Aug/2008:14:15:53 -0400] "GET /eSpecs/DocumentReferenced.do?GID=NDJXYBAAAAAAAAAA&page=1&nRecords=10&searchValue=60529&searchKey=DOCNO&organizations=IEC&displayWithdrawn=false¤cy=CAD HTTP/1.1" 404 1039 "-" "Mozilla/5.0 (compatible; Googlebot/2.1; +http://www.google.com/bot.html)"
66.249.66.42 - - [20/Aug/2008:14:15:54 -0400] "GET /eSpecs/DocumentReferenced.do?GID=QUMXTAAAAAAAAAAA&page=1&nRecords=10&searchValue=ANSI%20Z535&searchKey=DOCNO&organizations=ANSI&displayWithdrawn=false¤cy=CAD HTTP/1.1" 404 1039 "-" "Mozilla/5.0 (compatible; Googlebot/2.1; +http://www.google.com/bot.html)"
66.249.66.42 - - [20/Aug/2008:14:15:55 -0400] "GET /eSpecs/DocumentReferenced.do?GID=WOTAGBAAAAAAAAAA&page=1&nRecords=10&searchValue=60417&searchKey=DOCNO&organizations=IEC&displayWithdrawn=false¤cy=CAD HTTP/1.1" 404 1039 "-" "Mozilla/5.0 (compatible; Googlebot/2.1; +http://www.google.com/bot.html)"
66.249.66.42 - - [20/Aug/2008:14:15:55 -0400] "GET /eSpecs/DocumentReferenced.do?GID=VNARXBAAAAAAAAAA&page=1&nRecords=10&searchValue=14971&searchKey=DOCNO&organizations=ISO&displayWithdrawn=false¤cy=CAD HTTP/1.1" 404 1039 "-" "Mozilla/5.0 (compatible; Googlebot/2.1; +http://www.google.com/bot.html)"
66.249.66.42 - - [20/Aug/2008:14:15:56 -0400] "GET /eSpecs/DocumentReferenced.do?GID=FQIFBBAAAAAAAAAA&page=1&nRecords=10&searchValue=101&searchKey=DOCNO&organizations=NFPA&displayWithdrawn=false¤cy=CAD HTTP/1.1" 404 1039 "-" "Mozilla/5.0 (compatible; Googlebot/2.1; +http://www.google.com/bot.html)"
66.249.66.42 - - [20/Aug/2008:14:15:56 -0400] "GET /eSpecs/DocumentReferenced.do?GID=MEEQDBAAAAAAAAAA&page=1&nRecords=10&searchValue=D1.4&searchKey=DOCNO&organizations=AWS&displayWithdrawn=false¤cy=CAD HTTP/1.1" 404 1039 "-" "Mozilla/5.0 (compatible; Googlebot/2.1; +http://www.google.com/bot.html)"
66.249.66.42 - - [20/Aug/2008:14:15:57 -0400] "GET /eSpecs/DocumentReferenced.do?GID=AZNBEAAAAAAAAAAA&page=1&nRecords=10&searchValue=IEEE%20C2&searchKey=DOCNO&organizations=IEEE&displayWithdrawn=false¤cy=CAD HTTP/1.1" 404 1039 "-" "Mozilla/5.0 (compatible; Googlebot/2.1; +http://www.google.com/bot.html)"
66.249.66.42 - - [20/Aug/2008:14:15:58 -0400] "GET /eSpecs/DocumentReferenced.do?GID=STJJCAAAAAAAAAAA&page=1&nRecords=10&searchValue=60529&searchKey=DOCNO&organizations=IEC&displayWithdrawn=false¤cy=CAD HTTP/1.1" 404 1039 "-" "Mozilla/5.0 (compatible; Googlebot/2.1; +http://www.google.com/bot.html)"
66.249.66.42 - - [20/Aug/2008:14:15:58 -0400] "GET /eSpecs/DocumentReferenced.do?GID=VBMFACAAAAAAAAAA&page=1&nRecords=10&searchValue=A14.2&searchKey=DOCNO&organizations=ANSI&displayWithdrawn=false¤cy=CAD HTTP/1.1" 404 1039 "-" "Mozilla/5.0 (compatible; Googlebot/2.1; +http://www.google.com/bot.html)"
66.249.66.42 - - [20/Aug/2008:14:15:59 -0400] "GET /eSpecs/DocumentReferenced.do?GID=VFHJDBAAAAAAAAAA&page=1&nRecords=10&searchValue=D1.6&searchKey=DOCNO&organizations=AWS&displayWithdrawn=false¤cy=CAD HTTP/1.1" 404 1039 "-" "Mozilla/5.0 (compatible; Googlebot/2.1; +http://www.google.com/bot.html)"
74.6.22.105 - - [20/Aug/2008:14:15:58 -0400] "GET /specs/pdf/358_f.pdf HTTP/1.0" 200 26788 "-" "Mozilla/5.0 (compatible; Yahoo! Slurp; http://help.yahoo.com/help/us/ysearch/slurp)"
66.249.66.42 - - [20/Aug/2008:14:16:00 -0400] "GET /eSpecs/DocumentReferenced.do?GID=GXRTFBAAAAAAAAAA&page=1&nRecords=10&searchValue=D1.2/D1.2M&searchKey=DOCNO&organizations=AWS&displayWithdrawn=false¤cy=CAD HTTP/1.1" 404 1039 "-" "Mozilla/5.0 (compatible; Googlebot/2.1; +http://www.google.com/bot.html)"
66.249.66.42 - - [20/Aug/2008:14:16:00 -0400] "GET /eSpecs/DocumentReferenced.do?GID=WUMJEBAAAAAAAAAA&page=1&nRecords=10&searchValue=60417&searchKey=DOCNO&organizations=IEC&displayWithdrawn=false¤cy=CAD HTTP/1.1" 404 1039 "-" "Mozilla/5.0 (compatible; Googlebot/2.1; +http://www.google.com/bot.html)"
220.181.32.22 - - [20/Aug/2008:14:16:01 -0400] "GET / HTTP/1.1" 200 121 "-" "Baiduspider+(+http://www.baidu.com/search/spider.htm)"
66.249.66.42 - - [20/Aug/2008:14:16:01 -0400] "GET /eSpecs/DocumentReferenced.do?GID=DLHQJBAAAAAAAAAA&page=1&nRecords=10&searchValue=SAE%20AMS-H-6875&searchKey=DOCNO&organizations=&displayWithdrawn=false¤cy=CAD HTTP/1.1" 404 1039 "-" "Mozilla/5.0 (compatible; Googlebot/2.1; +http://www.google.com/bot.html)"
66.249.66.42 - - [20/Aug/2008:14:16:01 -0400] "GET /eSpecs/DocumentReferenced.do?GID=OGHJACAAAAAAAAAA&page=1&nRecords=10&searchValue=D1.2/D1.2M&searchKey=DOCNO&organizations=AWS&displayWithdrawn=false¤cy=CAD HTTP/1.1" 404 1039 "-" "Mozilla/5.0 (compatible; Googlebot/2.1; +http://www.google.com/bot.html)"
66.249.66.42 - - [20/Aug/2008:14:16:02 -0400] "GET /eSpecs/DocumentReferenced.do?GID=YVVWXAAAAAAAAAAA&page=1&nRecords=10&searchValue=ANSI%20C12.1&searchKey=DOCNO&organizations=ANSI&displayWithdrawn=false¤cy=CAD HTTP/1.1" 404 1039 "-" "Mozilla/5.0 (compatible; Googlebot/2.1; +http://www.google.com/bot.html)"
66.249.66.42 - - [20/Aug/2008:14:16:03 -0400] "GET /eSpecs/DocumentReferenced.do?GID=CSZEBCAAAAAAAAAA&page=1&nRecords=10&searchValue=9000%20Compendium&searchKey=DOCNO&organizations=ISO&displayWithdrawn=false¤cy=CAD HTTP/1.1" 404 1039 "-" "Mozilla/5.0 (compatible; Googlebot/2.1; +http://www.google.com/bot.html)"
66.249.66.42 - - [20/Aug/2008:14:16:03 -0400] "GET /eSpecs/DocumentReferenced.do?GID=LZLEIBAAAAAAAAAA&page=1&nRecords=10&searchValue=ANSI%20C119.1&searchKey=DOCNO&organizations=ANSI&displayWithdrawn=false¤cy=CAD HTTP/1.1" 404 1039 "-" "Mozilla/5.0 (compatible; Googlebot/2.1; +http://www.google.com/bot.html)"
142.46.199.30 - - [20/Aug/2008:14:16:04 -0400] "GET /eSpecs/SearchFormAction.do?page=1&searchValue=17025&searchKey=DOCNO&organizations=ISO HTTP/1.0" 404 1033 "-" "Mozilla/4.0 (compatible; ipMonitor 8.5)"
66.249.66.42 - - [20/Aug/2008:14:16:04 -0400] "GET /eSpecs/DocumentReferenced.do?GID=UUURACAAAAAAAAAA&page=1&nRecords=10&searchValue=Z49.1&searchKey=DOCNO&organizations=AWS&displayWithdrawn=false¤cy=CAD HTTP/1.1" 404 1039 "-" "Mozilla/5.0 (compatible; Googlebot/2.1; +http://www.google.com/bot.html)"
66.249.66.42 - - [20/Aug/2008:14:16:04 -0400] "GET /eSpecs/DocumentReferenced.do?GID=CDUHACAAAAAAAAAA&page=1&nRecords=10&searchValue=60825-1&searchKey=DOCNO&organizations=IEC&displayWithdrawn=false¤cy=CAD HTTP/1.1" 404 1039 "-" "Mozilla/5.0 (compatible; Googlebot/2.1; +http://www.google.com/bot.html)"
66.249.66.42 - - [20/Aug/2008:14:16:05 -0400] "GET /eSpecs/DocumentReferenced.do?GID=QKGSXBAAAAAAAAAA&page=1&nRecords=10&searchValue=14971&searchKey=DOCNO&organizations=BSI&displayWithdrawn=false¤cy=CAD HTTP/1.1" 404 1039 "-" "Mozilla/5.0 (compatible; Googlebot/2.1; +http://www.google.com/bot.html)"
66.249.66.42 - - [20/Aug/2008:14:16:06 -0400] "GET /eSpecs/DocumentReferenced.do?GID=FADMCAAAAAAAAAAA&page=1&nRecords=10&searchValue=9001&searchKey=DOCNO&organizations=ISO&displayWithdrawn=false¤cy=CAD HTTP/1.1" 404 1039 "-" "Mozilla/5.0 (compatible; Googlebot/2.1; +http://www.google.com/bot.html)"
66.249.66.42 - - [20/Aug/2008:14:16:06 -0400] "GET /eSpecs/DocumentReferenced.do?GID=SNHUHAAAAAAAAAAA&page=1&nRecords=10&searchValue=TR%2010013&searchKey=DOCNO&organizations=ISO&displayWithdrawn=false¤cy=CAD HTTP/1.1" 404 1039 "-" "Mozilla/5.0 (compatible; Googlebot/2.1; +http://www.google.com/bot.html)"
66.249.66.42 - - [20/Aug/2008:14:16:07 -0400] "GET /eSpecs/DocumentReferenced.do?GID=BNJUHAAAAAAAAAAA&page=1&nRecords=10&searchValue=60601-1&searchKey=DOCNO&organizations=UL&displayWithdrawn=false¤cy=CAD HTTP/1.1" 404 1039 "-" "Mozilla/5.0 (compatible; Googlebot/2.1; +http://www.google.com/bot.html)"
66.249.66.42 - - [20/Aug/2008:14:16:07 -0400] "GET /eSpecs/DocumentReferenced.do?GID=OMQMACAAAAAAAAAA&page=1&nRecords=10&searchValue=14971&searchKey=DOCNO&organizations=BSI&displayWithdrawn=false¤cy=CAD HTTP/1.1" 404 1039 "-" "Mozilla/5.0 (compatible; Googlebot/2.1; +http://www.google.com/bot.html)"
