209.171.40.209 - - [20/Aug/2008:14:33:37 -0400] "GET /SpecsSearch/SpecsSearchAction.do HTTP/1.1" 400 - "http://www.scc.ca/en/programs/lab/index.shtml" "Mozilla/4.0 (compatible; MSIE 7.0; Windows NT 5.1; .NET CLR 1.1.4322; .NET CLR 2.0.50727; .NET CLR 3.0.04506.30)"
66.249.66.42 - - [20/Aug/2008:14:33:38 -0400] "GET /eSpecs/DocumentReferenced.do?GID=NVXNPAAAAAAAAAAA&page=1&nRecords=10&searchValue=ANSI%20C12.1&searchKey=DOCNO&organizations=ANSI&displayWithdrawn=false¤cy=CAD HTTP/1.1" 404 1039 "-" "Mozilla/5.0 (compatible; Googlebot/2.1; +http://www.google.com/bot.html)"
142.46.199.25 - - [20/Aug/2008:14:33:38 -0400] "GET /eSpecs/index.jsp HTTP/1.1" 500 2619 "-" "Mozilla/4.0 (compatible; MSIE 6.0; Windows NT 5.0; .NET CLR 2.0.50727)"
66.249.66.42 - - [20/Aug/2008:14:33:39 -0400] "GET /eSpecs/DocumentReferenced.do?GID=PCHSABAAAAAAAAAA&page=1&nRecords=10&searchValue=1041&searchKey=DOCNO&organizations=BSI&displayWithdrawn=false¤cy=CAD HTTP/1.1" 404 1039 "-" "Mozilla/5.0 (compatible; Googlebot/2.1; +http://www.google.com/bot.html)"
66.249.66.42 - - [20/Aug/2008:14:33:39 -0400] "GET /eSpecs/DocumentReferenced.do?GID=RGQZHBAAAAAAAAAA&page=1&nRecords=10&searchValue=API%20RP%20500&searchKey=DOCNO&organizations=API&displayWithdrawn=false¤cy=CAD HTTP/1.1" 404 1039 "-" "Mozilla/5.0 (compatible; Googlebot/2.1; +http://www.google.com/bot.html)"
142.46.199.25 - - [20/Aug/2008:14:33:39 -0400] "GET /eSpecs/index.jsp HTTP/1.1" 500 2619 "-" "Mozilla/4.0 (compatible; MSIE 6.0; Windows NT 5.0; .NET CLR 2.0.50727)"
66.249.66.42 - - [20/Aug/2008:14:33:40 -0400] "GET /eSpecs/DocumentReferenced.do?GID=DIQFFBAAAAAAAAAA&page=1&nRecords=10&searchValue=60950-1&searchKey=DOCNO&organizations=IEC&displayWithdrawn=false¤cy=CAD HTTP/1.1" 404 1039 "-" "Mozilla/5.0 (compatible; Googlebot/2.1; +http://www.google.com/bot.html)"
66.249.66.42 - - [20/Aug/2008:14:33:41 -0400] "GET /eSpecs/DocumentReferenced.do?GID=QVUPOAAAAAAAAAAA&page=1&nRecords=10&searchValue=NASM21209&searchKey=DOCNO&organizations=&displayWithdrawn=false¤cy=CAD HTTP/1.1" 404 1039 "-" "Mozilla/5.0 (compatible; Googlebot/2.1; +http://www.google.com/bot.html)"
66.249.66.42 - - [20/Aug/2008:14:33:42 -0400] "GET /eSpecs/DocumentReferenced.do?GID=SIWSIBAAAAAAAAAA&page=1&nRecords=10&searchValue=60601-1-2&searchKey=DOCNO&organizations=BSI&displayWithdrawn=false¤cy=CAD HTTP/1.1" 404 1039 "-" "Mozilla/5.0 (compatible; Googlebot/2.1; +http://www.google.com/bot.html)"
209.171.40.209 - - [20/Aug/2008:14:33:42 -0400] "GET /SpecsSearch/GLSearchForm.do?language=en HTTP/1.1" 400 - "http://www.scc.ca/en/programs/lab/index.shtml" "Mozilla/4.0 (compatible; MSIE 7.0; Windows NT 5.1; .NET CLR 1.1.4322; .NET CLR 2.0.50727; .NET CLR 3.0.04506.30)"
66.249.66.42 - - [20/Aug/2008:14:33:42 -0400] "GET /eSpecs/DocumentReferenced.do?GID=FFFNCCAAAAAAAAAA&page=1&nRecords=10&searchValue=B%20209&searchKey=DOCNO&organizations=ASTM&displayWithdrawn=false¤cy=CAD HTTP/1.1" 404 1039 "-" "Mozilla/5.0 (compatible; Googlebot/2.1; +http://www.google.com/bot.html)"
66.249.66.42 - - [20/Aug/2008:14:33:43 -0400] "GET /eSpecs/DocumentReferenced.do?GID=JNVSJBAAAAAAAAAA&page=1&nRecords=10&searchValue=60601-1&searchKey=DOCNO&organizations=UL&displayWithdrawn=false¤cy=CAD HTTP/1.1" 404 1039 "-" "Mozilla/5.0 (compatible; Googlebot/2.1; +http://www.google.com/bot.html)"
66.249.66.42 - - [20/Aug/2008:14:33:44 -0400] "GET /eSpecs/DocumentReferenced.do?GID=FOCNGBAAAAAAAAAA&page=1&nRecords=10&searchValue=B%20633&searchKey=DOCNO&organizations=ASTM&displayWithdrawn=false¤cy=CAD HTTP/1.1" 404 1039 "-" "Mozilla/5.0 (compatible; Googlebot/2.1; +http://www.google.com/bot.html)"
66.249.66.42 - - [20/Aug/2008:14:33:45 -0400] "GET /eSpecs/DocumentReferenced.do?GID=IRRBDBAAAAAAAAAA&page=1&nRecords=10&searchValue=C2&searchKey=DOCNO&organizations=IEEE&displayWithdrawn=false¤cy=CAD HTTP/1.1" 404 1039 "-" "Mozilla/5.0 (compatible; Googlebot/2.1; +http://www.google.com/bot.html)"
66.249.66.42 - - [20/Aug/2008:14:33:45 -0400] "GET /eSpecs/DocumentReferenced.do?GID=LLRFABAAAAAAAAAA&page=1&nRecords=10&searchValue=IEEE%20C63.4&searchKey=DOCNO&organizations=&displayWithdrawn=false¤cy=CAD HTTP/1.1" 404 1039 "-" "Mozilla/5.0 (compatible; Googlebot/2.1; +http://www.google.com/bot.html)"
74.6.22.105 - - [20/Aug/2008:14:33:45 -0400] "GET /specs/standardsstore.ca/2005-05-20/?C=N;O=D HTTP/1.0" 200 679 "-" "Mozilla/5.0 (compatible; Yahoo! Slurp; http://help.yahoo.com/help/us/ysearch/slurp)"
66.249.66.42 - - [20/Aug/2008:14:33:46 -0400] "GET /eSpecs/DocumentReferenced.do?GID=TFPRFBAAAAAAAAAA&page=1&nRecords=10&searchValue=10993-4&searchKey=DOCNO&organizations=ISO&displayWithdrawn=false¤cy=CAD HTTP/1.1" 404 1039 "-" "Mozilla/5.0 (compatible; Googlebot/2.1; +http://www.google.com/bot.html)"
66.249.66.42 - - [20/Aug/2008:14:33:47 -0400] "GET /eSpecs/DocumentReferenced.do?GID=WTICOAAAAAAAAAAA&page=1&nRecords=10&searchValue=ANSI%20C12.1&searchKey=DOCNO&organizations=ANSI&displayWithdrawn=false¤cy=CAD HTTP/1.1" 404 1039 "-" "Mozilla/5.0 (compatible; Googlebot/2.1; +http://www.google.com/bot.html)"
66.249.66.42 - - [20/Aug/2008:14:33:48 -0400] "GET /eSpecs/DocumentReferenced.do?GID=YQRFHBAAAAAAAAAA&page=1&nRecords=10&searchValue=10006&searchKey=DOCNO&organizations=ISO&displayWithdrawn=false¤cy=CAD HTTP/1.1" 404 1039 "-" "Mozilla/5.0 (compatible; Googlebot/2.1; +http://www.google.com/bot.html)"
66.249.66.42 - - [20/Aug/2008:14:33:48 -0400] "GET /eSpecs/DocumentReferenced.do?GID=LKVOCAAAAAAAAAAA&page=1&nRecords=10&searchValue=61010-1&searchKey=DOCNO&organizations=BSI&displayWithdrawn=false¤cy=CAD HTTP/1.1" 404 1039 "-" "Mozilla/5.0 (compatible; Googlebot/2.1; +http://www.google.com/bot.html)"
66.249.66.42 - - [20/Aug/2008:14:33:49 -0400] "GET /eSpecs/DocumentReferenced.do?GID=VKKRCAAAAAAAAAAA&page=1&nRecords=10&searchValue=18001&searchKey=DOCNO&organizations=BSI&displayWithdrawn=false¤cy=CAD HTTP/1.1" 404 1039 "-" "Mozilla/5.0 (compatible; Googlebot/2.1; +http://www.google.com/bot.html)"
204.50.94.200 - - [20/Aug/2008:14:33:49 -0400] "GET / HTTP/1.1" 200 121 "-" "Mozilla/4.0 (compatible; MSIE 6.0; Windows NT 5.1; SV1; .NET CLR 1.1.4322; .NET CLR 2.0.50727; .NET CLR 3.0.04506.30)"
204.50.94.200 - - [20/Aug/2008:14:33:49 -0400] "GET /eSpecs/index.jsp HTTP/1.1" 500 2619 "-" "Mozilla/4.0 (compatible; MSIE 6.0; Windows NT 5.1; SV1; .NET CLR 1.1.4322; .NET CLR 2.0.50727; .NET CLR 3.0.04506.30)"
66.249.66.42 - - [20/Aug/2008:14:33:50 -0400] "GET /eSpecs/DocumentReferenced.do?GID=OZKHHBAAAAAAAAAA&page=1&nRecords=10&searchValue=QS9000&searchKey=DOCNO&organizations=&displayWithdrawn=false¤cy=CAD HTTP/1.1" 404 1039 "-" "Mozilla/5.0 (compatible; Googlebot/2.1; +http://www.google.com/bot.html)"
66.249.66.42 - - [20/Aug/2008:14:33:50 -0400] "GET /eSpecs/DocumentReferenced.do?GID=CEIPCAAAAAAAAAAA&page=1&nRecords=10&searchValue=9001&searchKey=DOCNO&organizations=ISO&displayWithdrawn=false¤cy=CAD HTTP/1.1" 404 1039 "-" "Mozilla/5.0 (compatible; Googlebot/2.1; +http://www.google.com/bot.html)"
66.249.66.42 - - [20/Aug/2008:14:33:51 -0400] "GET /eSpecs/DocumentReferenced.do?GID=AMVSJBAAAAAAAAAA&page=1&nRecords=10&searchValue=D1.4&searchKey=DOCNO&organizations=AWS&displayWithdrawn=false¤cy=CAD HTTP/1.1" 404 1039 "-" "Mozilla/5.0 (compatible; Googlebot/2.1; +http://www.google.com/bot.html)"
66.249.66.42 - - [20/Aug/2008:14:33:52 -0400] "GET /eSpecs/DocumentReferenced.do?GID=IPJECAAAAAAAAAAA&page=1&nRecords=10&searchValue=9001&searchKey=DOCNO&organizations=ISO&displayWithdrawn=false¤cy=CAD HTTP/1.1" 404 1039 "-" "Mozilla/5.0 (compatible; Googlebot/2.1; +http://www.google.com/bot.html)"
66.249.66.42 - - [20/Aug/2008:14:33:52 -0400] "GET /eSpecs/DocumentReferenced.do?GID=BVLAYAAAAAAAAAAA&page=1&nRecords=10&searchValue=568&searchKey=DOCNO&organizations=TIA&displayWithdrawn=false¤cy=CAD HTTP/1.1" 404 1039 "-" "Mozilla/5.0 (compatible; Googlebot/2.1; +http://www.google.com/bot.html)"
66.249.66.42 - - [20/Aug/2008:14:33:53 -0400] "GET /eSpecs/DocumentReferenced.do?GID=EWURZAAAAAAAAAAA&page=1&nRecords=10&searchValue=9001&searchKey=DOCNO&organizations=ISO&displayWithdrawn=false¤cy=CAD HTTP/1.1" 404 1039 "-" "Mozilla/5.0 (compatible; Googlebot/2.1; +http://www.google.com/bot.html)"
66.249.66.42 - - [20/Aug/2008:14:33:54 -0400] "GET /eSpecs/DocumentReferenced.do?GID=VICSACAAAAAAAAAA&page=1&nRecords=10&searchValue=NASM21209&searchKey=DOCNO&organizations=&displayWithdrawn=false¤cy=CAD HTTP/1.1" 404 1039 "-" "Mozilla/5.0 (compatible; Googlebot/2.1; +http://www.google.com/bot.html)"
66.249.66.42 - - [20/Aug/2008:14:33:55 -0400] "GET /eSpecs/DocumentReferenced.do?GID=WERRACAAAAAAAAAA&page=1&nRecords=10&searchValue=ASTM%20D%202000&searchKey=DOCNO&organizations=ASTM&displayWithdrawn=false¤cy=CAD HTTP/1.1" 404 1039 "-" "Mozilla/5.0 (compatible; Googlebot/2.1; +http://www.google.com/bot.html)"
66.249.66.42 - - [20/Aug/2008:14:33:56 -0400] "GET /eSpecs/DocumentReferenced.do?GID=ERFFGBAAAAAAAAAA&page=1&nRecords=10&searchValue=17799&searchKey=DOCNO&organizations=ISO&displayWithdrawn=false¤cy=CAD HTTP/1.1" 404 1039 "-" "Mozilla/5.0 (compatible; Googlebot/2.1; +http://www.google.com/bot.html)"
66.249.66.42 - - [20/Aug/2008:14:33:57 -0400] "GET /eSpecs/DocumentReferenced.do?GID=GYNWNAAAAAAAAAAA&page=1&nRecords=10&searchValue=568&searchKey=DOCNO&organizations=TIA&displayWithdrawn=false¤cy=CAD HTTP/1.1" 404 1039 "-" "Mozilla/5.0 (compatible; Googlebot/2.1; +http://www.google.com/bot.html)"
66.249.66.42 - - [20/Aug/2008:14:33:58 -0400] "GET /eSpecs/DocumentReferenced.do?GID=SQZPOAAAAAAAAAAA&page=1&nRecords=10&searchValue=AWS%20D17.1&searchKey=DOCNO&organizations=&displayWithdrawn=false¤cy=CAD HTTP/1.1" 404 1039 "-" "Mozilla/5.0 (compatible; Googlebot/2.1; +http://www.google.com/bot.html)"
66.249.66.42 - - [20/Aug/2008:14:33:59 -0400] "GET /eSpecs/DocumentReferenced.do?GID=ZYYPGBAAAAAAAAAA&page=1&nRecords=10&searchValue=2644&searchKey=DOCNO&organizations=SAE&displayWithdrawn=false¤cy=CAD HTTP/1.1" 404 1039 "-" "Mozilla/5.0 (compatible; Googlebot/2.1; +http://www.google.com/bot.html)"
66.249.66.42 - - [20/Aug/2008:14:34:00 -0400] "GET /eSpecs/DocumentReferenced.do?GID=CEHAFBAAAAAAAAAA&page=1&nRecords=10&searchValue=Q9001&searchKey=DOCNO&organizations=ASQ&displayWithdrawn=false¤cy=CAD HTTP/1.1" 404 1039 "-" "Mozilla/5.0 (compatible; Googlebot/2.1; +http://www.google.com/bot.html)"
67.195.37.182 - - [20/Aug/2008:14:34:00 -0400] "GET /eSpecs/SearchFormAction.do?page=1&searchValue=DO160&searchKey=DOCNO&organizations= HTTP/1.0" 404 1033 "-" "Mozilla/5.0 (compatible; Yahoo! Slurp; http://help.yahoo.com/help/us/ysearch/slurp)"
66.249.66.42 - - [20/Aug/2008:14:34:01 -0400] "GET /eSpecs/DocumentReferenced.do?GID=DHTSXBAAAAAAAAAA&page=1&nRecords=10&searchValue=72&searchKey=DOCNO&organizations=NFPA&displayWithdrawn=false¤cy=CAD HTTP/1.1" 404 1039 "-" "Mozilla/5.0 (compatible; Googlebot/2.1; +http://www.google.com/bot.html)"
204.50.94.200 - - [20/Aug/2008:14:34:02 -0400] "GET /eSpecs/DocumentDetails.do?GID=DWGRGCAAAAAAAAAA¤cy=CAD HTTP/1.1" 404 1030 "http://www.google.ca/search?hl=en&q=%22BS+EN+1948%22&start=10&sa=N" "Mozilla/4.0 (compatible; MSIE 6.0; Windows NT 5.1; SV1; .NET CLR 1.1.4322; .NET CLR 2.0.50727; .NET CLR 3.0.04506.30)"
66.249.66.42 - - [20/Aug/2008:14:34:02 -0400] "GET /eSpecs/DocumentReferenced.do?GID=GMYXCAAAAAAAAAAA&page=1&nRecords=10&searchValue=70&searchKey=DOCNO&organizations=NFPA&displayWithdrawn=false¤cy=CAD HTTP/1.1" 404 1039 "-" "Mozilla/5.0 (compatible; Googlebot/2.1; +http://www.google.com/bot.html)"
66.249.66.42 - - [20/Aug/2008:14:34:03 -0400] "GET /eSpecs/DocumentReferenced.do?GID=KOWLZBAAAAAAAAAA&page=1&nRecords=10&searchValue=SAE%20AS%209100&searchKey=DOCNO&organizations=&displayWithdrawn=false¤cy=CAD HTTP/1.1" 404 1039 "-" "Mozilla/5.0 (compatible; Googlebot/2.1; +http://www.google.com/bot.html)"
66.249.66.42 - - [20/Aug/2008:14:34:04 -0400] "GET /eSpecs/DocumentReferenced.do?GID=GWQKCBAAAAAAAAAA&page=1&nRecords=10&searchValue=9001&searchKey=DOCNO&organizations=ISO&displayWithdrawn=false¤cy=CAD HTTP/1.1" 404 1039 "-" "Mozilla/5.0 (compatible; Googlebot/2.1; +http://www.google.com/bot.html)"
66.249.66.42 - - [20/Aug/2008:14:34:06 -0400] "GET /eSpecs/DocumentReferenced.do?GID=EXVBJBAAAAAAAAAA&page=1&nRecords=10&searchValue=14971&searchKey=DOCNO&organizations=BSI&displayWithdrawn=false¤cy=CAD HTTP/1.1" 404 1039 "-" "Mozilla/5.0 (compatible; Googlebot/2.1; +http://www.google.com/bot.html)"
66.249.66.42 - - [20/Aug/2008:14:34:07 -0400] "GET /eSpecs/DocumentReferenced.do?GID=YWNDGCAAAAAAAAAA&page=1&nRecords=10&searchValue=ASTM%20D%20471&searchKey=DOCNO&organizations=&displayWithdrawn=false¤cy=CAD HTTP/1.1" 404 1039 "-" "Mozilla/5.0 (compatible; Googlebot/2.1; +http://www.google.com/bot.html)"
66.249.66.42 - - [20/Aug/2008:14:34:08 -0400] "GET /eSpecs/DocumentReferenced.do?GID=COMSGBAAAAAAAAAA&page=1&nRecords=10&searchValue=EIA-606&searchKey=DOCNO&organizations=TIA&displayWithdrawn=false¤cy=CAD HTTP/1.1" 404 1039 "-" "Mozilla/5.0 (compatible; Googlebot/2.1; +http://www.google.com/bot.html)"
66.249.66.42 - - [20/Aug/2008:14:34:09 -0400] "GET /eSpecs/DocumentReferenced.do?GID=GNFGABAAAAAAAAAA&page=1&nRecords=10&searchValue=60529&searchKey=DOCNO&organizations=IEC&displayWithdrawn=false¤cy=CAD HTTP/1.1" 404 1039 "-" "Mozilla/5.0 (compatible; Googlebot/2.1; +http://www.google.com/bot.html)"
66.249.66.42 - - [20/Aug/2008:14:34:10 -0400] "GET /eSpecs/DocumentReferenced.do?GID=NSUSACAAAAAAAAAA&page=1&nRecords=10&searchValue=TC-1A&searchKey=DOCNO&organizations=&displayWithdrawn=false¤cy=CAD HTTP/1.1" 404 1039 "-" "Mozilla/5.0 (compatible; Googlebot/2.1; +http://www.google.com/bot.html)"
65.55.210.234 - - [20/Aug/2008:14:34:10 -0400] "GET /eSpecs/News.do?newsId=news1 HTTP/1.1" 404 997 "-" "msnbot/1.1 (+http://search.msn.com/msnbot.htm)"
66.249.66.42 - - [20/Aug/2008:14:34:11 -0400] "GET /eSpecs/DocumentReferenced.do?GID=IFQHCAAAAAAAAAAA&page=1&nRecords=10&searchValue=9001&searchKey=DOCNO&organizations=ISO&displayWithdrawn=false¤cy=CAD HTTP/1.1" 404 1039 "-" "Mozilla/5.0 (compatible; Googlebot/2.1; +http://www.google.com/bot.html)"
66.249.66.42 - - [20/Aug/2008:14:34:12 -0400] "GET /eSpecs/DocumentReferenced.do?GID=OXMQBCAAAAAAAAAA&page=1&nRecords=10&searchValue=1417&searchKey=DOCNO&organizations=ASTM&displayWithdrawn=false¤cy=CAD HTTP/1.1" 404 1039 "-" "Mozilla/5.0 (compatible; Googlebot/2.1; +http://www.google.com/bot.html)"
66.249.66.42 - - [20/Aug/2008:14:34:13 -0400] "GET /eSpecs/DocumentReferenced.do?GID=XNYOBCAAAAAAAAAA&page=1&nRecords=10&searchValue=J-STD-607&searchKey=DOCNO&organizations=&displayWithdrawn=false¤cy=CAD HTTP/1.1" 404 1039 "-" "Mozilla/5.0 (compatible; Googlebot/2.1; +http://www.google.com/bot.html)"
66.249.66.42 - - [20/Aug/2008:14:34:14 -0400] "GET /eSpecs/DocumentReferenced.do?GID=TGAMCCAAAAAAAAAA&page=1&nRecords=10&searchValue=60601-1-2&searchKey=DOCNO&organizations=BSI&displayWithdrawn=false¤cy=CAD HTTP/1.1" 404 1039 "-" "Mozilla/5.0 (compatible; Googlebot/2.1; +http://www.google.com/bot.html)"
66.249.66.42 - - [20/Aug/2008:14:34:16 -0400] "GET /eSpecs/DocumentReferenced.do?GID=FENJJBAAAAAAAAAA&page=1&nRecords=10&searchValue=A5.12/A5.12M&searchKey=DOCNO&organizations=AWS&displayWithdrawn=false¤cy=CAD HTTP/1.1" 404 1039 "-" "Mozilla/5.0 (compatible; Googlebot/2.1; +http://www.google.com/bot.html)"
66.249.66.42 - - [20/Aug/2008:14:34:17 -0400] "GET /eSpecs/DocumentReferenced.do?GID=HEIHJBAAAAAAAAAA&page=1&nRecords=10&searchValue=WI&searchKey=DOCNO&organizations=AWS&displayWithdrawn=false¤cy=CAD HTTP/1.1" 404 1039 "-" "Mozilla/5.0 (compatible; Googlebot/2.1; +http://www.google.com/bot.html)"
66.249.66.42 - - [20/Aug/2008:14:34:18 -0400] "GET /eSpecs/DocumentReferenced.do?GID=QDBQCAAAAAAAAAAA&page=1&nRecords=10&searchValue=14971&searchKey=DOCNO&organizations=BSI&displayWithdrawn=false¤cy=CAD HTTP/1.1" 404 1039 "-" "Mozilla/5.0 (compatible; Googlebot/2.1; +http://www.google.com/bot.html)"
66.249.66.42 - - [20/Aug/2008:14:34:19 -0400] "GET /eSpecs/DocumentReferenced.do?GID=APVJABAAAAAAAAAA&page=1&nRecords=10&searchValue=ANSI%20C12.1&searchKey=DOCNO&organizations=ANSI&displayWithdrawn=false¤cy=CAD HTTP/1.1" 404 1039 "-" "Mozilla/5.0 (compatible; Googlebot/2.1; +http://www.google.com/bot.html)"
66.249.66.42 - - [20/Aug/2008:14:34:20 -0400] "GET /eSpecs/DocumentReferenced.do?GID=DDTRBCAAAAAAAAAA&page=1&nRecords=10&searchValue=72&searchKey=DOCNO&organizations=NFPA&displayWithdrawn=false¤cy=CAD HTTP/1.1" 404 1039 "-" "Mozilla/5.0 (compatible; Googlebot/2.1; +http://www.google.com/bot.html)"
66.249.66.42 - - [20/Aug/2008:14:34:21 -0400] "GET /eSpecs/DocumentReferenced.do?GID=HWAJCAAAAAAAAAAA&page=1&nRecords=10&searchValue=API%20RP%20500&searchKey=DOCNO&organizations=API&displayWithdrawn=false¤cy=CAD HTTP/1.1" 404 1039 "-" "Mozilla/5.0 (compatible; Googlebot/2.1; +http://www.google.com/bot.html)"
66.249.66.42 - - [20/Aug/2008:14:34:22 -0400] "GET /eSpecs/DocumentReferenced.do?GID=YWHPEBAAAAAAAAAA&page=1&nRecords=10&searchValue=NFPA%2079&searchKey=DOCNO&organizations=NFPA&displayWithdrawn=false¤cy=CAD HTTP/1.1" 404 1039 "-" "Mozilla/5.0 (compatible; Googlebot/2.1; +http://www.google.com/bot.html)"
66.249.66.42 - - [20/Aug/2008:14:34:23 -0400] "GET /eSpecs/DocumentReferenced.do?GID=VKKRCAAAAAAAAAAA&page=1&nRecords=10&searchValue=9120&searchKey=DOCNO&organizations=SAE&displayWithdrawn=false¤cy=CAD HTTP/1.1" 404 1039 "-" "Mozilla/5.0 (compatible; Googlebot/2.1; +http://www.google.com/bot.html)"
66.249.66.42 - - [20/Aug/2008:14:34:24 -0400] "GET /eSpecs/DocumentReferenced.do?GID=TLXYJAAAAAAAAAAA&page=1&nRecords=10&searchValue=14971&searchKey=DOCNO&organizations=ISO&displayWithdrawn=false¤cy=CAD HTTP/1.1" 404 1039 "-" "Mozilla/5.0 (compatible; Googlebot/2.1; +http://www.google.com/bot.html)"
66.249.66.42 - - [20/Aug/2008:14:34:25 -0400] "GET /eSpecs/DocumentReferenced.do?GID=HXYVYBAAAAAAAAAA&page=1&nRecords=10&searchValue=NEMA%20250&searchKey=DOCNO&organizations=NEMA&displayWithdrawn=false¤cy=CAD HTTP/1.1" 404 1039 "-" "Mozilla/5.0 (compatible; Googlebot/2.1; +http://www.google.com/bot.html)"
66.249.66.42 - - [20/Aug/2008:14:34:27 -0400] "GET /eSpecs/DocumentReferenced.do?GID=TVVWCBAAAAAAAAAA&page=1&nRecords=10&searchValue=70&searchKey=DOCNO&organizations=NFPA&displayWithdrawn=false¤cy=CAD HTTP/1.1" 404 1039 "-" "Mozilla/5.0 (compatible; Googlebot/2.1; +http://www.google.com/bot.html)"
66.249.66.42 - - [20/Aug/2008:14:34:28 -0400] "GET /eSpecs/DocumentReferenced.do?GID=UGXDIBAAAAAAAAAA&page=1&nRecords=10&searchValue=SAE%20AMS-H-6875&searchKey=DOCNO&organizations=&displayWithdrawn=false¤cy=CAD HTTP/1.1" 404 1039 "-" "Mozilla/5.0 (compatible; Googlebot/2.1; +http://www.google.com/bot.html)"
66.249.66.42 - - [20/Aug/2008:14:34:29 -0400] "GET /eSpecs/DocumentReferenced.do?GID=FISXCAAAAAAAAAAA&page=1&nRecords=10&searchValue=14001&searchKey=DOCNO&organizations=ISO&displayWithdrawn=false¤cy=CAD HTTP/1.1" 404 1039 "-" "Mozilla/5.0 (compatible; Googlebot/2.1; +http://www.google.com/bot.html)"
66.249.66.42 - - [20/Aug/2008:14:34:30 -0400] "GET /eSpecs/DocumentReferenced.do?GID=QTNHCAAAAAAAAAAA&page=1&nRecords=10&searchValue=568&searchKey=DOCNO&organizations=TIA&displayWithdrawn=false¤cy=CAD HTTP/1.1" 404 1039 "-" "Mozilla/5.0 (compatible; Googlebot/2.1; +http://www.google.com/bot.html)"
142.46.199.25 - - [20/Aug/2008:14:34:30 -0400] "GET /eSpecs/index.jsp HTTP/1.1" 500 2619 "-" "Mozilla/4.0 (compatible; MSIE 6.0; Windows NT 5.0; .NET CLR 2.0.50727)"
66.249.66.42 - - [20/Aug/2008:14:34:31 -0400] "GET /eSpecs/DocumentReferenced.do?GID=PYPZFBAAAAAAAAAA&page=1&nRecords=10&searchValue=A3.0&searchKey=DOCNO&organizations=AWS&displayWithdrawn=false¤cy=CAD HTTP/1.1" 404 1039 "-" "Mozilla/5.0 (compatible; Googlebot/2.1; +http://www.google.com/bot.html)"
66.249.66.42 - - [20/Aug/2008:14:34:32 -0400] "GET /eSpecs/SearchForm.do;jsessionid=B6616EA7AA71CE06887359767F7E815D?searchValue=&searchKey=TITLE&organizations=IEC HTTP/1.1" 404 1015 "-" "Mozilla/5.0 (compatible; Googlebot/2.1; +http://www.google.com/bot.html)"
66.249.66.42 - - [20/Aug/2008:14:34:32 -0400] "GET /eSpecs/DocumentReferenced.do?GID=YLOMACAAAAAAAAAA&page=1&nRecords=10&searchValue=41&searchKey=DOCNO&organizations=TIA&displayWithdrawn=false¤cy=CAD HTTP/1.1" 404 1039 "-" "Mozilla/5.0 (compatible; Googlebot/2.1; +http://www.google.com/bot.html)"
66.249.66.42 - - [20/Aug/2008:14:34:33 -0400] "GET /eSpecs/DocumentReferenced.do?GID=MSQIJBAAAAAAAAAA&page=1&nRecords=10&searchValue=72&searchKey=DOCNO&organizations=NFPA&displayWithdrawn=false¤cy=CAD HTTP/1.1" 404 1039 "-" "Mozilla/5.0 (compatible; Googlebot/2.1; +http://www.google.com/bot.html)"
66.249.66.42 - - [20/Aug/2008:14:34:34 -0400] "GET /eSpecs/DocumentReferenced.do?GID=ZBLLIBAAAAAAAAAA&page=1&nRecords=10&searchValue=GMW3116&searchKey=DOCNO&organizations=&displayWithdrawn=false¤cy=CAD HTTP/1.1" 404 1039 "-" "Mozilla/5.0 (compatible; Googlebot/2.1; +http://www.google.com/bot.html)"
66.249.66.42 - - [20/Aug/2008:14:34:35 -0400] "GET /eSpecs/DocumentReferenced.do?GID=UHHDHBAAAAAAAAAA&page=1&nRecords=10&searchValue=WI&searchKey=DOCNO&organizations=AWS&displayWithdrawn=false¤cy=CAD HTTP/1.1" 404 1039 "-" "Mozilla/5.0 (compatible; Googlebot/2.1; +http://www.google.com/bot.html)"
66.249.66.42 - - [20/Aug/2008:14:34:37 -0400] "GET /eSpecs/DocumentReferenced.do?GID=EXRKACAAAAAAAAAA&page=1&nRecords=10&searchValue=IEEE%20C63.4&searchKey=DOCNO&organizations=&displayWithdrawn=false¤cy=CAD HTTP/1.1" 404 1039 "-" "Mozilla/5.0 (compatible; Googlebot/2.1; +http://www.google.com/bot.html)"
66.249.66.42 - - [20/Aug/2008:14:34:38 -0400] "GET /eSpecs/DocumentReferenced.do?GID=DFZECAAAAAAAAAAA&page=1&nRecords=10&searchValue=9100&searchKey=DOCNO&organizations=SAE&displayWithdrawn=false¤cy=CAD HTTP/1.1" 404 1039 "-" "Mozilla/5.0 (compatible; Googlebot/2.1; +http://www.google.com/bot.html)"
66.249.66.42 - - [20/Aug/2008:14:34:39 -0400] "GET /eSpecs/DocumentReferenced.do?GID=MCLAEAAAAAAAAAAA&page=1&nRecords=10&searchValue=72&searchKey=DOCNO&organizations=NFPA&displayWithdrawn=false¤cy=CAD HTTP/1.1" 404 1039 "-" "Mozilla/5.0 (compatible; Googlebot/2.1; +http://www.google.com/bot.html)"
66.249.66.42 - - [20/Aug/2008:14:34:40 -0400] "GET /eSpecs/DocumentReferenced.do?GID=CRULEBAAAAAAAAAA&page=1&nRecords=10&searchValue=41&searchKey=DOCNO&organizations=TIA&displayWithdrawn=false¤cy=CAD HTTP/1.1" 404 1039 "-" "Mozilla/5.0 (compatible; Googlebot/2.1; +http://www.google.com/bot.html)"
66.249.66.42 - - [20/Aug/2008:14:34:41 -0400] "GET /eSpecs/DocumentReferenced.do?GID=VNHTJAAAAAAAAAAA&page=1&nRecords=10&searchValue=WI&searchKey=DOCNO&organizations=AWS&displayWithdrawn=false¤cy=CAD HTTP/1.1" 404 1039 "-" "Mozilla/5.0 (compatible; Googlebot/2.1; +http://www.google.com/bot.html)"
66.249.66.42 - - [20/Aug/2008:14:34:42 -0400] "GET /eSpecs/DocumentReferenced.do?GID=BHZQACAAAAAAAAAA&page=1&nRecords=10&searchValue=70&searchKey=DOCNO&organizations=NFPA&displayWithdrawn=false¤cy=CAD HTTP/1.1" 404 1039 "-" "Mozilla/5.0 (compatible; Googlebot/2.1; +http://www.google.com/bot.html)"
66.249.66.42 - - [20/Aug/2008:14:34:43 -0400] "GET /eSpecs/DocumentReferenced.do?GID=HZOUFBAAAAAAAAAA&page=1&nRecords=10&searchValue=AWS%20D17.1&searchKey=DOCNO&organizations=&displayWithdrawn=false¤cy=CAD HTTP/1.1" 404 1039 "-" "Mozilla/5.0 (compatible; Googlebot/2.1; +http://www.google.com/bot.html)"
142.46.199.25 - - [20/Aug/2008:14:34:40 -0400] "GET /eSpecs/index.jsp HTTP/1.1" 500 2615 "-" "Mozilla/4.0 (compatible; MSIE 6.0; Windows NT 5.0; .NET CLR 2.0.50727)"
66.249.66.42 - - [20/Aug/2008:14:34:44 -0400] "GET /eSpecs/DocumentReferenced.do?GID=HKIRCAAAAAAAAAAA&page=1&nRecords=10&searchValue=46001&searchKey=DOCNO&organizations=BSI&displayWithdrawn=false¤cy=CAD HTTP/1.1" 404 1039 "-" "Mozilla/5.0 (compatible; Googlebot/2.1; +http://www.google.com/bot.html)"
66.249.66.42 - - [20/Aug/2008:14:34:45 -0400] "GET /eSpecs/DocumentReferenced.do?GID=LKZQCAAAAAAAAAAA&page=1&nRecords=10&searchValue=WI&searchKey=DOCNO&organizations=AWS&displayWithdrawn=false¤cy=CAD HTTP/1.1" 404 1039 "-" "Mozilla/5.0 (compatible; Googlebot/2.1; +http://www.google.com/bot.html)"
66.249.66.42 - - [20/Aug/2008:14:34:46 -0400] "GET /eSpecs/DocumentReferenced.do?GID=TRXJEBAAAAAAAAAA&page=1&nRecords=10&searchValue=ANSI%20C12.1&searchKey=DOCNO&organizations=ANSI&displayWithdrawn=false¤cy=CAD HTTP/1.1" 404 1039 "-" "Mozilla/5.0 (compatible; Googlebot/2.1; +http://www.google.com/bot.html)"
66.249.66.42 - - [20/Aug/2008:14:34:48 -0400] "GET /eSpecs/DocumentReferenced.do?GID=OGFVIBAAAAAAAAAA&page=1&nRecords=10&searchValue=D1.1/D1.1M&searchKey=DOCNO&organizations=AWS&displayWithdrawn=false¤cy=CAD HTTP/1.1" 404 1039 "-" "Mozilla/5.0 (compatible; Googlebot/2.1; +http://www.google.com/bot.html)"
66.249.66.42 - - [20/Aug/2008:14:34:49 -0400] "GET /eSpecs/DocumentReferenced.do?GID=BMQMIBAAAAAAAAAA&page=1&nRecords=10&searchValue=B%20221&searchKey=DOCNO&organizations=ASTM&displayWithdrawn=false¤cy=CAD HTTP/1.1" 404 1039 "-" "Mozilla/5.0 (compatible; Googlebot/2.1; +http://www.google.com/bot.html)"
66.249.66.42 - - [20/Aug/2008:14:34:50 -0400] "GET /eSpecs/DocumentReferenced.do?GID=KDRXCAAAAAAAAAAA&page=1&nRecords=10&searchValue=568&searchKey=DOCNO&organizations=TIA&displayWithdrawn=false¤cy=CAD HTTP/1.1" 404 1039 "-" "Mozilla/5.0 (compatible; Googlebot/2.1; +http://www.google.com/bot.html)"
66.249.66.42 - - [20/Aug/2008:14:34:51 -0400] "GET /eSpecs/DocumentReferenced.do?GID=ACWNZBAAAAAAAAAA&page=1&nRecords=10&searchValue=SAE%20AMS-H-6875&searchKey=DOCNO&organizations=&displayWithdrawn=false¤cy=CAD HTTP/1.1" 404 1039 "-" "Mozilla/5.0 (compatible; Googlebot/2.1; +http://www.google.com/bot.html)"
66.249.66.42 - - [20/Aug/2008:14:34:52 -0400] "GET /eSpecs/DocumentReferenced.do?GID=LBZQCAAAAAAAAAAA&page=1&nRecords=10&searchValue=API%20STD%201529&searchKey=DOCNO&organizations=API&displayWithdrawn=false¤cy=CAD HTTP/1.1" 404 1039 "-" "Mozilla/5.0 (compatible; Googlebot/2.1; +http://www.google.com/bot.html)"
66.249.66.42 - - [20/Aug/2008:14:34:53 -0400] "GET /eSpecs/DocumentReferenced.do?GID=YLHRACAAAAAAAAAA&page=1&nRecords=10&searchValue=SAE%20AS%209102&searchKey=DOCNO&organizations=&displayWithdrawn=false¤cy=CAD HTTP/1.1" 404 1039 "-" "Mozilla/5.0 (compatible; Googlebot/2.1; +http://www.google.com/bot.html)"
66.249.66.42 - - [20/Aug/2008:14:34:54 -0400] "GET /eSpecs/DocumentReferenced.do?GID=PLQDCAAAAAAAAAAA&page=1&nRecords=10&searchValue=IEEE%20C2&searchKey=DOCNO&organizations=IEEE&displayWithdrawn=false¤cy=CAD HTTP/1.1" 404 1039 "-" "Mozilla/5.0 (compatible; Googlebot/2.1; +http://www.google.com/bot.html)"
66.249.66.42 - - [20/Aug/2008:14:34:55 -0400] "GET /eSpecs/DocumentReferenced.do?GID=ICGDKBAAAAAAAAAA&page=1&nRecords=10&searchValue=D1.2/D1.2M&searchKey=DOCNO&organizations=AWS&displayWithdrawn=false¤cy=CAD HTTP/1.1" 404 1039 "-" "Mozilla/5.0 (compatible; Googlebot/2.1; +http://www.google.com/bot.html)"
66.249.66.42 - - [20/Aug/2008:14:34:56 -0400] "GET /eSpecs/DocumentReferenced.do?GID=ATYICAAAAAAAAAAA&page=1&nRecords=10&searchValue=60950-1&searchKey=DOCNO&organizations=IEC&displayWithdrawn=false¤cy=CAD HTTP/1.1" 404 1039 "-" "Mozilla/5.0 (compatible; Googlebot/2.1; +http://www.google.com/bot.html)"
66.249.66.42 - - [20/Aug/2008:14:34:57 -0400] "GET /eSpecs/DocumentReferenced.do?GID=SWZICCAAAAAAAAAA&page=1&nRecords=10&searchValue=14971&searchKey=DOCNO&organizations=ISO&displayWithdrawn=false¤cy=CAD HTTP/1.1" 404 1039 "-" "Mozilla/5.0 (compatible; Googlebot/2.1; +http://www.google.com/bot.html)"
66.249.66.42 - - [20/Aug/2008:14:34:59 -0400] "GET /eSpecs/DocumentReferenced.do?GID=BFIUCAAAAAAAAAAA&page=1&nRecords=10&searchValue=API%20RP%20500&searchKey=DOCNO&organizations=API&displayWithdrawn=false¤cy=CAD HTTP/1.1" 404 1039 "-" "Mozilla/5.0 (compatible; Googlebot/2.1; +http://www.google.com/bot.html)"
66.249.66.42 - - [20/Aug/2008:14:35:00 -0400] "GET /eSpecs/DocumentReferenced.do?GID=AOYTCAAAAAAAAAAA&page=1&nRecords=10&searchValue=9001&searchKey=DOCNO&organizations=ISO&displayWithdrawn=false¤cy=CAD HTTP/1.1" 404 1039 "-" "Mozilla/5.0 (compatible; Googlebot/2.1; +http://www.google.com/bot.html)"
66.249.66.42 - - [20/Aug/2008:14:35:01 -0400] "GET /eSpecs/DocumentReferenced.do?GID=POLHCAAAAAAAAAAA&page=1&nRecords=10&searchValue=60529&searchKey=DOCNO&organizations=IEC&displayWithdrawn=false¤cy=CAD HTTP/1.1" 404 1039 "-" "Mozilla/5.0 (compatible; Googlebot/2.1; +http://www.google.com/bot.html)"
66.249.66.42 - - [20/Aug/2008:14:35:02 -0400] "GET /eSpecs/DocumentReferenced.do?GID=DVSGOAAAAAAAAAAA&page=1&nRecords=10&searchValue=NEMA%20WC%2027500&searchKey=DOCNO&organizations=&displayWithdrawn=false¤cy=CAD HTTP/1.1" 404 1039 "-" "Mozilla/5.0 (compatible; Googlebot/2.1; +http://www.google.com/bot.html)"
66.249.66.42 - - [20/Aug/2008:14:35:05 -0400] "GET /eSpecs/DocumentReferenced.do?GID=BZQXCAAAAAAAAAAA&page=1&nRecords=10&searchValue=11607&searchKey=DOCNO&organizations=ISO&displayWithdrawn=false¤cy=CAD HTTP/1.1" 404 1039 "-" "Mozilla/5.0 (compatible; Googlebot/2.1; +http://www.google.com/bot.html)"
66.249.66.42 - - [20/Aug/2008:14:35:06 -0400] "GET /eSpecs/DocumentReferenced.do?GID=EHLNIBAAAAAAAAAA&page=1&nRecords=10&searchValue=API%20STD%201529&searchKey=DOCNO&organizations=API&displayWithdrawn=false¤cy=CAD HTTP/1.1" 404 1039 "-" "Mozilla/5.0 (compatible; Googlebot/2.1; +http://www.google.com/bot.html)"
66.249.66.42 - - [20/Aug/2008:14:35:06 -0400] "GET /eSpecs/DocumentReferenced.do?GID=SNPXACAAAAAAAAAA&page=1&nRecords=10&searchValue=60950-1&searchKey=DOCNO&organizations=IEC&displayWithdrawn=false¤cy=CAD HTTP/1.1" 404 1039 "-" "Mozilla/5.0 (compatible; Googlebot/2.1; +http://www.google.com/bot.html)"
66.249.66.42 - - [20/Aug/2008:14:35:07 -0400] "GET /eSpecs/DocumentReferenced.do?GID=GCJCYAAAAAAAAAAA&page=1&nRecords=10&searchValue=TC-1A&searchKey=DOCNO&organizations=&displayWithdrawn=false¤cy=CAD HTTP/1.1" 404 1039 "-" "Mozilla/5.0 (compatible; Googlebot/2.1; +http://www.google.com/bot.html)"
66.249.66.42 - - [20/Aug/2008:14:35:08 -0400] "GET /eSpecs/DocumentReferenced.do?GID=QMBRXBAAAAAAAAAA&page=1&nRecords=10&searchValue=API%20RP%20500&searchKey=DOCNO&organizations=API&displayWithdrawn=false¤cy=CAD HTTP/1.1" 404 1039 "-" "Mozilla/5.0 (compatible; Googlebot/2.1; +http://www.google.com/bot.html)"
66.249.66.42 - - [20/Aug/2008:14:35:08 -0400] "GET /eSpecs/DocumentReferenced.do?GID=JPROPAAAAAAAAAAA&page=1&nRecords=10&searchValue=9001&searchKey=DOCNO&organizations=ISO&displayWithdrawn=false¤cy=CAD HTTP/1.1" 404 1039 "-" "Mozilla/5.0 (compatible; Googlebot/2.1; +http://www.google.com/bot.html)"
66.249.66.42 - - [20/Aug/2008:14:35:10 -0400] "GET /eSpecs/DocumentReferenced.do?GID=HUJFFBAAAAAAAAAA&page=1&nRecords=10&searchValue=9004&searchKey=DOCNO&organizations=ISO&displayWithdrawn=false¤cy=CAD HTTP/1.1" 404 1039 "-" "Mozilla/5.0 (compatible; Googlebot/2.1; +http://www.google.com/bot.html)"
66.249.66.42 - - [20/Aug/2008:14:35:11 -0400] "GET /eSpecs/DocumentReferenced.do?GID=WJZQIBAAAAAAAAAA&page=1&nRecords=10&searchValue=9004&searchKey=DOCNO&organizations=ISO&displayWithdrawn=false¤cy=CAD HTTP/1.1" 404 1039 "-" "Mozilla/5.0 (compatible; Googlebot/2.1; +http://www.google.com/bot.html)"
66.249.66.42 - - [20/Aug/2008:14:35:12 -0400] "GET /eSpecs/DocumentReferenced.do?GID=AZOQACAAAAAAAAAA&page=1&nRecords=10&searchValue=A5.12/A5.12M&searchKey=DOCNO&organizations=AWS&displayWithdrawn=false¤cy=CAD HTTP/1.1" 404 1039 "-" "Mozilla/5.0 (compatible; Googlebot/2.1; +http://www.google.com/bot.html)"
66.249.66.42 - - [20/Aug/2008:14:35:13 -0400] "GET /eSpecs/DocumentReferenced.do?GID=WCFOPAAAAAAAAAAA&page=1&nRecords=10&searchValue=D1.2/D1.2M&searchKey=DOCNO&organizations=AWS&displayWithdrawn=false¤cy=CAD HTTP/1.1" 404 1039 "-" "Mozilla/5.0 (compatible; Googlebot/2.1; +http://www.google.com/bot.html)"
66.249.66.42 - - [20/Aug/2008:14:35:14 -0400] "GET /eSpecs/DocumentReferenced.do?GID=KLLGIBAAAAAAAAAA&page=1&nRecords=10&searchValue=D1.1/D1.1M&searchKey=DOCNO&organizations=AWS&displayWithdrawn=false¤cy=CAD HTTP/1.1" 404 1039 "-" "Mozilla/5.0 (compatible; Googlebot/2.1; +http://www.google.com/bot.html)"
66.249.66.42 - - [20/Aug/2008:14:35:15 -0400] "GET /eSpecs/DocumentReferenced.do?GID=KBLQHBAAAAAAAAAA&page=1&nRecords=10&searchValue=A5.12/A5.12M&searchKey=DOCNO&organizations=AWS&displayWithdrawn=false¤cy=CAD HTTP/1.1" 404 1039 "-" "Mozilla/5.0 (compatible; Googlebot/2.1; +http://www.google.com/bot.html)"
66.249.66.42 - - [20/Aug/2008:14:35:16 -0400] "GET /eSpecs/DocumentReferenced.do?GID=LQNXXBAAAAAAAAAA&page=1&nRecords=10&searchValue=60950&searchKey=DOCNO&organizations=UL&displayWithdrawn=false¤cy=CAD HTTP/1.1" 404 1039 "-" "Mozilla/5.0 (compatible; Googlebot/2.1; +http://www.google.com/bot.html)"
66.249.66.42 - - [20/Aug/2008:14:35:17 -0400] "GET /eSpecs/DocumentReferenced.do?GID=RQSYCAAAAAAAAAAA&page=1&nRecords=10&searchValue=STD%201542&searchKey=DOCNO&organizations=API&displayWithdrawn=false¤cy=CAD HTTP/1.1" 404 1039 "-" "Mozilla/5.0 (compatible; Googlebot/2.1; +http://www.google.com/bot.html)"
66.249.66.42 - - [20/Aug/2008:14:35:18 -0400] "GET /eSpecs/DocumentReferenced.do?GID=VCKVCAAAAAAAAAAA&page=1&nRecords=10&searchValue=ANSI%20C12.1&searchKey=DOCNO&organizations=ANSI&displayWithdrawn=false¤cy=CAD HTTP/1.1" 404 1039 "-" "Mozilla/5.0 (compatible; Googlebot/2.1; +http://www.google.com/bot.html)"
66.249.66.42 - - [20/Aug/2008:14:35:19 -0400] "GET /eSpecs/DocumentReferenced.do?GID=LCHLSAAAAAAAAAAA&page=1&nRecords=10&searchValue=1041&searchKey=DOCNO&organizations=BSI&displayWithdrawn=false¤cy=CAD HTTP/1.1" 404 1039 "-" "Mozilla/5.0 (compatible; Googlebot/2.1; +http://www.google.com/bot.html)"
66.249.66.42 - - [20/Aug/2008:14:35:21 -0400] "GET /eSpecs/DocumentReferenced.do?GID=NBAFHBAAAAAAAAAA&page=1&nRecords=10&searchValue=NFPA%2079&searchKey=DOCNO&organizations=NFPA&displayWithdrawn=false¤cy=CAD HTTP/1.1" 404 1039 "-" "Mozilla/5.0 (compatible; Googlebot/2.1; +http://www.google.com/bot.html)"
66.249.66.42 - - [20/Aug/2008:14:35:22 -0400] "GET /eSpecs/DocumentReferenced.do?GID=DHLEDAAAAAAAAAAA&page=1&nRecords=10&searchValue=568&searchKey=DOCNO&organizations=TIA&displayWithdrawn=false¤cy=CAD HTTP/1.1" 404 1039 "-" "Mozilla/5.0 (compatible; Googlebot/2.1; +http://www.google.com/bot.html)"
66.249.66.42 - - [20/Aug/2008:14:35:23 -0400] "GET /eSpecs/DocumentReferenced.do?GID=SDVPACAAAAAAAAAA&page=1&nRecords=10&searchValue=NEMA%20250&searchKey=DOCNO&organizations=NEMA&displayWithdrawn=false¤cy=CAD HTTP/1.1" 404 1039 "-" "Mozilla/5.0 (compatible; Googlebot/2.1; +http://www.google.com/bot.html)"
66.249.66.42 - - [20/Aug/2008:14:35:24 -0400] "GET /eSpecs/DocumentReferenced.do?GID=FGFECAAAAAAAAAAA&page=1&nRecords=10&searchValue=SAE%20AMS%202644&searchKey=DOCNO&organizations=&displayWithdrawn=false¤cy=CAD HTTP/1.1" 404 1039 "-" "Mozilla/5.0 (compatible; Googlebot/2.1; +http://www.google.com/bot.html)"
66.249.66.42 - - [20/Aug/2008:14:35:25 -0400] "GET /eSpecs/DocumentReferenced.do?GID=FJCHCAAAAAAAAAAA&page=1&nRecords=10&searchValue=568&searchKey=DOCNO&organizations=TIA&displayWithdrawn=false¤cy=CAD HTTP/1.1" 503 453 "-" "Mozilla/5.0 (compatible; Googlebot/2.1; +http://www.google.com/bot.html)"
66.249.66.42 - - [20/Aug/2008:14:35:36 -0400] "GET /eSpecs/DocumentReferenced.do?GID=DNVXCAAAAAAAAAAA&page=1&nRecords=10&searchValue=18002&searchKey=DOCNO&organizations=BSI&displayWithdrawn=false¤cy=CAD HTTP/1.1" 503 453 "-" "Mozilla/5.0 (compatible; Googlebot/2.1; +http://www.google.com/bot.html)"
142.46.199.30 - - [20/Aug/2008:14:35:42 -0400] "HEAD / HTTP/1.0" 200 - "-" "Mozilla/4.0 (compatible; ipMonitor 8.5)"
142.46.199.30 - - [20/Aug/2008:14:35:48 -0400] "HEAD / HTTP/1.0" 200 - "-" "Mozilla/4.0 (compatible; ipMonitor 8.5)"
66.249.66.42 - - [20/Aug/2008:14:35:48 -0400] "GET /eSpecs/DocumentReferenced.do?GID=IJMKCAAAAAAAAAAA&page=2&nRecords=10&searchValue=70&searchKey=DOCNO&organizations=NFPA&displayWithdrawn=false¤cy=CAD HTTP/1.1" 503 453 "-" "Mozilla/5.0 (compatible; Googlebot/2.1; +http://www.google.com/bot.html)"
206.196.141.164 - - [20/Aug/2008:14:35:53 -0400] "GET /eSpecs/DocumentDetails.do?GID=QGFPFBAAAAAAAAAA¤cy=CAD HTTP/1.1" 503 453 "http://www.google.com/search?sourceid=navclient&aq=t&ie=UTF-8&rls=HPIA,HPIA:2006-24,HPIA:en&q=Download+2003+ICC%2fANSI+Guidelines%3a+For+Accessible+%26+Usable+Buildings+%26+Facilities" "Mozilla/4.0 (compatible; MSIE 7.0; Windows NT 5.1; .NET CLR 1.0.3705; .NET CLR 1.1.4322; Media Center PC 4.0; .NET CLR 2.0.50727)"
206.196.141.164 - - [20/Aug/2008:14:35:54 -0400] "GET /favicon.ico HTTP/1.1" 404 339 "-" "Mozilla/4.0 (compatible; MSIE 7.0; Windows NT 5.1; .NET CLR 1.0.3705; .NET CLR 1.1.4322; Media Center PC 4.0; .NET CLR 2.0.50727)"
66.249.66.42 - - [20/Aug/2008:14:35:59 -0400] "GET /eSpecs/DocumentReferenced.do?GID=MPNTZAAAAAAAAAAA&page=1&nRecords=10&searchValue=14001&searchKey=DOCNO&organizations=ISO&displayWithdrawn=false¤cy=CAD HTTP/1.1" 503 453 "-" "Mozilla/5.0 (compatible; Googlebot/2.1; +http://www.google.com/bot.html)"
142.46.199.30 - - [20/Aug/2008:14:36:04 -0400] "GET /eSpecs/SearchFormAction.do?page=1&searchValue=17025&searchKey=DOCNO&organizations=ISO HTTP/1.0" 503 453 "-" "Mozilla/4.0 (compatible; ipMonitor 8.5)"
66.249.66.42 - - [20/Aug/2008:14:36:11 -0400] "GET /eSpecs/DocumentReferenced.do?GID=DRSRBCAAAAAAAAAA&page=1&nRecords=10&searchValue=SAE%20J514&searchKey=DOCNO&organizations=&displayWithdrawn=false¤cy=CAD HTTP/1.1" 503 453 "-" "Mozilla/5.0 (compatible; Googlebot/2.1; +http://www.google.com/bot.html)"
65.55.210.237 - - [20/Aug/2008:14:36:15 -0400] "GET /eSpecs/AddDocumentAction.do?mediaType=ELEC&GID=BAPVXAAAAAAAAAAA&page=1&nRecords=10&searchValue=16949&searchKey=DOCNO&organizations=ISO&displayWithdrawn=false¤cy=CAD HTTP/1.1" 503 453 "-" "msnbot/1.1 (+http://search.msn.com/msnbot.htm)"
142.46.199.25 - - [20/Aug/2008:14:36:20 -0400] "GET /eSpecs/index.jsp HTTP/1.1" 503 453 "-" "Mozilla/4.0 (compatible; MSIE 6.0; Windows NT 5.0; .NET CLR 2.0.50727)"
66.249.66.42 - - [20/Aug/2008:14:36:23 -0400] "GET /eSpecs/DocumentReferenced.do?GID=QROXTAAAAAAAAAAA&page=1&nRecords=10&searchValue=NASM21209&searchKey=DOCNO&organizations=&displayWithdrawn=false¤cy=CAD HTTP/1.1" 503 453 "-" "Mozilla/5.0 (compatible; Googlebot/2.1; +http://www.google.com/bot.html)"
74.6.22.96 - - [20/Aug/2008:14:36:25 -0400] "GET /eSpecs/SearchFormAction.do?page=1&searchValue=2644&searchKey=DOCNO&organizations=SAE HTTP/1.0" 503 453 "-" "Mozilla/5.0 (compatible; Yahoo! Slurp; http://help.yahoo.com/help/us/ysearch/slurp)"
74.12.22.2 - - [20/Aug/2008:14:36:30 -0400] "GET /specs/pdf/806_e.pdf HTTP/1.0" 200 27649 "http://palcan.scc.ca/SpecsSearch/SpecsSearchAction.do" "Mozilla/4.79 [en]C-CCK-MCD ADVANT (Win98; U)"
142.46.199.25 - - [20/Aug/2008:14:36:32 -0400] "GET /eSpecs/index.jsp HTTP/1.1" 503 453 "-" "Mozilla/4.0 (compatible; MSIE 6.0; Windows NT 5.0; .NET CLR 2.0.50727)"
66.249.66.42 - - [20/Aug/2008:14:36:37 -0400] "GET /eSpecs/DocumentReferenced.do?GID=DFZECAAAAAAAAAAA&page=1&nRecords=10&searchValue=9004&searchKey=DOCNO&organizations=ISO&displayWithdrawn=false¤cy=CAD HTTP/1.1" 503 453 "-" "Mozilla/5.0 (compatible; Googlebot/2.1; +http://www.google.com/bot.html)"
142.46.199.25 - - [20/Aug/2008:14:36:42 -0400] "GET /eSpecs/index.jsp HTTP/1.1" 503 453 "-" "Mozilla/4.0 (compatible; MSIE 6.0; Windows NT 5.0; .NET CLR 2.0.50727)"
66.249.66.42 - - [20/Aug/2008:14:36:48 -0400] "GET /eSpecs/DocumentReferenced.do?GID=TXJQJBAAAAAAAAAA&page=1&nRecords=10&searchValue=D1.4&searchKey=DOCNO&organizations=AWS&displayWithdrawn=false¤cy=CAD HTTP/1.1" 503 453 "-" "Mozilla/5.0 (compatible; Googlebot/2.1; +http://www.google.com/bot.html)"
142.46.199.25 - - [20/Aug/2008:14:36:51 -0400] "GET /eSpecs/index.jsp HTTP/1.1" 503 453 "-" "Mozilla/4.0 (compatible; MSIE 6.0; Windows NT 5.0; .NET CLR 2.0.50727)"
66.249.66.42 - - [20/Aug/2008:14:37:00 -0400] "GET /eSpecs/DocumentReferenced.do?GID=ZMGPGBAAAAAAAAAA&page=1&nRecords=10&searchValue=568&searchKey=DOCNO&organizations=TIA&displayWithdrawn=false¤cy=CAD HTTP/1.1" 503 453 "-" "Mozilla/5.0 (compatible; Googlebot/2.1; +http://www.google.com/bot.html)"
142.46.199.25 - - [20/Aug/2008:14:37:06 -0400] "GET /eSpecs/index.jsp HTTP/1.1" 503 453 "-" "Mozilla/4.0 (compatible; MSIE 6.0; Windows NT 5.0; .NET CLR 2.0.50727)"
216.239.71.194 - - [20/Aug/2008:14:37:08 -0400] "GET /specs/pdf/215_f.pdf HTTP/1.1" 200 26810 "-" "Mozilla/4.0 (compatible; MSIE 7.0; Windows NT 5.1)"
66.249.66.42 - - [20/Aug/2008:14:37:11 -0400] "GET /eSpecs/DocumentReferenced.do?GID=YSDNIBAAAAAAAAAA&page=1&nRecords=10&searchValue=SAE%20HDBK&searchKey=DOCNO&organizations=&displayWithdrawn=false¤cy=CAD HTTP/1.1" 503 453 "-" "Mozilla/5.0 (compatible; Googlebot/2.1; +http://www.google.com/bot.html)"
142.46.199.25 - - [20/Aug/2008:14:37:16 -0400] "GET /eSpecs/index.jsp HTTP/1.1" 503 453 "-" "Mozilla/4.0 (compatible; MSIE 6.0; Windows NT 5.0; .NET CLR 2.0.50727)"
74.6.22.96 - - [20/Aug/2008:14:37:17 -0400] "GET /eSpecs/SearchFormAction.do?page=1&searchValue=2644&searchKey=DOCNO&organizations=SAE HTTP/1.0" 503 453 "-" "Mozilla/5.0 (compatible; Yahoo! Slurp; http://help.yahoo.com/help/us/ysearch/slurp)"
66.249.66.42 - - [20/Aug/2008:14:37:22 -0400] "GET /eSpecs/DocumentReferenced.do?GID=BTQIJBAAAAAAAAAA&page=1&nRecords=10&searchValue=72&searchKey=DOCNO&organizations=NFPA&displayWithdrawn=false¤cy=CAD HTTP/1.1" 503 453 "-" "Mozilla/5.0 (compatible; Googlebot/2.1; +http://www.google.com/bot.html)"
142.46.199.25 - - [20/Aug/2008:14:37:26 -0400] "GET /eSpecs/index.jsp HTTP/1.1" 503 453 "-" "Mozilla/4.0 (compatible; MSIE 6.0; Windows NT 5.0; .NET CLR 2.0.50727)"
142.46.199.25 - - [20/Aug/2008:14:37:32 -0400] "GET /eSpecs/index.jsp HTTP/1.1" 503 453 "-" "Mozilla/4.0 (compatible; MSIE 6.0; Windows NT 5.0; .NET CLR 2.0.50727)"
66.249.66.42 - - [20/Aug/2008:14:37:34 -0400] "GET /eSpecs/DocumentReferenced.do?GID=YBVRXBAAAAAAAAAA&page=1&nRecords=10&searchValue=17799&searchKey=DOCNO&organizations=ISO&displayWithdrawn=false¤cy=CAD HTTP/1.1" 503 453 "-" "Mozilla/5.0 (compatible; Googlebot/2.1; +http://www.google.com/bot.html)"
66.249.66.42 - - [20/Aug/2008:14:37:45 -0400] "GET /eSpecs/DocumentReferenced.do?GID=LJZSJAAAAAAAAAAA&page=1&nRecords=10&searchValue=16949&searchKey=DOCNO&organizations=ISO&displayWithdrawn=false¤cy=CAD HTTP/1.1" 503 453 "-" "Mozilla/5.0 (compatible; Googlebot/2.1; +http://www.google.com/bot.html)"
142.46.199.25 - - [20/Aug/2008:14:37:48 -0400] "GET /SpecsSearch/SpecsSearchAction.do HTTP/1.1" 400 - "-" "Mozilla/4.0 (compatible; MSIE 6.0; Windows NT 5.0; .NET CLR 2.0.50727)"
66.249.66.42 - - [20/Aug/2008:14:37:56 -0400] "GET /eSpecs/DocumentReferenced.do?GID=VVRNABAAAAAAAAAA&page=1&nRecords=10&searchValue=A5.12/A5.12M&searchKey=DOCNO&organizations=AWS&displayWithdrawn=false¤cy=CAD HTTP/1.1" 500 3435 "-" "Mozilla/5.0 (compatible; Googlebot/2.1; +http://www.google.com/bot.html)"
142.46.199.25 - - [20/Aug/2008:14:38:07 -0400] "GET /eSpecs/css/index.css HTTP/1.1" 200 10895 "http://www.standardsstore.ca/eSpecs/index.jsp" "Mozilla/4.0 (compatible; MSIE 6.0; Windows NT 5.0; .NET CLR 2.0.50727)"
142.46.199.25 - - [20/Aug/2008:14:38:07 -0400] "GET /eSpecs/js/main.js HTTP/1.1" 200 9677 "http://www.standardsstore.ca/eSpecs/index.jsp" "Mozilla/4.0 (compatible; MSIE 6.0; Windows NT 5.0; .NET CLR 2.0.50727)"
142.46.199.25 - - [20/Aug/2008:14:38:01 -0400] "GET /eSpecs/index.jsp HTTP/1.1" 200 87382 "-" "Mozilla/4.0 (compatible; MSIE 6.0; Windows NT 5.0; .NET CLR 2.0.50727)"
142.46.199.25 - - [20/Aug/2008:14:38:07 -0400] "GET /eSpecs/js/style.js HTTP/1.1" 200 3774 "http://www.standardsstore.ca/eSpecs/index.jsp" "Mozilla/4.0 (compatible; MSIE 6.0; Windows NT 5.0; .NET CLR 2.0.50727)"
142.46.199.25 - - [20/Aug/2008:14:38:07 -0400] "GET /eSpecs/images/header.gif HTTP/1.1" 200 13254 "http://www.standardsstore.ca/eSpecs/index.jsp" "Mozilla/4.0 (compatible; MSIE 6.0; Windows NT 5.0; .NET CLR 2.0.50727)"
142.46.199.25 - - [20/Aug/2008:14:38:07 -0400] "GET /eSpecs/images/scc_logo.gif HTTP/1.1" 200 4870 "http://www.standardsstore.ca/eSpecs/index.jsp" "Mozilla/4.0 (compatible; MSIE 6.0; Windows NT 5.0; .NET CLR 2.0.50727)"
142.46.199.25 - - [20/Aug/2008:14:38:07 -0400] "GET /eSpecs/images/ihs_logo.gif HTTP/1.1" 200 1947 "http://www.standardsstore.ca/eSpecs/index.jsp" "Mozilla/4.0 (compatible; MSIE 6.0; Windows NT 5.0; .NET CLR 2.0.50727)"
142.46.199.25 - - [20/Aug/2008:14:38:07 -0400] "GET /eSpecs/images/en/iso22000.gif HTTP/1.1" 200 39597 "http://www.standardsstore.ca/eSpecs/index.jsp" "Mozilla/4.0 (compatible; MSIE 6.0; Windows NT 5.0; .NET CLR 2.0.50727)"
142.46.199.25 - - [20/Aug/2008:14:38:07 -0400] "GET /eSpecs/images/help.jpg HTTP/1.1" 200 389 "http://www.standardsstore.ca/eSpecs/index.jsp" "Mozilla/4.0 (compatible; MSIE 6.0; Windows NT 5.0; .NET CLR 2.0.50727)"
142.46.199.25 - - [20/Aug/2008:14:38:07 -0400] "GET /eSpecs/images/en/isoiec17025.gif HTTP/1.1" 200 39008 "http://www.standardsstore.ca/eSpecs/index.jsp" "Mozilla/4.0 (compatible; MSIE 6.0; Windows NT 5.0; .NET CLR 2.0.50727)"
142.46.199.25 - - [20/Aug/2008:14:38:07 -0400] "GET /eSpecs/images/iso.gif HTTP/1.1" 200 2457 "http://www.standardsstore.ca/eSpecs/index.jsp" "Mozilla/4.0 (compatible; MSIE 6.0; Windows NT 5.0; .NET CLR 2.0.50727)"
142.46.199.25 - - [20/Aug/2008:14:38:07 -0400] "GET /eSpecs/images/iec.gif HTTP/1.1" 200 696 "http://www.standardsstore.ca/eSpecs/index.jsp" "Mozilla/4.0 (compatible; MSIE 6.0; Windows NT 5.0; .NET CLR 2.0.50727)"
142.46.199.25 - - [20/Aug/2008:14:38:07 -0400] "GET /eSpecs/images/api.gif HTTP/1.1" 200 976 "http://www.standardsstore.ca/eSpecs/index.jsp" "Mozilla/4.0 (compatible; MSIE 6.0; Windows NT 5.0; .NET CLR 2.0.50727)"
142.46.199.25 - - [20/Aug/2008:14:38:07 -0400] "GET /eSpecs/images/asm.gif HTTP/1.1" 200 1711 "http://www.standardsstore.ca/eSpecs/index.jsp" "Mozilla/4.0 (compatible; MSIE 6.0; Windows NT 5.0; .NET CLR 2.0.50727)"
142.46.199.25 - - [20/Aug/2008:14:38:07 -0400] "GET /eSpecs/images/en/standards_alert.jpg HTTP/1.1" 200 14834 "http://www.standardsstore.ca/eSpecs/index.jsp" "Mozilla/4.0 (compatible; MSIE 6.0; Windows NT 5.0; .NET CLR 2.0.50727)"
142.46.199.25 - - [20/Aug/2008:14:38:07 -0400] "GET /eSpecs/images/en/reg.jpg HTTP/1.1" 200 13737 "http://www.standardsstore.ca/eSpecs/index.jsp" "Mozilla/4.0 (compatible; MSIE 6.0; Windows NT 5.0; .NET CLR 2.0.50727)"
142.46.199.25 - - [20/Aug/2008:14:38:07 -0400] "GET /eSpecs/images/en/exportalert.jpg HTTP/1.1" 200 16234 "http://www.standardsstore.ca/eSpecs/index.jsp" "Mozilla/4.0 (compatible; MSIE 6.0; Windows NT 5.0; .NET CLR 2.0.50727)"
142.46.199.25 - - [20/Aug/2008:14:38:07 -0400] "GET /eSpecs/images/afnor.gif HTTP/1.1" 200 811 "http://www.standardsstore.ca/eSpecs/index.jsp" "Mozilla/4.0 (compatible; MSIE 6.0; Windows NT 5.0; .NET CLR 2.0.50727)"
142.46.199.25 - - [20/Aug/2008:14:38:07 -0400] "GET /eSpecs/images/din_logo.gif HTTP/1.1" 200 486 "http://www.standardsstore.ca/eSpecs/index.jsp" "Mozilla/4.0 (compatible; MSIE 6.0; Windows NT 5.0; .NET CLR 2.0.50727)"
142.46.199.25 - - [20/Aug/2008:14:38:07 -0400] "GET /eSpecs/images/research.jpg HTTP/1.1" 200 12311 "http://www.standardsstore.ca/eSpecs/index.jsp" "Mozilla/4.0 (compatible; MSIE 6.0; Windows NT 5.0; .NET CLR 2.0.50727)"
142.46.199.25 - - [20/Aug/2008:14:38:07 -0400] "GET /eSpecs/images/canada.gif HTTP/1.1" 200 1511 "http://www.standardsstore.ca/eSpecs/index.jsp" "Mozilla/4.0 (compatible; MSIE 6.0; Windows NT 5.0; .NET CLR 2.0.50727)"
74.6.22.96 - - [20/Aug/2008:14:38:05 -0400] "GET /eSpecs/SearchFormAction.do?page=1&searchValue=2644&searchKey=DOCNO&organizations=SAE HTTP/1.0" 200 84901 "-" "Mozilla/5.0 (compatible; Yahoo! Slurp; http://help.yahoo.com/help/us/ysearch/slurp)"
142.46.199.25 - - [20/Aug/2008:14:38:20 -0400] "GET /SpecsSearch/SpecsSearchAction.do HTTP/1.1" 400 - "-" "Mozilla/4.0 (compatible; MSIE 6.0; Windows NT 5.0; .NET CLR 2.0.50727)"
66.249.66.42 - - [20/Aug/2008:14:38:13 -0400] "GET /eSpecs/DocumentReferenced.do?GID=XMEQJBAAAAAAAAAA&page=1&nRecords=10&searchValue=A5.12/A5.12M&searchKey=DOCNO&organizations=AWS&displayWithdrawn=false¤cy=CAD HTTP/1.1" 200 93438 "-" "Mozilla/5.0 (compatible; Googlebot/2.1; +http://www.google.com/bot.html)"
74.12.22.2 - - [20/Aug/2008:14:38:27 -0400] "GET /specs/pdf/806_e.pdf HTTP/1.0" 200 27649 "http://palcan.scc.ca/SpecsSearch/SpecsSearchAction.do" "Mozilla/4.79 [en]C-CCK-MCD ADVANT (Win98; U)"
66.249.66.42 - - [20/Aug/2008:14:38:37 -0400] "GET /eSpecs/DocumentReferenced.do?GID=NKEEDCAAAAAAAAAA&page=1&nRecords=10&searchValue=60950-1&searchKey=DOCNO&organizations=IEC&displayWithdrawn=false¤cy=CAD HTTP/1.1" 200 179953 "-" "Mozilla/5.0 (compatible; Googlebot/2.1; +http://www.google.com/bot.html)"
74.12.22.2 - - [20/Aug/2008:14:39:03 -0400] "GET /specs/pdf/693_e.pdf HTTP/1.0" 200 26429 "http://palcan.scc.ca/SpecsSearch/SpecsSearchAction.do" "Mozilla/4.79 [en]C-CCK-MCD ADVANT (Win98; U)"
66.249.66.42 - - [20/Aug/2008:14:39:16 -0400] "GET /eSpecs/DocumentReferenced.do?GID=DKIGCCAAAAAAAAAA&page=1&nRecords=10&searchValue=60601-1&searchKey=DOCNO&organizations=UL&displayWithdrawn=false¤cy=CAD HTTP/1.1" 200 84362 "-" "Mozilla/5.0 (compatible; Googlebot/2.1; +http://www.google.com/bot.html)"
142.46.199.30 - - [20/Aug/2008:14:39:51 -0400] "GET /SpecsSearch/SpecsSearchAction.do HTTP/1.1" 400 - "-" "Mozilla/4.0 (compatible; MSIE 7.0; Windows NT 5.1; .NET CLR 1.1.4322; .NET CLR 2.0.50727; .NET CLR 3.0.04506.30; InfoPath.1; .NET CLR 3.0.04506.648; IEMB3; IEMB3)"
66.249.66.42 - - [20/Aug/2008:14:39:54 -0400] "GET /eSpecs/DocumentReferenced.do?GID=DQHTJAAAAAAAAAAA&page=1&nRecords=10&searchValue=9001&searchKey=DOCNO&organizations=ISO&displayWithdrawn=false¤cy=CAD HTTP/1.1" 200 91908 "-" "Mozilla/5.0 (compatible; Googlebot/2.1; +http://www.google.com/bot.html)"
142.46.199.30 - - [20/Aug/2008:14:39:59 -0400] "GET /SpecsSearch/SpecsSearchAction.do HTTP/1.1" 400 - "-" "Mozilla/4.0 (compatible; MSIE 7.0; Windows NT 5.1; .NET CLR 1.1.4322; .NET CLR 2.0.50727; .NET CLR 3.0.04506.30; InfoPath.1; .NET CLR 3.0.04506.648; IEMB3; IEMB3)"
