65.55.110.132 - - [20/Aug/2008:14:40:11 -0400] "GET /eSpecs/css/index.css HTTP/1.0" 200 10895 "http://www.standardsstore.ca/eSpecs/AddDocumentAction.do?mediaType=ELEC&GID=BAPVXAAAAAAAAAAA&page=1&nRecords=10&searchValue=16949&searchKey=DOCNO&organizations=ISO&displayWithdrawn=false¤cy=CAD" "Mozilla/4.0 (compatible; MSIE 6.0; Windows NT 5.2; SV1; .NET CLR 1.1.4322)"
65.55.110.132 - - [20/Aug/2008:14:40:12 -0400] "GET /eSpecs/js/main.js HTTP/1.0" 200 9677 "http://www.standardsstore.ca/eSpecs/AddDocumentAction.do?mediaType=ELEC&GID=BAPVXAAAAAAAAAAA&page=1&nRecords=10&searchValue=16949&searchKey=DOCNO&organizations=ISO&displayWithdrawn=false¤cy=CAD" "Mozilla/4.0 (compatible; MSIE 6.0; Windows NT 5.2; SV1; .NET CLR 1.1.4322)"
65.55.110.132 - - [20/Aug/2008:14:40:12 -0400] "GET /eSpecs/js/style.js HTTP/1.0" 200 3774 "http://www.standardsstore.ca/eSpecs/AddDocumentAction.do?mediaType=ELEC&GID=BAPVXAAAAAAAAAAA&page=1&nRecords=10&searchValue=16949&searchKey=DOCNO&organizations=ISO&displayWithdrawn=false¤cy=CAD" "Mozilla/4.0 (compatible; MSIE 6.0; Windows NT 5.2; SV1; .NET CLR 1.1.4322)"
65.55.110.132 - - [20/Aug/2008:14:40:09 -0400] "GET /eSpecs/AddDocumentAction.do?mediaType=ELEC&GID=BAPVXAAAAAAAAAAA&page=1&nRecords=10&searchValue=16949&searchKey=DOCNO&organizations=ISO&displayWithdrawn=false¤cy=CAD HTTP/1.0" 200 81077 "http://search.live.com/results.aspx?q=association" "Mozilla/4.0 (compatible; MSIE 6.0; Windows NT 5.2; SV1; .NET CLR 1.1.4322)"
142.46.199.30 - - [20/Aug/2008:14:40:16 -0400] "GET /SpecsSearch/SpecsSearchAction.do HTTP/1.1" 400 - "-" "Mozilla/4.0 (compatible; MSIE 7.0; Windows NT 5.1; .NET CLR 1.1.4322; .NET CLR 2.0.50727; .NET CLR 3.0.04506.30; InfoPath.1; .NET CLR 3.0.04506.648; IEMB3; IEMB3)"
74.6.22.105 - - [20/Aug/2008:14:40:14 -0400] "GET /specs/pdf/288_e.pdf HTTP/1.0" 200 28124 "-" "Mozilla/5.0 (compatible; Yahoo! Slurp; http://help.yahoo.com/help/us/ysearch/slurp)"
142.46.199.30 - - [20/Aug/2008:14:40:20 -0400] "GET /SpecsSearch/SpecsSearchAction.do HTTP/1.1" 400 - "-" "Mozilla/4.0 (compatible; MSIE 7.0; Windows NT 5.1; .NET CLR 1.1.4322; .NET CLR 2.0.50727; .NET CLR 3.0.04506.30; InfoPath.1; .NET CLR 3.0.04506.648; IEMB3; IEMB3)"
142.46.199.30 - - [20/Aug/2008:14:40:32 -0400] "GET /SpecsSearch/SpecsSearchAction.do HTTP/1.1" 400 - "-" "Mozilla/4.0 (compatible; MSIE 7.0; Windows NT 5.1; .NET CLR 1.1.4322; .NET CLR 2.0.50727; .NET CLR 3.0.04506.30; InfoPath.1; .NET CLR 3.0.04506.648; IEMB3; IEMB3)"
66.249.66.42 - - [20/Aug/2008:14:40:30 -0400] "GET /eSpecs/DocumentReferenced.do?GID=NLTEIBAAAAAAAAAA&page=1&nRecords=10&searchValue=B2.1&searchKey=DOCNO&organizations=AWS&displayWithdrawn=false¤cy=CAD HTTP/1.1" 200 107635 "-" "Mozilla/5.0 (compatible; Googlebot/2.1; +http://www.google.com/bot.html)"
142.46.199.30 - - [20/Aug/2008:14:40:42 -0400] "HEAD / HTTP/1.0" 200 - "-" "Mozilla/4.0 (compatible; ipMonitor 8.5)"
142.46.199.30 - - [20/Aug/2008:14:40:49 -0400] "HEAD / HTTP/1.0" 200 - "-" "Mozilla/4.0 (compatible; ipMonitor 8.5)"
142.46.199.30 - - [20/Aug/2008:14:41:05 -0400] "GET /SpecsSearch/SpecsSearchAction.do HTTP/1.1" 400 - "-" "Mozilla/4.0 (compatible; MSIE 7.0; Windows NT 5.1; .NET CLR 1.1.4322; .NET CLR 2.0.50727; .NET CLR 3.0.04506.30; InfoPath.1; .NET CLR 3.0.04506.648; IEMB3; IEMB3)"
74.12.22.2 - - [20/Aug/2008:14:41:08 -0400] "GET /specs/pdf/669_e.pdf HTTP/1.0" 200 25438 "http://palcan.scc.ca/SpecsSearch/SpecsSearchAction.do" "Mozilla/4.79 [en]C-CCK-MCD ADVANT (Win98; U)"
142.46.199.30 - - [20/Aug/2008:14:41:05 -0400] "GET /eSpecs/SearchFormAction.do?page=1&searchValue=17025&searchKey=DOCNO&organizations=ISO HTTP/1.0" 200 100494 "-" "Mozilla/4.0 (compatible; ipMonitor 8.5)"
66.249.66.42 - - [20/Aug/2008:14:41:07 -0400] "GET /eSpecs/DocumentReferenced.do?GID=LOFDFBAAAAAAAAAA&page=1&nRecords=10&searchValue=GMW3116&searchKey=DOCNO&organizations=&displayWithdrawn=false¤cy=CAD HTTP/1.1" 200 185851 "-" "Mozilla/5.0 (compatible; Googlebot/2.1; +http://www.google.com/bot.html)"
142.46.199.30 - - [20/Aug/2008:14:41:27 -0400] "GET /SpecsSearch/SpecsSearchAction.do HTTP/1.1" 400 - "-" "Mozilla/4.0 (compatible; MSIE 7.0; Windows NT 5.1; .NET CLR 1.1.4322; .NET CLR 2.0.50727; .NET CLR 3.0.04506.30; InfoPath.1; .NET CLR 3.0.04506.648; IEMB3; IEMB3)"
66.135.100.194 - - [20/Aug/2008:14:41:30 -0400] "GET /SpecsSearch/CalibrationSearchForm.do HTTP/1.0" 400 - "-" "Mozilla/4.0 (compatible; MSIE 7.0; Windows NT 5.1)"
66.135.100.194 - - [20/Aug/2008:14:41:39 -0400] "GET / HTTP/1.0" 200 118 "-" "Mozilla/4.0 (compatible; MSIE 7.0; Windows NT 5.1)"
142.46.199.30 - - [20/Aug/2008:14:41:39 -0400] "GET /SpecsSearch/SpecsSearchAction.do HTTP/1.1" 400 - "-" "Mozilla/4.0 (compatible; MSIE 7.0; Windows NT 5.1; .NET CLR 1.1.4322; .NET CLR 2.0.50727; .NET CLR 3.0.04506.30; InfoPath.1; .NET CLR 3.0.04506.648; IEMB3; IEMB3)"
66.135.100.194 - - [20/Aug/2008:14:41:39 -0400] "GET /SpecsSearch/index.jsp HTTP/1.0" 400 - "-" "Mozilla/4.0 (compatible; MSIE 7.0; Windows NT 5.1)"
208.80.193.44 - - [20/Aug/2008:14:41:49 -0400] "GET / HTTP/1.0" 200 121 "-" "Mozilla/4.0 (compatible; MSIE 7.0; Windows NT 5.1; YPC 3.2.0; FunWebProducts; .NET CLR 1.1.4322; .NET CLR 2.0.50727; ZangoToolbar 4.8.2; yplus 5.1.04b)"
142.46.199.30 - - [20/Aug/2008:14:41:58 -0400] "GET / HTTP/1.1" 304 - "-" "Mozilla/5.0 (Windows; U; Windows NT 5.1; en-US; rv:1.7.2) Gecko/20040804 Netscape/7.2 (ax)"
142.46.199.30 - - [20/Aug/2008:14:41:58 -0400] "GET /SpecsSearch/index.jsp HTTP/1.1" 400 - "-" "Mozilla/5.0 (Windows; U; Windows NT 5.1; en-US; rv:1.7.2) Gecko/20040804 Netscape/7.2 (ax)"
142.46.199.30 - - [20/Aug/2008:14:42:02 -0400] "GET / HTTP/1.1" 304 - "-" "Mozilla/5.0 (Windows; U; Windows NT 5.1; en-US; rv:1.7.2) Gecko/20040804 Netscape/7.2 (ax)"
142.46.199.30 - - [20/Aug/2008:14:42:02 -0400] "GET /eSpecs/index.jsp HTTP/1.1" 200 85622 "-" "Mozilla/5.0 (Windows; U; Windows NT 5.1; en-US; rv:1.7.2) Gecko/20040804 Netscape/7.2 (ax)"
142.46.199.30 - - [20/Aug/2008:14:42:02 -0400] "GET /eSpecs/css/index.css HTTP/1.1" 200 10895 "http://www.standardsstore.ca/eSpecs/index.jsp" "Mozilla/5.0 (Windows; U; Windows NT 5.1; en-US; rv:1.7.2) Gecko/20040804 Netscape/7.2 (ax)"
142.46.199.30 - - [20/Aug/2008:14:42:02 -0400] "GET /eSpecs/js/main.js HTTP/1.1" 200 9677 "http://www.standardsstore.ca/eSpecs/index.jsp" "Mozilla/5.0 (Windows; U; Windows NT 5.1; en-US; rv:1.7.2) Gecko/20040804 Netscape/7.2 (ax)"
142.46.199.30 - - [20/Aug/2008:14:42:02 -0400] "GET /eSpecs/js/style.js HTTP/1.1" 200 3774 "http://www.standardsstore.ca/eSpecs/index.jsp" "Mozilla/5.0 (Windows; U; Windows NT 5.1; en-US; rv:1.7.2) Gecko/20040804 Netscape/7.2 (ax)"
142.46.199.30 - - [20/Aug/2008:14:42:02 -0400] "GET /eSpecs/images/scc_logo.gif HTTP/1.1" 200 4870 "http://www.standardsstore.ca/eSpecs/index.jsp" "Mozilla/5.0 (Windows; U; Windows NT 5.1; en-US; rv:1.7.2) Gecko/20040804 Netscape/7.2 (ax)"
142.46.199.30 - - [20/Aug/2008:14:42:02 -0400] "GET /eSpecs/images/header.gif HTTP/1.1" 200 13254 "http://www.standardsstore.ca/eSpecs/index.jsp" "Mozilla/5.0 (Windows; U; Windows NT 5.1; en-US; rv:1.7.2) Gecko/20040804 Netscape/7.2 (ax)"
142.46.199.30 - - [20/Aug/2008:14:42:02 -0400] "GET /eSpecs/images/ihs_logo.gif HTTP/1.1" 200 1947 "http://www.standardsstore.ca/eSpecs/index.jsp" "Mozilla/5.0 (Windows; U; Windows NT 5.1; en-US; rv:1.7.2) Gecko/20040804 Netscape/7.2 (ax)"
142.46.199.30 - - [20/Aug/2008:14:42:02 -0400] "GET /eSpecs/images/en/isoiec17025.gif HTTP/1.1" 200 39008 "http://www.standardsstore.ca/eSpecs/index.jsp" "Mozilla/5.0 (Windows; U; Windows NT 5.1; en-US; rv:1.7.2) Gecko/20040804 Netscape/7.2 (ax)"
142.46.199.30 - - [20/Aug/2008:14:42:02 -0400] "GET /eSpecs/images/help.jpg HTTP/1.1" 200 389 "http://www.standardsstore.ca/eSpecs/index.jsp" "Mozilla/5.0 (Windows; U; Windows NT 5.1; en-US; rv:1.7.2) Gecko/20040804 Netscape/7.2 (ax)"
142.46.199.30 - - [20/Aug/2008:14:42:02 -0400] "GET /eSpecs/images/iso.gif HTTP/1.1" 200 2457 "http://www.standardsstore.ca/eSpecs/index.jsp" "Mozilla/5.0 (Windows; U; Windows NT 5.1; en-US; rv:1.7.2) Gecko/20040804 Netscape/7.2 (ax)"
142.46.199.30 - - [20/Aug/2008:14:42:02 -0400] "GET /eSpecs/images/iec.gif HTTP/1.1" 200 696 "http://www.standardsstore.ca/eSpecs/index.jsp" "Mozilla/5.0 (Windows; U; Windows NT 5.1; en-US; rv:1.7.2) Gecko/20040804 Netscape/7.2 (ax)"
142.46.199.30 - - [20/Aug/2008:14:42:02 -0400] "GET /eSpecs/images/api.gif HTTP/1.1" 200 976 "http://www.standardsstore.ca/eSpecs/index.jsp" "Mozilla/5.0 (Windows; U; Windows NT 5.1; en-US; rv:1.7.2) Gecko/20040804 Netscape/7.2 (ax)"
142.46.199.30 - - [20/Aug/2008:14:42:02 -0400] "GET /eSpecs/images/asm.gif HTTP/1.1" 200 1711 "http://www.standardsstore.ca/eSpecs/index.jsp" "Mozilla/5.0 (Windows; U; Windows NT 5.1; en-US; rv:1.7.2) Gecko/20040804 Netscape/7.2 (ax)"
142.46.199.30 - - [20/Aug/2008:14:42:02 -0400] "GET /eSpecs/images/en/standards_alert.jpg HTTP/1.1" 200 14834 "http://www.standardsstore.ca/eSpecs/index.jsp" "Mozilla/5.0 (Windows; U; Windows NT 5.1; en-US; rv:1.7.2) Gecko/20040804 Netscape/7.2 (ax)"
142.46.199.30 - - [20/Aug/2008:14:42:02 -0400] "GET /eSpecs/images/en/exportalert.jpg HTTP/1.1" 200 16234 "http://www.standardsstore.ca/eSpecs/index.jsp" "Mozilla/5.0 (Windows; U; Windows NT 5.1; en-US; rv:1.7.2) Gecko/20040804 Netscape/7.2 (ax)"
66.249.66.42 - - [20/Aug/2008:14:41:54 -0400] "GET /eSpecs/DocumentReferenced.do?GID=JYMXIBAAAAAAAAAA&page=1&nRecords=10&searchValue=QS9000&searchKey=DOCNO&organizations=&displayWithdrawn=false¤cy=CAD HTTP/1.1" 200 124264 "-" "Mozilla/5.0 (compatible; Googlebot/2.1; +http://www.google.com/bot.html)"
142.46.199.30 - - [20/Aug/2008:14:42:02 -0400] "GET /eSpecs/images/en/reg.jpg HTTP/1.1" 200 13737 "http://www.standardsstore.ca/eSpecs/index.jsp" "Mozilla/5.0 (Windows; U; Windows NT 5.1; en-US; rv:1.7.2) Gecko/20040804 Netscape/7.2 (ax)"
142.46.199.30 - - [20/Aug/2008:14:42:02 -0400] "GET /eSpecs/images/en/iso22000.gif HTTP/1.1" 200 39597 "http://www.standardsstore.ca/eSpecs/index.jsp" "Mozilla/5.0 (Windows; U; Windows NT 5.1; en-US; rv:1.7.2) Gecko/20040804 Netscape/7.2 (ax)"
142.46.199.30 - - [20/Aug/2008:14:42:03 -0400] "GET /eSpecs/images/research.jpg HTTP/1.1" 200 12311 "http://www.standardsstore.ca/eSpecs/index.jsp" "Mozilla/5.0 (Windows; U; Windows NT 5.1; en-US; rv:1.7.2) Gecko/20040804 Netscape/7.2 (ax)"
142.46.199.30 - - [20/Aug/2008:14:42:03 -0400] "GET /eSpecs/images/afnor.gif HTTP/1.1" 200 811 "http://www.standardsstore.ca/eSpecs/index.jsp" "Mozilla/5.0 (Windows; U; Windows NT 5.1; en-US; rv:1.7.2) Gecko/20040804 Netscape/7.2 (ax)"
142.46.199.30 - - [20/Aug/2008:14:42:03 -0400] "GET /eSpecs/images/din_logo.gif HTTP/1.1" 200 486 "http://www.standardsstore.ca/eSpecs/index.jsp" "Mozilla/5.0 (Windows; U; Windows NT 5.1; en-US; rv:1.7.2) Gecko/20040804 Netscape/7.2 (ax)"
142.46.199.30 - - [20/Aug/2008:14:42:03 -0400] "GET /eSpecs/images/canada.gif HTTP/1.1" 200 1511 "http://www.standardsstore.ca/eSpecs/index.jsp" "Mozilla/5.0 (Windows; U; Windows NT 5.1; en-US; rv:1.7.2) Gecko/20040804 Netscape/7.2 (ax)"
12.41.112.201 - - [20/Aug/2008:14:42:05 -0400] "GET /eSpecs/js/style.js HTTP/1.1" 200 3774 "http://www.standardsstore.ca/eSpecs/DocumentReferenced.do?GID=SPUCFBAAAAAAAAAA&page=1&nRecords=10&searchValue=SAE%20J514&searchKey=DOCNO&organizations=&displayWithdrawn=false¤cy=CAD" "Mozilla/4.0 (compatible; MSIE 6.0; Windows NT 5.1; SV1; V-6.0SP1-20040831; .NET CLR 1.1.4322; InfoPath.1)"
12.41.112.201 - - [20/Aug/2008:14:42:05 -0400] "GET /eSpecs/images/ihs_logo.gif HTTP/1.1" 200 1947 "http://www.standardsstore.ca/eSpecs/DocumentReferenced.do?GID=SPUCFBAAAAAAAAAA&page=1&nRecords=10&searchValue=SAE%20J514&searchKey=DOCNO&organizations=&displayWithdrawn=false¤cy=CAD" "Mozilla/4.0 (compatible; MSIE 6.0; Windows NT 5.1; SV1; V-6.0SP1-20040831; .NET CLR 1.1.4322; InfoPath.1)"
12.41.112.201 - - [20/Aug/2008:14:42:05 -0400] "GET /eSpecs/images/scc_logo.gif HTTP/1.1" 200 4870 "http://www.standardsstore.ca/eSpecs/DocumentReferenced.do?GID=SPUCFBAAAAAAAAAA&page=1&nRecords=10&searchValue=SAE%20J514&searchKey=DOCNO&organizations=&displayWithdrawn=false¤cy=CAD" "Mozilla/4.0 (compatible; MSIE 6.0; Windows NT 5.1; SV1; V-6.0SP1-20040831; .NET CLR 1.1.4322; InfoPath.1)"
12.41.112.201 - - [20/Aug/2008:14:42:05 -0400] "GET /eSpecs/images/header.gif HTTP/1.1" 200 13254 "http://www.standardsstore.ca/eSpecs/DocumentReferenced.do?GID=SPUCFBAAAAAAAAAA&page=1&nRecords=10&searchValue=SAE%20J514&searchKey=DOCNO&organizations=&displayWithdrawn=false¤cy=CAD" "Mozilla/4.0 (compatible; MSIE 6.0; Windows NT 5.1; SV1; V-6.0SP1-20040831; .NET CLR 1.1.4322; InfoPath.1)"
12.41.112.201 - - [20/Aug/2008:14:42:07 -0400] "GET /eSpecs/images/en/isoiec17025.gif HTTP/1.1" 200 39008 "http://www.standardsstore.ca/eSpecs/DocumentReferenced.do?GID=SPUCFBAAAAAAAAAA&page=1&nRecords=10&searchValue=SAE%20J514&searchKey=DOCNO&organizations=&displayWithdrawn=false¤cy=CAD" "Mozilla/4.0 (compatible; MSIE 6.0; Windows NT 5.1; SV1; V-6.0SP1-20040831; .NET CLR 1.1.4322; InfoPath.1)"
12.41.112.201 - - [20/Aug/2008:14:42:07 -0400] "GET /eSpecs/images/en/iso22000.gif HTTP/1.1" 200 39597 "http://www.standardsstore.ca/eSpecs/DocumentReferenced.do?GID=SPUCFBAAAAAAAAAA&page=1&nRecords=10&searchValue=SAE%20J514&searchKey=DOCNO&organizations=&displayWithdrawn=false¤cy=CAD" "Mozilla/4.0 (compatible; MSIE 6.0; Windows NT 5.1; SV1; V-6.0SP1-20040831; .NET CLR 1.1.4322; InfoPath.1)"
12.41.112.201 - - [20/Aug/2008:14:42:08 -0400] "GET /eSpecs/js/main.js HTTP/1.1" 200 9677 "http://www.standardsstore.ca/eSpecs/DocumentReferenced.do?GID=SPUCFBAAAAAAAAAA&page=1&nRecords=10&searchValue=SAE%20J514&searchKey=DOCNO&organizations=&displayWithdrawn=false¤cy=CAD" "Mozilla/4.0 (compatible; MSIE 6.0; Windows NT 5.1; SV1; V-6.0SP1-20040831; .NET CLR 1.1.4322; InfoPath.1)"
12.41.112.201 - - [20/Aug/2008:14:42:09 -0400] "GET /eSpecs/images/help.jpg HTTP/1.1" 200 389 "http://www.standardsstore.ca/eSpecs/DocumentReferenced.do?GID=SPUCFBAAAAAAAAAA&page=1&nRecords=10&searchValue=SAE%20J514&searchKey=DOCNO&organizations=&displayWithdrawn=false¤cy=CAD" "Mozilla/4.0 (compatible; MSIE 6.0; Windows NT 5.1; SV1; V-6.0SP1-20040831; .NET CLR 1.1.4322; InfoPath.1)"
142.46.199.25 - - [20/Aug/2008:14:42:10 -0400] "GET /SpecsSearch/SpecsSearchAction.do HTTP/1.1" 400 - "-" "Mozilla/4.0 (compatible; MSIE 6.0; Windows NT 5.0; .NET CLR 2.0.50727)"
12.41.112.201 - - [20/Aug/2008:14:42:11 -0400] "GET /eSpecs/images/spacer.gif HTTP/1.1" 200 43 "http://www.standardsstore.ca/eSpecs/DocumentReferenced.do?GID=SPUCFBAAAAAAAAAA&page=1&nRecords=10&searchValue=SAE%20J514&searchKey=DOCNO&organizations=&displayWithdrawn=false¤cy=CAD" "Mozilla/4.0 (compatible; MSIE 6.0; Windows NT 5.1; SV1; V-6.0SP1-20040831; .NET CLR 1.1.4322; InfoPath.1)"
12.41.112.201 - - [20/Aug/2008:14:42:11 -0400] "GET /eSpecs/images/cart_button.gif HTTP/1.1" 200 761 "http://www.standardsstore.ca/eSpecs/DocumentReferenced.do?GID=SPUCFBAAAAAAAAAA&page=1&nRecords=10&searchValue=SAE%20J514&searchKey=DOCNO&organizations=&displayWithdrawn=false¤cy=CAD" "Mozilla/4.0 (compatible; MSIE 6.0; Windows NT 5.1; SV1; V-6.0SP1-20040831; .NET CLR 1.1.4322; InfoPath.1)"
12.41.112.201 - - [20/Aug/2008:14:42:08 -0400] "GET /eSpecs/css/index.css HTTP/1.1" 200 10895 "http://www.standardsstore.ca/eSpecs/DocumentReferenced.do?GID=SPUCFBAAAAAAAAAA&page=1&nRecords=10&searchValue=SAE%20J514&searchKey=DOCNO&organizations=&displayWithdrawn=false¤cy=CAD" "Mozilla/4.0 (compatible; MSIE 6.0; Windows NT 5.1; SV1; V-6.0SP1-20040831; .NET CLR 1.1.4322; InfoPath.1)"
12.41.112.201 - - [20/Aug/2008:14:41:57 -0400] "GET /eSpecs/DocumentReferenced.do?GID=SPUCFBAAAAAAAAAA&page=1&nRecords=10&searchValue=SAE%20J514&searchKey=DOCNO&organizations=&displayWithdrawn=false¤cy=CAD HTTP/1.1" 200 116508 "http://www.google.com/search?hl=en&rlz=1G1GGLQ_ENUS243&q=SAE+J454+japanese+standards" "Mozilla/4.0 (compatible; MSIE 6.0; Windows NT 5.1; SV1; V-6.0SP1-20040831; .NET CLR 1.1.4322; InfoPath.1)"
12.41.112.201 - - [20/Aug/2008:14:42:12 -0400] "GET /eSpecs/images/canada.gif HTTP/1.1" 200 1511 "http://www.standardsstore.ca/eSpecs/DocumentReferenced.do?GID=SPUCFBAAAAAAAAAA&page=1&nRecords=10&searchValue=SAE%20J514&searchKey=DOCNO&organizations=&displayWithdrawn=false¤cy=CAD" "Mozilla/4.0 (compatible; MSIE 6.0; Windows NT 5.1; SV1; V-6.0SP1-20040831; .NET CLR 1.1.4322; InfoPath.1)"
142.46.199.25 - - [20/Aug/2008:14:42:25 -0400] "GET /SpecsSearch/SpecsSearchAction.do HTTP/1.1" 503 445 "-" "Mozilla/4.0 (compatible; MSIE 6.0; Windows NT 5.0; .NET CLR 2.0.50727)"
142.46.199.25 - - [20/Aug/2008:14:42:31 -0400] "GET /eSpecs/index.jsp HTTP/1.1" 503 453 "-" "Mozilla/4.0 (compatible; MSIE 6.0; Windows NT 5.0; .NET CLR 2.0.50727)"
66.249.66.42 - - [20/Aug/2008:14:42:41 -0400] "GET /eSpecs/DocumentReferenced.do?GID=FCTWIBAAAAAAAAAA&page=1&nRecords=10&searchValue=2644&searchKey=DOCNO&organizations=SAE&displayWithdrawn=false¤cy=CAD HTTP/1.1" 503 453 "-" "Mozilla/5.0 (compatible; Googlebot/2.1; +http://www.google.com/bot.html)"
12.41.112.201 - - [20/Aug/2008:14:42:41 -0400] "GET /eSpecs/SearchFormAction.do;jsessionid=A9C73CA14E3E1C14C9FD20315543B18A?page=1&searchValue=SAE+J454&searchKey=DOCNO&nRecords=10&organizations=¤cy=CAD HTTP/1.1" 503 453 "http://www.standardsstore.ca/eSpecs/DocumentReferenced.do?GID=SPUCFBAAAAAAAAAA&page=1&nRecords=10&searchValue=SAE%20J514&searchKey=DOCNO&organizations=&displayWithdrawn=false¤cy=CAD" "Mozilla/4.0 (compatible; MSIE 6.0; Windows NT 5.1; SV1; V-6.0SP1-20040831; .NET CLR 1.1.4322; InfoPath.1)"
142.46.199.25 - - [20/Aug/2008:14:42:43 -0400] "GET /eSpecs/index.jsp HTTP/1.1" 503 453 "-" "Mozilla/4.0 (compatible; MSIE 6.0; Windows NT 5.0; .NET CLR 2.0.50727)"
65.55.210.235 - - [20/Aug/2008:14:42:54 -0400] "GET /eSpecs/DocumentReferenced.do?GID=AWOFBCAAAAAAAAAA&page=1&nRecords=10&searchValue=A5.8/A5.8M&searchKey=DOCNO&organizations=AWS&displayWithdrawn=false¤cy=CAD HTTP/1.1" 503 453 "-" "msnbot/1.1 (+http://search.msn.com/msnbot.htm)"
12.41.112.201 - - [20/Aug/2008:14:42:59 -0400] "GET /eSpecs/DocumentReferenced.do?GID=ZOZKCAAAAAAAAAAA&page=1&nRecords=10&searchValue=SAE%20J514&searchKey=DOCNO&organizations=&displayWithdrawn=false¤cy=CAD HTTP/1.1" 503 453 "http://www.standardsstore.ca/eSpecs/DocumentReferenced.do?GID=SPUCFBAAAAAAAAAA&page=1&nRecords=10&searchValue=SAE%20J514&searchKey=DOCNO&organizations=&displayWithdrawn=false¤cy=CAD" "Mozilla/4.0 (compatible; MSIE 6.0; Windows NT 5.1; SV1; V-6.0SP1-20040831; .NET CLR 1.1.4322; InfoPath.1)"
12.41.112.201 - - [20/Aug/2008:14:43:04 -0400] "GET /eSpecs/DocumentDetails.do?GID=ZOZKCAAAAAAAAAAA¤cy=CAD HTTP/1.1" 503 453 "-" "Mozilla/4.0 (compatible; MSIE 6.0; Windows NT 5.1; SV1; V-6.0SP1-20040831; .NET CLR 1.1.4322; InfoPath.1)"
212.234.89.253 - - [20/Aug/2008:14:43:11 -0400] "GET /specs/pdf/39_e.pdf HTTP/1.1" 200 30616 "-" "MSIE 5.0"
12.41.112.201 - - [20/Aug/2008:14:43:11 -0400] "GET /eSpecs/DocumentReferenced.do?GID=ZOZKCAAAAAAAAAAA&page=1&nRecords=10&searchValue=SAE%20J514&searchKey=DOCNO&organizations=&displayWithdrawn=false¤cy=CAD HTTP/1.1" 503 453 "http://www.standardsstore.ca/eSpecs/DocumentReferenced.do?GID=SPUCFBAAAAAAAAAA&page=1&nRecords=10&searchValue=SAE%20J514&searchKey=DOCNO&organizations=&displayWithdrawn=false¤cy=CAD" "Mozilla/4.0 (compatible; MSIE 6.0; Windows NT 5.1; SV1; V-6.0SP1-20040831; .NET CLR 1.1.4322; InfoPath.1)"
66.249.66.42 - - [20/Aug/2008:14:43:25 -0400] "GET /eSpecs/DocumentReferenced.do?GID=AMIOCAAAAAAAAAAA&page=1&nRecords=10&searchValue=IEEE%20C2&searchKey=DOCNO&organizations=IEEE&displayWithdrawn=false¤cy=CAD HTTP/1.1" 503 453 "-" "Mozilla/5.0 (compatible; Googlebot/2.1; +http://www.google.com/bot.html)"
70.78.192.236 - - [20/Aug/2008:14:43:31 -0400] "GET /specs/pdf/58_e.pdf HTTP/1.0" 200 30686 "http://www.google.ca/search?source=ig&hl=en&rlz=&q=Canada+ASTm+testing+adhesive+composite&btnG=Google+Search&meta=" "Mozilla/4.0 (compatible; MSIE 6.0; Windows NT 5.1; SV1; .NET CLR 1.1.4322; .NET CLR 2.0.50727; .NET CLR 3.0.04506.30)"
142.46.199.25 - - [20/Aug/2008:14:43:35 -0400] "GET /eSpecs/index.jsp HTTP/1.1" 200 85622 "-" "Mozilla/4.0 (compatible; MSIE 6.0; Windows NT 5.0; .NET CLR 2.0.50727)"
142.46.199.25 - - [20/Aug/2008:14:43:36 -0400] "GET /eSpecs/css/index.css HTTP/1.1" 304 - "http://www.standardsstore.ca/eSpecs/index.jsp" "Mozilla/4.0 (compatible; MSIE 6.0; Windows NT 5.0; .NET CLR 2.0.50727)"
142.46.199.25 - - [20/Aug/2008:14:43:36 -0400] "GET /eSpecs/js/main.js HTTP/1.1" 304 - "http://www.standardsstore.ca/eSpecs/index.jsp" "Mozilla/4.0 (compatible; MSIE 6.0; Windows NT 5.0; .NET CLR 2.0.50727)"
142.46.199.25 - - [20/Aug/2008:14:43:36 -0400] "GET /eSpecs/js/style.js HTTP/1.1" 304 - "http://www.standardsstore.ca/eSpecs/index.jsp" "Mozilla/4.0 (compatible; MSIE 6.0; Windows NT 5.0; .NET CLR 2.0.50727)"
142.46.199.25 - - [20/Aug/2008:14:43:36 -0400] "GET /eSpecs/images/header.gif HTTP/1.1" 304 - "http://www.standardsstore.ca/eSpecs/index.jsp" "Mozilla/4.0 (compatible; MSIE 6.0; Windows NT 5.0; .NET CLR 2.0.50727)"
142.46.199.25 - - [20/Aug/2008:14:43:36 -0400] "GET /eSpecs/images/scc_logo.gif HTTP/1.1" 304 - "http://www.standardsstore.ca/eSpecs/index.jsp" "Mozilla/4.0 (compatible; MSIE 6.0; Windows NT 5.0; .NET CLR 2.0.50727)"
142.46.199.25 - - [20/Aug/2008:14:43:36 -0400] "GET /eSpecs/images/ihs_logo.gif HTTP/1.1" 304 - "http://www.standardsstore.ca/eSpecs/index.jsp" "Mozilla/4.0 (compatible; MSIE 6.0; Windows NT 5.0; .NET CLR 2.0.50727)"
142.46.199.25 - - [20/Aug/2008:14:43:36 -0400] "GET /eSpecs/images/en/iso22000.gif HTTP/1.1" 304 - "http://www.standardsstore.ca/eSpecs/index.jsp" "Mozilla/4.0 (compatible; MSIE 6.0; Windows NT 5.0; .NET CLR 2.0.50727)"
142.46.199.25 - - [20/Aug/2008:14:43:36 -0400] "GET /eSpecs/images/en/isoiec17025.gif HTTP/1.1" 304 - "http://www.standardsstore.ca/eSpecs/index.jsp" "Mozilla/4.0 (compatible; MSIE 6.0; Windows NT 5.0; .NET CLR 2.0.50727)"
142.46.199.25 - - [20/Aug/2008:14:43:36 -0400] "GET /eSpecs/images/help.jpg HTTP/1.1" 304 - "http://www.standardsstore.ca/eSpecs/index.jsp" "Mozilla/4.0 (compatible; MSIE 6.0; Windows NT 5.0; .NET CLR 2.0.50727)"
142.46.199.25 - - [20/Aug/2008:14:43:36 -0400] "GET /eSpecs/images/iso.gif HTTP/1.1" 304 - "http://www.standardsstore.ca/eSpecs/index.jsp" "Mozilla/4.0 (compatible; MSIE 6.0; Windows NT 5.0; .NET CLR 2.0.50727)"
142.46.199.25 - - [20/Aug/2008:14:43:36 -0400] "GET /eSpecs/images/iec.gif HTTP/1.1" 304 - "http://www.standardsstore.ca/eSpecs/index.jsp" "Mozilla/4.0 (compatible; MSIE 6.0; Windows NT 5.0; .NET CLR 2.0.50727)"
142.46.199.25 - - [20/Aug/2008:14:43:36 -0400] "GET /eSpecs/images/api.gif HTTP/1.1" 304 - "http://www.standardsstore.ca/eSpecs/index.jsp" "Mozilla/4.0 (compatible; MSIE 6.0; Windows NT 5.0; .NET CLR 2.0.50727)"
142.46.199.25 - - [20/Aug/2008:14:43:36 -0400] "GET /eSpecs/images/asm.gif HTTP/1.1" 304 - "http://www.standardsstore.ca/eSpecs/index.jsp" "Mozilla/4.0 (compatible; MSIE 6.0; Windows NT 5.0; .NET CLR 2.0.50727)"
142.46.199.25 - - [20/Aug/2008:14:43:36 -0400] "GET /eSpecs/images/en/standards_alert.jpg HTTP/1.1" 304 - "http://www.standardsstore.ca/eSpecs/index.jsp" "Mozilla/4.0 (compatible; MSIE 6.0; Windows NT 5.0; .NET CLR 2.0.50727)"
142.46.199.25 - - [20/Aug/2008:14:43:36 -0400] "GET /eSpecs/images/en/exportalert.jpg HTTP/1.1" 304 - "http://www.standardsstore.ca/eSpecs/index.jsp" "Mozilla/4.0 (compatible; MSIE 6.0; Windows NT 5.0; .NET CLR 2.0.50727)"
142.46.199.25 - - [20/Aug/2008:14:43:36 -0400] "GET /eSpecs/images/research.jpg HTTP/1.1" 304 - "http://www.standardsstore.ca/eSpecs/index.jsp" "Mozilla/4.0 (compatible; MSIE 6.0; Windows NT 5.0; .NET CLR 2.0.50727)"
142.46.199.25 - - [20/Aug/2008:14:43:36 -0400] "GET /eSpecs/images/en/reg.jpg HTTP/1.1" 304 - "http://www.standardsstore.ca/eSpecs/index.jsp" "Mozilla/4.0 (compatible; MSIE 6.0; Windows NT 5.0; .NET CLR 2.0.50727)"
142.46.199.25 - - [20/Aug/2008:14:43:36 -0400] "GET /eSpecs/images/afnor.gif HTTP/1.1" 304 - "http://www.standardsstore.ca/eSpecs/index.jsp" "Mozilla/4.0 (compatible; MSIE 6.0; Windows NT 5.0; .NET CLR 2.0.50727)"
142.46.199.25 - - [20/Aug/2008:14:43:36 -0400] "GET /eSpecs/images/din_logo.gif HTTP/1.1" 304 - "http://www.standardsstore.ca/eSpecs/index.jsp" "Mozilla/4.0 (compatible; MSIE 6.0; Windows NT 5.0; .NET CLR 2.0.50727)"
142.46.199.25 - - [20/Aug/2008:14:43:36 -0400] "GET /eSpecs/images/canada.gif HTTP/1.1" 304 - "http://www.standardsstore.ca/eSpecs/index.jsp" "Mozilla/4.0 (compatible; MSIE 6.0; Windows NT 5.0; .NET CLR 2.0.50727)"
142.46.199.25 - - [20/Aug/2008:14:43:39 -0400] "GET /SpecsSearch/SpecsSearchAction.do HTTP/1.1" 400 - "-" "Mozilla/4.0 (compatible; MSIE 6.0; Windows NT 5.0; .NET CLR 2.0.50727)"
142.46.199.25 - - [20/Aug/2008:14:43:43 -0400] "GET /SpecsSearch/SpecsSearchAction.do HTTP/1.1" 400 - "-" "Mozilla/4.0 (compatible; MSIE 6.0; Windows NT 5.0; .NET CLR 2.0.50727)"
65.55.110.172 - - [20/Aug/2008:14:43:54 -0400] "GET /eSpecs/css/index.css HTTP/1.0" 200 10895 "http://www.standardsstore.ca/eSpecs/DocumentReferenced.do?GID=AWOFBCAAAAAAAAAA&page=1&nRecords=10&searchValue=A5.8/A5.8M&searchKey=DOCNO&organizations=AWS&displayWithdrawn=false¤cy=CAD" "Mozilla/4.0 (compatible; MSIE 6.0; Windows NT 5.2; SV1; .NET CLR 1.1.4322)"
65.55.110.172 - - [20/Aug/2008:14:43:55 -0400] "GET /eSpecs/js/main.js HTTP/1.0" 200 9677 "http://www.standardsstore.ca/eSpecs/DocumentReferenced.do?GID=AWOFBCAAAAAAAAAA&page=1&nRecords=10&searchValue=A5.8/A5.8M&searchKey=DOCNO&organizations=AWS&displayWithdrawn=false¤cy=CAD" "Mozilla/4.0 (compatible; MSIE 6.0; Windows NT 5.2; SV1; .NET CLR 1.1.4322)"
65.55.110.172 - - [20/Aug/2008:14:43:55 -0400] "GET /eSpecs/js/style.js HTTP/1.0" 200 3774 "http://www.standardsstore.ca/eSpecs/DocumentReferenced.do?GID=AWOFBCAAAAAAAAAA&page=1&nRecords=10&searchValue=A5.8/A5.8M&searchKey=DOCNO&organizations=AWS&displayWithdrawn=false¤cy=CAD" "Mozilla/4.0 (compatible; MSIE 6.0; Windows NT 5.2; SV1; .NET CLR 1.1.4322)"
65.55.110.172 - - [20/Aug/2008:14:43:49 -0400] "GET /eSpecs/DocumentReferenced.do?GID=AWOFBCAAAAAAAAAA&page=1&nRecords=10&searchValue=A5.8/A5.8M&searchKey=DOCNO&organizations=AWS&displayWithdrawn=false¤cy=CAD HTTP/1.0" 200 73720 "http://search.live.com/results.aspx?q=association" "Mozilla/4.0 (compatible; MSIE 6.0; Windows NT 5.2; SV1; .NET CLR 1.1.4322)"
66.249.66.42 - - [20/Aug/2008:14:44:05 -0400] "GET /eSpecs/DocumentReferenced.do?GID=LVVKCAAAAAAAAAAA&page=1&nRecords=10&searchValue=1041&searchKey=DOCNO&organizations=BSI&displayWithdrawn=false¤cy=CAD HTTP/1.1" 200 128367 "-" "Mozilla/5.0 (compatible; Googlebot/2.1; +http://www.google.com/bot.html)"
142.46.199.30 - - [20/Aug/2008:14:44:17 -0400] "GET /specs/pdf/150_e.pdf HTTP/1.1" 304 - "http://palcan.scc.ca/SpecsSearch/SpecsSearchAction.do" "Mozilla/4.0 (compatible; MSIE 7.0; Windows NT 5.1; InfoPath.1; .NET CLR 2.0.50727; .NET CLR 3.0.04506.30; .NET CLR 3.0.04506.648)"
66.249.66.42 - - [20/Aug/2008:14:44:45 -0400] "GET /eSpecs/DocumentReferenced.do?GID=DPUWXAAAAAAAAAAA&page=1&nRecords=10&searchValue=60417&searchKey=DOCNO&organizations=IEC&displayWithdrawn=false¤cy=CAD HTTP/1.1" 200 83560 "-" "Mozilla/5.0 (compatible; Googlebot/2.1; +http://www.google.com/bot.html)"
142.46.199.30 - - [20/Aug/2008:14:45:04 -0400] "GET /SpecsSearch/GLSearchForm.do?language=en HTTP/1.1" 503 445 "http://www.scc.ca/en/programs/lab/index.shtml" "Mozilla/4.0 (compatible; MSIE 7.0; Windows NT 5.1; InfoPath.1; .NET CLR 2.0.50727; .NET CLR 3.0.04506.30; .NET CLR 3.0.04506.648)"
74.6.22.105 - - [20/Aug/2008:14:45:20 -0400] "GET /SpecsSearch/SpecsSearchAction.do HTTP/1.0" 503 445 "-" "Mozilla/5.0 (compatible; Yahoo! Slurp; http://help.yahoo.com/help/us/ysearch/slurp)"
66.249.66.42 - - [20/Aug/2008:14:45:21 -0400] "GET /eSpecs/DocumentReferenced.do?GID=TWGMACAAAAAAAAAA&page=1&nRecords=10&searchValue=WI&searchKey=DOCNO&organizations=AWS&displayWithdrawn=false¤cy=CAD HTTP/1.1" 503 453 "-" "Mozilla/5.0 (compatible; Googlebot/2.1; +http://www.google.com/bot.html)"
71.123.50.91 - - [20/Aug/2008:14:45:27 -0400] "GET /specs/pdf/226_e.pdf HTTP/1.1" 200 27127 "http://www.google.com/search?hl=en&q=GM9071P&start=10&sa=N" "Mozilla/4.0 (compatible; MSIE 5.5; Windows NT 4.0; T312461)"
71.123.50.91 - - [20/Aug/2008:14:45:27 -0400] "GET /specs/pdf/226_e.pdf HTTP/1.1" 206 18935 "-" "Mozilla/4.0 (compatible; MSIE 5.5; Windows NT 4.0; T312461)"
142.46.199.30 - - [20/Aug/2008:14:45:42 -0400] "HEAD / HTTP/1.0" 200 - "-" "Mozilla/4.0 (compatible; ipMonitor 8.5)"
142.46.199.30 - - [20/Aug/2008:14:45:49 -0400] "HEAD / HTTP/1.0" 200 - "-" "Mozilla/4.0 (compatible; ipMonitor 8.5)"
66.249.66.42 - - [20/Aug/2008:14:45:54 -0400] "GET /eSpecs/DocumentReferenced.do?GID=MIDMCBAAAAAAAAAA&page=1&nRecords=10&searchValue=10993-4&searchKey=DOCNO&organizations=ISO&displayWithdrawn=false¤cy=CAD HTTP/1.1" 503 453 "-" "Mozilla/5.0 (compatible; Googlebot/2.1; +http://www.google.com/bot.html)"
74.6.22.105 - - [20/Aug/2008:14:46:07 -0400] "GET /SpecsSearch/SpecsSearchAction.do HTTP/1.0" 503 445 "-" "Mozilla/5.0 (compatible; Yahoo! Slurp; http://help.yahoo.com/help/us/ysearch/slurp)"
142.46.199.30 - - [20/Aug/2008:14:46:16 -0400] "GET /eSpecs/SearchFormAction.do?page=1&searchValue=17025&searchKey=DOCNO&organizations=ISO HTTP/1.0" 503 453 "-" "Mozilla/4.0 (compatible; ipMonitor 8.5)"
208.80.193.44 - - [20/Aug/2008:14:46:18 -0400] "GET / HTTP/1.0" 200 118 "-" "Mozilla/4.0 (compatible; MSIE 6.0; Windows CE; IEMobile 6.12) Sprint:PPC6800"
66.249.66.42 - - [20/Aug/2008:14:46:24 -0400] "GET /eSpecs/DocumentReferenced.do?GID=YMEPCAAAAAAAAAAA&page=1&nRecords=10&searchValue=14971&searchKey=DOCNO&organizations=ISO&displayWithdrawn=false¤cy=CAD HTTP/1.1" 503 453 "-" "Mozilla/5.0 (compatible; Googlebot/2.1; +http://www.google.com/bot.html)"
142.46.199.25 - - [20/Aug/2008:14:46:28 -0400] "GET /eSpecs/index.jsp HTTP/1.1" 503 453 "-" "Mozilla/4.0 (compatible; MSIE 6.0; Windows NT 5.0; .NET CLR 2.0.50727)"
142.46.199.25 - - [20/Aug/2008:14:46:39 -0400] "GET /eSpecs/index.jsp HTTP/1.1" 503 453 "-" "Mozilla/4.0 (compatible; MSIE 6.0; Windows NT 5.0; .NET CLR 2.0.50727)"
66.249.66.42 - - [20/Aug/2008:14:46:53 -0400] "GET /eSpecs/DocumentReferenced.do?GID=ZPVBOAAAAAAAAAAA&page=1&nRecords=10&searchValue=14971&searchKey=DOCNO&organizations=BSI&displayWithdrawn=false¤cy=CAD HTTP/1.1" 503 453 "-" "Mozilla/5.0 (compatible; Googlebot/2.1; +http://www.google.com/bot.html)"
74.6.22.105 - - [20/Aug/2008:14:46:55 -0400] "GET /SpecsSearch/SpecsSearchAction.do HTTP/1.0" 503 445 "-" "Mozilla/5.0 (compatible; Yahoo! Slurp; http://help.yahoo.com/help/us/ysearch/slurp)"
142.46.199.25 - - [20/Aug/2008:14:47:00 -0400] "GET /eSpecs/index.jsp HTTP/1.1" 503 453 "-" "Mozilla/4.0 (compatible; MSIE 6.0; Windows NT 5.0; .NET CLR 2.0.50727)"
142.46.199.25 - - [20/Aug/2008:14:47:12 -0400] "GET /eSpecs/index.jsp HTTP/1.1" 503 453 "-" "Mozilla/4.0 (compatible; MSIE 6.0; Windows NT 5.0; .NET CLR 2.0.50727)"
209.171.40.209 - - [20/Aug/2008:14:47:14 -0400] "GET /SpecsSearch/GLSearchForm.do?language=en HTTP/1.1" 503 445 "http://www.scc.ca/en/programs/lab/index.shtml" "Mozilla/4.0 (compatible; MSIE 7.0; Windows NT 5.1; .NET CLR 1.1.4322; .NET CLR 2.0.50727; .NET CLR 3.0.04506.30)"
66.249.66.42 - - [20/Aug/2008:14:47:21 -0400] "GET /eSpecs/DocumentReferenced.do?GID=RSLECAAAAAAAAAAA&page=1&nRecords=10&searchValue=18001&searchKey=DOCNO&organizations=BSI&displayWithdrawn=false¤cy=CAD HTTP/1.1" 503 453 "-" "Mozilla/5.0 (compatible; Googlebot/2.1; +http://www.google.com/bot.html)"
142.46.199.25 - - [20/Aug/2008:14:47:23 -0400] "GET /eSpecs/index.jsp HTTP/1.1" 503 453 "-" "Mozilla/4.0 (compatible; MSIE 6.0; Windows NT 5.0; .NET CLR 2.0.50727)"
209.171.40.209 - - [20/Aug/2008:14:47:23 -0400] "GET /SpecsSearch/SpecsSearchAction.do HTTP/1.1" 503 445 "http://www.scc.ca/en/programs/lab/index.shtml" "Mozilla/4.0 (compatible; MSIE 7.0; Windows NT 5.1; .NET CLR 1.1.4322; .NET CLR 2.0.50727; .NET CLR 3.0.04506.30)"
209.171.40.209 - - [20/Aug/2008:14:47:24 -0400] "GET /SpecsSearch/SpecsSearchAction.do HTTP/1.1" 503 445 "http://www.scc.ca/en/programs/lab/index.shtml" "Mozilla/4.0 (compatible; MSIE 7.0; Windows NT 5.1; .NET CLR 1.1.4322; .NET CLR 2.0.50727; .NET CLR 3.0.04506.30)"
124.115.0.15 - - [20/Aug/2008:14:47:27 -0400] "GET /robots.txt HTTP/1.1" 404 338 "http://www.standardsstore.ca/robots.txt" "Sosospider+(+http://help.soso.com/webspider.htm)"
142.46.199.25 - - [20/Aug/2008:14:47:34 -0400] "GET /eSpecs/index.jsp HTTP/1.1" 503 453 "-" "Mozilla/4.0 (compatible; MSIE 6.0; Windows NT 5.0; .NET CLR 2.0.50727)"
142.46.199.25 - - [20/Aug/2008:14:47:37 -0400] "GET /eSpecs/index.jsp HTTP/1.1" 503 453 "-" "Mozilla/4.0 (compatible; MSIE 6.0; Windows NT 5.0; .NET CLR 2.0.50727)"
142.46.199.25 - - [20/Aug/2008:14:47:45 -0400] "GET /SpecsSearch/SpecsSearchAction.do HTTP/1.1" 503 445 "-" "Mozilla/4.0 (compatible; MSIE 6.0; Windows NT 5.0; .NET CLR 2.0.50727)"
66.249.66.42 - - [20/Aug/2008:14:47:46 -0400] "GET /eSpecs/DocumentReferenced.do?GID=KPOYGBAAAAAAAAAA&page=1&nRecords=10&searchValue=GMW3116&searchKey=DOCNO&organizations=&displayWithdrawn=false¤cy=CAD HTTP/1.1" 503 453 "-" "Mozilla/5.0 (compatible; Googlebot/2.1; +http://www.google.com/bot.html)"
142.46.199.25 - - [20/Aug/2008:14:47:53 -0400] "GET /eSpecs/index.jsp HTTP/1.1" 200 85885 "-" "Mozilla/4.0 (compatible; MSIE 6.0; Windows NT 5.0; .NET CLR 2.0.50727)"
142.46.199.25 - - [20/Aug/2008:14:48:01 -0400] "GET /eSpecs/css/index.css HTTP/1.1" 200 10895 "http://www.standardsstore.ca/eSpecs/index.jsp" "Mozilla/4.0 (compatible; MSIE 6.0; Windows NT 5.0; .NET CLR 2.0.50727)"
142.46.199.25 - - [20/Aug/2008:14:48:01 -0400] "GET /eSpecs/js/main.js HTTP/1.1" 200 9677 "http://www.standardsstore.ca/eSpecs/index.jsp" "Mozilla/4.0 (compatible; MSIE 6.0; Windows NT 5.0; .NET CLR 2.0.50727)"
142.46.199.25 - - [20/Aug/2008:14:48:01 -0400] "GET /eSpecs/js/style.js HTTP/1.1" 200 3774 "http://www.standardsstore.ca/eSpecs/index.jsp" "Mozilla/4.0 (compatible; MSIE 6.0; Windows NT 5.0; .NET CLR 2.0.50727)"
142.46.199.25 - - [20/Aug/2008:14:48:01 -0400] "GET /eSpecs/images/header.gif HTTP/1.1" 200 13254 "http://www.standardsstore.ca/eSpecs/index.jsp" "Mozilla/4.0 (compatible; MSIE 6.0; Windows NT 5.0; .NET CLR 2.0.50727)"
142.46.199.25 - - [20/Aug/2008:14:48:01 -0400] "GET /eSpecs/images/scc_logo.gif HTTP/1.1" 200 4870 "http://www.standardsstore.ca/eSpecs/index.jsp" "Mozilla/4.0 (compatible; MSIE 6.0; Windows NT 5.0; .NET CLR 2.0.50727)"
142.46.199.25 - - [20/Aug/2008:14:48:01 -0400] "GET /eSpecs/images/ihs_logo.gif HTTP/1.1" 200 1947 "http://www.standardsstore.ca/eSpecs/index.jsp" "Mozilla/4.0 (compatible; MSIE 6.0; Windows NT 5.0; .NET CLR 2.0.50727)"
142.46.199.25 - - [20/Aug/2008:14:48:01 -0400] "GET /eSpecs/images/en/iso22000.gif HTTP/1.1" 200 39597 "http://www.standardsstore.ca/eSpecs/index.jsp" "Mozilla/4.0 (compatible; MSIE 6.0; Windows NT 5.0; .NET CLR 2.0.50727)"
142.46.199.25 - - [20/Aug/2008:14:48:01 -0400] "GET /eSpecs/images/help.jpg HTTP/1.1" 200 389 "http://www.standardsstore.ca/eSpecs/index.jsp" "Mozilla/4.0 (compatible; MSIE 6.0; Windows NT 5.0; .NET CLR 2.0.50727)"
142.46.199.25 - - [20/Aug/2008:14:48:01 -0400] "GET /eSpecs/images/en/isoiec17025.gif HTTP/1.1" 200 39008 "http://www.standardsstore.ca/eSpecs/index.jsp" "Mozilla/4.0 (compatible; MSIE 6.0; Windows NT 5.0; .NET CLR 2.0.50727)"
142.46.199.25 - - [20/Aug/2008:14:48:01 -0400] "GET /eSpecs/images/iso.gif HTTP/1.1" 200 2457 "http://www.standardsstore.ca/eSpecs/index.jsp" "Mozilla/4.0 (compatible; MSIE 6.0; Windows NT 5.0; .NET CLR 2.0.50727)"
142.46.199.25 - - [20/Aug/2008:14:48:01 -0400] "GET /eSpecs/images/NSS2008.jpg HTTP/1.1" 200 14223 "http://www.standardsstore.ca/eSpecs/index.jsp" "Mozilla/4.0 (compatible; MSIE 6.0; Windows NT 5.0; .NET CLR 2.0.50727)"
142.46.199.25 - - [20/Aug/2008:14:48:01 -0400] "GET /eSpecs/images/iec.gif HTTP/1.1" 200 696 "http://www.standardsstore.ca/eSpecs/index.jsp" "Mozilla/4.0 (compatible; MSIE 6.0; Windows NT 5.0; .NET CLR 2.0.50727)"
142.46.199.25 - - [20/Aug/2008:14:48:01 -0400] "GET /eSpecs/images/api.gif HTTP/1.1" 200 976 "http://www.standardsstore.ca/eSpecs/index.jsp" "Mozilla/4.0 (compatible; MSIE 6.0; Windows NT 5.0; .NET CLR 2.0.50727)"
142.46.199.25 - - [20/Aug/2008:14:48:01 -0400] "GET /eSpecs/images/asm.gif HTTP/1.1" 200 1711 "http://www.standardsstore.ca/eSpecs/index.jsp" "Mozilla/4.0 (compatible; MSIE 6.0; Windows NT 5.0; .NET CLR 2.0.50727)"
142.46.199.25 - - [20/Aug/2008:14:48:01 -0400] "GET /eSpecs/images/en/standards_alert.jpg HTTP/1.1" 200 14834 "http://www.standardsstore.ca/eSpecs/index.jsp" "Mozilla/4.0 (compatible; MSIE 6.0; Windows NT 5.0; .NET CLR 2.0.50727)"
142.46.199.25 - - [20/Aug/2008:14:48:01 -0400] "GET /eSpecs/images/en/exportalert.jpg HTTP/1.1" 200 16234 "http://www.standardsstore.ca/eSpecs/index.jsp" "Mozilla/4.0 (compatible; MSIE 6.0; Windows NT 5.0; .NET CLR 2.0.50727)"
142.46.199.25 - - [20/Aug/2008:14:48:01 -0400] "GET /eSpecs/images/en/reg.jpg HTTP/1.1" 200 13737 "http://www.standardsstore.ca/eSpecs/index.jsp" "Mozilla/4.0 (compatible; MSIE 6.0; Windows NT 5.0; .NET CLR 2.0.50727)"
142.46.199.25 - - [20/Aug/2008:14:48:01 -0400] "GET /eSpecs/images/research.jpg HTTP/1.1" 200 12311 "http://www.standardsstore.ca/eSpecs/index.jsp" "Mozilla/4.0 (compatible; MSIE 6.0; Windows NT 5.0; .NET CLR 2.0.50727)"
142.46.199.25 - - [20/Aug/2008:14:48:01 -0400] "GET /eSpecs/images/afnor.gif HTTP/1.1" 200 811 "http://www.standardsstore.ca/eSpecs/index.jsp" "Mozilla/4.0 (compatible; MSIE 6.0; Windows NT 5.0; .NET CLR 2.0.50727)"
142.46.199.25 - - [20/Aug/2008:14:48:01 -0400] "GET /eSpecs/images/din_logo.gif HTTP/1.1" 200 486 "http://www.standardsstore.ca/eSpecs/index.jsp" "Mozilla/4.0 (compatible; MSIE 6.0; Windows NT 5.0; .NET CLR 2.0.50727)"
142.46.199.25 - - [20/Aug/2008:14:48:01 -0400] "GET /eSpecs/images/canada.gif HTTP/1.1" 200 1511 "http://www.standardsstore.ca/eSpecs/index.jsp" "Mozilla/4.0 (compatible; MSIE 6.0; Windows NT 5.0; .NET CLR 2.0.50727)"
142.46.199.30 - - [20/Aug/2008:14:48:02 -0400] "GET / HTTP/1.1" 304 - "-" "Mozilla/5.0 (Windows; U; Windows NT 5.1; en-US; rv:1.7.2) Gecko/20040804 Netscape/7.2 (ax)"
142.46.199.30 - - [20/Aug/2008:14:48:02 -0400] "GET /eSpecs/index.jsp HTTP/1.1" 200 85885 "-" "Mozilla/5.0 (Windows; U; Windows NT 5.1; en-US; rv:1.7.2) Gecko/20040804 Netscape/7.2 (ax)"
142.46.199.30 - - [20/Aug/2008:14:48:02 -0400] "GET /eSpecs/images/NSS2008.jpg HTTP/1.1" 200 14223 "http://www.standardsstore.ca/eSpecs/index.jsp" "Mozilla/5.0 (Windows; U; Windows NT 5.1; en-US; rv:1.7.2) Gecko/20040804 Netscape/7.2 (ax)"
142.46.199.30 - - [20/Aug/2008:14:48:08 -0400] "GET / HTTP/1.1" 304 - "-" "Mozilla/5.0 (Windows; U; Windows NT 5.1; en-US; rv:1.7.2) Gecko/20040804 Netscape/7.2 (ax)"
142.46.199.30 - - [20/Aug/2008:14:48:08 -0400] "GET /SpecsSearch/index.jsp HTTP/1.1" 302 - "-" "Mozilla/5.0 (Windows; U; Windows NT 5.1; en-US; rv:1.7.2) Gecko/20040804 Netscape/7.2 (ax)"
142.46.199.25 - - [20/Aug/2008:14:48:05 -0400] "GET /SpecsSearch/SpecsSearchAction.do HTTP/1.1" 200 314804 "-" "Mozilla/4.0 (compatible; MSIE 6.0; Windows NT 5.0; .NET CLR 2.0.50727)"
142.46.199.25 - - [20/Aug/2008:14:48:09 -0400] "GET /SpecsSearch/pages/images/pdf-icon.gif HTTP/1.1" 200 915 "http://palcan.scc.ca/SpecsSearch/SpecsSearchAction.do" "Mozilla/4.0 (compatible; MSIE 6.0; Windows NT 5.0; .NET CLR 2.0.50727)"
142.46.199.30 - - [20/Aug/2008:14:48:09 -0400] "GET /SpecsSearch/Welcome.do HTTP/1.1" 302 - "-" "Mozilla/5.0 (Windows; U; Windows NT 5.1; en-US; rv:1.7.2) Gecko/20040804 Netscape/7.2 (ax)"
142.46.199.30 - - [20/Aug/2008:14:48:09 -0400] "GET /SpecsSearch/GLSearchForm.do HTTP/1.1" 200 27296 "-" "Mozilla/5.0 (Windows; U; Windows NT 5.1; en-US; rv:1.7.2) Gecko/20040804 Netscape/7.2 (ax)"
67.212.11.179 - - [20/Aug/2008:14:48:12 -0400] "GET / HTTP/1.1" 200 121 "-" "Mozilla/4.0 (compatible; MSIE 7.0; Windows NT 5.1; .NET CLR 1.1.4322; .NET CLR 2.0.50727; .NET CLR 3.0.04506.648; .NET CLR 3.5.21022)"
67.212.11.179 - - [20/Aug/2008:14:48:13 -0400] "GET /favicon.ico HTTP/1.1" 404 339 "-" "Mozilla/4.0 (compatible; MSIE 7.0; Windows NT 5.1; .NET CLR 1.1.4322; .NET CLR 2.0.50727; .NET CLR 3.0.04506.648; .NET CLR 3.5.21022)"
67.212.11.179 - - [20/Aug/2008:14:48:13 -0400] "GET /eSpecs/css/index.css HTTP/1.1" 200 10895 "http://www.standardsstore.ca/eSpecs/index.jsp" "Mozilla/4.0 (compatible; MSIE 7.0; Windows NT 5.1; .NET CLR 1.1.4322; .NET CLR 2.0.50727; .NET CLR 3.0.04506.648; .NET CLR 3.5.21022)"
67.212.11.179 - - [20/Aug/2008:14:48:13 -0400] "GET /eSpecs/js/main.js HTTP/1.1" 200 9677 "http://www.standardsstore.ca/eSpecs/index.jsp" "Mozilla/4.0 (compatible; MSIE 7.0; Windows NT 5.1; .NET CLR 1.1.4322; .NET CLR 2.0.50727; .NET CLR 3.0.04506.648; .NET CLR 3.5.21022)"
142.46.199.30 - - [20/Aug/2008:14:48:13 -0400] "GET /SpecsSearch/CalibrationSearchForm.do HTTP/1.1" 200 28197 "http://palcan.scc.ca/SpecsSearch/GLSearchForm.do" "Mozilla/5.0 (Windows; U; Windows NT 5.1; en-US; rv:1.7.2) Gecko/20040804 Netscape/7.2 (ax)"
67.212.11.179 - - [20/Aug/2008:14:48:13 -0400] "GET /eSpecs/index.jsp HTTP/1.1" 200 87645 "-" "Mozilla/4.0 (compatible; MSIE 7.0; Windows NT 5.1; .NET CLR 1.1.4322; .NET CLR 2.0.50727; .NET CLR 3.0.04506.648; .NET CLR 3.5.21022)"
142.46.199.30 - - [20/Aug/2008:14:48:14 -0400] "GET /SpecsSearch/pages/images/BigCLASLogo.gif HTTP/1.1" 200 6164 "http://palcan.scc.ca/SpecsSearch/CalibrationSearchForm.do" "Mozilla/5.0 (Windows; U; Windows NT 5.1; en-US; rv:1.7.2) Gecko/20040804 Netscape/7.2 (ax)"
67.212.11.179 - - [20/Aug/2008:14:48:14 -0400] "GET /eSpecs/js/style.js HTTP/1.1" 200 3774 "http://www.standardsstore.ca/eSpecs/index.jsp" "Mozilla/4.0 (compatible; MSIE 7.0; Windows NT 5.1; .NET CLR 1.1.4322; .NET CLR 2.0.50727; .NET CLR 3.0.04506.648; .NET CLR 3.5.21022)"
67.212.11.179 - - [20/Aug/2008:14:48:14 -0400] "GET /eSpecs/images/ihs_logo.gif HTTP/1.1" 200 1947 "http://www.standardsstore.ca/eSpecs/index.jsp" "Mozilla/4.0 (compatible; MSIE 7.0; Windows NT 5.1; .NET CLR 1.1.4322; .NET CLR 2.0.50727; .NET CLR 3.0.04506.648; .NET CLR 3.5.21022)"
67.212.11.179 - - [20/Aug/2008:14:48:15 -0400] "GET /eSpecs/images/scc_logo.gif HTTP/1.1" 200 4870 "http://www.standardsstore.ca/eSpecs/index.jsp" "Mozilla/4.0 (compatible; MSIE 7.0; Windows NT 5.1; .NET CLR 1.1.4322; .NET CLR 2.0.50727; .NET CLR 3.0.04506.648; .NET CLR 3.5.21022)"
67.212.11.179 - - [20/Aug/2008:14:48:15 -0400] "GET /eSpecs/images/help.jpg HTTP/1.1" 200 389 "http://www.standardsstore.ca/eSpecs/index.jsp" "Mozilla/4.0 (compatible; MSIE 7.0; Windows NT 5.1; .NET CLR 1.1.4322; .NET CLR 2.0.50727; .NET CLR 3.0.04506.648; .NET CLR 3.5.21022)"
67.212.11.179 - - [20/Aug/2008:14:48:15 -0400] "GET /eSpecs/images/api.gif HTTP/1.1" 200 976 "http://www.standardsstore.ca/eSpecs/index.jsp" "Mozilla/4.0 (compatible; MSIE 7.0; Windows NT 5.1; .NET CLR 1.1.4322; .NET CLR 2.0.50727; .NET CLR 3.0.04506.648; .NET CLR 3.5.21022)"
67.212.11.179 - - [20/Aug/2008:14:48:15 -0400] "GET /eSpecs/images/asm.gif HTTP/1.1" 200 1711 "http://www.standardsstore.ca/eSpecs/index.jsp" "Mozilla/4.0 (compatible; MSIE 7.0; Windows NT 5.1; .NET CLR 1.1.4322; .NET CLR 2.0.50727; .NET CLR 3.0.04506.648; .NET CLR 3.5.21022)"
67.212.11.179 - - [20/Aug/2008:14:48:15 -0400] "GET /eSpecs/images/iso.gif HTTP/1.1" 200 2457 "http://www.standardsstore.ca/eSpecs/index.jsp" "Mozilla/4.0 (compatible; MSIE 7.0; Windows NT 5.1; .NET CLR 1.1.4322; .NET CLR 2.0.50727; .NET CLR 3.0.04506.648; .NET CLR 3.5.21022)"
67.212.11.179 - - [20/Aug/2008:14:48:15 -0400] "GET /eSpecs/images/iec.gif HTTP/1.1" 200 696 "http://www.standardsstore.ca/eSpecs/index.jsp" "Mozilla/4.0 (compatible; MSIE 7.0; Windows NT 5.1; .NET CLR 1.1.4322; .NET CLR 2.0.50727; .NET CLR 3.0.04506.648; .NET CLR 3.5.21022)"
67.212.11.179 - - [20/Aug/2008:14:48:15 -0400] "GET /eSpecs/images/NSS2008.jpg HTTP/1.1" 200 14223 "http://www.standardsstore.ca/eSpecs/index.jsp" "Mozilla/4.0 (compatible; MSIE 7.0; Windows NT 5.1; .NET CLR 1.1.4322; .NET CLR 2.0.50727; .NET CLR 3.0.04506.648; .NET CLR 3.5.21022)"
67.212.11.179 - - [20/Aug/2008:14:48:15 -0400] "GET /eSpecs/images/en/standards_alert.jpg HTTP/1.1" 200 14834 "http://www.standardsstore.ca/eSpecs/index.jsp" "Mozilla/4.0 (compatible; MSIE 7.0; Windows NT 5.1; .NET CLR 1.1.4322; .NET CLR 2.0.50727; .NET CLR 3.0.04506.648; .NET CLR 3.5.21022)"
67.212.11.179 - - [20/Aug/2008:14:48:15 -0400] "GET /eSpecs/images/en/exportalert.jpg HTTP/1.1" 200 16234 "http://www.standardsstore.ca/eSpecs/index.jsp" "Mozilla/4.0 (compatible; MSIE 7.0; Windows NT 5.1; .NET CLR 1.1.4322; .NET CLR 2.0.50727; .NET CLR 3.0.04506.648; .NET CLR 3.5.21022)"
67.212.11.179 - - [20/Aug/2008:14:48:15 -0400] "GET /eSpecs/images/en/reg.jpg HTTP/1.1" 200 13737 "http://www.standardsstore.ca/eSpecs/index.jsp" "Mozilla/4.0 (compatible; MSIE 7.0; Windows NT 5.1; .NET CLR 1.1.4322; .NET CLR 2.0.50727; .NET CLR 3.0.04506.648; .NET CLR 3.5.21022)"
67.212.11.179 - - [20/Aug/2008:14:48:14 -0400] "GET /eSpecs/images/en/iso22000.gif HTTP/1.1" 200 39597 "http://www.standardsstore.ca/eSpecs/index.jsp" "Mozilla/4.0 (compatible; MSIE 7.0; Windows NT 5.1; .NET CLR 1.1.4322; .NET CLR 2.0.50727; .NET CLR 3.0.04506.648; .NET CLR 3.5.21022)"
67.212.11.179 - - [20/Aug/2008:14:48:15 -0400] "GET /eSpecs/images/research.jpg HTTP/1.1" 200 12311 "http://www.standardsstore.ca/eSpecs/index.jsp" "Mozilla/4.0 (compatible; MSIE 7.0; Windows NT 5.1; .NET CLR 1.1.4322; .NET CLR 2.0.50727; .NET CLR 3.0.04506.648; .NET CLR 3.5.21022)"
67.212.11.179 - - [20/Aug/2008:14:48:15 -0400] "GET /eSpecs/images/afnor.gif HTTP/1.1" 200 811 "http://www.standardsstore.ca/eSpecs/index.jsp" "Mozilla/4.0 (compatible; MSIE 7.0; Windows NT 5.1; .NET CLR 1.1.4322; .NET CLR 2.0.50727; .NET CLR 3.0.04506.648; .NET CLR 3.5.21022)"
67.212.11.179 - - [20/Aug/2008:14:48:15 -0400] "GET /eSpecs/images/en/isoiec17025.gif HTTP/1.1" 200 39008 "http://www.standardsstore.ca/eSpecs/index.jsp" "Mozilla/4.0 (compatible; MSIE 7.0; Windows NT 5.1; .NET CLR 1.1.4322; .NET CLR 2.0.50727; .NET CLR 3.0.04506.648; .NET CLR 3.5.21022)"
67.212.11.179 - - [20/Aug/2008:14:48:15 -0400] "GET /eSpecs/images/din_logo.gif HTTP/1.1" 200 486 "http://www.standardsstore.ca/eSpecs/index.jsp" "Mozilla/4.0 (compatible; MSIE 7.0; Windows NT 5.1; .NET CLR 1.1.4322; .NET CLR 2.0.50727; .NET CLR 3.0.04506.648; .NET CLR 3.5.21022)"
67.212.11.179 - - [20/Aug/2008:14:48:16 -0400] "GET /eSpecs/images/canada.gif HTTP/1.1" 200 1511 "http://www.standardsstore.ca/eSpecs/index.jsp" "Mozilla/4.0 (compatible; MSIE 7.0; Windows NT 5.1; .NET CLR 1.1.4322; .NET CLR 2.0.50727; .NET CLR 3.0.04506.648; .NET CLR 3.5.21022)"
67.212.11.179 - - [20/Aug/2008:14:48:18 -0400] "GET /eSpecs/images/header.gif HTTP/1.1" 200 13254 "http://www.standardsstore.ca/eSpecs/index.jsp" "Mozilla/4.0 (compatible; MSIE 7.0; Windows NT 5.1; .NET CLR 1.1.4322; .NET CLR 2.0.50727; .NET CLR 3.0.04506.648; .NET CLR 3.5.21022)"
66.249.66.42 - - [20/Aug/2008:14:48:10 -0400] "GET /eSpecs/DocumentReferenced.do?GID=TTDYSAAAAAAAAAAA&page=1&nRecords=10&searchValue=NFPA%2079&searchKey=DOCNO&organizations=NFPA&displayWithdrawn=false¤cy=CAD HTTP/1.1" 200 133719 "-" "Mozilla/5.0 (compatible; Googlebot/2.1; +http://www.google.com/bot.html)"
66.232.204.146 - - [20/Aug/2008:14:48:35 -0400] "GET /eSpecs/DocumentDetails.do?GID=EIWPACAAAAAAAAAA¤cy=CAD HTTP/1.1" 200 4548 "http://www.google.com/search?hl=en&q=SAE+AS15002&start=10&sa=N" "Mozilla/4.0 (compatible; MSIE 6.0; Windows NT 5.1; SV1; .NET CLR 1.1.4322; .NET CLR 2.0.50727)"
66.232.204.146 - - [20/Aug/2008:14:48:38 -0400] "GET /eSpecs/css/index2.css HTTP/1.1" 200 10928 "http://www.standardsstore.ca/eSpecs/DocumentDetails.do?GID=EIWPACAAAAAAAAAA¤cy=CAD" "Mozilla/4.0 (compatible; MSIE 6.0; Windows NT 5.1; SV1; .NET CLR 1.1.4322; .NET CLR 2.0.50727)"
67.212.11.179 - - [20/Aug/2008:14:48:43 -0400] "GET /eSpecs/css/index.css HTTP/1.1" 304 - "http://www.standardsstore.ca/eSpecs/SearchFormAction.do?page=1&searchValue=9001&searchKey=DOCNO&organizations=ISO" "Mozilla/4.0 (compatible; MSIE 7.0; Windows NT 5.1; .NET CLR 1.1.4322; .NET CLR 2.0.50727; .NET CLR 3.0.04506.648; .NET CLR 3.5.21022)"
67.212.11.179 - - [20/Aug/2008:14:48:43 -0400] "GET /eSpecs/js/main.js HTTP/1.1" 304 - "http://www.standardsstore.ca/eSpecs/SearchFormAction.do?page=1&searchValue=9001&searchKey=DOCNO&organizations=ISO" "Mozilla/4.0 (compatible; MSIE 7.0; Windows NT 5.1; .NET CLR 1.1.4322; .NET CLR 2.0.50727; .NET CLR 3.0.04506.648; .NET CLR 3.5.21022)"
67.212.11.179 - - [20/Aug/2008:14:48:44 -0400] "GET /eSpecs/js/style.js HTTP/1.1" 304 - "http://www.standardsstore.ca/eSpecs/SearchFormAction.do?page=1&searchValue=9001&searchKey=DOCNO&organizations=ISO" "Mozilla/4.0 (compatible; MSIE 7.0; Windows NT 5.1; .NET CLR 1.1.4322; .NET CLR 2.0.50727; .NET CLR 3.0.04506.648; .NET CLR 3.5.21022)"
67.212.11.179 - - [20/Aug/2008:14:48:44 -0400] "GET /eSpecs/images/header.gif HTTP/1.1" 304 - "http://www.standardsstore.ca/eSpecs/SearchFormAction.do?page=1&searchValue=9001&searchKey=DOCNO&organizations=ISO" "Mozilla/4.0 (compatible; MSIE 7.0; Windows NT 5.1; .NET CLR 1.1.4322; .NET CLR 2.0.50727; .NET CLR 3.0.04506.648; .NET CLR 3.5.21022)"
67.212.11.179 - - [20/Aug/2008:14:48:44 -0400] "GET /eSpecs/images/scc_logo.gif HTTP/1.1" 304 - "http://www.standardsstore.ca/eSpecs/SearchFormAction.do?page=1&searchValue=9001&searchKey=DOCNO&organizations=ISO" "Mozilla/4.0 (compatible; MSIE 7.0; Windows NT 5.1; .NET CLR 1.1.4322; .NET CLR 2.0.50727; .NET CLR 3.0.04506.648; .NET CLR 3.5.21022)"
67.212.11.179 - - [20/Aug/2008:14:48:44 -0400] "GET /eSpecs/images/ihs_logo.gif HTTP/1.1" 304 - "http://www.standardsstore.ca/eSpecs/SearchFormAction.do?page=1&searchValue=9001&searchKey=DOCNO&organizations=ISO" "Mozilla/4.0 (compatible; MSIE 7.0; Windows NT 5.1; .NET CLR 1.1.4322; .NET CLR 2.0.50727; .NET CLR 3.0.04506.648; .NET CLR 3.5.21022)"
67.212.11.179 - - [20/Aug/2008:14:48:44 -0400] "GET /eSpecs/images/en/iso22000.gif HTTP/1.1" 304 - "http://www.standardsstore.ca/eSpecs/SearchFormAction.do?page=1&searchValue=9001&searchKey=DOCNO&organizations=ISO" "Mozilla/4.0 (compatible; MSIE 7.0; Windows NT 5.1; .NET CLR 1.1.4322; .NET CLR 2.0.50727; .NET CLR 3.0.04506.648; .NET CLR 3.5.21022)"
